{"text_format":"1","workbook":"xlsx","n_sheets":20,"sheets":["Notes","Dryland Crop","Dryland Silage Greenfeed","Irrigated Crop","Irrigated Silage Greenfeed","Corn Heat Unit","CHU Dollar Coverage (data)","CHU Normals (data)","CHU Rates (data)","Prices Dry Crop (data)","Prices Irrigated Crop(data)","Dry Crop Normals (data)","Dry Crop Rates (data)","Dry Silage Normals (data)","Dry Silage Rates (data)","Irr Crop Normals (data)","Irrigated Crop Rates (data)","Irr Silage Normals (data)","Irr Silage Rates (data)","Properties (Data)"],"not_rendered":{"charts":0,"images":4,"macros":1,"external_links":0,"defined_names":51,"comments":0,"pivot_tables":0},"unopened":[],"bounds":{"document_bytes":16777216,"sheet_cells":100000,"rows_first":2000,"rows_last":500,"rows_between":2000,"halvings":0,"cell_chars":16384,"cell_head_chars":4096},"cells_cut":0,"cells_raw":0,"read":"whole","date_system":"1900"}

{"sheet":"Notes","index":0,"n_rows":3,"n_cols":11,"rows_kept":3,"cut":false,"hidden":false,"merged":[[35,2,36,9],[0,1,0,11],[1,10,2,11],[53,1,53,9],[38,1,38,2],[38,3,39,9],[41,1,42,9],[44,1,44,9],[46,1,46,9],[47,2,47,4],[48,2,48,4],[49,2,49,4],[50,2,50,4],[51,2,51,4],[49,5,49,7]]}
[null,"Impact of Spring Price Endorsement (SPE)  Estimate Worksheet"]
[null,null,null,null,null,null,null,null,null,null,{"$f":"CropYear","v":2019}]
[null,null,null,null,null,null,null,null,null,"Crop Year"]

{"sheet":"Dryland Crop","index":1,"n_rows":47,"n_cols":11,"rows_kept":47,"cut":false,"hidden":false,"merged":[[38,2,38,8],[36,2,36,8],[0,1,0,8],[4,5,4,8],[5,5,5,8],[5,1,5,3]]}
[null,{"$f":"Title & \" - Dry Crop\"","v":"Impact of Spring Price Endorsement (SPE)  Estimate Worksheet - Dry Crop"}]
[]
[null,"Complete the colored boxes to compare specific examples."]
[]
[null,"Dryland Stubble",null,"Crop Only",null,"Crop Insurance with SPE option"]
[null,"Unit of Measure that is applicable",null,null,null,"Comparison"]
[null,"Crop",null,null,null,{"$f":"IF(ISBLANK(D7),\"\",D7)","v":""},{"$f":"IF(ISBLANK(D7),\"\",D7)","v":""},{"$f":"IF(ISBLANK(D7),\"\",D7)","v":""},{"$f":"IF(ISBLANK(D7),\"\",D7)","v":""}]
[]
[null,"Spring Insurance Price",null,{"$f":"IF(ISBLANK(D7),0,(HLOOKUP(D7,DryCropNormals,4,FALSE)*1))","v":0},null,{"$f":"IF(ISBLANK(D7),0,HLOOKUP(F7,DryCropNormals,4,FALSE)*1)","v":0},{"$f":"IF(ISBLANK(D7),0,HLOOKUP(G7,DryCropNormals,4,FALSE)*1)","v":0},{"$f":"IF(ISBLANK(D7),0,HLOOKUP(H7,DryCropNormals,4,FALSE)*1)","v":0},{"$f":"IF(ISBLANK(D7),0,HLOOKUP(I7,DryCropNormals,4,FALSE)*1)","v":0}]
[null,"Fall Market Price"]
[null,"Risk Area",null,null,null,{"$f":"IF(ISBLANK(D11),\"\",$D$11)","v":""},{"$f":"IF(ISBLANK(D11),\"\",$D$11)","v":""},{"$f":"IF(ISBLANK(D11),\"\",$D$11)","v":""},{"$f":"IF(ISBLANK(D11),\"\",$D$11)","v":""}]
[null,"Coverage Level",null,null,null,{"$f":"IF(ISBLANK(D12),\"\",$D$12)","v":""},{"$f":"IF(ISBLANK(D12),\"\",$D$12)","v":""},{"$f":"IF(ISBLANK(D12),\"\",$D$12)","v":""},{"$f":"IF(ISBLANK(D12),\"\",$D$12)","v":""}]
[null,"Individual Normal /ac",null,null,null,{"$f":"$D$13","v":0},{"$f":"$D$13","v":0},{"$f":"$D$13","v":0},{"$f":"$D$13","v":0}]
[null,"RA Normal Yield /ac",null,{"$f":"IF(ISBLANK(D11),0,HLOOKUP(D7,DryCropNormals,D11+4,FALSE))","v":0},null,{"$f":"D14","v":0},{"$f":"D14","v":0},{"$f":"D14","v":0},{"$f":"D14","v":0}]
[null,"Acres Insured",null,null,null,{"$f":"IF(ISBLANK($D$15),\"\",$D$15)","v":""},{"$f":"IF(ISBLANK($D$15),\"\",$D$15)","v":""},{"$f":"IF(ISBLANK($D$15),\"\",$D$15)","v":""},{"$f":"IF(ISBLANK($D$15),\"\",$D$15)","v":""}]
[null,"Final Yield /ac",null,{"$f":"IF(D13=\"\",(D14*D12),D13*D12)/100","v":0},null,{"$f":"$D$16","v":0},{"$f":"$D$16","v":0},{"$f":"$D$16","v":0},{"$f":"$D$16","v":0}]
[null,"Production Coverage ",null,{"$f":"IF(ISBLANK(D15),0,(D16*D15))","v":0},null,{"$f":"D17","v":0},{"$f":"D17","v":0},{"$f":"D17","v":0},{"$f":"D17","v":0}]
[]
[null,"$ Coverage on Production",null,{"$f":"(D17*D9)","v":0},null,{"$f":"F17*F9","v":0},{"$f":"G17*G9","v":0},{"$f":"H17*H9","v":0},{"$f":"I17*I9","v":0},null,"Hide here and after"]
[]
[null,"Premium Cost",null,{"$f":"IFERROR(VLOOKUP(D46,Dry_Crop_Rate,5,FALSE)*D17*D9*0.01,0)","v":0},null,{"$f":"IFERROR(VLOOKUP(F46,Dry_Crop_Rate,6,FALSE)*F17*F9*0.01,0)","v":0},{"$f":"IFERROR(VLOOKUP(G46,Dry_Crop_Rate,6,FALSE)*G17*G9*0.01,0)","v":0},{"$f":"IFERROR(VLOOKUP(H46,Dry_Crop_Rate,6,FALSE)*H17*H9*0.01,0)","v":0},{"$f":"IFERROR(VLOOKUP(I46,Dry_Crop_Rate,6,FALSE)*I17*I9*0.01,0)","v":0}]
[]
[null,"Fall VPB Price",null,{"$f":"IF(D10<(D9*1.1),D9,IF(D10<(D9*1.5),D10,(D9*1.5)))","v":0},null,{"$f":"IF(F10<(F9*1.1),F9,IF(F10<(F9*1.5),F10,(F9*1.5)))","v":0},{"$f":"IF(G10<(G9*1.1),G9,IF(G10<(G9*1.5),G10,(G9*1.5)))","v":0},{"$f":"IF(H10<(H9*1.1),H9,IF(H10<(H9*1.5),H10,(H9*1.5)))","v":0},{"$f":"IF(I10<(I9*1.1),I9,IF(I10<(I9*1.5),I10,(I9*1.5)))","v":0}]
[null,"Fall SPE Price",null,"N/A",null,{"$f":"IF(ISBLANK(F10),0,IF(F10>(F9*0.9),F9,IF(F10>(F9*0.5),F10,F9*0.5)))","v":0},{"$f":"IF(ISBLANK(G10),0,IF(G10>(G9*0.9),G9,IF(G10>(G9*0.5),G10,G9*0.5)))","v":0},{"$f":"IF(ISBLANK(H10),0,IF(H10>(H9*0.9),H9,IF(H10>(H9*0.5),H10,H9*0.5)))","v":0},{"$f":"IF(ISBLANK(I10),0,IF(I10>(I9*0.9),I9,IF(I10>(I9*0.5),I10,I9*0.5)))","v":0}]
[]
[null,"Harvested Production "]
[null,"Production Shortfall",null,{"$f":"IF(ISBLANK(D26),0,IF(D17-D26<0,0,D17-D26))","v":0},null,{"$f":"IF(ISBLANK(F26),0,IF(F17-F26<0,0,F17-F26))","v":0},{"$f":"IF(ISBLANK(G26),0,IF(G17-G26<0,0,G17-G26))","v":0},{"$f":"IF(ISBLANK(H26),0,IF(H17-H26<0,0,H17-H26))","v":0},{"$f":"IF(ISBLANK(I26),0,IF(I17-I26<0,0,I17-I26))","v":0}]
[]
[null,"CI Payment on Shortfall",null,{"$f":"D27*D9","v":0},null,{"$f":"F27*F9","v":0},{"$f":"G27*G9","v":0},{"$f":"H27*H9","v":0},{"$f":"I27*I9","v":0}]
[null,"VPB Payment on Shortfall",null,{"$f":"D27*(D23-D9)","v":0},null,{"$f":"F27*(F23-F9)","v":0},{"$f":"G27*(G23-G9)","v":0},{"$f":"H27*(H23-H9)","v":0},{"$f":"I27*(I23-I9)","v":0}]
[null,"SPE Payment with 10% Deductible",null,"N/A",null,{"$f":"IF(F10=\"\",0,IF(F26=\"\",0,IF(F24<F9,((F9*0.9-F24))*MIN(F26,F17),0)))","v":0},{"$f":"IF(G10=\"\",0,IF(G26=\"\",0,IF(G24<G9,((G9*0.9-G24))*MIN(G26,G17),0)))","v":0},{"$f":"IF(H10=\"\",0,IF(H26=\"\",0,IF(H24<H9,((H9*0.9-H24))*MIN(H26,H17),0)))","v":0},{"$f":"IF(I10=\"\",0,IF(I26=\"\",0,IF(I24<I9,((I9*0.9-I24))*MIN(I26,I17),0)))","v":0}]
[null,"Total Payments",null,{"$f":"(D29+D30)","v":0},null,{"$f":"(F29+F30+F31)","v":0},{"$f":"(G29+G30+G31)","v":0},{"$f":"(H29+H30+H31)","v":0},{"$f":"(I29+I30+I31)","v":0}]
[]
[null,"Benefit from Insurance",null,{"$f":"(D32-D21)","v":0},null,{"$f":"(F32-F21)","v":0},{"$f":"(G32-G21)","v":0},{"$f":"(H32-H21)","v":0},{"$f":"(I32-I21)","v":0}]
[null,"Est Revenue from Market",null,{"$f":"MIN(D26,D17)*D10","v":0},null,{"$f":"MIN(F26,F17)*F10","v":0},{"$f":"MIN(G26,G17)*G10","v":0},{"$f":"MIN(H26,H17)*H10","v":0},{"$f":"MIN(I26,I17)*I10","v":0}]
[]
[null,null,"Premium Costs do not include hail endorsement or producer discounts or surcharges."]
[]
[null,"DISCLAIMER:","The calculations from these worksheets are ESTIMATES. These amounts are not to be used for billing or payment of claims. "]
[]
["Hide here and after"]
[]
[]
[]
[]
[null,null,null,{"$f":"IF(ISBLANK(D7),\"\",D11&D7&D12)","v":""},null,{"$f":"IF(ISBLANK(D7),\"\",F11&F7&F12)","v":""},{"$f":"IF(ISBLANK(D7),\"\",G11&G7&G12)","v":""},{"$f":"IF(ISBLANK(D7),\"\",H11&H7&H12)","v":""},{"$f":"IF(ISBLANK(D7),\"\",I11&I7&I12)","v":""}]
[null,null,null,{"$f":"VLOOKUP(D46,Dry_Crop_Rate,5,FALSE)","v":{"$error":"#N/A"}},null,{"$f":"VLOOKUP(F46,Dry_Crop_Rate,6,FALSE)","v":{"$error":"#N/A"}},{"$f":"VLOOKUP(G46,Dry_Crop_Rate,6,FALSE)","v":{"$error":"#N/A"}},{"$f":"VLOOKUP(H46,Dry_Crop_Rate,6,FALSE)","v":{"$error":"#N/A"}},{"$f":"VLOOKUP(I46,Dry_Crop_Rate,6,FALSE)","v":{"$error":"#N/A"}}]

{"sheet":"Dryland Silage Greenfeed","index":2,"n_rows":50,"n_cols":16,"rows_kept":50,"cut":false,"hidden":false,"merged":[[22,10,22,15],[0,1,0,8],[33,2,33,8],[35,2,35,8],[4,5,4,8],[5,5,5,8]]}
[null,{"$f":"Title & \" - Dry Silage/Greenfeed\"","v":"Impact of Spring Price Endorsement (SPE)  Estimate Worksheet - Dry Silage/Greenfeed"}]
[]
[null,{"$f":"Instructions","v":"Complete the colored boxes to compare specific examples."}]
[]
[null,"Dryland Stubble",null,"Area Based Dry",null,"Area Based Insurance with SPE option"]
[null,null,null,"Silage/Greenfeed",null,"Silage/Greenfeed"]
[null,"Crop",null,null,null,{"$f":"IF(ISBLANK(D7),\"\",D7)","v":""},{"$f":"IF(ISBLANK(D7),\"\",D7)","v":""},{"$f":"IF(ISBLANK(D7),\"\",D7)","v":""},{"$f":"IF(ISBLANK(D7),\"\",D7)","v":""}]
[]
[null,"Spring Insurance Price",null,{"$f":"IF(ISBLANK(D7),0,LOOKUP(D7,Dry_Silage_Greenfeed_Normals,'Dry Silage Normals (data)'!B4:E4))*1","v":0},null,{"$f":"IF(ISBLANK(D7),0,LOOKUP(D7,Dry_Silage_Greenfeed_Normals,'Dry Silage Normals (data)'!B4:E4))*1","v":0},{"$f":"IF(ISBLANK(D7),0,LOOKUP(D7,Dry_Silage_Greenfeed_Normals,'Dry Silage Normals (data)'!B4:E4))*1","v":0},{"$f":"IF(ISBLANK(D7),0,LOOKUP(D7,Dry_Silage_Greenfeed_Normals,'Dry Silage Normals (data)'!B4:E4))*1","v":0},{"$f":"IF(ISBLANK(D7),0,LOOKUP(D7,Dry_Silage_Greenfeed_Normals,'Dry Silage Normals (data)'!B4:E4))*1","v":0}]
[null,"Fall Market Price",null,null,null,null,null,null,null,10]
[null,"Risk Area",null,null,null,{"$f":"D11","v":0},{"$f":"D11","v":0},{"$f":"D11","v":0},{"$f":"D11","v":0}]
[null,"Coverage Level",null,80,null,80,80,80,80]
[null,null,null,null,null,null,null,null,null,null,"Hide here and after"]
[null,"Acres Insured",null,null,null,{"$f":"IF(ISBLANK($D$14),\"\",$D$14)","v":""},{"$f":"IF(ISBLANK($D$14),\"\",$D$14)","v":""},{"$f":"IF(ISBLANK($D$14),\"\",$D$14)","v":""},{"$f":"IF(ISBLANK($D$14),\"\",$D$14)","v":""}]
[null,"RA Normal Yield /ac",null,{"$f":"IF(ISBLANK(D11),0,HLOOKUP(D7,Dry_Silage_Greenfeed_Risk_Normals,D11+4,TRUE))","v":0},null,{"$f":"D15","v":0},{"$f":"D15","v":0},{"$f":"D15","v":0},{"$f":"D15","v":0}]
[null,"$ Coverage on Production",null,{"$f":"IF(D44=0,0,IF(D7='Dry Silage Normals (data)'!$C$2,D44*D9+D14*50,IF(D7='Dry Silage Normals (data)'!$E$2,D44*D9+D14*50,D44*D9)))","v":0},null,{"$f":"IF(F44=0,0,IF(F7='Dry Silage Normals (data)'!$C$2,F44*F9+F14*50,IF(F7='Dry Silage Normals (data)'!$E$2,F44*F9+F14*50,F44*F9)))","v":0},{"$f":"IF(G44=0,0,IF(ISBLANK(D7),0,IF(G7='Dry Silage Normals (data)'!$C$2,G44*G9+G14*50,IF(G7='Dry Silage Normals (data)'!$E$2,G44*G9+G14*50,G44*G9))))","v":0},{"$f":"IF(H44=0,0,(IF(ISBLANK(D7),0,IF(H7='Dry Silage Normals (data)'!$C$2,H44*H9+H14*50,IF(H7='Dry Silage Normals (data)'!$E$2,H44*H9+H14*50,H44*H9)))))","v":0},{"$f":"IF(I44=0,0,(IF(ISBLANK(D7),0,IF(I7='Dry Silage Normals (data)'!$C$2,I44*I9+I14*50,IF(I7='Dry Silage Normals (data)'!$E$2,I44*I9+I14*50,I44*I9)))))","v":0}]
[]
[null,"Premium Cost",null,{"$f":"IFERROR(VLOOKUP(D49,Dry_Silage_Greenfeed_Rates,5,FALSE)*D16*0.01,0)","v":0},null,{"$f":"IFERROR(VLOOKUP(F49,'Dry Silage Rates (data)'!$A$2:$F$236,6,FALSE)*F16*0.01,0)","v":0},{"$f":"IFERROR(VLOOKUP(G49,'Dry Silage Rates (data)'!$A$2:$F$236,6,FALSE)*G16*0.01,0)","v":0},{"$f":"IFERROR(VLOOKUP(H49,'Dry Silage Rates (data)'!$A$2:$F$236,6,FALSE)*H16*0.01,0)","v":0},{"$f":"IFERROR(VLOOKUP(I49,'Dry Silage Rates (data)'!$A$2:$F$236,6,FALSE)*I16*0.01,0)","v":0}]
[]
[null,"Fall VPB Price",null,{"$f":"IF(D10<(D9*1.1),D9,IF(D10<(D9*1.5),D10,(D9*1.5)))","v":0},null,{"$f":"IF(F10<(F9*1.1),F9,IF(F10<(F9*1.5),F10,(F9*1.5)))","v":0},{"$f":"IF(G10<(G9*1.1),G9,IF(G10<(G9*1.5),G10,(G9*1.5)))","v":0},{"$f":"IF(H10<(H9*1.1),H9,IF(H10<(H9*1.5),H10,(H9*1.5)))","v":0},{"$f":"IF(I10<(I9*1.1),I9,IF(I10<(I9*1.5),I10,(I9*1.5)))","v":0}]
[null,"Fall SPE Price",null,"N/A",null,{"$f":"IF(F10>(F9*0.9),F9,IF(F10>(F9*0.5),F10,F9*0.5))","v":0},{"$f":"IF(G10>(G9*0.9),G9,IF(G10>(G9*0.5),G10,G9*0.5))","v":0},{"$f":"IF(H10>(H9*0.9),H9,IF(H10>(H9*0.5),H10,H9*0.5))","v":0},{"$f":"IF(I10>(I9*0.9),I9,IF(I10>(I9*0.5),I10,I9*0.5))","v":0}]
[]
[null,"Harvested Production ",null,null,null,null,null,null,null,null,"The formulas below are necessary to calculate the addition of $50 if the crop is corn"]
[null,"Production Shortfall",null,{"$f":"IF(ISBLANK(D23),0,IF(D23>0.999,0,D16-(D16*D23)))","v":0},null,{"$f":"IF(ISBLANK(F23),0,IF(F23>0.999,0,F16-(F16*F23)))","v":0},{"$f":"IF(ISBLANK(G23),0,IF(G23>0.999,0,G16-(G16*G23)))","v":0},{"$f":"IF(ISBLANK(H23),0,IF(H23>0.999,0,H16-(H16*H23)))","v":0},{"$f":"IF(ISBLANK(I23),0,IF(I23>0.999,0,I16-(I16*I23)))","v":0}]
[null,null,null,null,null,null,null,null,null,null,null,"Dry","SPE","SPE","SPE","SPE"]
[null,"CI Payment on Shortfall",null,{"$f":"D24","v":0},null,{"$f":"F24","v":0},{"$f":"G24","v":0},{"$f":"H24","v":0},{"$f":"I24","v":0},null,null,{"$f":"D23","v":0},{"$f":"G23","v":0},{"$f":"H23","v":0},{"$f":"H23","v":0},{"$f":"I23","v":0}]
[null,"VPB Payment on Shortfall",null,{"$f":"IF(D20=0,0,IF(OR(D7='Dry Silage Normals (data)'!$C$2,D7='Dry Silage Normals (data)'!$E$2),L27,SUM(D26*((D20-D9)/D9))))","v":0},null,{"$f":"IF(F20=0,0,IF(OR(D7='Dry Silage Normals (data)'!$C$2,D7='Dry Silage Normals (data)'!$E$2),M27,SUM(F26*((F20-F9)/F9))))","v":0},{"$f":"IF(G20=0,0,IF(OR(D7='Dry Silage Normals (data)'!$C$2,D7='Dry Silage Normals (data)'!$E$2),N27,SUM(G26*((G20-G9)/G9))))","v":0},{"$f":"IF(H20=0,0,IF(OR(D7='Dry Silage Normals (data)'!$C$2,D7='Dry Silage Normals (data)'!$E$2),O27,SUM(H26*((H20-H9)/H9))))","v":0},{"$f":"IF(I20=0,0,IF(OR(D7='Dry Silage Normals (data)'!$C$2,D7='Dry Silage Normals (data)'!$E$2),P27,SUM(I26*((I20-I9)/I9))))","v":0},null,{"$f":"(((D15*D12)/100)*D20)+('Properties (Data)'!$E$8)","v":50},{"$f":"$K$27*D14*(1-D23)-D26","v":0},{"$f":"IFERROR($K$28*F14*(1-F23)-F26,0)","v":0},{"$f":"IFERROR($K$29*G14*(1-G23)-G26,0)","v":0},{"$f":"IFERROR($K$30*H14*(1-H23)-H26,0)","v":0},{"$f":"IFERROR($K$31*I14*(1-I23)-I26,0)","v":0}]
[null,"SPE Payment with 10% Deductible",null,"N/A",null,{"$f":"IF(F10=\"\",0,IF(F23=\"\",0,IF(F9=0,0,IF(F21<F9,((F9*0.9)-F21))/F9*F16*MIN(F23,1))))","v":0},{"$f":"IF(G10=\"\",0,IF(G23=\"\",0,IF(G9=0,0,IF(G21<G9,((G9*0.9)-G21))/G9*G16*MIN(G23,1))))","v":0},{"$f":"IF(H10=\"\",0,IF(H23=\"\",0,IF(H9=0,0,IF(H21<H9,((H9*0.9)-H21))/H9*H16*MIN(H23,1))))","v":0},{"$f":"IF(I10=\"\",0,IF(I23=\"\",0,IF(I9=0,0,IF(I21<I9,((I9*0.9)-I21))/I9*I16*MIN(I23,1))))","v":0},null,{"$f":"(((F15*F12)/100)*F20)+('Properties (Data)'!$E$8)","v":50}]
[null,"Total Payments",null,{"$f":"SUM(D26:D27)","v":0},null,{"$f":"SUM(F26:F28)","v":0},{"$f":"SUM(G26:G28)","v":0},{"$f":"SUM(H26:H28)","v":0},{"$f":"SUM(I26:I28)","v":0},null,{"$f":"(((G15*G12)/100)*G20)+('Properties (Data)'!E8)","v":50}]
[null,null,null,null,null,null,null,null,null,null,{"$f":"(((H15*H12)/100)*H20)+('Properties (Data)'!E8)","v":50}]
[null,"Benefit from Insurance",null,{"$f":"SUM(D29-D18)","v":0},null,{"$f":"SUM(F29-F18)","v":0},{"$f":"SUM(G29-G18)","v":0},{"$f":"SUM(H29-H18)","v":0},{"$f":"SUM(I29-I18)","v":0},null,{"$f":"(((I15*I12)/100)*I20)+('Properties (Data)'!E8)","v":50}]
[]
[]
[null,null,{"$f":"Premium_Costs","v":"Premium Costs do not include hail endorsement or producer discounts or surcharges."}]
[]
[null,"DISCLAIMER:",{"$f":"Disclaimer","v":"The calculations from these worksheets are ESTIMATES. These amounts are not to be used for billing or payment of claims. "}]
[]
["Hide here and after"]
[]
[]
[]
[]
[null,"newcov",null,{"$f":"IF(ISBLANK(D14),0,(D16/D20))","v":0},null,{"$f":"IF(ISBLANK(D14),0,F16/F20)","v":0},{"$f":"IF(ISBLANK(D14),0,(G16/G20))","v":0},{"$f":"IF(ISBLANK(D14),0,(H16/H20))","v":0},{"$f":"IF(ISBLANK(D14),0,(I16/I20))","v":0}]
[null,"prod cov",null,{"$f":"IF(ISBLANK(D14),0,(D15*D12*D14*0.01))","v":0},null,{"$f":"IF(ISBLANK(D14),0,(F15*F12*F14*0.01))","v":0},{"$f":"IF(ISBLANK(D14),0,(G15*G12*G14*0.01))","v":0},{"$f":"IF(ISBLANK(D14),0,(H15*H12*H14*0.01))","v":0},{"$f":"IF(ISBLANK(D14),0,(I15*I12*I14*0.01))","v":0}]
[null,"adj prod",null,{"$f":"IF(ISBLANK(D23),0,(D44*D23))","v":0},null,{"$f":"F44*F23","v":0},{"$f":"G44*G23","v":0},{"$f":"H44*H23","v":0},{"$f":"I44*I23","v":0}]
[null,"shortfall",null,{"$f":"IF(D44-D45<0,0,D44-D45)","v":0},null,{"$f":"IF(F44-F45<0,0,F44-F45)","v":0},{"$f":"IF(G44-G45<0,0,G44-G45)","v":0},{"$f":"IF(H44-H45<0,0,H44-H45)","v":0},{"$f":"IF(I44-I45<0,0,I44-I45)","v":0}]
[]
[null,null,null,"3BarleyProxy(Corn)80"]
[null,null,null,{"$f":"D11&D7&D12","v":"80"},null,{"$f":"F11&F7&F12","v":"080"},{"$f":"G11&G7&G12","v":"080"},{"$f":"H11&H7&H12","v":"080"},{"$f":"I11&I7&I12","v":"080"}]
[null,null,null,{"$f":"VLOOKUP(D49,Dry_Silage_Greenfeed_Data,5,FALSE)","v":{"$error":"#N/A"}},null,{"$f":"VLOOKUP(D49,Dry_Silage_Greenfeed_Data,6,FALSE)","v":{"$error":"#N/A"}},{"$f":"VLOOKUP(D49,Dry_Silage_Greenfeed_Data,6,FALSE)","v":{"$error":"#N/A"}},{"$f":"VLOOKUP(D49,Dry_Silage_Greenfeed_Data,6,FALSE)","v":{"$error":"#N/A"}},{"$f":"VLOOKUP(D49,Dry_Silage_Greenfeed_Data,6,FALSE)","v":{"$error":"#N/A"}}]

{"sheet":"Irrigated Crop","index":3,"n_rows":47,"n_cols":12,"rows_kept":47,"cut":false,"hidden":false,"merged":[[38,2,38,8],[0,1,0,8],[36,2,36,8],[4,5,4,8],[5,5,5,8],[5,1,5,3]]}
[null,{"$f":"Title & \" - Irrigated Crop\"","v":"Impact of Spring Price Endorsement (SPE)  Estimate Worksheet - Irrigated Crop"}]
[null,null,null,null,null,null,null,null,null,null,null,"First Hidden Row"]
[null,{"$f":"Instructions","v":"Complete the colored boxes to compare specific examples."}]
[]
[null,"Irrigated Stubble",null,"Crop Only",null,"Crop Insurance with SPE option"]
[null,"Unit of Measure that is applicable",null,null,null,"Comparison"]
[null,"Crop",null,null,null,{"$f":"IF(ISBLANK(D7),\"\",D7)","v":""},{"$f":"IF(ISBLANK(D7),\"\",D7)","v":""},{"$f":"IF(ISBLANK(D7),\"\",D7)","v":""},{"$f":"IF(ISBLANK(D7),\"\",D7)","v":""}]
[]
[null,"Spring Insurance Price",null,{"$f":"IF(ISBLANK(D7),0,HLOOKUP(D7,'Irr Crop Normals (data)'!C8:AQ11,4,FALSE))*1","v":0},null,{"$f":"IF(ISBLANK(D7),0,HLOOKUP(D7,'Irr Crop Normals (data)'!C8:AQ11,4,FALSE))*1","v":0},{"$f":"IF(ISBLANK(D7),0,HLOOKUP(D7,'Irr Crop Normals (data)'!C8:AQ11,4,FALSE))*1","v":0},{"$f":"IF(ISBLANK(D7),0,HLOOKUP(D7,'Irr Crop Normals (data)'!C8:AQ11,4,FALSE))*1","v":0},{"$f":"IF(ISBLANK(D7),0,HLOOKUP(D7,'Irr Crop Normals (data)'!C8:AQ11,4,FALSE))*1","v":0}]
[null,"Fall Market Price"]
[null,"Risk Area",null,null,null,{"$f":"+$D$11","v":0},{"$f":"+$D$11","v":0},{"$f":"+$D$11","v":0},{"$f":"+$D$11","v":0}]
[null,"Coverage Level",null,null,null,{"$f":"+$D$12","v":0},{"$f":"+$D$12","v":0},{"$f":"+$D$12","v":0},{"$f":"+$D$12","v":0}]
[null,"Individual Normal /ac",null,null,null,{"$f":"+$D$13","v":0},{"$f":"+$D$13","v":0},{"$f":"+$D$13","v":0},{"$f":"+$D$13","v":0}]
[null,"RA Normal Yield /ac",null,{"$f":"IF(ISBLANK(D11),0,HLOOKUP(D7,Irr_Crop_Normals,D11+4,TRUE))","v":0},null,{"$f":"$D$14","v":0},{"$f":"$D$14","v":0},{"$f":"$D$14","v":0},{"$f":"$D$14","v":0}]
[null,"Acres Insured",null,null,null,{"$f":"$D$15","v":0},{"$f":"$D$15","v":0},{"$f":"$D$15","v":0},{"$f":"$D$15","v":0}]
[null,"Final Yield /ac",null,{"$f":"IF(D13=\"\",(D14*D12),D13*D12)/100","v":0},null,{"$f":"$D16","v":0},0,0,0,null,"Hide here and after"]
[null,"Production Coverage ",null,{"$f":"IF(ISBLANK(D15),0,(D16*D15))","v":0},null,0,0,0,0]
[]
[null,"$ Coverage on Production",null,{"$f":"+D17*D9","v":0},null,{"$f":"+F17*F9","v":0},{"$f":"+G17*G9","v":0},{"$f":"+H17*H9","v":0},{"$f":"+I17*I9","v":0}]
[]
[null,"Premium Cost",null,{"$f":"IFERROR(VLOOKUP(D46,'Irrigated Crop Rates (data)'!$A$2:$F$820,5,FALSE)*D17*D9*0.01,0)","v":0},null,{"$f":"IFERROR(VLOOKUP(F46,'Irrigated Crop Rates (data)'!$A$2:$F$820,6,FALSE)*F17*F9*0.01,0)","v":0},{"$f":"IFERROR(VLOOKUP(G46,'Irrigated Crop Rates (data)'!$A$2:$F$820,6,FALSE)*G17*G9*0.01,0)","v":0},{"$f":"IFERROR(VLOOKUP(H46,'Irrigated Crop Rates (data)'!$A$2:$F$820,6,FALSE)*H17*H9*0.01,0)","v":0},{"$f":"IFERROR(VLOOKUP(I46,'Irrigated Crop Rates (data)'!$A$2:$F$820,6,FALSE)*I17*I9*0.01,0)","v":0}]
[]
[null,"Fall VPB Price",null,{"$f":"+IF(D10<(D9*1.1),D9,IF(D10<(D9*1.5),D10,(D9*1.5)))","v":0},null,{"$f":"+IF(F10<(F9*1.1),F9,IF(F10<(F9*1.5),F10,(F9*1.5)))","v":0},{"$f":"+IF(G10<(G9*1.1),G9,IF(G10<(G9*1.5),G10,(G9*1.5)))","v":0},{"$f":"+IF(H10<(H9*1.1),H9,IF(H10<(H9*1.5),H10,(H9*1.5)))","v":0},{"$f":"+IF(I10<(I9*1.1),I9,IF(I10<(I9*1.5),I10,(I9*1.5)))","v":0}]
[null,"Fall SPE Price",null,"N/A",null,{"$f":"+IF(F10>(F9*0.9),F9,IF(F10>(F9*0.5),F10,F9*0.5))","v":0},{"$f":"+IF(G10>(G9*0.9),G9,IF(G10>(G9*0.5),G10,G9*0.5))","v":0},{"$f":"+IF(H10>(H9*0.9),H9,IF(H10>(H9*0.5),H10,H9*0.5))","v":0},{"$f":"+IF(I10>(I9*0.9),I9,IF(I10>(I9*0.5),I10,I9*0.5))","v":0}]
[]
[null,"Harvested Production "]
[null,"Production Shortfall",null,{"$f":"IF(ISBLANK(D26),0,IF(D17-D26<0,0,D17-D26))","v":0},null,{"$f":"IF(ISBLANK(F26),0,IF(F17-F26<0,0,F17-F26))","v":0},{"$f":"IF(ISBLANK(G26),0,IF(G17-G26<0,0,G17-G26))","v":0},{"$f":"IF(ISBLANK(H26),0,IF(H17-H26<0,0,H17-H26))","v":0},{"$f":"IF(ISBLANK(I26),0,IF(I17-I26<0,0,I17-I26))","v":0}]
[]
[null,"CI Payment on Shortfall",null,{"$f":"+D27*D9","v":0},null,{"$f":"+F27*F9","v":0},{"$f":"+G27*G9","v":0},{"$f":"+H27*H9","v":0},{"$f":"+I27*I9","v":0}]
[null,"VPB Payment on Shortfall",null,{"$f":"+D27*(D23-D9)","v":0},null,{"$f":"+F27*(F23-F9)","v":0},{"$f":"+G27*(G23-G9)","v":0},{"$f":"+H27*(H23-H9)","v":0},{"$f":"+I27*(I23-I9)","v":0}]
[null,"SPE Payment with 10% Deductible",null,"N/A",null,{"$f":"IF(F10=\"\",0,IF(F26=\"\",0,IF(F24<F9,((F9*0.9-F24))*MIN(F26,F17),0)))","v":0},{"$f":"IF(G10=\"\",0,IF(G26=\"\",0,IF(G24<G9,((G9*0.9-G24))*MIN(G26,G17),0)))","v":0},{"$f":"IF(H10=\"\",0,IF(H26=\"\",0,IF(H24<H9,((H9*0.9-H24))*MIN(H26,H17),0)))","v":0},{"$f":"IF(I10=\"\",0,IF(I26=\"\",0,IF(I24<I9,((I9*0.9-I24))*MIN(I26,I17),0)))","v":0}]
[null,"Total Payments",null,{"$f":"SUM(D29:D30)","v":0},null,{"$f":"SUM(F29:F31)","v":0},{"$f":"SUM(G29:G31)","v":0},{"$f":"SUM(H29:H31)","v":0},{"$f":"SUM(I29:I31)","v":0}]
[]
[null,"Benefit from Insurance",null,{"$f":"SUM(D32-D21)","v":0},null,{"$f":"SUM(F32-F21)","v":0},{"$f":"SUM(G32-G21)","v":0},{"$f":"SUM(H32-H21)","v":0},{"$f":"SUM(I32-I21)","v":0}]
[null,"Est Revenue from Market",null,{"$f":"MIN(D26,D17)*D10","v":0},null,{"$f":"MIN(F26,F17)*F10","v":0},{"$f":"MIN(G26,G17)*G10","v":0},{"$f":"MIN(H26,H17)*H10","v":0},{"$f":"MIN(I26,I17)*I10","v":0}]
[]
[null,null,{"$f":"Premium_Costs","v":"Premium Costs do not include hail endorsement or producer discounts or surcharges."}]
[]
[null,"DISCLAIMER:",{"$f":"Disclaimer","v":"The calculations from these worksheets are ESTIMATES. These amounts are not to be used for billing or payment of claims. "}]
[]
["Hide here and after"]
[]
[]
[]
[]
[null,null,null,{"$f":"+D11&D7&D12","v":""},null,{"$f":"+F11&F7&F12","v":"00"},{"$f":"+G11&G7&G12","v":"00"},{"$f":"+H11&H7&H12","v":"00"},{"$f":"+I11&I7&I12","v":"00"}]
[null,null,null,{"$f":"VLOOKUP(D46,Irr_Crop,5,FALSE)","v":{"$error":"#N/A"}},null,{"$f":"+VLOOKUP(F46,Irr_Crop,6,FALSE)","v":{"$error":"#N/A"}},{"$f":"+VLOOKUP(G46,Irr_Crop,6,FALSE)","v":{"$error":"#N/A"}},{"$f":"+VLOOKUP(H46,Irr_Crop,6,FALSE)","v":{"$error":"#N/A"}},{"$f":"+VLOOKUP(I46,Irr_Crop,6,FALSE)","v":{"$error":"#N/A"}}]

{"sheet":"Irrigated Silage Greenfeed","index":4,"n_rows":50,"n_cols":16,"rows_kept":50,"cut":false,"hidden":false,"merged":[[0,1,0,8],[4,5,4,8],[32,2,32,8],[34,2,34,8],[5,5,5,8]]}
[null,{"$f":"Title & \" - Irrigated Silage/Greenfeed\"","v":"Impact of Spring Price Endorsement (SPE)  Estimate Worksheet - Irrigated Silage/Greenfeed"},null,null,null,null,null,null,null,null,"Hide here and after"]
[null,null,null,null,null,null,null,null,null,null,"First Hidden Row"]
[null,{"$f":"Instructions","v":"Complete the colored boxes to compare specific examples."}]
[]
[null,"Irrigated Stubble",null,"Area Based Irrigated",null,"Area Based Insurance with SPE option"]
[null,null,null,"Silage/Greenfeed",null,"Silage/Greenfeed"]
[null,"Crop",null,null,null,{"$f":"IF(ISBLANK(D7),\"\",D7)","v":""},{"$f":"IF(ISBLANK(D7),\"\",D7)","v":""},{"$f":"IF(ISBLANK(D7),\"\",D7)","v":""},{"$f":"IF(ISBLANK(D7),\"\",D7)","v":""}]
[]
[null,"Spring Insurance Price",null,{"$f":"IF(ISBLANK(D7),0,LOOKUP(D7,'Irr Silage Normals (data)'!$B$4:$C$4,'Irr Silage Normals (data)'!$B$6:$E$6)*1)","v":0},null,{"$f":"IF(ISBLANK(D7),0,LOOKUP(F7,'Irr Silage Normals (data)'!$B$4:$C$4,'Irr Silage Normals (data)'!$B$6:$E$6)*1)","v":0},{"$f":"IF(ISBLANK(D7),0,LOOKUP(G7,'Irr Silage Normals (data)'!$B$4:$C$4,'Irr Silage Normals (data)'!$B$6:$E$6)*1)","v":0},{"$f":"IF(ISBLANK(D7),0,LOOKUP(H7,'Irr Silage Normals (data)'!$B$4:$C$4,'Irr Silage Normals (data)'!$B$6:$E$6)*1)","v":0},{"$f":"IF(ISBLANK(D7),0,LOOKUP(I7,'Irr Silage Normals (data)'!$B$4:$C$4,'Irr Silage Normals (data)'!$B$6:$E$6)*1)","v":0}]
[null,"Fall Market Price"]
[null,"Risk Area",null,null,null,{"$f":"D11","v":0},{"$f":"D11","v":0},{"$f":"D11","v":0},{"$f":"D11","v":0}]
[null,"Coverage Level",null,80,null,80,80,80,80]
[]
[null,"Acres Insured",null,null,null,{"$f":"D14","v":0},{"$f":"D14","v":0},{"$f":"D14","v":0},{"$f":"D14","v":0}]
[null,"RA Normal Yield /ac",null,{"$f":"IF(ISBLANK(D11),0,HLOOKUP(D7,'Irr Silage Normals (data)'!$B$4:$D$15,D11+3,FALSE))","v":0},null,{"$f":"IF(ISBLANK(D7),0,HLOOKUP(F7,'Irr Silage Normals (data)'!$B$4:$D$15,F11+3,FALSE))","v":0},{"$f":"IF(ISBLANK(D7),0,HLOOKUP(G7,'Irr Silage Normals (data)'!$B$4:$D$15,G11+3,FALSE))","v":0},{"$f":"IF(ISBLANK(D7),0,HLOOKUP(H7,'Irr Silage Normals (data)'!$B$4:$D$15,H11+3,FALSE))","v":0},{"$f":"IF(ISBLANK(D7),0,HLOOKUP(I7,'Irr Silage Normals (data)'!$B$4:$D$15,I11+3,FALSE))","v":0}]
[null,"$ Coverage on Production",null,{"$f":"IF(D7='Irr Silage Normals (data)'!C4,D43*D9+D14*50,(D43*D9))","v":0},null,{"$f":"IF(F7='Irr Silage Normals (data)'!C4,(F43*F9+F14*50),F43*F9)","v":0},{"$f":"+IF(G7='Irr Silage Normals (data)'!C4,G43*G9+G14*50,(G43*G9))","v":0},{"$f":"+IF(H7='Irr Silage Normals (data)'!C4,H43*H9+H14*50,(H43*H9))","v":0},{"$f":"IF(I7='Irr Silage Normals (data)'!C4,I43*I9+I14*50,(I43*I9))","v":0}]
[]
[null,"Premium Cost",null,{"$f":"IFERROR(VLOOKUP(D47,Irr_Silage_Rates,5,FALSE)*D16*0.01,0)","v":0},null,{"$f":"IFERROR(VLOOKUP(F47,Irr_Silage_Rates,6,FALSE)*F16*0.01,0)","v":0},{"$f":"IFERROR(VLOOKUP(G47,Irr_Silage_Rates,6,FALSE)*G16*0.01,0)","v":0},{"$f":"IFERROR(VLOOKUP(H47,Irr_Silage_Rates,6,FALSE)*H16*0.01,0)","v":0},{"$f":"IFERROR(VLOOKUP(I47,Irr_Silage_Rates,6,FALSE)*I16*0.01,0)","v":0}]
[]
[null,"Fall VPB Price",null,{"$f":"IF(D10<(D9*1.1),D9,IF(D10<(D9*1.5),D10,(D9*1.5)))","v":0},null,{"$f":"IF(F10<(F9*1.1),F9,IF(F10<(F9*1.5),F10,(F9*1.5)))","v":0},{"$f":"IF(G10<(G9*1.1),G9,IF(G10<(G9*1.5),G10,(G9*1.5)))","v":0},{"$f":"IF(H10<(H9*1.1),H9,IF(H10<(H9*1.5),H10,(H9*1.5)))","v":0},{"$f":"IF(I10<(I9*1.1),I9,IF(I10<(I9*1.5),I10,(I9*1.5)))","v":0}]
[null,"Fall SPE Price",null,"N/A",null,{"$f":"IF(F10>(F9*0.9),F9,IF(F10>(F9*0.5),F10,F9*0.5))","v":0},{"$f":"IF(G10>(G9*0.9),G9,IF(G10>(G9*0.5),G10,G9*0.5))","v":0},{"$f":"IF(H10>(H9*0.9),H9,IF(H10>(H9*0.5),H10,H9*0.5))","v":0},{"$f":"IF(I10>(I9*0.9),I9,IF(I10>(I9*0.5),I10,I9*0.5))","v":0}]
[]
[null,"Harvested Production ",null,null,null,null,null,null,null,null,null,"Dry","SPE","SPE","SPE","SPE"]
[null,"Production Shortfall",null,{"$f":"IF(ISBLANK(D23),0,IF(D23>0.999,0,D16-(D16*D23)))","v":0},null,{"$f":"IF(ISBLANK(F23),0,IF(F23>0.999,0,F16-(F16*F23)))","v":0},{"$f":"IF(ISBLANK(G23),0,IF(G23>0.999,0,G16-(G16*G23)))","v":0},{"$f":"IF(ISBLANK(H23),0,IF(H23>0.999,0,H16-(H16*H23)))","v":0},{"$f":"IF(ISBLANK(I23),0,IF(I23>0.999,0,I16-(I16*I23)))","v":0},null,null,{"$f":"D25","v":0},{"$f":"G25","v":0},{"$f":"H25","v":0},{"$f":"H25","v":0},{"$f":"I25","v":0}]
[null,null,null,null,null,null,null,null,null,null,{"$f":"IF(ISBLANK(D11),0,(((D$15*D$12)/100)*D$20)+('Properties (Data)'!$E$8))","v":0},{"$f":"$K25*D14*(1-D23)-D26","v":0},{"$f":"$K26*F14*(1-F23)-F26","v":0},{"$f":"$K27*G14*(1-G23)-G26","v":0},{"$f":"$K28*H14*(1-H23)-H26","v":0},{"$f":"$K29*I14*(1-I23)-I26","v":0}]
[null,"CI Payment on Shortfall",null,{"$f":"D24","v":0},null,{"$f":"F24","v":0},{"$f":"G24","v":0},{"$f":"H24","v":0},{"$f":"I24","v":0},null,{"$f":"(((F$15*F$12)/100)*F$20)+('Properties (Data)'!$E$8)","v":50}]
[null,"VPB Payment on Shortfall",null,{"$f":"IF(D20=0,0,IF(D7='Irr Silage Normals (data)'!C4,L25,SUM(D26*((D20-D9)/D9))))","v":0},null,{"$f":"IF(F20=0,0,IF(F7='Irr Silage Normals (data)'!C4,M25,SUM(F26*((F20-F9)/F9))))","v":0},{"$f":"IF(G20=0,0,IF(G7='Irr Silage Normals (data)'!C4,N25,SUM(G26*((G20-G9)/G9))))","v":0},{"$f":"IF(H20=0,0,IF(H7='Irr Silage Normals (data)'!C4,O25,SUM(H26*((H20-H9)/H9))))","v":0},{"$f":"IF(I20=0,0,IF(I7='Irr Silage Normals (data)'!C4,P25,SUM(I26*((I20-I9)/I9))))","v":0},null,{"$f":"(((G$15*G$12)/100)*G$20)+('Properties (Data)'!$E$8)","v":50}]
[null,"SPE Payment with 10% Deductible",null,"N/A",null,{"$f":"IF(F10=0,0,IF(F23=\"\",0,IF(F21<F9,((F9*0.9)-F21))/F9*F16*MIN(F23,1)))","v":0},{"$f":"IF(G10=0,0,IF(G23=\"\",0,IF(G9=0,0,IF(G21<G9,((G9*0.9)-G21))/G9*G16*MIN(G23,1))))","v":0},{"$f":"IF(H10=0,0,IF(H23=\"\",0,IF(H9=0,0,IF(H21<H9,((H9*0.9)-H21))/H9*H16*MIN(H23,1))))","v":0},{"$f":"IF(I10=0,0,IF(I23=\"\",0,IF(I9=0,0,IF(I21<I9,((I9*0.9)-I21))/I9*I16*MIN(I23,1))))","v":0},null,{"$f":"(((H$15*H$12)/100)*H$20)+('Properties (Data)'!$E$8)","v":50}]
[null,"Total Payments",null,{"$f":"SUM(D26:D27)","v":0},null,{"$f":"SUM(F26:F28)","v":0},{"$f":"SUM(G26:G28)","v":0},{"$f":"SUM(H26:H28)","v":0},{"$f":"SUM(I26:I28)","v":0},null,{"$f":"(((I$15*I$12)/100)*I$20)+('Properties (Data)'!$E$8)","v":50}]
[]
[null,"Benefit from Insurance",null,{"$f":"SUM(D29-D18)","v":0},null,{"$f":"SUM(F29-F18)","v":0},{"$f":"SUM(G29-G18)","v":0},{"$f":"SUM(H29-H18)","v":0},{"$f":"SUM(I29-I18)","v":0}]
[]
[null,null,{"$f":"Premium_Costs","v":"Premium Costs do not include hail endorsement or producer discounts or surcharges."}]
[]
[null,"DISCLAIMER:",{"$f":"Disclaimer","v":"The calculations from these worksheets are ESTIMATES. These amounts are not to be used for billing or payment of claims. "}]
[]
[null,"Hide here and after"]
[]
[]
[]
[]
[null,null,"newcov",null,null,{"$f":"F16/F20","v":{"$error":"#DIV/0!"}},{"$f":"G16/G20","v":{"$error":"#DIV/0!"}},{"$f":"H16/H20","v":{"$error":"#DIV/0!"}},{"$f":"I16/I20","v":{"$error":"#DIV/0!"}}]
[null,null,"prod cov",{"$f":"+D15*D12*D14*0.01","v":0},null,{"$f":"+F15*F12*F14*0.01","v":0},{"$f":"+G15*G12*G14*0.01","v":0},{"$f":"+H15*H12*H14*0.01","v":0},{"$f":"+I15*I12*I14*0.01","v":0}]
[null,null,"adj prod",null,null,{"$f":"+F43*F23","v":0},{"$f":"+G43*G23","v":0},{"$f":"+H43*H23","v":0},{"$f":"+I43*I23","v":0}]
[null,null,"shortfall",null,null,{"$f":"IF(+F43-F44<0,0,F43-F44)","v":0},{"$f":"IF(+G43-G44<0,0,G43-G44)","v":0},{"$f":"IF(+H43-H44<0,0,H43-H44)","v":0},{"$f":"IF(+I43-I44<0,0,I43-I44)","v":0}]
[]
[null,null,null,{"$f":"+D11&D7&D12","v":"80"},"","080","080","080","080"]
[null,null,null,{"$f":"+VLOOKUP(D47,'Irr Silage Rates (data)'!$A$2:$F$375,5,FALSE)","v":{"$error":"#N/A"}},null,{"$f":"+VLOOKUP(F47,'Irr Silage Rates (data)'!$A$2:$F$375,5,FALSE)","v":{"$error":"#N/A"}},{"$f":"+VLOOKUP(G47,'Irr Silage Rates (data)'!$A$2:$F$375,5,FALSE)","v":{"$error":"#N/A"}},{"$f":"+VLOOKUP(H47,'Irr Silage Rates (data)'!$A$2:$F$375,5,FALSE)","v":{"$error":"#N/A"}},{"$f":"+VLOOKUP(I47,'Irr Silage Rates (data)'!$A$2:$F$375,5,FALSE)","v":{"$error":"#N/A"}}]
[]
[null,null,null,"                                                                                "]

{"sheet":"Corn Heat Unit","index":5,"n_rows":38,"n_cols":12,"rows_kept":38,"cut":false,"hidden":false,"merged":[[36,4,36,5],[0,1,0,9],[32,2,32,9],[30,2,30,9],[4,3,4,4],[4,6,4,9],[34,2,35,9]]}
[null,{"$f":"Title & \" - Corn Heat Unit\"","v":"Impact of Spring Price Endorsement (SPE)  Estimate Worksheet - Corn Heat Unit"},null,null,null,null,null,null,null,null,null,"Hide here and after"]
[]
[null,{"$f":"Instructions","v":"Complete the colored boxes to compare specific examples."}]
[]
[null,null,null,"Corn Heat Unit",null,null,"Corn Heat Unit Insurance with SPE option"]
[]
[null,"Crop",null,"Corn (Grain)","Corn (Silage)",null,"Corn (Grain)","Corn (Grain)","Corn (Silage)","Corn (Silage)"]
[]
[null,"Spring Insurance Price",null,{"$f":"VALUE('CHU Normals (data)'!B7)","v":6.0963218857955699},{"$f":"VALUE('CHU Normals (data)'!C7)","v":4.0823732196316795},null,{"$f":"LOOKUP(G7,'CHU Normals (data)'!$B$4:$E$4,'CHU Normals (data)'!$B$7:$E$7)*1","v":6.0963218857955699},{"$f":"+LOOKUP(H7,'CHU Normals (data)'!$B$4:$E$4,'CHU Normals (data)'!$B$7:$E$7)*1","v":6.0963218857955699},{"$f":"+LOOKUP(I7,'CHU Normals (data)'!$B$4:$E$4,'CHU Normals (data)'!$B$7:$E$7)*1","v":4.0823732196316795},{"$f":"+LOOKUP(J7,'CHU Normals (data)'!$B$4:$E$4,'CHU Normals (data)'!$B$7:$E$7)*1","v":4.0823732196316795}]
[null,"Fall Market Price"]
[null,"Record Dollar Coverage",null,null,null,null,{"$f":"D11","v":0},{"$f":"D11","v":0},{"$f":"E11","v":0},{"$f":"E11","v":0}]
[]
[]
[null,"Acres Insured"]
[null,"Total $ Coverage",null,{"$f":"D11*D14","v":0},{"$f":"E11*E14","v":0},null,0,0,0,0]
[]
[null,"Premium Cost",null,{"$f":"VLOOKUP(D7,CHU_Rates,5,TRUE)*D11*D14*0.01","v":0},{"$f":"VLOOKUP(E7,CHU_Rates,5,TRUE)*E11*E14*0.01","v":0},null,{"$f":"VLOOKUP(G7,CHU_Rates,6,FALSE)*G11*G14*0.01","v":0},{"$f":"VLOOKUP(H7,CHU_Rates,6,FALSE)*H11*H14*0.01","v":0},{"$f":"VLOOKUP(I7,CHU_Rates,6,FALSE)*I11*I14*0.01","v":0},{"$f":"VLOOKUP(J7,CHU_Rates,6,FALSE)*J11*J14*0.01","v":0}]
[null,"Fall VPB Price",null,{"$f":"+IF(D10<(D9*1.1),D9,IF(D10<(D9*1.5),D10,(D9*1.5)))","v":6.0963218857955699},{"$f":"+IF(E10<(E9*1.1),E9,IF(E10<(E9*1.5),E10,(E9*1.5)))","v":4.0823732196316795},null,{"$f":"+IF(G10<(G9*1.1),G9,IF(G10<(G9*1.5),G10,(G9*1.5)))","v":6.0963218857955699},{"$f":"+IF(H10<(H9*1.1),H9,IF(H10<(H9*1.5),H10,(H9*1.5)))","v":6.0963218857955699},{"$f":"+IF(I10<(I9*1.1),I9,IF(I10<(I9*1.5),I10,(I9*1.5)))","v":4.0823732196316795},{"$f":"+IF(J10<(J9*1.1),J9,IF(J10<(J9*1.5),J10,(J9*1.5)))","v":4.0823732196316795}]
[null,"Fall SPE Price",null,"N/A","N/A",null,{"$f":"+IF(G10>(G9*0.9),G9,IF(G10>(G9*0.5),G10,G9*0.5))","v":3.0481609428977849},{"$f":"+IF(H10>(H9*0.9),H9,IF(H10>(H9*0.5),H10,H9*0.5))","v":3.0481609428977849},{"$f":"+IF(I10>(I9*0.9),I9,IF(I10>(I9*0.5),I10,I9*0.5))","v":2.0411866098158398},{"$f":"+IF(J10>(J9*0.9),J9,IF(J10>(J9*0.5),J10,J9*0.5))","v":2.0411866098158398}]
[]
[null,"Harvest Claim Rate",null,null,null,null,null,null,null,null,5]
[null,"Deemed Shortfall",null,{"$f":"IF(D21=\"\",0,D11*D21*D14)","v":0},{"$f":"IF(E21=\"\",0,E11*E21*E14)","v":0},null,{"$f":"IF(G21=\"\",0,G11*G21*G14)","v":0},{"$f":"IF(H21=\"\",0,H11*H21*H14)","v":0},{"$f":"IF(I21=\"\",0,I11*I21*I14)","v":0},{"$f":"IF(J21=\"\",0,J11*J21*J14)","v":0}]
[]
[null,"CI Payment on Shortfall",null,{"$f":"D22","v":0},{"$f":"E22","v":0},null,0,0,0,0]
[null,"VPB Payment on Shortfall",null,{"$f":"D24*((D18-D9)/D9)","v":0},{"$f":"E24*((E18-E9)/E9)","v":0},null,{"$f":"G24*((G18-G9)/G9)","v":0},{"$f":"H24*((H18-H9)/H9)","v":0},{"$f":"I24*((I18-I9)/I9)","v":0},{"$f":"J24*((J18-J9)/J9)","v":0}]
[null,"SPE Payment with 10% Deductible",null,"N/A","N/A",null,{"$f":"IF(G10=\"\",0,IF(G21=\"\",0,IF(G9=G19,0,IF(G19<G9,((G9*0.9-G19))*MIN((G11/G9),(G11/G9)*(1-G21))*G14))))","v":0},{"$f":"IF(H10=\"\",0,IF(H21=\"\",0,IF(H9=H19,0,IF(H19<H9,((H9*0.9-H19))*MIN((H11/H9),(H11/H9)*(1-H21))*H14))))","v":0},{"$f":"IF(I10=\"\",0,IF(I21=\"\",0,IF(I9=I19,0,IF(I19<I9,((I9*0.9-I19))*MIN((I11/I9),(I11/I9)*(1-I21))*I14))))","v":0},{"$f":"IF(J10=\"\",0,IF(J21=\"\",0,IF(J9=J19,0,IF(J19<J9,((J9*0.9-J19))*MIN((J11/J9),(J11/J9)*(1-J21))*J14))))","v":0}]
[null,"Total Payments",null,{"$f":"SUM(D24+D25)","v":0},{"$f":"SUM(E24+E25)","v":0},null,{"$f":"SUM(G24:G26)","v":0},{"$f":"SUM(H24:H26)","v":0},{"$f":"SUM(I24:I26)","v":0},{"$f":"SUM(J24:J26)","v":0}]
[]
[null,"Benefit from Insurance",null,{"$f":"SUM(D27-D17)","v":0},{"$f":"SUM(E27-E17)","v":0},null,{"$f":"SUM(G27-G17)","v":0},{"$f":"SUM(H27-H17)","v":0},{"$f":"SUM(I27-I17)","v":0},{"$f":"SUM(J27-J17)","v":0}]
[]
[null,null,"Premium Rates based on Lethbridge weather station @ Low CHU threshold."]
[]
[null,null,{"$f":"Premium_Costs","v":"Premium Costs do not include hail endorsement or producer discounts or surcharges."}]
[]
[null,"DISCLAIMER:",{"$f":"Disclaimer","v":"The calculations from these worksheets are ESTIMATES. These amounts are not to be used for billing or payment of claims. "}]
[]
[]
["Hide here and after"]

{"sheet":"CHU Dollar Coverage (data)","index":6,"n_rows":37,"n_cols":2,"rows_kept":37,"cut":false,"hidden":true,"merged":[]}
["Grain Corn","Corn Silage"]
[100,100]
[125,125]
[150,150]
[175,175]
[200,200]
[225,225]
[250,250]
[275,275]
[300,300]
[325,325]
[350,350]
[375,375]
[400,400]
[425,425]
[450,450]
[475,475]
[500,500]
[525,525]
[null,550]
[null,575]
[null,600]
[null,625]
[null,650]
[null,675]
[null,700]
[null,725]
[null,750]
[null,775]
[null,800]
[null,825]
[null,850]
[null,875]
[null,900]
[null,925]
[null,950]
[null,975]

{"sheet":"CHU Normals (data)","index":7,"n_rows":14,"n_cols":14,"rows_kept":14,"cut":false,"hidden":true,"merged":[[7,7,11,9]]}
["a","b","c","d","e",null,null,"Crop","AG_PROD_UID","AG_PROD_USE_UID","Price/kg","Conversion rate","Price per bushel"]
[null,null,null,null,null,null,null,{"$f":"C4","v":"Corn (Silage)"},12324,4475,0.18,4.4091999999999999E-2,{"$f":"K2/L2","v":4.0823732196316795},"Silage uses the barley conversion factor"]
[null,null,null,"normal lookup table",null,null,null,{"$f":"B4","v":"Corn (Grain)"},12282,477,0.24,3.9368E-2,{"$f":"K3/L3","v":6.0963218857955699}]
[null,"Corn (Grain)","Corn (Silage)",null,"2018"]
["AG_PROD_UID",12282,12324]
["AG_PROD_USE_UID"]
["Spring Price",{"$f":"M3","v":6.0963218857955699},{"$f":"M2","v":4.0823732196316795},null,null,null,null,"The price per kg is retrieved from the AG_PROD_USE_PRICE_OPTION "]
["1",null,null,null,null,null,null,"CROP_YEAR = 2019 \nAnd PRICE_OPTION_UID = 4\nAnd PRICE_TYPE_UID = 2\nAnd AG_PROD_USE_UID in (477,4475)\n"]
["2"]
["3"]
["4"]
["5"]
["6"]
["7"]

{"sheet":"CHU Rates (data)","index":8,"n_rows":3,"n_cols":6,"rows_kept":3,"cut":false,"hidden":true,"merged":[]}
["Column1","ra","crop","cl","p rem","prem+"]
["Corn (Grain)",1,"corn",80,{"$f":"getpropertyvalue(\"Corn Grain farm_75 Premium\")","v":1.71},{"$f":"getpropertyvalue(\"Corn Grain Producer Premium\")+getpropertyvalue(\"Corn Grain farm_75 Premium\")","v":4.2}]
["Corn (Silage)",1,"conr",80,{"$f":"getpropertyvalue(\"Corn Silage farm_75 Premium\")","v":1.28},{"$f":"getpropertyvalue(\"Corn Silage Producer Premium\")+getpropertyvalue(\"Corn Silage farm_75 Premium\")","v":3.8899999999999997}]

{"sheet":"Prices Dry Crop (data)","index":9,"n_rows":38,"n_cols":8,"rows_kept":38,"cut":false,"hidden":true,"merged":[]}
[null,null,null,null,"CONVERSION_FACTOR",null,"Price"]
["AG_PROD_UID","DESCRIPTION                   ","AG_PROD_USE_UID","     PRICE","AG_PROD_UID","VOLUME_MEASURE_UID","CONVERSION_FACTOR","CALCULATED_PRICE                                                                                                                                                                                                                                                                                                                                                                                                                                                                                                                                                                                                                                                                                                                                                                                                                                                                                                                                                                                                                                                                                                                                                                                                                                                                                                                                                                                                                                                                                                                                                                                                                                                                                                                                                                                                                                                                                                                                         "]
[12267,"Barley",442,0.18,12267,1,4.4091999999999999E-2,4.08237322]
[12267,"Barley Malting",7139,0.23,12267,1,4.4091999999999999E-2,5.2163657800000003]
[12269,"CanarySeed",446,0.5,12269,1923,2.2046000000000001,0.22679851200000001]
[12388,"Canola-Argentine",12978,0.51300000000000001,12388,1,4.4091999999999999E-2,11.634763700000001]
[12388,"Canola-Polish",752,0.47,12388,1,4.4091999999999999E-2,10.6595301]
[12389,"Canola-Argentine Specialty Oil",754,0.47,12389,1,4.4091999999999999E-2,10.6595301]
[13559,"Chickpeas-Desi",3464,0.4,13559,1923,2.2046000000000001,0.18143881000000001]
[13558,"Chickpeas-Kabuli",3463,0.46500000000000002,13558,1923,2.2046000000000001,0.21092261600000001]
[12408,"FabaBean",788,0.215,12408,1923,2.2046000000000001,9.7523360000000003E-2]
[12383,"Flax",738,0.46,12383,1,3.9366999999999999E-2,11.6849138]
[18898,"Lentils-Green",23056,0.44,18898,1923,2.2046000000000001,0.19958269100000001]
[18897,"Lentils-Red",23054,0.4,18897,1923,2.2046000000000001,0.18143881000000001]
[12272,"MixedGrain",452,0.182,12272,1,5.0104999999999997E-2,3.63237202]
[12392,"Mustard-Brown",759,0.62,12392,1,4.4091999999999999E-2,14.061507799999999]
[12393,"Mustard-Oriental",761,0.62,12393,1,4.4091999999999999E-2,14.061507799999999]
[12394,"Mustard-Yellow",763,0.72,12394,1,4.4091999999999999E-2,16.329492900000002]
[12273,"Oats",456,0.185,12273,1,5.3770999999999999E-2,3.4405162599999999]
[12411,"Peas,Field",808,0.255,12411,1,3.6743999999999999E-2,6.9399085600000001]
[12286,"Rye-Fall",483,0.19,12286,1,3.9366999999999999E-2,4.82637742]
[12287,"Rye-Spring",485,0.19,12287,1,3.9366999999999999E-2,4.82637742]
[12386,"Safflower",746,0.64,12386,1923,2.2046000000000001,0.29030209600000001]
[12387,"Sunflower Oilseed(Sunflower)",750,0.72499999999999998,12387,1923,2.2046000000000001,0.32885784299999998]
[12387,"Sunflower Confectionary",749,0.495,12387,1923,2.2046000000000001,0.22453052700000001]
[12288,"Triticale-Spring",487,0.18,12288,1,4.2396000000000003E-2,4.2456835599999998]
[12289,"Triticale-Winter",489,0.18,12289,1,4.2396000000000003E-2,4.2456835599999998]
[13571,"Wheat-CanadaPrairieSpring",3477,0.22,13571,1,3.6743999999999999E-2,5.98737209]
[12290,"Wheat-Durum",491,0.245,12290,1,3.6743999999999999E-2,6.6677552799999997]
[12290,"Wheat-Durum High Protein",3903,0.25,12290,1,3.6743999999999999E-2,6.8038319200000004]
[13572,"Wheat-ExtraStrong",3479,0.23,13572,1,3.6743999999999999E-2,6.2595253599999996]
[12291,"Wheat-HardRedSpring",493,0.23,12291,1,3.6743999999999999E-2,6.2595253599999996]
[12291,"Wheat-HardRedWinter",3853,0.245,12291,1,3.6743999999999999E-2,6.6677552799999997]
[12292,"Wheat-HardRedSpring High Protein",495,0.21,12292,1,3.6743999999999999E-2,5.7152188099999996]
[19127,"Wheat-NorthernHardRed",23730,0.252,19127,1,3.6743999999999999E-2,6.8582625699999999]
[12294,"Wheat-SoftWhiteSpring",499,0.19,12294,1,3.6743999999999999E-2,5.1709122599999997]
[12294,"Wheat-SoftWhiteSpring Industrial",13734,0.19,12294,1,3.6743999999999999E-2,5.1709122599999997]
[19126,"Wheat-SpecialPurpose",23725,0.19,19126,1,3.6743999999999999E-2,5.1709122599999997]

{"sheet":"Prices Irrigated Crop(data)","index":10,"n_rows":42,"n_cols":8,"rows_kept":42,"cut":false,"hidden":true,"merged":[]}
["AG_PROD_UID","DESCRIPTION                   ","AG_PROD_USE_UID","     PRICE","AG_PROD_UID","VOLUME_MEASURE_UID","CONVERSION_FACTOR","CALCULATED_PRICE                                                                                                                                                                                                                                                                                                                                                                                                                                                                                                                                                                                                                                                                                                                                                                                                                                                                                                                                                                                                                                                                                                                                                                                                                                                                                                                                                                                                                                                                                                                                                                                                                                                                                                                                                                                                                                                                                                                                         "]
[12267,"Barley",442,0.18,12267,1,4.4091999999999999E-2,4.08237322]
[12267,"Barley Malting",7139,0.23,12267,1,4.4091999999999999E-2,5.2163657800000003]
[12413,"Beans,Dry-Black/Others",810,0.71,12413,1923,2.2046000000000001,0.32205388699999998]
[12414,"Beans,Dry-GreatNorthern",811,0.7,12414,1923,2.2046000000000001,0.31751791699999998]
[12415,"Beans,Dry-Pink",812,0.82499999999999996,12415,1923,2.2046000000000001,0.37421754499999998]
[12416,"Beans,Dry-Pinto",813,0.7,12416,1923,2.2046000000000001,0.31751791699999998]
[12417,"Beans,Dry-SmallRed",814,0.83499999999999996,12417,1923,2.2046000000000001,0.37875351499999999]
[18741,"Beans,Dry-Yellow",22153,0.71,18741,1923,2.2046000000000001,0.32205388699999998]
[12388,"Canola-Argentine",12978,0.51300000000000001,12388,1,4.4091999999999999E-2,11.634763700000001]
[12388,"Canola-Polish",752,0.47,12388,1,4.4091999999999999E-2,10.6595301]
[12389,"Canola-Argentine Specialty Oil",754,0.47,12389,1,4.4091999999999999E-2,10.6595301]
[13559,"Chickpeas-Desi",3464,0.4,13559,1923,2.2046000000000001,0.18143881000000001]
[13558,"Chickpeas-Kabuli",3463,0.46500000000000002,13558,1923,2.2046000000000001,0.21092261600000001]
[12270,"Corn(Grain)",448,0.24,12270,1,3.9368E-2,6.0963218899999996]
[12408,"FabaBean",788,0.215,12408,1923,2.2046000000000001,9.7523360000000003E-2]
[12383,"Flax",738,0.46,12383,1,3.9366999999999999E-2,11.6849138]
[18898,"Lentils-Green",23056,0.44,18898,1923,2.2046000000000001,0.19958269100000001]
[18897,"Lentils-Red",23054,0.4,18897,1923,2.2046000000000001,0.18143881000000001]
[12272,"MixedGrain",452,0.182,12272,1,5.0104999999999997E-2,3.63237202]
[12392,"Mustard-Brown",759,0.62,12392,1,4.4091999999999999E-2,14.061507799999999]
[12393,"Mustard-Oriental",761,0.62,12393,1,4.4091999999999999E-2,14.061507799999999]
[12394,"Mustard-Yellow",763,0.72,12394,1,4.4091999999999999E-2,16.329492900000002]
[12273,"Oats",456,0.185,12273,1,5.3770999999999999E-2,3.4405162599999999]
[12411,"Peas,Field",808,0.255,12411,1,3.6743999999999999E-2,6.9399085600000001]
[12286,"Rye-Fall",483,0.19,12286,1,3.9366999999999999E-2,4.82637742]
[12287,"Rye-Spring",485,0.19,12287,1,3.9366999999999999E-2,4.82637742]
[12386,"Safflower",746,0.64,12386,1923,2.2046000000000001,0.29030209600000001]
[12387,"Sunflower Confectionary",750,0.72499999999999998,12387,1923,2.2046000000000001,0.32885784299999998]
[12387,"Sunflower Oilseed(Sunflower)",749,0.495,12387,1923,2.2046000000000001,0.22453052700000001]
[12288,"Triticale-Spring",487,0.18,12288,1,4.2396000000000003E-2,4.2456835599999998]
[12289,"Triticale-Winter",489,0.18,12289,1,4.2396000000000003E-2,4.2456835599999998]
[13571,"Wheat-CanadaPrairieSpring",3477,0.22,13571,1,3.6743999999999999E-2,5.98737209]
[12290,"Wheat-Durum",491,0.245,12290,1,3.6743999999999999E-2,6.6677552799999997]
[12290,"Wheat-Durum High Protein",3903,0.25,12290,1,3.6743999999999999E-2,6.8038319200000004]
[13572,"Wheat-ExtraStrong",3479,0.23,13572,1,3.6743999999999999E-2,6.2595253599999996]
[12291,"Wheat-HardRedSpring",493,0.23,12291,1,3.6743999999999999E-2,6.2595253599999996]
[12291,"Wheat-HardRedSpring High Protein",3853,0.245,12291,1,3.6743999999999999E-2,6.6677552799999997]
[12292,"Wheat-HardRedWinter",495,0.21,12292,1,3.6743999999999999E-2,5.7152188099999996]
[19127,"Wheat-NorthernHardRed",23731,0.21,19127,1,3.6743999999999999E-2,5.7152188099999996]
[12294,"Wheat-SoftWhiteSpring",499,0.19,12294,1,3.6743999999999999E-2,5.1709122599999997]
[19126,"Wheat-SpecialPurpose",23725,0.19,19126,1,3.6743999999999999E-2,5.1709122599999997]

{"sheet":"Dry Crop Normals (data)","index":11,"n_rows":72,"n_cols":44,"rows_kept":72,"cut":false,"hidden":true,"merged":[]}
["F1","F2","F3","F4","F5","F6","F7","F8","F9","F10","F11","F12","F13","F14","F15","F16","F17","F18","F19","F20","F21","F22","F23","F24","F25","F26","F27","F28","F29","F30","F31","F32","F33","F34","F35","F36","F37","F38","F39","F40","F41","F42","F43","Column45"]
[]
[]
[]
[]
["60",null,"Crop1","Crop2","Crop3","Crop4","Crop5","Crop6","Crop7","Crop8","Crop9","Crop10","Crop11","Crop12","Crop13","Crop14","Crop15","Crop16","Crop17","Crop18","Crop19","Crop20","Crop21","Crop22","Crop23","Crop24","Crop25","Crop26","Crop27","Crop28","Crop29","Crop30","Crop31","Crop32","Crop33","Crop34","Crop35","Crop36","Crop37","Crop38","Crop39","Crop40","Crop41"]
["70"]
["80",null,"Barley","Barley Malting","CanarySeed","Canola-Argentine","Canola-Polish","Canola-Argentine Specialty Oil","Chickpeas-Desi","Chickpeas-Kabuli","FabaBean","Flax","Lentils-Green","Lentils-Red","MixedGrain","Mustard-Brown","Mustard-Oriental","Mustard-Yellow","Oats","Peas,Field","Rye-Fall","Rye-Spring","Safflower","Sunflower Confectionary","Sunflower Oilseed(Sunflower)","Triticale-Spring","Triticale-Winter","Wheat-CanadaPrairieSpring","Wheat-Durum","Wheat-Durum High Protein","Wheat-ExtraStrong","Wheat-HardRedSpring","Wheat-HardRedWinter","Wheat-HardRedSpring High Protein","Wheat-NorthernHardRed","Wheat-SoftWhiteSpring","Wheat-SpecialPurpose","Wheat-SoftWhiteSpring Industrial"]
[null,"AG_PROD_UID","12267","12267","12269","12388","12389","12388","13559","13558","12408","12383","18898","18897","12272","12392","12393","12394","12273","12411","12286","12287","12386","12387","12387","12288","12289","13571","12290","12290","13572","12291","12292","12291","19127","12294",19126,"12294"]
[null,"AG_PROD_USE_UID","442","7139","446","752","754","12978","3464","3463","788","738","23056","23054","452","759","761","763","456","808","483","485","746","750","749","487","489","3477","491","3903","3479","493","495","3853","23730","499",23725,"13734"]
[null,"Spring Price",4.0823732196316795,5.22,0.22679851220175995,10.659530073482717,10.659530073482717,11.63,0.18143880976140797,0.21092261634763676,9.7523360246756771E-2,11.684913760256054,0.19958269073754875,0.18143880976140797,3.632372018760603,14.06,14.06,16.329999999999998,3.44,6.94,4.83,4.83,0.28999999999999998,0.33,0.22,4.25,4.25,5.99,6.67,6.8,6.26,6.26,5.72,6.67,6.86,5.17,5.17,5.1709122577835842]
["RA","1",51.058535999999997,51.058535999999997,1302.9186,26.984304000000002,18.386364,26.984304000000002,970.024,1265.4404,1942.2526,17.085277999999999,998.68380000000002,1080.2539999999999,61.629150000000003,24.867888000000001,22.486920000000001,19.135928,49.791946000000003,38.728175999999998,33.580050999999997,27.517533,"0","0","0",28.6173,27.981359999999999,45.268608,43.431407999999998,43.431407999999998,41.814672000000002,41.190024000000001,46.040232000000003,41.190024000000001,41.190024000000001,40.896071999999997,45.268608,"0"]
[null,"2",58.951003999999998,58.951003999999998,1038.3666000000001,35.802703999999999,23.545127999999998,35.802703999999999,"0","0",1611.5626,22.714759000000001,1329.3738000000001,1430.7854,75.207605000000001,23.368760000000002,21.340527999999999,18.739100000000001,55.222816999999999,38.728175999999998,50.901530999999999,31.729801999999999,1025.1389999999999,844.36180000000002,667.99379999999996,56.386679999999998,56.937828000000003,47.069063999999997,46.811855999999999,46.811855999999999,40.234679999999997,42.623040000000003,53.682983999999998,42.623040000000003,43.210943999999998,52.874616000000003,47.069063999999997,"0"]
[null,"3",58.333716000000003,58.333716000000003,1038.3666000000001,33.465828000000002,21.82554,33.465828000000002,"0","0","0",21.297547000000002,1329.3738000000001,1430.7854,56.919280000000001,26.146556,25.264716,21.164159999999999,53.986083999999998,38.728175999999998,49.484318999999999,27.438798999999999,1025.1389999999999,844.36180000000002,667.99379999999996,48.161856,49.772903999999997,47.252783999999998,45.048144000000001,45.048144000000001,41.263511999999999,40.859327999999998,47.950920000000004,40.859327999999998,40.859327999999998,50.449511999999999,47.252783999999998,"0"]
[null,"4",44.797471999999999,44.797471999999999,1038.3666000000001,27.689775999999998,18.606824,27.689775999999998,"0","0","0",13.975285,998.68380000000002,1080.2539999999999,34.67266,16.005396000000001,16.093579999999999,12.742588,39.467914,38.728175999999998,34.170555999999998,17.400213999999998,1025.1389999999999,844.36180000000002,667.99379999999996,37.054104000000002,40.233803999999999,35.604936000000002,35.494703999999999,35.494703999999999,30.056591999999998,32.481695999999999,40.234679999999997,32.481695999999999,32.481695999999999,36.964464,35.604936000000002,"0"]
[null,"5",62.875191999999998,62.875191999999998,1302.9186,37.257739999999998,25.264716,37.257739999999998,"0","0",1942.2526,30.470058000000002,1214.7346,1329.3738000000001,58.322220000000002,24.338784,24.779703999999999,22.442827999999999,65.869474999999994,42.696528000000001,56.964049000000003,45.429518000000002,"0","0","0",53.164583999999998,56.089908000000001,61.803407999999997,53.793216000000001,53.793216000000001,50.229047999999999,45.966743999999998,54.675072,45.966743999999998,47.326272000000003,57.761567999999997,61.803407999999997,"0"]
[null,"6",64.242044000000007,64.242044000000007,1302.9186,36.243623999999997,22.707380000000001,36.243623999999997,"0","0",1942.2526,14.17212,1214.7346,1329.3738000000001,55.165604999999999,0,0,0,75.118087000000003,42.696528000000001,48.145840999999997,40.941679999999998,"0","0","0",69.614232000000001,76.228008000000003,74.222880000000004,45.93,45.93,61.546199999999999,61.031784000000002,41.594208000000002,61.031784000000002,72.275447999999997,"0",74.222880000000004,"0"]
[null,"7",77.778288000000003,77.778288000000003,1302.9186,42.504688000000002,24.647428000000001,42.504688000000002,"0","0",1942.2526,29.446515999999999,1214.7346,1329.3738000000001,75.508234999999999,27.160672000000002,27.204764000000001,23.853771999999999,81.463065,53.021591999999998,62.199860000000001,50.507860999999998,"0","0","0",77.160719999999998,74.404979999999995,74.884271999999996,46.811855999999999,46.811855999999999,61.987127999999998,65.624784000000005,56.806224,65.624784000000005,72.495912000000004,"0",74.884271999999996,78.154488000000001]
[null,"8",70.282647999999995,70.282647999999995,1302.9186,36.596359999999997,23.368760000000002,36.596359999999997,"0","0",1942.2526,28.541074999999999,1214.7346,1329.3738000000001,67.541539999999998,28.527524,28.218879999999999,21.82554,66.407184999999998,53.021591999999998,66.845166000000006,33.422583000000003,"0","0","0",59.651172000000003,66.816096000000002,66.433152000000007,61.803407999999997,61.803407999999997,49.494168000000002,52.213223999999997,58.386215999999997,52.213223999999997,55.924368000000001,"0",66.433152000000007,66.763847999999996]
[null,"9",44.532919999999997,44.532919999999997,1038.3666000000001,28.439340000000001,17.107696000000001,28.439340000000001,"0","0",1611.5626,15.864901,932.54579999999999,994.27459999999996,38.98169,17.372247999999999,18.650915999999999,13.095324,41.296128000000003,38.728175999999998,37.280549000000001,22.04552,"0","0","0",30.864287999999998,36.926915999999999,44.607216000000001,33.988199999999999,33.988199999999999,35.274239999999999,31.59984,37.883063999999997,31.59984,31.710072,36.486792000000001,44.607216000000001,"0"]
[null,"10",66.711196000000001,66.711196000000001,1302.9186,43.210160000000002,30.952584000000002,43.210160000000002,"0","0",1942.2526,22.43919,1214.7346,1329.3738000000001,68.393325000000004,"0","0","0",62.105505000000001,42.696528000000001,40.469276000000001,33.383215999999997,"0","0","0",61.813367999999997,67.536828,75.472176000000005,"0","0",60.627600000000001,56.842967999999999,45.489072,56.842967999999999,72.973584000000002,"0",75.472176000000005,76.354032000000004]
[null,"11",75.441412,75.441412,1302.9186,47.002071999999998,28.262972000000001,47.002071999999998,"0","0",1942.2526,34.682327000000001,1214.7346,1329.3738000000001,73.554140000000004,0,0,0,79.527309000000002,53.021591999999998,65.034284,36.965612999999998,"0","0","0",69.826211999999998,69.953400000000002,71.099639999999994,"0","0",56.953200000000002,61.068528000000001,55.814135999999998,61.068528000000001,66.286175999999998,"0",71.099639999999994,72.716375999999997]
[null,"12",64.682963999999998,64.682963999999998,1100.0953999999999,36.772728000000001,21.737355999999998,36.772728000000001,"0","0",1942.2526,24.289439000000002,868.61239999999998,978.8424,60.426630000000003,19.400480000000002,19.268204000000001,17.195879999999999,61.782879000000001,42.696528000000001,47.161665999999997,31.493600000000001,"0","0","0",53.249375999999998,53.334167999999998,55.520184,41.263511999999999,41.263511999999999,43.835591999999998,46.223951999999997,47.656967999999999,46.223951999999997,48.171384000000003,"0",55.520184,55.703904000000001]
[null,"13",61.243788000000002,61.243788000000002,1100.0953999999999,35.758611999999999,20.105951999999998,35.758611999999999,"0","0",1942.2526,23.029695,868.61239999999998,978.8424,52.860774999999997,20.238227999999999,20.282319999999999,17.724983999999999,63.288466999999997,42.696528000000001,37.516750999999999,27.123863,"0","0","0",49.264152000000003,49.984884000000001,53.315544000000003,"0","0",40.675607999999997,45.636048000000002,44.019311999999999,45.636048000000002,46.958832000000001,"0",53.315544000000003,53.976936000000002]
[null,"14",61.155603999999997,61.155603999999997,1170.6425999999999,34.568128000000002,21.693263999999999,34.568128000000002,"0","0",1611.5626,15.589332000000001,1214.7346,1329.3738000000001,64.334819999999993,"0","0","0",63.288466999999997,42.696528000000001,33.107647,27.163229999999999,"0","0","0",55.157195999999999,58.294499999999999,63.640608,"0","0",51.404856000000002,49.200215999999998,38.434224,49.200215999999998,61.509456,"0",63.640608,"0"]
[null,"15",65.652987999999993,65.652987999999993,1170.6425999999999,39.770983999999999,21.693263999999999,39.770983999999999,"0","0",1942.2526,18.502490000000002,1214.7346,1329.3738000000001,56.368124999999999,"0","0","0",69.956070999999994,42.696528000000001,35.312199,24.092604000000001,"0","0","0",53.970108000000003,59.269607999999998,65.110367999999994,"0","0",53.756472000000002,53.168568,45.378839999999997,53.168568,61.693176000000001,"0",65.110367999999994,65.294088000000002]
[null,"16",52.778123999999998,52.778123999999998,1170.6425999999999,30.952584000000002,19.885491999999999,30.952584000000002,"0","0",1611.5626,16.416039000000001,1214.7346,1329.3738000000001,42.338724999999997,"0","0","0",67.751459999999994,42.696528000000001,34.052455000000002,24.171337999999999,"0","0","0",40.657764,43.116731999999999,53.242055999999998,"0","0",39.903984000000001,42.292344,41.190024000000001,42.292344,52.066248000000002,"0",53.242055999999998,55.483440000000002]
[null,"17",54.541803999999999,54.541803999999999,1170.6425999999999,30.247112000000001,17.592707999999998,30.247112000000001,"0","0",1611.5626,18.266287999999999,1214.7346,1329.3738000000001,53.612349999999999,"0","0","0",57.427427999999999,42.696528000000001,36.453842000000002,31.493600000000001,"0","0","0",46.762788,51.129576,47.877431999999999,"0","0",37.919808000000003,42.733271999999999,38.764919999999996,42.733271999999999,43.027223999999997,"0",47.877431999999999,"0"]
[null,"18",55.247275999999999,55.247275999999999,1170.6425999999999,29.982559999999999,20.899608000000001,29.982559999999999,"0","0",1611.5626,16.730975000000001,1214.7346,1329.3738000000001,62.881774999999998,"0","0","0",70.762636000000001,42.696528000000001,40.469276000000001,29.800819000000001,"0","0","0",50.832804000000003,55.708343999999997,51.662064000000001,"0","0",41.190024000000001,46.040232000000003,39.352823999999998,46.040232000000003,46.738368000000001,"0",51.662064000000001,"0"]
[null,"19",64.330228000000005,64.330228000000005,1170.6425999999999,35.361784,20.546872,35.361784,"0","0",1611.5626,20.982610999999999,1214.7346,1329.3738000000001,64.936080000000004,"0","0","0",72.429536999999996,42.696528000000001,33.422583000000003,30.233855999999999,"0","0","0",54.224483999999997,60.880656000000002,56.475527999999997,"0","0",43.394663999999999,48.906264,37.515624000000003,48.906264,49.530912000000001,"0",56.475527999999997,"0"]
[null,"20",62.963375999999997,62.963375999999997,1170.6425999999999,32.980815999999997,19.973676000000001,32.980815999999997,"0","0",1611.5626,19.053628,1214.7346,1329.3738000000001,63.883875000000003,"0","0","0",62.105505000000001,42.696528000000001,35.154730999999998,29.800819000000001,"0","0","0",52.952604000000001,56.683452000000003,60.407136000000001,"0","0",46.848599999999998,47.473247999999998,34.098432000000003,47.473247999999998,49.604399999999998,"0",60.407136000000001,"0"]
[null,"21",52.249020000000002,52.249020000000002,1170.6425999999999,27.954328,16.314039999999999,27.954328,"0","0",1611.5626,14.605157,1214.7346,1329.3738000000001,51.357624999999999,"0","0","0",64.310115999999994,42.696528000000001,37.280549000000001,30.470058000000002,"0","0","0",45.999659999999999,50.154468000000001,53.095080000000003,"0","0",44.092799999999997,43.762104000000001,35.678424,43.762104000000001,45.415584000000003,"0",53.095080000000003,"0"]
[null,"22",55.247275999999999,55.247275999999999,1170.6425999999999,28.747983999999999,17.416340000000002,28.747983999999999,"0","0",1611.5626,14.998827,1214.7346,1329.3738000000001,59.073794999999997,"0","0","0",71.999369000000002,42.696528000000001,30.745626999999999,32.202205999999997,"0","0","0",47.992272,50.112071999999998,50.008583999999999,"0","0",39.830495999999997,42.439320000000002,31.232399999999998,42.439320000000002,45.525815999999999,"0",50.008583999999999,"0"]
[null,null,"Barley"]
[null,null,"Barley Malting"]
[null,null,"CanarySeed"]
[null,null,"Canola-Argentine"]
[null,null,"Canola-Polish"]
[null,null,"Canola-Argentine Specialty Oil"]
[null,null,"Chickpeas-Desi"]
[null,null,"Chickpeas-Kabuli"]
[null,null,"FabaBean"]
[null,null,"Flax"]
[null,null,"Lentils-Green"]
[null,null,"Lentils-Red"]
[null,null,"MixedGrain"]
[null,null,"Mustard-Brown"]
[null,null,"Mustard-Oriental"]
[null,null,"Mustard-Yellow"]
[null,null,"Oats"]
[null,null,"Peas,Field"]
[null,null,"Rye-Fall"]
[null,null,"Rye-Spring"]
[null,null,"Safflower"]
[null,null,"Sunflower Confectionary"]
[null,null,"Sunflower Oilseed(Sunflower)"]
[null,null,"Triticale-Spring"]
[null,null,"Triticale-Winter"]
[null,null,"Wheat-CanadaPrairieSpring"]
[null,null,"Wheat-Durum"]
[null,null,"Wheat-Durum High Protein"]
[null,null,"Wheat-ExtraStrong"]
[null,null,"Wheat-HardRedSpring"]
[null,null,"Wheat-HardRedWinter"]
[null,null,"Wheat-HardRedSpring High Protein"]
[null,null,"Wheat-NorthernHardRed"]
[null,null,"Wheat-SoftWhiteSpring"]
[null,null,"Wheat-SpecialPurpose"]
[null,null,"Wheat-SoftWhiteSpring Industrial"]
[null,null,"0"]
[null,null,"0"]
[null,null,"0"]

{"sheet":"Dry Crop Rates (data)","index":12,"n_rows":1782,"n_cols":6,"rows_kept":1782,"cut":false,"hidden":true,"merged":[]}
["ID","CROP","RA","CL","p rem","prem+"]
["10Barley Malting60","Barley Malting",10,60,3.3,5.84]
["10Barley Malting70","Barley Malting",10,70,4.7699999999999996,7.27]
["10Barley Malting80","Barley Malting",10,80,6.68,9.11]
["10Barley60","Barley",10,60,3.3,5.84]
["10Barley70","Barley",10,70,4.7699999999999996,7.27]
["10Barley80","Barley",10,80,6.68,9.11]
["10CanarySeed60","CanarySeed",10,60,2.37,6.03]
["10CanarySeed70","CanarySeed",10,70,3.5,7.09]
["10Canola-Argentine Specialty Oil60","Canola-Argentine Specialty Oil",10,60,2.69,5.04]
["10Canola-Argentine Specialty Oil70","Canola-Argentine Specialty Oil",10,70,3.65,5.96]
["10Canola-Argentine Specialty Oil80","Canola-Argentine Specialty Oil",10,80,4.8600000000000003,7.11]
["10Canola-Argentine60","Canola-Argentine",10,60,2.5499999999999998,4.9000000000000004]
["10Canola-Argentine70","Canola-Argentine",10,70,3.46,5.77]
["10Canola-Argentine80","Canola-Argentine",10,80,4.6100000000000003,6.86]
["10Canola-Polish60","Canola-Polish",10,60,4.2300000000000004,6.56]
["10Canola-Polish70","Canola-Polish",10,70,5.82,8.1199999999999992]
["10Canola-Polish80","Canola-Polish",10,80,7.85,10.1]
["10FabaBean60","FabaBean",10,60,3.93,7.03]
["10FabaBean70","FabaBean",10,70,5.53,8.5500000000000007]
["10FabaBean80","FabaBean",10,80,7.53,10.45]
["10Flax60","Flax",10,60,8.1999999999999993,10.85]
["10Flax70","Flax",10,70,11.68,14.24]
["10Flax80","Flax",10,80,16.09,18.52]
["10Lentils-Green60","Lentils-Green",10,60,8.01,10.64]
["10Lentils-Green70","Lentils-Green",10,70,10.95,13.5]
["10Lentils-Green80","Lentils-Green",10,80,14.61,17.04]
["10Lentils-Red60","Lentils-Red",10,60,7.36,9.99]
["10Lentils-Red70","Lentils-Red",10,70,10.050000000000001,12.6]
["10Lentils-Red80","Lentils-Red",10,80,13.39,15.82]
["10MixedGrain60","MixedGrain",10,60,3.44,6]
["10MixedGrain70","MixedGrain",10,70,4.9000000000000004,7.41]
["10MixedGrain80","MixedGrain",10,80,6.78,9.2100000000000009]
["10Oats60","Oats",10,60,3.99,6.54]
["10Oats70","Oats",10,70,5.71,8.2100000000000009]
["10Oats80","Oats",10,80,7.91,10.34]
["10Peas,Field60","Peas,Field",10,60,3.58,6.62]
["10Peas,Field70","Peas,Field",10,70,4.92,7.91]
["10Peas,Field80","Peas,Field",10,80,6.61,9.5299999999999994]
["10Rye-Fall60","Rye-Fall",10,60,4.0199999999999996,6.62]
["10Rye-Fall70","Rye-Fall",10,70,5.91,8.44]
["10Rye-Fall80","Rye-Fall",10,80,8.36,10.79]
["10Rye-Spring60","Rye-Spring",10,60,3.99,6.52]
["10Rye-Spring70","Rye-Spring",10,70,5.51,8]
["10Rye-Spring80","Rye-Spring",10,80,7.45,9.8800000000000008]
["10Triticale-Spring60","Triticale-Spring",10,60,2.04,4.59]
["10Triticale-Spring70","Triticale-Spring",10,70,2.9,5.4]
["10Triticale-Spring80","Triticale-Spring",10,80,4.03,6.46]
["10Triticale-Winter60","Triticale-Winter",10,60,4.84,7.39]
["10Triticale-Winter70","Triticale-Winter",10,70,7.14,9.64]
["10Triticale-Winter80","Triticale-Winter",10,80,10.119999999999999,12.55]
["10Wheat-CanadaPrairieSpring60","Wheat-CanadaPrairieSpring",10,60,2.63,6.32]
["10Wheat-CanadaPrairieSpring70","Wheat-CanadaPrairieSpring",10,70,3.79,7.44]
["10Wheat-CanadaPrairieSpring80","Wheat-CanadaPrairieSpring",10,80,5.33,8.93]
["10Wheat-ExtraStrong60","Wheat-ExtraStrong",10,60,3.35,7.03]
["10Wheat-ExtraStrong70","Wheat-ExtraStrong",10,70,4.8899999999999997,8.5299999999999994]
["10Wheat-ExtraStrong80","Wheat-ExtraStrong",10,80,6.92,10.51]
["10Wheat-HardRedSpring High Protein60","Wheat-HardRedSpring High Protein",10,60,3.43,7.05]
["10Wheat-HardRedSpring High Protein70","Wheat-HardRedSpring High Protein",10,70,4.75,8.32]
["10Wheat-HardRedSpring High Protein80","Wheat-HardRedSpring High Protein",10,80,6.5,9.98]
["10Wheat-HardRedSpring60","Wheat-HardRedSpring",10,60,2.8,6.42]
["10Wheat-HardRedSpring70","Wheat-HardRedSpring",10,70,4.05,7.62]
["10Wheat-HardRedSpring80","Wheat-HardRedSpring",10,80,5.68,9.16]
["10Wheat-HardRedWinter60","Wheat-HardRedWinter",10,60,2.93,6.54]
["10Wheat-HardRedWinter70","Wheat-HardRedWinter",10,70,4.01,7.56]
["10Wheat-HardRedWinter80","Wheat-HardRedWinter",10,80,5.39,8.8699999999999992]
["10Wheat-NorthernHardRed60","Wheat-NorthernHardRed",10,60,2.65,6.27]
["10Wheat-NorthernHardRed70","Wheat-NorthernHardRed",10,70,3.82,7.39]
["10Wheat-NorthernHardRed80","Wheat-NorthernHardRed",10,80,5.38,8.86]
["10Wheat-SoftWhiteSpring Industrial60","Wheat-SoftWhiteSpring Industrial",10,60,1.73,5.43]
["10Wheat-SoftWhiteSpring Industrial70","Wheat-SoftWhiteSpring Industrial",10,70,2.5099999999999998,6.12]
["10Wheat-SoftWhiteSpring Industrial80","Wheat-SoftWhiteSpring Industrial",10,80,3.54,7.02]
["10Wheat-SpecialPurpose60","Wheat-SpecialPurpose",10,60,2.63,6.32]
["10Wheat-SpecialPurpose70","Wheat-SpecialPurpose",10,70,3.79,7.44]
["10Wheat-SpecialPurpose80","Wheat-SpecialPurpose",10,80,5.33,8.93]
["11Barley Malting60","Barley Malting",11,60,1.97,4.54]
["11Barley Malting70","Barley Malting",11,70,2.87,5.41]
["11Barley Malting80","Barley Malting",11,80,4.07,6.56]
["11Barley60","Barley",11,60,1.97,4.54]
["11Barley70","Barley",11,70,2.87,5.41]
["11Barley80","Barley",11,80,4.07,6.56]
["11CanarySeed60","CanarySeed",11,60,2.37,6.03]
["11CanarySeed70","CanarySeed",11,70,3.5,7.09]
["11Canola-Argentine Specialty Oil60","Canola-Argentine Specialty Oil",11,60,2.08,4.41]
["11Canola-Argentine Specialty Oil70","Canola-Argentine Specialty Oil",11,70,2.9,5.2]
["11Canola-Argentine Specialty Oil80","Canola-Argentine Specialty Oil",11,80,3.97,6.22]
["11Canola-Argentine60","Canola-Argentine",11,60,1.97,4.3]
["11Canola-Argentine70","Canola-Argentine",11,70,2.75,5.05]
["11Canola-Argentine80","Canola-Argentine",11,80,3.76,6.01]
["11Canola-Polish60","Canola-Polish",11,60,2.63,4.99]
["11Canola-Polish70","Canola-Polish",11,70,3.72,6.05]
["11Canola-Polish80","Canola-Polish",11,80,5.14,7.44]
["11FabaBean60","FabaBean",11,60,3.93,7.03]
["11FabaBean70","FabaBean",11,70,5.53,8.5500000000000007]
["11FabaBean80","FabaBean",11,80,7.53,10.45]
["11Flax60","Flax",11,60,5.25,7.82]
["11Flax70","Flax",11,70,7.69,10.199999999999999]
["11Flax80","Flax",11,80,10.93,13.36]
["11Lentils-Green60","Lentils-Green",11,60,8.01,10.64]
["11Lentils-Green70","Lentils-Green",11,70,10.95,13.5]
["11Lentils-Green80","Lentils-Green",11,80,14.61,17.04]
["11Lentils-Red60","Lentils-Red",11,60,7.36,9.99]
["11Lentils-Red70","Lentils-Red",11,70,10.050000000000001,12.6]
["11Lentils-Red80","Lentils-Red",11,80,13.39,15.82]
["11MixedGrain60","MixedGrain",11,60,2.58,5.12]
["11MixedGrain70","MixedGrain",11,70,3.74,6.25]
["11MixedGrain80","MixedGrain",11,80,5.27,7.72]
["11Oats60","Oats",11,60,3.16,5.69]
["11Oats70","Oats",11,70,4.62,7.11]
["11Oats80","Oats",11,80,6.53,8.9600000000000009]
["11Peas,Field60","Peas,Field",11,60,3.01,6.03]
["11Peas,Field70","Peas,Field",11,70,4.0999999999999996,7.09]
["11Peas,Field80","Peas,Field",11,80,5.5,8.44]
["11Rye-Fall60","Rye-Fall",11,60,2.4,4.97]
["11Rye-Fall70","Rye-Fall",11,70,3.48,6.02]
["11Rye-Fall80","Rye-Fall",11,80,4.92,7.42]
["11Rye-Spring60","Rye-Spring",11,60,2.8,5.34]
["11Rye-Spring70","Rye-Spring",11,70,3.83,6.35]
["11Rye-Spring80","Rye-Spring",11,80,5.2,7.69]
["11Triticale-Spring60","Triticale-Spring",11,60,1.93,4.5199999999999996]
["11Triticale-Spring70","Triticale-Spring",11,70,2.82,5.39]
["11Triticale-Spring80","Triticale-Spring",11,80,4.0199999999999996,6.55]
["11Triticale-Winter60","Triticale-Winter",11,60,2.4,4.96]
["11Triticale-Winter70","Triticale-Winter",11,70,3.55,6.07]
["11Triticale-Winter80","Triticale-Winter",11,80,5.08,7.55]
["11Wheat-CanadaPrairieSpring60","Wheat-CanadaPrairieSpring",11,60,2.4,6.11]
["11Wheat-CanadaPrairieSpring70","Wheat-CanadaPrairieSpring",11,70,3.56,7.23]
["11Wheat-CanadaPrairieSpring80","Wheat-CanadaPrairieSpring",11,80,5.09,8.7100000000000009]
["11Wheat-ExtraStrong60","Wheat-ExtraStrong",11,60,3.05,6.75]
["11Wheat-ExtraStrong70","Wheat-ExtraStrong",11,70,4.58,8.24]
["11Wheat-ExtraStrong80","Wheat-ExtraStrong",11,80,6.59,10.199999999999999]
["11Wheat-HardRedSpring High Protein60","Wheat-HardRedSpring High Protein",11,60,2.1,5.76]
["11Wheat-HardRedSpring High Protein70","Wheat-HardRedSpring High Protein",11,70,2.99,6.61]
["11Wheat-HardRedSpring High Protein80","Wheat-HardRedSpring High Protein",11,80,4.18,7.73]
["11Wheat-HardRedSpring60","Wheat-HardRedSpring",11,60,1.97,5.63]
["11Wheat-HardRedSpring70","Wheat-HardRedSpring",11,70,2.87,6.49]
["11Wheat-HardRedSpring80","Wheat-HardRedSpring",11,80,4.07,7.62]
["11Wheat-HardRedWinter60","Wheat-HardRedWinter",11,60,1.5,5.13]
["11Wheat-HardRedWinter70","Wheat-HardRedWinter",11,70,1.96,5.55]
["11Wheat-HardRedWinter80","Wheat-HardRedWinter",11,80,2.6,6.14]
["11Wheat-NorthernHardRed60","Wheat-NorthernHardRed",11,60,2.19,5.85]
["11Wheat-NorthernHardRed70","Wheat-NorthernHardRed",11,70,3.23,6.85]
["11Wheat-NorthernHardRed80","Wheat-NorthernHardRed",11,80,4.5999999999999996,8.15]
["11Wheat-SoftWhiteSpring Industrial60","Wheat-SoftWhiteSpring Industrial",11,60,1.59,5.29]
["11Wheat-SoftWhiteSpring Industrial70","Wheat-SoftWhiteSpring Industrial",11,70,2.2999999999999998,5.91]
["11Wheat-SoftWhiteSpring Industrial80","Wheat-SoftWhiteSpring Industrial",11,80,3.23,6.71]
["11Wheat-SpecialPurpose60","Wheat-SpecialPurpose",11,60,2.4,6.11]
["11Wheat-SpecialPurpose70","Wheat-SpecialPurpose",11,70,3.56,7.23]
["11Wheat-SpecialPurpose80","Wheat-SpecialPurpose",11,80,5.09,8.7100000000000009]
["12Barley Malting60","Barley Malting",12,60,2.2400000000000002,4.8099999999999996]
["12Barley Malting70","Barley Malting",12,70,3.28,5.82]
["12Barley Malting80","Barley Malting",12,80,4.66,7.15]
["12Barley60","Barley",12,60,2.2400000000000002,4.8099999999999996]
["12Barley70","Barley",12,70,3.28,5.82]
["12Barley80","Barley",12,80,4.66,7.15]
["12CanarySeed60","CanarySeed",12,60,4.7,8.34]
["12CanarySeed70","CanarySeed",12,70,7.16,10.74]
["12Canola-Argentine Specialty Oil60","Canola-Argentine Specialty Oil",12,60,2.19,4.53]
["12Canola-Argentine Specialty Oil70","Canola-Argentine Specialty Oil",12,70,3.08,5.39]
["12Canola-Argentine Specialty Oil80","Canola-Argentine Specialty Oil",12,80,4.24,6.51]
["12Canola-Argentine60","Canola-Argentine",12,60,2.08,4.42]
["12Canola-Argentine70","Canola-Argentine",12,70,2.92,5.23]
["12Canola-Argentine80","Canola-Argentine",12,80,4.0199999999999996,6.29]
["12Canola-Polish60","Canola-Polish",12,60,2.66,5.03]
["12Canola-Polish70","Canola-Polish",12,70,3.77,6.12]
["12Canola-Polish80","Canola-Polish",12,80,5.23,7.55]
["12FabaBean60","FabaBean",12,60,3.93,7.03]
["12FabaBean70","FabaBean",12,70,5.53,8.5500000000000007]
["12FabaBean80","FabaBean",12,80,7.53,10.45]
["12Flax60","Flax",12,60,3.49,6.07]
["12Flax70","Flax",12,70,5.01,7.53]
["12Flax80","Flax",12,80,6.99,9.42]
["12Lentils-Green60","Lentils-Green",12,60,7.47,10.16]
["12Lentils-Green70","Lentils-Green",12,70,10.78,13.36]
["12Lentils-Green80","Lentils-Green",12,80,14.85,17.28]
["12Lentils-Red60","Lentils-Red",12,60,6.74,9.43]
["12Lentils-Red70","Lentils-Red",12,70,9.6999999999999993,12.28]
["12Lentils-Red80","Lentils-Red",12,80,13.35,15.78]
["12MixedGrain60","MixedGrain",12,60,3.87,6.48]
["12MixedGrain70","MixedGrain",12,70,5.62,8.16]
["12MixedGrain80","MixedGrain",12,80,7.89,10.32]
["12Mustard-Brown60","Mustard-Brown",12,60,2.78,5.91]
["12Mustard-Brown70","Mustard-Brown",12,70,4.12,7.19]
["12Mustard-Brown80","Mustard-Brown",12,80,5.88,8.8699999999999992]
["12Mustard-Oriental60","Mustard-Oriental",12,60,2.88,6.01]
["12Mustard-Oriental70","Mustard-Oriental",12,70,4.29,7.36]
["12Mustard-Oriental80","Mustard-Oriental",12,80,6.1,9.09]
["12Mustard-Yellow60","Mustard-Yellow",12,60,5.28,8.4600000000000009]
["12Mustard-Yellow70","Mustard-Yellow",12,70,7.95,11.05]
["12Mustard-Yellow80","Mustard-Yellow",12,80,11.37,14.36]
["12Oats60","Oats",12,60,3.39,5.95]
["12Oats70","Oats",12,70,4.91,7.42]
["12Oats80","Oats",12,80,6.87,9.3000000000000007]
["12Peas,Field60","Peas,Field",12,60,3.58,6.62]
["12Peas,Field70","Peas,Field",12,70,4.92,7.91]
["12Peas,Field80","Peas,Field",12,80,6.61,9.5299999999999994]
["12Rye-Fall60","Rye-Fall",12,60,2.77,5.31]
["12Rye-Fall70","Rye-Fall",12,70,3.87,6.38]
["12Rye-Fall80","Rye-Fall",12,80,5.29,7.74]
["12Rye-Spring60","Rye-Spring",12,60,4.41,6.92]
["12Rye-Spring70","Rye-Spring",12,70,5.94,8.42]
["12Rye-Spring80","Rye-Spring",12,80,7.89,10.32]
["12Triticale-Spring60","Triticale-Spring",12,60,3.4,5.97]
["12Triticale-Spring70","Triticale-Spring",12,70,5.16,7.67]
["12Triticale-Spring80","Triticale-Spring",12,80,7.51,9.9499999999999993]
["12Triticale-Winter60","Triticale-Winter",12,60,3.38,5.94]
["12Triticale-Winter70","Triticale-Winter",12,70,5.14,7.67]
["12Triticale-Winter80","Triticale-Winter",12,80,7.48,9.9700000000000006]
["12Wheat-CanadaPrairieSpring60","Wheat-CanadaPrairieSpring",12,60,2.19,5.87]
["12Wheat-CanadaPrairieSpring70","Wheat-CanadaPrairieSpring",12,70,3.15,6.79]
["12Wheat-CanadaPrairieSpring80","Wheat-CanadaPrairieSpring",12,80,4.4400000000000004,8.02]
["12Wheat-Durum High Protein60","Wheat-Durum High Protein",12,60,3.09,6.76]
["12Wheat-Durum High Protein70","Wheat-Durum High Protein",12,70,4.5,8.09]
["12Wheat-Durum High Protein80","Wheat-Durum High Protein",12,80,6.3,9.7799999999999994]
["12Wheat-Durum60","Wheat-Durum",12,60,3.03,6.7]
["12Wheat-Durum70","Wheat-Durum",12,70,4.4400000000000004,8.0299999999999994]
["12Wheat-Durum80","Wheat-Durum",12,80,6.25,9.73]
["12Wheat-ExtraStrong60","Wheat-ExtraStrong",12,60,3.01,6.7]
["12Wheat-ExtraStrong70","Wheat-ExtraStrong",12,70,4.41,8.07]
["12Wheat-ExtraStrong80","Wheat-ExtraStrong",12,80,6.26,9.86]
["12Wheat-HardRedSpring High Protein60","Wheat-HardRedSpring High Protein",12,60,1.77,5.49]
["12Wheat-HardRedSpring High Protein70","Wheat-HardRedSpring High Protein",12,70,2.5099999999999998,6.2]
["12Wheat-HardRedSpring High Protein80","Wheat-HardRedSpring High Protein",12,80,3.53,7.16]
["12Wheat-HardRedSpring60","Wheat-HardRedSpring",12,60,1.66,5.38]
["12Wheat-HardRedSpring70","Wheat-HardRedSpring",12,70,2.41,6.1]
["12Wheat-HardRedSpring80","Wheat-HardRedSpring",12,80,3.44,7.07]
["12Wheat-HardRedWinter60","Wheat-HardRedWinter",12,60,2.23,5.83]
["12Wheat-HardRedWinter70","Wheat-HardRedWinter",12,70,2.97,6.52]
["12Wheat-HardRedWinter80","Wheat-HardRedWinter",12,80,3.93,7.41]
["12Wheat-NorthernHardRed60","Wheat-NorthernHardRed",12,60,1.77,5.49]
["12Wheat-NorthernHardRed70","Wheat-NorthernHardRed",12,70,2.56,6.25]
["12Wheat-NorthernHardRed80","Wheat-NorthernHardRed",12,80,3.65,7.28]
["12Wheat-SoftWhiteSpring Industrial60","Wheat-SoftWhiteSpring Industrial",12,60,2.13,5.83]
["12Wheat-SoftWhiteSpring Industrial70","Wheat-SoftWhiteSpring Industrial",12,70,3.06,6.67]
["12Wheat-SoftWhiteSpring Industrial80","Wheat-SoftWhiteSpring Industrial",12,80,4.3,7.78]
["12Wheat-SpecialPurpose60","Wheat-SpecialPurpose",12,60,2.19,5.87]
["12Wheat-SpecialPurpose70","Wheat-SpecialPurpose",12,70,3.15,6.79]
["12Wheat-SpecialPurpose80","Wheat-SpecialPurpose",12,80,4.4400000000000004,8.02]
["13Barley Malting60","Barley Malting",13,60,2.72,5.28]
["13Barley Malting70","Barley Malting",13,70,3.94,6.45]
["13Barley Malting80","Barley Malting",13,80,5.51,7.94]
["13Barley60","Barley",13,60,2.72,5.28]
["13Barley70","Barley",13,70,3.94,6.45]
["13Barley80","Barley",13,80,5.51,7.94]
["13CanarySeed60","CanarySeed",13,60,4.7,8.34]
["13CanarySeed70","CanarySeed",13,70,7.16,10.74]
["13Canola-Argentine Specialty Oil60","Canola-Argentine Specialty Oil",13,60,2.82,5.19]
["13Canola-Argentine Specialty Oil70","Canola-Argentine Specialty Oil",13,70,3.92,6.24]
["13Canola-Argentine Specialty Oil80","Canola-Argentine Specialty Oil",13,80,5.33,7.58]
["13Canola-Argentine60","Canola-Argentine",13,60,2.67,5.04]
["13Canola-Argentine70","Canola-Argentine",13,70,3.72,6.04]
["13Canola-Argentine80","Canola-Argentine",13,80,5.05,7.3]
["13Canola-Polish60","Canola-Polish",13,60,3.51,5.85]
["13Canola-Polish70","Canola-Polish",13,70,4.93,7.23]
["13Canola-Polish80","Canola-Polish",13,80,6.74,9]
["13FabaBean60","FabaBean",13,60,3.93,7.03]
["13FabaBean70","FabaBean",13,70,5.53,8.5500000000000007]
["13FabaBean80","FabaBean",13,80,7.53,10.45]
["13Flax60","Flax",13,60,4.54,7.14]
["13Flax70","Flax",13,70,6.47,9]
["13Flax80","Flax",13,80,8.94,11.37]
["13Lentils-Green60","Lentils-Green",13,60,7.47,10.16]
["13Lentils-Green70","Lentils-Green",13,70,10.78,13.36]
["13Lentils-Green80","Lentils-Green",13,80,14.85,17.28]
["13Lentils-Red60","Lentils-Red",13,60,6.74,9.43]
["13Lentils-Red70","Lentils-Red",13,70,9.6999999999999993,12.28]
["13Lentils-Red80","Lentils-Red",13,80,13.35,15.78]
["13MixedGrain60","MixedGrain",13,60,4.5,7.15]
["13MixedGrain70","MixedGrain",13,70,6.52,9.08]
["13MixedGrain80","MixedGrain",13,80,9.09,11.52]
["13Mustard-Brown60","Mustard-Brown",13,60,4.4000000000000004,7.55]
["13Mustard-Brown70","Mustard-Brown",13,70,6.42,9.5]
["13Mustard-Brown80","Mustard-Brown",13,80,9.01,12]
["13Mustard-Oriental60","Mustard-Oriental",13,60,3.84,6.98]
["13Mustard-Oriental70","Mustard-Oriental",13,70,5.58,8.66]
["13Mustard-Oriental80","Mustard-Oriental",13,80,7.82,10.81]
["13Mustard-Yellow60","Mustard-Yellow",13,60,4.4400000000000004,7.57]
["13Mustard-Yellow70","Mustard-Yellow",13,70,6.48,9.56]
["13Mustard-Yellow80","Mustard-Yellow",13,80,9.09,12.08]
["13Oats60","Oats",13,60,3.67,6.26]
["13Oats70","Oats",13,70,5.13,7.66]
["13Oats80","Oats",13,80,6.99,9.42]
["13Peas,Field60","Peas,Field",13,60,3.58,6.62]
["13Peas,Field70","Peas,Field",13,70,4.92,7.91]
["13Peas,Field80","Peas,Field",13,80,6.61,9.5299999999999994]
["13Rye-Fall60","Rye-Fall",13,60,5.07,7.67]
["13Rye-Fall70","Rye-Fall",13,70,7.39,9.92]
["13Rye-Fall80","Rye-Fall",13,80,10.43,12.86]
["13Rye-Spring60","Rye-Spring",13,60,5.26,7.86]
["13Rye-Spring70","Rye-Spring",13,70,7.29,9.82]
["13Rye-Spring80","Rye-Spring",13,80,9.89,12.32]
["13Triticale-Spring60","Triticale-Spring",13,60,3.45,6.03]
["13Triticale-Spring70","Triticale-Spring",13,70,5.07,7.59]
["13Triticale-Spring80","Triticale-Spring",13,80,7.17,9.6]
["13Triticale-Winter60","Triticale-Winter",13,60,4.32,6.87]
["13Triticale-Winter70","Triticale-Winter",13,70,6.45,8.9499999999999993]
["13Triticale-Winter80","Triticale-Winter",13,80,9.24,11.67]
["13Wheat-CanadaPrairieSpring60","Wheat-CanadaPrairieSpring",13,60,2.69,6.34]
["13Wheat-CanadaPrairieSpring70","Wheat-CanadaPrairieSpring",13,70,3.78,7.36]
["13Wheat-CanadaPrairieSpring80","Wheat-CanadaPrairieSpring",13,80,5.18,8.66]
["13Wheat-ExtraStrong60","Wheat-ExtraStrong",13,60,4.24,7.87]
["13Wheat-ExtraStrong70","Wheat-ExtraStrong",13,70,6.04,9.61]
["13Wheat-ExtraStrong80","Wheat-ExtraStrong",13,80,8.3699999999999992,11.85]
["13Wheat-HardRedSpring High Protein60","Wheat-HardRedSpring High Protein",13,60,2.25,5.89]
["13Wheat-HardRedSpring High Protein70","Wheat-HardRedSpring High Protein",13,70,3.21,6.78]
["13Wheat-HardRedSpring High Protein80","Wheat-HardRedSpring High Protein",13,80,4.4800000000000004,7.96]
["13Wheat-HardRedSpring60","Wheat-HardRedSpring",13,60,2.11,5.75]
["13Wheat-HardRedSpring70","Wheat-HardRedSpring",13,70,3.08,6.65]
["13Wheat-HardRedSpring80","Wheat-HardRedSpring",13,80,4.3600000000000003,7.84]
["13Wheat-HardRedWinter60","Wheat-HardRedWinter",13,60,4.12,7.79]
["13Wheat-HardRedWinter70","Wheat-HardRedWinter",13,70,5.76,9.36]
["13Wheat-HardRedWinter80","Wheat-HardRedWinter",13,80,7.91,11.39]
["13Wheat-NorthernHardRed60","Wheat-NorthernHardRed",13,60,2.21,5.85]
["13Wheat-NorthernHardRed70","Wheat-NorthernHardRed",13,70,3.2,6.77]
["13Wheat-NorthernHardRed80","Wheat-NorthernHardRed",13,80,4.5,7.98]
["13Wheat-SoftWhiteSpring Industrial60","Wheat-SoftWhiteSpring Industrial",13,60,3.22,6.92]
["13Wheat-SoftWhiteSpring Industrial70","Wheat-SoftWhiteSpring Industrial",13,70,4.5599999999999996,8.17]
["13Wheat-SoftWhiteSpring Industrial80","Wheat-SoftWhiteSpring Industrial",13,80,6.28,9.76]
["13Wheat-SpecialPurpose60","Wheat-SpecialPurpose",13,60,2.69,6.34]
["13Wheat-SpecialPurpose70","Wheat-SpecialPurpose",13,70,3.78,7.36]
["13Wheat-SpecialPurpose80","Wheat-SpecialPurpose",13,80,5.18,8.66]
["14Barley Malting60","Barley Malting",14,60,4.43,7]
["14Barley Malting70","Barley Malting",14,70,6.39,8.9]
["14Barley Malting80","Barley Malting",14,80,8.91,11.34]
["14Barley60","Barley",14,60,4.43,7]
["14Barley70","Barley",14,70,6.39,8.9]
["14Barley80","Barley",14,80,8.91,11.34]
["14CanarySeed60","CanarySeed",14,60,4.84,8.6300000000000008]
["14CanarySeed70","CanarySeed",14,70,7.16,10.82]
["14Canola-Argentine Specialty Oil60","Canola-Argentine Specialty Oil",14,60,3.32,5.7]
["14Canola-Argentine Specialty Oil70","Canola-Argentine Specialty Oil",14,70,4.45,6.78]
["14Canola-Argentine Specialty Oil80","Canola-Argentine Specialty Oil",14,80,5.89,8.14]
["14Canola-Argentine60","Canola-Argentine",14,60,3.15,5.53]
["14Canola-Argentine70","Canola-Argentine",14,70,4.22,6.55]
["14Canola-Argentine80","Canola-Argentine",14,80,5.58,7.83]
["14Canola-Polish60","Canola-Polish",14,60,4.28,6.63]
["14Canola-Polish70","Canola-Polish",14,70,5.79,8.1]
["14Canola-Polish80","Canola-Polish",14,80,7.7,9.9499999999999993]
["14FabaBean60","FabaBean",14,60,8.2799999999999994,11.46]
["14FabaBean70","FabaBean",14,70,11.94,15.01]
["14FabaBean80","FabaBean",14,80,16.52,19.440000000000001]
["14Flax60","Flax",14,60,6.27,8.8699999999999992]
["14Flax70","Flax",14,70,8.7799999999999994,11.31]
["14Flax80","Flax",14,80,11.97,14.4]
["14Lentils-Green60","Lentils-Green",14,60,8.01,10.64]
["14Lentils-Green70","Lentils-Green",14,70,10.95,13.5]
["14Lentils-Green80","Lentils-Green",14,80,14.61,17.04]
["14Lentils-Red60","Lentils-Red",14,60,7.36,9.99]
["14Lentils-Red70","Lentils-Red",14,70,10.050000000000001,12.6]
["14Lentils-Red80","Lentils-Red",14,80,13.39,15.82]
["14MixedGrain60","MixedGrain",14,60,3,5.55]
["14MixedGrain70","MixedGrain",14,70,4.17,6.67]
["14MixedGrain80","MixedGrain",14,80,5.68,8.11]
["14Oats60","Oats",14,60,3.31,5.85]
["14Oats70","Oats",14,70,4.66,7.16]
["14Oats80","Oats",14,80,6.38,8.81]
["14Peas,Field60","Peas,Field",14,60,3.58,6.62]
["14Peas,Field70","Peas,Field",14,70,4.92,7.91]
["14Peas,Field80","Peas,Field",14,80,6.61,9.5299999999999994]
["14Rye-Fall60","Rye-Fall",14,60,4.41,7]
["14Rye-Fall70","Rye-Fall",14,70,6.6,9.1199999999999992]
["14Rye-Fall80","Rye-Fall",14,80,9.49,11.92]
["14Rye-Spring60","Rye-Spring",14,60,3.3,5.82]
["14Rye-Spring70","Rye-Spring",14,70,4.58,7.07]
["14Rye-Spring80","Rye-Spring",14,80,6.26,8.69]
["14Triticale-Spring60","Triticale-Spring",14,60,3.4,5.95]
["14Triticale-Spring70","Triticale-Spring",14,70,5.03,7.53]
["14Triticale-Spring80","Triticale-Spring",14,80,7.17,9.6]
["14Triticale-Winter60","Triticale-Winter",14,60,3.86,6.41]
["14Triticale-Winter70","Triticale-Winter",14,70,5.74,8.24]
["14Triticale-Winter80","Triticale-Winter",14,80,8.2100000000000009,10.64]
["14Wheat-CanadaPrairieSpring60","Wheat-CanadaPrairieSpring",14,60,3.45,7.07]
["14Wheat-CanadaPrairieSpring70","Wheat-CanadaPrairieSpring",14,70,5.13,8.6999999999999993]
["14Wheat-CanadaPrairieSpring80","Wheat-CanadaPrairieSpring",14,80,7.34,10.83]
["14Wheat-ExtraStrong60","Wheat-ExtraStrong",14,60,3.48,7.1]
["14Wheat-ExtraStrong70","Wheat-ExtraStrong",14,70,5.17,8.74]
["14Wheat-ExtraStrong80","Wheat-ExtraStrong",14,80,7.41,10.89]
["14Wheat-HardRedSpring High Protein60","Wheat-HardRedSpring High Protein",14,60,4.3499999999999996,8.08]
["14Wheat-HardRedSpring High Protein70","Wheat-HardRedSpring High Protein",14,70,6.16,9.7899999999999991]
["14Wheat-HardRedSpring High Protein80","Wheat-HardRedSpring High Protein",14,80,8.58,12.06]
["14Wheat-HardRedSpring60","Wheat-HardRedSpring",14,60,3.56,7.29]
["14Wheat-HardRedSpring70","Wheat-HardRedSpring",14,70,5.27,8.9]
["14Wheat-HardRedSpring80","Wheat-HardRedSpring",14,80,7.51,10.99]
["14Wheat-HardRedWinter60","Wheat-HardRedWinter",14,60,2.92,6.53]
["14Wheat-HardRedWinter70","Wheat-HardRedWinter",14,70,4.0199999999999996,7.58]
["14Wheat-HardRedWinter80","Wheat-HardRedWinter",14,80,5.46,8.94]
["14Wheat-NorthernHardRed60","Wheat-NorthernHardRed",14,60,3.47,7.2]
["14Wheat-NorthernHardRed70","Wheat-NorthernHardRed",14,70,5.15,8.7799999999999994]
["14Wheat-NorthernHardRed80","Wheat-NorthernHardRed",14,80,7.37,10.85]
["14Wheat-SpecialPurpose60","Wheat-SpecialPurpose",14,60,3.45,7.07]
["14Wheat-SpecialPurpose70","Wheat-SpecialPurpose",14,70,5.13,8.6999999999999993]
["14Wheat-SpecialPurpose80","Wheat-SpecialPurpose",14,80,7.34,10.83]
["15Barley Malting60","Barley Malting",15,60,2.64,5.18]
["15Barley Malting70","Barley Malting",15,70,3.82,6.32]
["15Barley Malting80","Barley Malting",15,80,5.36,7.79]
["15Barley60","Barley",15,60,2.64,5.18]
["15Barley70","Barley",15,70,3.82,6.32]
["15Barley80","Barley",15,80,5.36,7.79]
["15CanarySeed60","CanarySeed",15,60,4.84,8.6300000000000008]
["15CanarySeed70","CanarySeed",15,70,7.16,10.82]
["15Canola-Argentine Specialty Oil60","Canola-Argentine Specialty Oil",15,60,2.99,5.36]
["15Canola-Argentine Specialty Oil70","Canola-Argentine Specialty Oil",15,70,4.09,6.41]
["15Canola-Argentine Specialty Oil80","Canola-Argentine Specialty Oil",15,80,5.5,7.75]
["15Canola-Argentine60","Canola-Argentine",15,60,2.83,5.2]
["15Canola-Argentine70","Canola-Argentine",15,70,3.88,6.2]
["15Canola-Argentine80","Canola-Argentine",15,80,5.21,7.46]
["15Canola-Polish60","Canola-Polish",15,60,4.0199999999999996,6.36]
["15Canola-Polish70","Canola-Polish",15,70,5.57,7.88]
["15Canola-Polish80","Canola-Polish",15,80,7.54,9.7899999999999991]
["15FabaBean60","FabaBean",15,60,3.93,7.03]
["15FabaBean70","FabaBean",15,70,5.53,8.5500000000000007]
["15FabaBean80","FabaBean",15,80,7.53,10.45]
["15Flax60","Flax",15,60,5.6,8.23]
["15Flax70","Flax",15,70,7.99,10.54]
["15Flax80","Flax",15,80,10.99,13.42]
["15Lentils-Green60","Lentils-Green",15,60,8.01,10.64]
["15Lentils-Green70","Lentils-Green",15,70,10.95,13.5]
["15Lentils-Green80","Lentils-Green",15,80,14.61,17.04]
["15Lentils-Red60","Lentils-Red",15,60,7.36,9.99]
["15Lentils-Red70","Lentils-Red",15,70,10.050000000000001,12.6]
["15Lentils-Red80","Lentils-Red",15,80,13.39,15.82]
["15MixedGrain60","MixedGrain",15,60,3.62,6.23]
["15MixedGrain70","MixedGrain",15,70,5.2,7.74]
["15MixedGrain80","MixedGrain",15,80,7.21,9.64]
["15Oats60","Oats",15,60,3.87,6.45]
["15Oats70","Oats",15,70,5.48,8]
["15Oats80","Oats",15,80,7.51,9.94]
["15Peas,Field60","Peas,Field",15,60,3.58,6.62]
["15Peas,Field70","Peas,Field",15,70,4.92,7.91]
["15Peas,Field80","Peas,Field",15,80,6.61,9.5299999999999994]
["15Rye-Fall60","Rye-Fall",15,60,2.73,5.27]
["15Rye-Fall70","Rye-Fall",15,70,3.9,6.4]
["15Rye-Fall80","Rye-Fall",15,80,5.42,7.85]
["15Rye-Spring60","Rye-Spring",15,60,4.6900000000000004,7.21]
["15Rye-Spring70","Rye-Spring",15,70,6.47,8.9600000000000009]
["15Rye-Spring80","Rye-Spring",15,80,8.76,11.19]
["15Triticale-Spring60","Triticale-Spring",15,60,2.4500000000000002,4.99]
["15Triticale-Spring70","Triticale-Spring",15,70,3.48,5.98]
["15Triticale-Spring80","Triticale-Spring",15,80,4.8099999999999996,7.24]
["15Triticale-Winter60","Triticale-Winter",15,60,4.25,6.81]
["15Triticale-Winter70","Triticale-Winter",15,70,6.23,8.74]
["15Triticale-Winter80","Triticale-Winter",15,80,8.76,11.19]
["15Wheat-CanadaPrairieSpring60","Wheat-CanadaPrairieSpring",15,60,3.78,7.44]
["15Wheat-CanadaPrairieSpring70","Wheat-CanadaPrairieSpring",15,70,5.3,8.89]
["15Wheat-CanadaPrairieSpring80","Wheat-CanadaPrairieSpring",15,80,7.23,10.71]
["15Wheat-ExtraStrong60","Wheat-ExtraStrong",15,60,4.3499999999999996,7.99]
["15Wheat-ExtraStrong70","Wheat-ExtraStrong",15,70,6.12,9.6999999999999993]
["15Wheat-ExtraStrong80","Wheat-ExtraStrong",15,80,8.3699999999999992,11.85]
["15Wheat-HardRedSpring High Protein60","Wheat-HardRedSpring High Protein",15,60,3.24,6.9]
["15Wheat-HardRedSpring High Protein70","Wheat-HardRedSpring High Protein",15,70,4.49,8.07]
["15Wheat-HardRedSpring High Protein80","Wheat-HardRedSpring High Protein",15,80,6.11,9.59]
["15Wheat-HardRedSpring60","Wheat-HardRedSpring",15,60,2.65,6.31]
["15Wheat-HardRedSpring70","Wheat-HardRedSpring",15,70,3.83,7.41]
["15Wheat-HardRedSpring80","Wheat-HardRedSpring",15,80,5.34,8.82]
["15Wheat-HardRedWinter60","Wheat-HardRedWinter",15,60,4.07,7.72]
["15Wheat-HardRedWinter70","Wheat-HardRedWinter",15,70,5.62,9.1999999999999993]
["15Wheat-HardRedWinter80","Wheat-HardRedWinter",15,80,7.61,11.09]
["15Wheat-NorthernHardRed60","Wheat-NorthernHardRed",15,60,3.46,7.12]
["15Wheat-NorthernHardRed70","Wheat-NorthernHardRed",15,70,4.88,8.4600000000000009]
["15Wheat-NorthernHardRed80","Wheat-NorthernHardRed",15,80,6.69,10.17]
["15Wheat-SoftWhiteSpring Industrial60","Wheat-SoftWhiteSpring Industrial",15,60,3.79,7.49]
["15Wheat-SoftWhiteSpring Industrial70","Wheat-SoftWhiteSpring Industrial",15,70,5.31,8.92]
["15Wheat-SoftWhiteSpring Industrial80","Wheat-SoftWhiteSpring Industrial",15,80,7.25,10.73]
["15Wheat-SpecialPurpose60","Wheat-SpecialPurpose",15,60,3.78,7.44]
["15Wheat-SpecialPurpose70","Wheat-SpecialPurpose",15,70,5.3,8.89]
["15Wheat-SpecialPurpose80","Wheat-SpecialPurpose",15,80,7.23,10.71]
["16Barley Malting60","Barley Malting",16,60,4.21,6.78]
["16Barley Malting70","Barley Malting",16,70,6,8.52]
["16Barley Malting80","Barley Malting",16,80,8.27,10.7]
["16Barley60","Barley",16,60,4.21,6.78]
["16Barley70","Barley",16,70,6,8.52]
["16Barley80","Barley",16,80,8.27,10.7]
["16CanarySeed60","CanarySeed",16,60,4.84,8.6300000000000008]
["16CanarySeed70","CanarySeed",16,70,7.16,10.82]
["16Canola-Argentine Specialty Oil60","Canola-Argentine Specialty Oil",16,60,4.34,6.77]
["16Canola-Argentine Specialty Oil70","Canola-Argentine Specialty Oil",16,70,5.9,8.26]
["16Canola-Argentine Specialty Oil80","Canola-Argentine Specialty Oil",16,80,7.87,10.119999999999999]
["16Canola-Argentine60","Canola-Argentine",16,60,4.1100000000000003,6.54]
["16Canola-Argentine70","Canola-Argentine",16,70,5.59,7.95]
["16Canola-Argentine80","Canola-Argentine",16,80,7.46,9.7100000000000009]
["16Canola-Polish60","Canola-Polish",16,60,7.87,10.26]
["16Canola-Polish70","Canola-Polish",16,70,10.83,13.16]
["16Canola-Polish80","Canola-Polish",16,80,14.58,16.829999999999998]
["16FabaBean60","FabaBean",16,60,8.2799999999999994,11.46]
["16FabaBean70","FabaBean",16,70,11.94,15.01]
["16FabaBean80","FabaBean",16,80,16.52,19.440000000000001]
["16Flax60","Flax",16,60,5.39,7.97]
["16Flax70","Flax",16,70,7.69,10.210000000000001]
["16Flax80","Flax",16,80,10.62,13.05]
["16Lentils-Green60","Lentils-Green",16,60,8.01,10.64]
["16Lentils-Green70","Lentils-Green",16,70,10.95,13.5]
["16Lentils-Green80","Lentils-Green",16,80,14.61,17.04]
["16Lentils-Red60","Lentils-Red",16,60,7.36,9.99]
["16Lentils-Red70","Lentils-Red",16,70,10.050000000000001,12.6]
["16Lentils-Red80","Lentils-Red",16,80,13.39,15.82]
["16MixedGrain60","MixedGrain",16,60,4.1900000000000004,6.77]
["16MixedGrain70","MixedGrain",16,70,5.96,8.48]
["16MixedGrain80","MixedGrain",16,80,8.2100000000000009,10.64]
["16Oats60","Oats",16,60,3.72,6.31]
["16Oats70","Oats",16,70,5.19,7.71]
["16Oats80","Oats",16,80,7.04,9.4700000000000006]
["16Peas,Field60","Peas,Field",16,60,3.58,6.62]
["16Peas,Field70","Peas,Field",16,70,4.92,7.91]
["16Peas,Field80","Peas,Field",16,80,6.61,9.5299999999999994]
["16Rye-Fall60","Rye-Fall",16,60,3.38,5.92]
["16Rye-Fall70","Rye-Fall",16,70,4.9000000000000004,7.4]
["16Rye-Fall80","Rye-Fall",16,80,6.89,9.32]
["16Rye-Spring60","Rye-Spring",16,60,4.72,7.26]
["16Rye-Spring70","Rye-Spring",16,70,6.54,9.0399999999999991]
["16Rye-Spring80","Rye-Spring",16,80,8.86,11.29]
["16Triticale-Spring60","Triticale-Spring",16,60,5.13,7.71]
["16Triticale-Spring70","Triticale-Spring",16,70,7.38,9.9]
["16Triticale-Spring80","Triticale-Spring",16,80,10.24,12.67]
["16Triticale-Winter60","Triticale-Winter",16,60,5.05,7.64]
["16Triticale-Winter70","Triticale-Winter",16,70,7.33,9.85]
["16Triticale-Winter80","Triticale-Winter",16,80,10.24,12.67]
["16Wheat-CanadaPrairieSpring60","Wheat-CanadaPrairieSpring",16,60,4.25,7.92]
["16Wheat-CanadaPrairieSpring70","Wheat-CanadaPrairieSpring",16,70,6,9.6]
["16Wheat-CanadaPrairieSpring80","Wheat-CanadaPrairieSpring",16,80,8.23,11.71]
["16Wheat-ExtraStrong60","Wheat-ExtraStrong",16,60,6.37,10.039999999999999]
["16Wheat-ExtraStrong70","Wheat-ExtraStrong",16,70,9.07,12.66]
["16Wheat-ExtraStrong80","Wheat-ExtraStrong",16,80,12.51,15.99]
["16Wheat-HardRedSpring High Protein60","Wheat-HardRedSpring High Protein",16,60,6.32,10.11]
["16Wheat-HardRedSpring High Protein70","Wheat-HardRedSpring High Protein",16,70,8.73,12.39]
["16Wheat-HardRedSpring High Protein80","Wheat-HardRedSpring High Protein",16,80,11.88,15.36]
["16Wheat-HardRedSpring60","Wheat-HardRedSpring",16,60,5.14,8.93]
["16Wheat-HardRedSpring70","Wheat-HardRedSpring",16,70,7.43,11.09]
["16Wheat-HardRedSpring80","Wheat-HardRedSpring",16,80,10.36,13.84]
["16Wheat-HardRedWinter60","Wheat-HardRedWinter",16,60,4.95,8.6]
["16Wheat-HardRedWinter70","Wheat-HardRedWinter",16,70,6.8,10.38]
["16Wheat-HardRedWinter80","Wheat-HardRedWinter",16,80,9.15,12.63]
["16Wheat-NorthernHardRed60","Wheat-NorthernHardRed",16,60,4.34,8.1300000000000008]
["16Wheat-NorthernHardRed70","Wheat-NorthernHardRed",16,70,6.15,9.81]
["16Wheat-NorthernHardRed80","Wheat-NorthernHardRed",16,80,8.4600000000000009,11.94]
["16Wheat-SoftWhiteSpring Industrial60","Wheat-SoftWhiteSpring Industrial",16,60,4.1100000000000003,7.81]
["16Wheat-SoftWhiteSpring Industrial70","Wheat-SoftWhiteSpring Industrial",16,70,5.77,9.3800000000000008]
["16Wheat-SoftWhiteSpring Industrial80","Wheat-SoftWhiteSpring Industrial",16,80,7.88,11.36]
["16Wheat-SpecialPurpose60","Wheat-SpecialPurpose",16,60,4.25,7.92]
["16Wheat-SpecialPurpose70","Wheat-SpecialPurpose",16,70,6,9.6]
["16Wheat-SpecialPurpose80","Wheat-SpecialPurpose",16,80,8.23,11.71]
["17Barley Malting60","Barley Malting",17,60,4.1100000000000003,6.72]
["17Barley Malting70","Barley Malting",17,70,5.78,8.32]
["17Barley Malting80","Barley Malting",17,80,7.9,10.33]
["17Barley60","Barley",17,60,4.1100000000000003,6.72]
["17Barley70","Barley",17,70,5.78,8.32]
["17Barley80","Barley",17,80,7.9,10.33]
["17CanarySeed60","CanarySeed",17,60,4.84,8.6300000000000008]
["17CanarySeed70","CanarySeed",17,70,7.16,10.82]
["17Canola-Argentine Specialty Oil60","Canola-Argentine Specialty Oil",17,60,5.22,7.68]
["17Canola-Argentine Specialty Oil70","Canola-Argentine Specialty Oil",17,70,7.03,9.4]
["17Canola-Argentine Specialty Oil80","Canola-Argentine Specialty Oil",17,80,9.26,11.51]
["17Canola-Argentine60","Canola-Argentine",17,60,4.95,7.41]
["17Canola-Argentine70","Canola-Argentine",17,70,6.66,9.0299999999999994]
["17Canola-Argentine80","Canola-Argentine",17,80,8.7799999999999994,11.03]
["17Canola-Polish60","Canola-Polish",17,60,7.24,9.65]
["17Canola-Polish70","Canola-Polish",17,70,9.81,12.16]
["17Canola-Polish80","Canola-Polish",17,80,12.97,15.22]
["17FabaBean60","FabaBean",17,60,8.2799999999999994,11.46]
["17FabaBean70","FabaBean",17,70,11.94,15.01]
["17FabaBean80","FabaBean",17,80,16.52,19.440000000000001]
["17Flax60","Flax",17,60,6.47,9.07]
["17Flax70","Flax",17,70,9.1,11.63]
["17Flax80","Flax",17,80,12.41,14.84]
["17Lentils-Green60","Lentils-Green",17,60,8.01,10.64]
["17Lentils-Green70","Lentils-Green",17,70,10.95,13.5]
["17Lentils-Green80","Lentils-Green",17,80,14.61,17.04]
["17Lentils-Red60","Lentils-Red",17,60,7.36,9.99]
["17Lentils-Red70","Lentils-Red",17,70,10.050000000000001,12.6]
["17Lentils-Red80","Lentils-Red",17,80,13.39,15.82]
["17MixedGrain60","MixedGrain",17,60,5.31,7.98]
["17MixedGrain70","MixedGrain",17,70,7.54,10.11]
["17MixedGrain80","MixedGrain",17,80,10.43,12.86]
["17Oats60","Oats",17,60,4.26,6.87]
["17Oats70","Oats",17,70,5.87,8.41]
["17Oats80","Oats",17,80,7.88,10.31]
["17Peas,Field60","Peas,Field",17,60,3.58,6.62]
["17Peas,Field70","Peas,Field",17,70,4.92,7.91]
["17Peas,Field80","Peas,Field",17,80,6.61,9.5299999999999994]
["17Rye-Fall60","Rye-Fall",17,60,6.74,9.2799999999999994]
["17Rye-Fall70","Rye-Fall",17,70,9.51,12]
["17Rye-Fall80","Rye-Fall",17,80,12.93,15.36]
["17Rye-Spring60","Rye-Spring",17,60,6.76,9.2899999999999991]
["17Rye-Spring70","Rye-Spring",17,70,9.15,11.64]
["17Rye-Spring80","Rye-Spring",17,80,12.09,14.52]
["17Triticale-Spring60","Triticale-Spring",17,60,5.59,8.15]
["17Triticale-Spring70","Triticale-Spring",17,70,7.95,10.46]
["17Triticale-Spring80","Triticale-Spring",17,80,10.95,13.38]
["17Triticale-Winter60","Triticale-Winter",17,60,5.67,8.24]
["17Triticale-Winter70","Triticale-Winter",17,70,8.07,10.59]
["17Triticale-Winter80","Triticale-Winter",17,80,11.13,13.56]
["17Wheat-CanadaPrairieSpring60","Wheat-CanadaPrairieSpring",17,60,4.24,7.96]
["17Wheat-CanadaPrairieSpring70","Wheat-CanadaPrairieSpring",17,70,5.98,9.6]
["17Wheat-CanadaPrairieSpring80","Wheat-CanadaPrairieSpring",17,80,8.17,11.65]
["17Wheat-ExtraStrong60","Wheat-ExtraStrong",17,60,6.26,9.98]
["17Wheat-ExtraStrong70","Wheat-ExtraStrong",17,70,8.91,12.53]
["17Wheat-ExtraStrong80","Wheat-ExtraStrong",17,80,12.23,15.71]
["17Wheat-HardRedSpring High Protein60","Wheat-HardRedSpring High Protein",17,60,5.22,8.98]
["17Wheat-HardRedSpring High Protein70","Wheat-HardRedSpring High Protein",17,70,7.04,10.68]
["17Wheat-HardRedSpring High Protein80","Wheat-HardRedSpring High Protein",17,80,9.42,12.9]
["17Wheat-HardRedSpring60","Wheat-HardRedSpring",17,60,4.2300000000000004,7.99]
["17Wheat-HardRedSpring70","Wheat-HardRedSpring",17,70,5.97,9.61]
["17Wheat-HardRedSpring80","Wheat-HardRedSpring",17,80,8.19,11.67]
["17Wheat-HardRedWinter60","Wheat-HardRedWinter",17,60,6.68,10.34]
["17Wheat-HardRedWinter70","Wheat-HardRedWinter",17,70,9.0399999999999991,12.62]
["17Wheat-HardRedWinter80","Wheat-HardRedWinter",17,80,12.02,15.5]
["17Wheat-NorthernHardRed60","Wheat-NorthernHardRed",17,60,4.2300000000000004,7.99]
["17Wheat-NorthernHardRed70","Wheat-NorthernHardRed",17,70,5.97,9.61]
["17Wheat-NorthernHardRed80","Wheat-NorthernHardRed",17,80,8.19,11.67]
["17Wheat-SpecialPurpose60","Wheat-SpecialPurpose",17,60,4.24,7.96]
["17Wheat-SpecialPurpose70","Wheat-SpecialPurpose",17,70,5.98,9.6]
["17Wheat-SpecialPurpose80","Wheat-SpecialPurpose",17,80,8.17,11.65]
["18Barley Malting60","Barley Malting",18,60,3.82,6.43]
["18Barley Malting70","Barley Malting",18,70,5.41,7.95]
["18Barley Malting80","Barley Malting",18,80,7.43,9.86]
["18Barley60","Barley",18,60,3.82,6.43]
["18Barley70","Barley",18,70,5.41,7.95]
["18Barley80","Barley",18,80,7.43,9.86]
["18CanarySeed60","CanarySeed",18,60,4.84,8.6300000000000008]
["18CanarySeed70","CanarySeed",18,70,7.16,10.82]
["18Canola-Argentine Specialty Oil60","Canola-Argentine Specialty Oil",18,60,5.0999999999999996,7.52]
["18Canola-Argentine Specialty Oil70","Canola-Argentine Specialty Oil",18,70,6.75,9.1]
["18Canola-Argentine Specialty Oil80","Canola-Argentine Specialty Oil",18,80,8.81,11.06]
["18Canola-Argentine60","Canola-Argentine",18,60,4.83,7.25]
["18Canola-Argentine70","Canola-Argentine",18,70,6.4,8.75]
["18Canola-Argentine80","Canola-Argentine",18,80,8.35,10.6]
["18Canola-Polish60","Canola-Polish",18,60,5.97,8.35]
["18Canola-Polish70","Canola-Polish",18,70,7.95,10.28]
["18Canola-Polish80","Canola-Polish",18,80,10.41,12.66]
["18FabaBean60","FabaBean",18,60,8.2799999999999994,11.46]
["18FabaBean70","FabaBean",18,70,11.94,15.01]
["18FabaBean80","FabaBean",18,80,16.52,19.440000000000001]
["18Flax60","Flax",18,60,6.23,8.82]
["18Flax70","Flax",18,70,8.7100000000000009,11.24]
["18Flax80","Flax",18,80,11.84,14.27]
["18Lentils-Green60","Lentils-Green",18,60,8.01,10.64]
["18Lentils-Green70","Lentils-Green",18,70,10.95,13.5]
["18Lentils-Green80","Lentils-Green",18,80,14.61,17.04]
["18Lentils-Red60","Lentils-Red",18,60,7.36,9.99]
["18Lentils-Red70","Lentils-Red",18,70,10.050000000000001,12.6]
["18Lentils-Red80","Lentils-Red",18,80,13.39,15.82]
["18MixedGrain60","MixedGrain",18,60,4.76,7.4]
["18MixedGrain70","MixedGrain",18,70,6.81,9.36]
["18MixedGrain80","MixedGrain",18,80,9.4600000000000009,11.89]
["18Oats60","Oats",18,60,4.8099999999999996,7.4]
["18Oats70","Oats",18,70,6.88,9.41]
["18Oats80","Oats",18,80,9.51,11.94]
["18Peas,Field60","Peas,Field",18,60,3.58,6.62]
["18Peas,Field70","Peas,Field",18,70,4.92,7.91]
["18Peas,Field80","Peas,Field",18,80,6.61,9.5299999999999994]
["18Rye-Fall60","Rye-Fall",18,60,2.76,5.28]
["18Rye-Fall70","Rye-Fall",18,70,3.84,6.32]
["18Rye-Fall80","Rye-Fall",18,80,5.18,7.61]
["18Rye-Spring60","Rye-Spring",18,60,6.18,8.6999999999999993]
["18Rye-Spring70","Rye-Spring",18,70,8.43,10.91]
["18Rye-Spring80","Rye-Spring",18,80,11.21,13.64]
["18Triticale-Spring60","Triticale-Spring",18,60,4.0599999999999996,6.62]
["18Triticale-Spring70","Triticale-Spring",18,70,5.86,8.3699999999999992]
["18Triticale-Spring80","Triticale-Spring",18,80,8.15,10.58]
["18Triticale-Winter60","Triticale-Winter",18,60,5.57,8.15]
["18Triticale-Winter70","Triticale-Winter",18,70,8.1199999999999992,10.64]
["18Triticale-Winter80","Triticale-Winter",18,80,11.36,13.79]
["18Wheat-CanadaPrairieSpring60","Wheat-CanadaPrairieSpring",18,60,3.75,7.46]
["18Wheat-CanadaPrairieSpring70","Wheat-CanadaPrairieSpring",18,70,5.35,8.9700000000000006]
["18Wheat-CanadaPrairieSpring80","Wheat-CanadaPrairieSpring",18,80,7.39,10.87]
["18Wheat-ExtraStrong60","Wheat-ExtraStrong",18,60,4.55,8.25]
["18Wheat-ExtraStrong70","Wheat-ExtraStrong",18,70,6.52,10.130000000000001]
["18Wheat-ExtraStrong80","Wheat-ExtraStrong",18,80,9.0399999999999991,12.52]
["18Wheat-HardRedSpring High Protein60","Wheat-HardRedSpring High Protein",18,60,3.58,7.3]
["18Wheat-HardRedSpring High Protein70","Wheat-HardRedSpring High Protein",18,70,4.9000000000000004,8.52]
["18Wheat-HardRedSpring High Protein80","Wheat-HardRedSpring High Protein",18,80,6.6,10.08]
["18Wheat-HardRedSpring60","Wheat-HardRedSpring",18,60,2.92,6.64]
["18Wheat-HardRedSpring70","Wheat-HardRedSpring",18,70,4.17,7.79]
["18Wheat-HardRedSpring80","Wheat-HardRedSpring",18,80,5.76,9.24]
["18Wheat-HardRedWinter60","Wheat-HardRedWinter",18,60,4.08,7.8]
["18Wheat-HardRedWinter70","Wheat-HardRedWinter",18,70,5.55,9.17]
["18Wheat-HardRedWinter80","Wheat-HardRedWinter",18,80,7.41,10.89]
["18Wheat-NorthernHardRed60","Wheat-NorthernHardRed",18,60,3.02,6.74]
["18Wheat-NorthernHardRed70","Wheat-NorthernHardRed",18,70,4.32,7.94]
["18Wheat-NorthernHardRed80","Wheat-NorthernHardRed",18,80,5.96,9.44]
["18Wheat-SpecialPurpose60","Wheat-SpecialPurpose",18,60,3.75,7.46]
["18Wheat-SpecialPurpose70","Wheat-SpecialPurpose",18,70,5.35,8.9700000000000006]
["18Wheat-SpecialPurpose80","Wheat-SpecialPurpose",18,80,7.39,10.87]
["19Barley Malting60","Barley Malting",19,60,2.57,5.12]
["19Barley Malting70","Barley Malting",19,70,3.74,6.24]
["19Barley Malting80","Barley Malting",19,80,5.26,7.69]
["19Barley60","Barley",19,60,2.57,5.12]
["19Barley70","Barley",19,70,3.74,6.24]
["19Barley80","Barley",19,80,5.26,7.69]
["19CanarySeed60","CanarySeed",19,60,4.84,8.6300000000000008]
["19CanarySeed70","CanarySeed",19,70,7.16,10.82]
["19Canola-Argentine Specialty Oil60","Canola-Argentine Specialty Oil",19,60,3.27,5.65]
["19Canola-Argentine Specialty Oil70","Canola-Argentine Specialty Oil",19,70,4.4800000000000004,6.81]
["19Canola-Argentine Specialty Oil80","Canola-Argentine Specialty Oil",19,80,6.03,8.2799999999999994]
["19Canola-Argentine60","Canola-Argentine",19,60,3.1,5.48]
["19Canola-Argentine70","Canola-Argentine",19,70,4.25,6.58]
["19Canola-Argentine80","Canola-Argentine",19,80,5.72,7.97]
["19Canola-Polish60","Canola-Polish",19,60,3.62,5.97]
["19Canola-Polish70","Canola-Polish",19,70,4.9800000000000004,7.29]
["19Canola-Polish80","Canola-Polish",19,80,6.72,8.9700000000000006]
["19FabaBean60","FabaBean",19,60,8.2799999999999994,11.46]
["19FabaBean70","FabaBean",19,70,11.94,15.01]
["19FabaBean80","FabaBean",19,80,16.52,19.440000000000001]
["19Flax60","Flax",19,60,5.6,8.1999999999999993]
["19Flax70","Flax",19,70,7.74,10.27]
["19Flax80","Flax",19,80,10.42,12.85]
["19Lentils-Green60","Lentils-Green",19,60,8.01,10.64]
["19Lentils-Green70","Lentils-Green",19,70,10.95,13.5]
["19Lentils-Green80","Lentils-Green",19,80,14.61,17.04]
["19Lentils-Red60","Lentils-Red",19,60,7.36,9.99]
["19Lentils-Red70","Lentils-Red",19,70,10.050000000000001,12.6]
["19Lentils-Red80","Lentils-Red",19,80,13.39,15.82]
["19MixedGrain60","MixedGrain",19,60,5.32,7.94]
["19MixedGrain70","MixedGrain",19,70,7.94,10.48]
["19MixedGrain80","MixedGrain",19,80,11.38,13.81]
["19Oats60","Oats",19,60,4.1500000000000004,6.72]
["19Oats70","Oats",19,70,5.85,8.36]
["19Oats80","Oats",19,80,8.02,10.45]
["19Peas,Field60","Peas,Field",19,60,3.58,6.62]
["19Peas,Field70","Peas,Field",19,70,4.92,7.91]
["19Peas,Field80","Peas,Field",19,80,6.61,9.5299999999999994]
["19Rye-Fall60","Rye-Fall",19,60,2.8,5.36]
["19Rye-Fall70","Rye-Fall",19,70,3.98,6.49]
["19Rye-Fall80","Rye-Fall",19,80,5.47,7.9]
["19Rye-Spring60","Rye-Spring",19,60,4.8499999999999996,7.38]
["19Rye-Spring70","Rye-Spring",19,70,6.67,9.18]
["19Rye-Spring80","Rye-Spring",19,80,8.9700000000000006,11.45]
["19Triticale-Spring60","Triticale-Spring",19,60,2.7,5.24]
["19Triticale-Spring70","Triticale-Spring",19,70,3.96,6.46]
["19Triticale-Spring80","Triticale-Spring",19,80,5.62,8.06]
["19Triticale-Winter60","Triticale-Winter",19,60,3.13,5.67]
["19Triticale-Winter70","Triticale-Winter",19,70,4.6100000000000003,7.11]
["19Triticale-Winter80","Triticale-Winter",19,80,6.55,8.98]
["19Wheat-CanadaPrairieSpring60","Wheat-CanadaPrairieSpring",19,60,3.17,6.82]
["19Wheat-CanadaPrairieSpring70","Wheat-CanadaPrairieSpring",19,70,4.58,8.16]
["19Wheat-CanadaPrairieSpring80","Wheat-CanadaPrairieSpring",19,80,6.4,9.8800000000000008]
["19Wheat-ExtraStrong60","Wheat-ExtraStrong",19,60,3.96,7.62]
["19Wheat-ExtraStrong70","Wheat-ExtraStrong",19,70,5.76,9.35]
["19Wheat-ExtraStrong80","Wheat-ExtraStrong",19,80,8.09,11.57]
["19Wheat-HardRedSpring High Protein60","Wheat-HardRedSpring High Protein",19,60,3,6.68]
["19Wheat-HardRedSpring High Protein70","Wheat-HardRedSpring High Protein",19,70,4.1900000000000004,7.79]
["19Wheat-HardRedSpring High Protein80","Wheat-HardRedSpring High Protein",19,80,5.78,9.26]
["19Wheat-HardRedSpring60","Wheat-HardRedSpring",19,60,2.46,6.14]
["19Wheat-HardRedSpring70","Wheat-HardRedSpring",19,70,3.58,7.18]
["19Wheat-HardRedSpring80","Wheat-HardRedSpring",19,80,5.0599999999999996,8.5399999999999991]
["19Wheat-HardRedWinter60","Wheat-HardRedWinter",19,60,3.04,6.68]
["19Wheat-HardRedWinter70","Wheat-HardRedWinter",19,70,4.12,7.7]
["19Wheat-HardRedWinter80","Wheat-HardRedWinter",19,80,5.52,9]
["19Wheat-NorthernHardRed60","Wheat-NorthernHardRed",19,60,2.52,6.2]
["19Wheat-NorthernHardRed70","Wheat-NorthernHardRed",19,70,3.66,7.26]
["19Wheat-NorthernHardRed80","Wheat-NorthernHardRed",19,80,5.17,8.65]
["19Wheat-SpecialPurpose60","Wheat-SpecialPurpose",19,60,3.17,6.82]
["19Wheat-SpecialPurpose70","Wheat-SpecialPurpose",19,70,4.58,8.16]
["19Wheat-SpecialPurpose80","Wheat-SpecialPurpose",19,80,6.4,9.8800000000000008]
["1Barley Malting60","Barley Malting",1,60,2.42,5.0199999999999996]
["1Barley Malting70","Barley Malting",1,70,3.31,5.84]
["1Barley Malting80","Barley Malting",1,80,4.4400000000000004,6.87]
["1Barley60","Barley",1,60,2.42,5.0199999999999996]
["1Barley70","Barley",1,70,3.31,5.84]
["1Barley80","Barley",1,80,4.4400000000000004,6.87]
["1CanarySeed60","CanarySeed",1,60,2.37,6.03]
["1CanarySeed70","CanarySeed",1,70,3.5,7.09]
["1Canola-Argentine Specialty Oil60","Canola-Argentine Specialty Oil",1,60,3.46,5.84]
["1Canola-Argentine Specialty Oil70","Canola-Argentine Specialty Oil",1,70,4.6399999999999997,6.96]
["1Canola-Argentine Specialty Oil80","Canola-Argentine Specialty Oil",1,80,6.15,8.4]
["1Canola-Argentine60","Canola-Argentine",1,60,3.28,5.66]
["1Canola-Argentine70","Canola-Argentine",1,70,4.4000000000000004,6.72]
["1Canola-Argentine80","Canola-Argentine",1,80,5.83,8.08]
["1Canola-Polish60","Canola-Polish",1,60,5.18,7.53]
["1Canola-Polish70","Canola-Polish",1,70,7.05,9.36]
["1Canola-Polish80","Canola-Polish",1,80,9.4,11.65]
["1Chickpeas-Desi60","Chickpeas-Desi",1,60,9.51,11.87]
["1Chickpeas-Desi70","Chickpeas-Desi",1,70,12.62,14.94]
["1Chickpeas-Desi80","Chickpeas-Desi",1,80,16.489999999999998,18.739999999999998]
["1Chickpeas-Kabuli60","Chickpeas-Kabuli",1,60,5.96,8.33]
["1Chickpeas-Kabuli70","Chickpeas-Kabuli",1,70,7.86,10.18]
["1Chickpeas-Kabuli80","Chickpeas-Kabuli",1,80,10.23,12.48]
["1FabaBean60","FabaBean",1,60,3.93,7.03]
["1FabaBean70","FabaBean",1,70,5.53,8.5500000000000007]
["1FabaBean80","FabaBean",1,80,7.53,10.45]
["1Flax60","Flax",1,60,7.3,9.8800000000000008]
["1Flax70","Flax",1,70,10.28,12.8]
["1Flax80","Flax",1,80,13.94,16.37]
["1Lentils-Green60","Lentils-Green",1,60,6.41,9.0299999999999994]
["1Lentils-Green70","Lentils-Green",1,70,8.4600000000000009,11.01]
["1Lentils-Green80","Lentils-Green",1,80,11.02,13.45]
["1Lentils-Red60","Lentils-Red",1,60,5.88,8.5]
["1Lentils-Red70","Lentils-Red",1,70,7.76,10.31]
["1Lentils-Red80","Lentils-Red",1,80,10.1,12.53]
["1MixedGrain60","MixedGrain",1,60,2.9,5.51]
["1MixedGrain70","MixedGrain",1,70,3.99,6.53]
["1MixedGrain80","MixedGrain",1,80,5.39,7.82]
["1Mustard-Brown60","Mustard-Brown",1,60,5.16,8.2799999999999994]
["1Mustard-Brown70","Mustard-Brown",1,70,7.23,10.3]
["1Mustard-Brown80","Mustard-Brown",1,80,9.85,12.84]
["1Mustard-Oriental60","Mustard-Oriental",1,60,5.58,8.6999999999999993]
["1Mustard-Oriental70","Mustard-Oriental",1,70,7.84,10.91]
["1Mustard-Oriental80","Mustard-Oriental",1,80,10.7,13.69]
["1Mustard-Yellow60","Mustard-Yellow",1,60,5.49,8.6300000000000008]
["1Mustard-Yellow70","Mustard-Yellow",1,70,7.71,10.79]
["1Mustard-Yellow80","Mustard-Yellow",1,80,10.52,13.51]
["1Oats60","Oats",1,60,2.44,5.04]
["1Oats70","Oats",1,70,3.26,5.79]
["1Oats80","Oats",1,80,4.28,6.71]
["1Peas,Field60","Peas,Field",1,60,3.82,6.83]
["1Peas,Field70","Peas,Field",1,70,5.17,8.14]
["1Peas,Field80","Peas,Field",1,80,6.87,9.7899999999999991]
["1Rye-Fall60","Rye-Fall",1,60,6.01,8.57]
["1Rye-Fall70","Rye-Fall",1,70,8.4600000000000009,10.97]
["1Rye-Fall80","Rye-Fall",1,80,11.52,13.95]
["1Rye-Spring60","Rye-Spring",1,60,4.38,6.95]
["1Rye-Spring70","Rye-Spring",1,70,6.19,8.6999999999999993]
["1Rye-Spring80","Rye-Spring",1,80,8.48,10.91]
["1Triticale-Spring60","Triticale-Spring",1,60,5.76,8.35]
["1Triticale-Spring70","Triticale-Spring",1,70,8.24,10.77]
["1Triticale-Spring80","Triticale-Spring",1,80,11.35,13.78]
["1Triticale-Winter60","Triticale-Winter",1,60,5.26,7.85]
["1Triticale-Winter70","Triticale-Winter",1,70,7.51,10.039999999999999]
["1Triticale-Winter80","Triticale-Winter",1,80,10.34,12.77]
["1Wheat-CanadaPrairieSpring60","Wheat-CanadaPrairieSpring",1,60,4.28,7.93]
["1Wheat-CanadaPrairieSpring70","Wheat-CanadaPrairieSpring",1,70,6.09,9.67]
["1Wheat-CanadaPrairieSpring80","Wheat-CanadaPrairieSpring",1,80,8.39,11.87]
["1Wheat-Durum High Protein60","Wheat-Durum High Protein",1,60,5.13,9.0399999999999991]
["1Wheat-Durum High Protein70","Wheat-Durum High Protein",1,70,7.6,11.33]
["1Wheat-Durum High Protein80","Wheat-Durum High Protein",1,80,10.78,14.26]
["1Wheat-Durum60","Wheat-Durum",1,60,4.8099999999999996,8.7200000000000006]
["1Wheat-Durum70","Wheat-Durum",1,70,7.23,10.96]
["1Wheat-Durum80","Wheat-Durum",1,80,10.34,13.82]
["1Wheat-ExtraStrong60","Wheat-ExtraStrong",1,60,5.28,8.94]
["1Wheat-ExtraStrong70","Wheat-ExtraStrong",1,70,7.54,11.13]
["1Wheat-ExtraStrong80","Wheat-ExtraStrong",1,80,10.42,13.9]
["1Wheat-HardRedSpring High Protein60","Wheat-HardRedSpring High Protein",1,60,3.49,7.24]
["1Wheat-HardRedSpring High Protein70","Wheat-HardRedSpring High Protein",1,70,4.66,8.3000000000000007]
["1Wheat-HardRedSpring High Protein80","Wheat-HardRedSpring High Protein",1,80,6.16,9.64]
["1Wheat-HardRedSpring60","Wheat-HardRedSpring",1,60,2.84,6.59]
["1Wheat-HardRedSpring70","Wheat-HardRedSpring",1,70,3.95,7.59]
["1Wheat-HardRedSpring80","Wheat-HardRedSpring",1,80,5.35,8.83]
["1Wheat-HardRedWinter60","Wheat-HardRedWinter",1,60,2.34,5.96]
["1Wheat-HardRedWinter70","Wheat-HardRedWinter",1,70,3.13,6.69]
["1Wheat-HardRedWinter80","Wheat-HardRedWinter",1,80,4.1500000000000004,7.63]
["1Wheat-NorthernHardRed60","Wheat-NorthernHardRed",1,60,2.84,6.59]
["1Wheat-NorthernHardRed70","Wheat-NorthernHardRed",1,70,3.95,7.59]
["1Wheat-NorthernHardRed80","Wheat-NorthernHardRed",1,80,5.35,8.83]
["1Wheat-SoftWhiteSpring60","Wheat-SoftWhiteSpring",1,60,4.88,8.57]
["1Wheat-SoftWhiteSpring70","Wheat-SoftWhiteSpring",1,70,7.03,10.63]
["1Wheat-SoftWhiteSpring80","Wheat-SoftWhiteSpring",1,80,9.7799999999999994,13.26]
["1Wheat-SpecialPurpose60","Wheat-SpecialPurpose",1,60,4.28,7.93]
["1Wheat-SpecialPurpose70","Wheat-SpecialPurpose",1,70,6.09,9.67]
["1Wheat-SpecialPurpose80","Wheat-SpecialPurpose",1,80,8.39,11.87]
["20Barley Malting60","Barley Malting",20,60,3.19,5.79]
["20Barley Malting70","Barley Malting",20,70,4.49,7.02]
["20Barley Malting80","Barley Malting",20,80,6.15,8.58]
["20Barley60","Barley",20,60,3.19,5.79]
["20Barley70","Barley",20,70,4.49,7.02]
["20Barley80","Barley",20,80,6.15,8.58]
["20CanarySeed60","CanarySeed",20,60,4.84,8.6300000000000008]
["20CanarySeed70","CanarySeed",20,70,7.16,10.82]
["20Canola-Argentine Specialty Oil60","Canola-Argentine Specialty Oil",20,60,4.6500000000000004,7.08]
["20Canola-Argentine Specialty Oil70","Canola-Argentine Specialty Oil",20,70,6.27,8.6300000000000008]
["20Canola-Argentine Specialty Oil80","Canola-Argentine Specialty Oil",20,80,8.2899999999999991,10.54]
["20Canola-Argentine60","Canola-Argentine",20,60,4.41,6.84]
["20Canola-Argentine70","Canola-Argentine",20,70,5.94,8.3000000000000007]
["20Canola-Argentine80","Canola-Argentine",20,80,7.86,10.11]
["20Canola-Polish60","Canola-Polish",20,60,7.63,10.02]
["20Canola-Polish70","Canola-Polish",20,70,10.38,12.71]
["20Canola-Polish80","Canola-Polish",20,80,13.81,16.059999999999999]
["20FabaBean60","FabaBean",20,60,8.2799999999999994,11.46]
["20FabaBean70","FabaBean",20,70,11.94,15.01]
["20FabaBean80","FabaBean",20,80,16.52,19.440000000000001]
["20Flax60","Flax",20,60,5.76,8.3800000000000008]
["20Flax70","Flax",20,70,8.0500000000000007,10.59]
["20Flax80","Flax",20,80,10.91,13.34]
["20Lentils-Green60","Lentils-Green",20,60,8.01,10.64]
["20Lentils-Green70","Lentils-Green",20,70,10.95,13.5]
["20Lentils-Green80","Lentils-Green",20,80,14.61,17.04]
["20Lentils-Red60","Lentils-Red",20,60,7.36,9.99]
["20Lentils-Red70","Lentils-Red",20,70,10.050000000000001,12.6]
["20Lentils-Red80","Lentils-Red",20,80,13.39,15.82]
["20MixedGrain60","MixedGrain",20,60,4.1500000000000004,6.72]
["20MixedGrain70","MixedGrain",20,70,5.9,8.41]
["20MixedGrain80","MixedGrain",20,80,8.17,10.6]
["20Oats60","Oats",20,60,4.08,6.66]
["20Oats70","Oats",20,70,5.56,8.08]
["20Oats80","Oats",20,80,7.44,9.8699999999999992]
["20Peas,Field60","Peas,Field",20,60,3.58,6.62]
["20Peas,Field70","Peas,Field",20,70,4.92,7.91]
["20Peas,Field80","Peas,Field",20,80,6.61,9.5299999999999994]
["20Rye-Fall60","Rye-Fall",20,60,5.16,7.74]
["20Rye-Fall70","Rye-Fall",20,70,7.47,9.99]
["20Rye-Fall80","Rye-Fall",20,80,10.41,12.84]
["20Rye-Spring60","Rye-Spring",20,60,5.17,7.7]
["20Rye-Spring70","Rye-Spring",20,70,7.1,9.59]
["20Rye-Spring80","Rye-Spring",20,80,9.5500000000000007,11.98]
["20Triticale-Spring60","Triticale-Spring",20,60,4.4400000000000004,7]
["20Triticale-Spring70","Triticale-Spring",20,70,6.5,9.01]
["20Triticale-Spring80","Triticale-Spring",20,80,9.11,11.54]
["20Triticale-Winter60","Triticale-Winter",20,60,4.67,7.24]
["20Triticale-Winter70","Triticale-Winter",20,70,6.83,9.34]
["20Triticale-Winter80","Triticale-Winter",20,80,9.59,12.02]
["20Wheat-CanadaPrairieSpring60","Wheat-CanadaPrairieSpring",20,60,2.59,6.22]
["20Wheat-CanadaPrairieSpring70","Wheat-CanadaPrairieSpring",20,70,3.7,7.27]
["20Wheat-CanadaPrairieSpring80","Wheat-CanadaPrairieSpring",20,80,5.12,8.6]
["20Wheat-ExtraStrong60","Wheat-ExtraStrong",20,60,3.68,7.32]
["20Wheat-ExtraStrong70","Wheat-ExtraStrong",20,70,5.33,8.9]
["20Wheat-ExtraStrong80","Wheat-ExtraStrong",20,80,7.43,10.91]
["20Wheat-HardRedSpring High Protein60","Wheat-HardRedSpring High Protein",20,60,3.71,7.43]
["20Wheat-HardRedSpring High Protein70","Wheat-HardRedSpring High Protein",20,70,5.13,8.75]
["20Wheat-HardRedSpring High Protein80","Wheat-HardRedSpring High Protein",20,80,6.97,10.45]
["20Wheat-HardRedSpring60","Wheat-HardRedSpring",20,60,3.03,6.75]
["20Wheat-HardRedSpring70","Wheat-HardRedSpring",20,70,4.38,8]
["20Wheat-HardRedSpring80","Wheat-HardRedSpring",20,80,6.09,9.57]
["20Wheat-HardRedWinter60","Wheat-HardRedWinter",20,60,6.26,9.9600000000000009]
["20Wheat-HardRedWinter70","Wheat-HardRedWinter",20,70,8.5,12.11]
["20Wheat-HardRedWinter80","Wheat-HardRedWinter",20,80,11.34,14.82]
["20Wheat-NorthernHardRed60","Wheat-NorthernHardRed",20,60,2.96,6.68]
["20Wheat-NorthernHardRed70","Wheat-NorthernHardRed",20,70,4.2699999999999996,7.89]
["20Wheat-NorthernHardRed80","Wheat-NorthernHardRed",20,80,5.93,9.41]
["20Wheat-SpecialPurpose60","Wheat-SpecialPurpose",20,60,2.59,6.22]
["20Wheat-SpecialPurpose70","Wheat-SpecialPurpose",20,70,3.7,7.27]
["20Wheat-SpecialPurpose80","Wheat-SpecialPurpose",20,80,5.12,8.6]
["21Barley Malting60","Barley Malting",21,60,4.37,6.97]
["21Barley Malting70","Barley Malting",21,70,6.23,8.76]
["21Barley Malting80","Barley Malting",21,80,8.58,11.01]
["21Barley60","Barley",21,60,4.37,6.97]
["21Barley70","Barley",21,70,6.23,8.76]
["21Barley80","Barley",21,80,8.58,11.01]
["21CanarySeed60","CanarySeed",21,60,4.84,8.6300000000000008]
["21CanarySeed70","CanarySeed",21,70,7.16,10.82]
["21Canola-Argentine Specialty Oil60","Canola-Argentine Specialty Oil",21,60,5.59,8.02]
["21Canola-Argentine Specialty Oil70","Canola-Argentine Specialty Oil",21,70,7.46,9.82]
["21Canola-Argentine Specialty Oil80","Canola-Argentine Specialty Oil",21,80,9.83,12.08]
["21Canola-Argentine60","Canola-Argentine",21,60,5.3,7.73]
["21Canola-Argentine70","Canola-Argentine",21,70,7.07,9.43]
["21Canola-Argentine80","Canola-Argentine",21,80,9.32,11.57]
["21Canola-Polish60","Canola-Polish",21,60,5.68,8.07]
["21Canola-Polish70","Canola-Polish",21,70,7.6,9.93]
["21Canola-Polish80","Canola-Polish",21,80,10.02,12.27]
["21FabaBean60","FabaBean",21,60,8.2799999999999994,11.46]
["21FabaBean70","FabaBean",21,70,11.94,15.01]
["21FabaBean80","FabaBean",21,80,16.52,19.440000000000001]
["21Flax60","Flax",21,60,8.4700000000000006,11.14]
["21Flax70","Flax",21,70,11.73,14.3]
["21Flax80","Flax",21,80,15.87,18.3]
["21Lentils-Green60","Lentils-Green",21,60,8.01,10.64]
["21Lentils-Green70","Lentils-Green",21,70,10.95,13.5]
["21Lentils-Green80","Lentils-Green",21,80,14.61,17.04]
["21Lentils-Red60","Lentils-Red",21,60,7.36,9.99]
["21Lentils-Red70","Lentils-Red",21,70,10.050000000000001,12.6]
["21Lentils-Red80","Lentils-Red",21,80,13.39,15.82]
["21MixedGrain60","MixedGrain",21,60,5.0599999999999996,7.7]
["21MixedGrain70","MixedGrain",21,70,7.27,9.83]
["21MixedGrain80","MixedGrain",21,80,10.119999999999999,12.55]
["21Oats60","Oats",21,60,6.31,8.91]
["21Oats70","Oats",21,70,8.65,11.18]
["21Oats80","Oats",21,80,11.6,14.03]
["21Peas,Field60","Peas,Field",21,60,3.58,6.62]
["21Peas,Field70","Peas,Field",21,70,4.92,7.91]
["21Peas,Field80","Peas,Field",21,80,6.61,9.5299999999999994]
["21Rye-Fall60","Rye-Fall",21,60,4.96,7.51]
["21Rye-Fall70","Rye-Fall",21,70,7.1,9.6]
["21Rye-Fall80","Rye-Fall",21,80,9.76,12.19]
["21Rye-Spring60","Rye-Spring",21,60,6.06,8.59]
["21Rye-Spring70","Rye-Spring",21,70,8.32,10.81]
["21Rye-Spring80","Rye-Spring",21,80,11.13,13.56]
["21Triticale-Spring60","Triticale-Spring",21,60,4.41,6.99]
["21Triticale-Spring70","Triticale-Spring",21,70,6.4,8.92]
["21Triticale-Spring80","Triticale-Spring",21,80,8.92,11.35]
["21Triticale-Winter60","Triticale-Winter",21,60,5.03,7.61]
["21Triticale-Winter70","Triticale-Winter",21,70,7.32,9.84]
["21Triticale-Winter80","Triticale-Winter",21,80,10.210000000000001,12.64]
["21Wheat-CanadaPrairieSpring60","Wheat-CanadaPrairieSpring",21,60,4.45,8.14]
["21Wheat-CanadaPrairieSpring70","Wheat-CanadaPrairieSpring",21,70,6.45,10.050000000000001]
["21Wheat-CanadaPrairieSpring80","Wheat-CanadaPrairieSpring",21,80,8.98,12.46]
["21Wheat-ExtraStrong60","Wheat-ExtraStrong",21,60,7.06,10.77]
["21Wheat-ExtraStrong70","Wheat-ExtraStrong",21,70,10.33,13.94]
["21Wheat-ExtraStrong80","Wheat-ExtraStrong",21,80,14.45,17.93]
["21Wheat-HardRedSpring High Protein60","Wheat-HardRedSpring High Protein",21,60,5.52,9.3000000000000007]
["21Wheat-HardRedSpring High Protein70","Wheat-HardRedSpring High Protein",21,70,7.65,11.3]
["21Wheat-HardRedSpring High Protein80","Wheat-HardRedSpring High Protein",21,80,10.41,13.89]
["21Wheat-HardRedSpring60","Wheat-HardRedSpring",21,60,4.5,8.2799999999999994]
["21Wheat-HardRedSpring70","Wheat-HardRedSpring",21,70,6.52,10.17]
["21Wheat-HardRedSpring80","Wheat-HardRedSpring",21,80,9.09,12.57]
["21Wheat-HardRedWinter60","Wheat-HardRedWinter",21,60,4.51,8.2100000000000009]
["21Wheat-HardRedWinter70","Wheat-HardRedWinter",21,70,6.16,9.77]
["21Wheat-HardRedWinter80","Wheat-HardRedWinter",21,80,8.25,11.73]
["21Wheat-NorthernHardRed60","Wheat-NorthernHardRed",21,60,4.49,8.27]
["21Wheat-NorthernHardRed70","Wheat-NorthernHardRed",21,70,6.51,10.16]
["21Wheat-NorthernHardRed80","Wheat-NorthernHardRed",21,80,9.07,12.55]
["21Wheat-SpecialPurpose60","Wheat-SpecialPurpose",21,60,4.45,8.14]
["21Wheat-SpecialPurpose70","Wheat-SpecialPurpose",21,70,6.45,10.050000000000001]
["21Wheat-SpecialPurpose80","Wheat-SpecialPurpose",21,80,8.98,12.46]
["22Barley Malting60","Barley Malting",22,60,3.24,5.83]
["22Barley Malting70","Barley Malting",22,70,4.72,7.24]
["22Barley Malting80","Barley Malting",22,80,6.6,9.0299999999999994]
["22Barley60","Barley",22,60,3.24,5.83]
["22Barley70","Barley",22,70,4.72,7.24]
["22Barley80","Barley",22,80,6.6,9.0299999999999994]
["22CanarySeed60","CanarySeed",22,60,4.84,8.6300000000000008]
["22CanarySeed70","CanarySeed",22,70,7.16,10.82]
["22Canola-Argentine Specialty Oil60","Canola-Argentine Specialty Oil",22,60,4.01,6.43]
["22Canola-Argentine Specialty Oil70","Canola-Argentine Specialty Oil",22,70,5.51,7.86]
["22Canola-Argentine Specialty Oil80","Canola-Argentine Specialty Oil",22,80,7.44,9.69]
["22Canola-Argentine60","Canola-Argentine",22,60,3.8,6.22]
["22Canola-Argentine70","Canola-Argentine",22,70,5.22,7.57]
["22Canola-Argentine80","Canola-Argentine",22,80,7.05,9.3000000000000007]
["22Canola-Polish60","Canola-Polish",22,60,4.91,7.29]
["22Canola-Polish70","Canola-Polish",22,70,6.79,9.1199999999999992]
["22Canola-Polish80","Canola-Polish",22,80,9.1999999999999993,11.45]
["22FabaBean60","FabaBean",22,60,8.2799999999999994,11.46]
["22FabaBean70","FabaBean",22,70,11.94,15.01]
["22FabaBean80","FabaBean",22,80,16.52,19.440000000000001]
["22Flax60","Flax",22,60,6.22,8.94]
["22Flax70","Flax",22,70,8.5299999999999994,11.14]
["22Flax80","Flax",22,80,11.42,13.85]
["22Lentils-Green60","Lentils-Green",22,60,8.01,10.64]
["22Lentils-Green70","Lentils-Green",22,70,10.95,13.5]
["22Lentils-Green80","Lentils-Green",22,80,14.61,17.04]
["22Lentils-Red60","Lentils-Red",22,60,7.36,9.99]
["22Lentils-Red70","Lentils-Red",22,70,10.050000000000001,12.6]
["22Lentils-Red80","Lentils-Red",22,80,13.39,15.82]
["22MixedGrain60","MixedGrain",22,60,4.1500000000000004,6.74]
["22MixedGrain70","MixedGrain",22,70,6.14,8.66]
["22MixedGrain80","MixedGrain",22,80,8.73,11.16]
["22Oats60","Oats",22,60,3.2,5.74]
["22Oats70","Oats",22,70,4.4400000000000004,6.94]
["22Oats80","Oats",22,80,5.99,8.42]
["22Peas,Field60","Peas,Field",22,60,3.58,6.62]
["22Peas,Field70","Peas,Field",22,70,4.92,7.91]
["22Peas,Field80","Peas,Field",22,80,6.61,9.5299999999999994]
["22Rye-Fall60","Rye-Fall",22,60,4.55,7.11]
["22Rye-Fall70","Rye-Fall",22,70,6.56,9.07]
["22Rye-Fall80","Rye-Fall",22,80,9.14,11.57]
["22Rye-Spring60","Rye-Spring",22,60,5.07,7.58]
["22Rye-Spring70","Rye-Spring",22,70,6.95,9.43]
["22Rye-Spring80","Rye-Spring",22,80,9.36,11.79]
["22Triticale-Spring60","Triticale-Spring",22,60,4.1100000000000003,6.68]
["22Triticale-Spring70","Triticale-Spring",22,70,6.07,8.58]
["22Triticale-Spring80","Triticale-Spring",22,80,8.58,11.01]
["22Triticale-Winter60","Triticale-Winter",22,60,4.26,6.83]
["22Triticale-Winter70","Triticale-Winter",22,70,6.29,8.8000000000000007]
["22Triticale-Winter80","Triticale-Winter",22,80,8.89,11.32]
["22Wheat-CanadaPrairieSpring60","Wheat-CanadaPrairieSpring",22,60,3.92,7.62]
["22Wheat-CanadaPrairieSpring70","Wheat-CanadaPrairieSpring",22,70,5.64,9.25]
["22Wheat-CanadaPrairieSpring80","Wheat-CanadaPrairieSpring",22,80,7.82,11.3]
["22Wheat-ExtraStrong60","Wheat-ExtraStrong",22,60,5.46,9.16]
["22Wheat-ExtraStrong70","Wheat-ExtraStrong",22,70,7.93,11.54]
["22Wheat-ExtraStrong80","Wheat-ExtraStrong",22,80,11.05,14.53]
["22Wheat-HardRedSpring High Protein60","Wheat-HardRedSpring High Protein",22,60,3.83,7.53]
["22Wheat-HardRedSpring High Protein70","Wheat-HardRedSpring High Protein",22,70,5.35,8.9600000000000009]
["22Wheat-HardRedSpring High Protein80","Wheat-HardRedSpring High Protein",22,80,7.33,10.81]
["22Wheat-HardRedSpring60","Wheat-HardRedSpring",22,60,3.14,6.84]
["22Wheat-HardRedSpring70","Wheat-HardRedSpring",22,70,4.57,8.18]
["22Wheat-HardRedSpring80","Wheat-HardRedSpring",22,80,6.41,9.89]
["22Wheat-HardRedWinter60","Wheat-HardRedWinter",22,60,4.03,7.69]
["22Wheat-HardRedWinter70","Wheat-HardRedWinter",22,70,5.55,9.14]
["22Wheat-HardRedWinter80","Wheat-HardRedWinter",22,80,7.48,10.96]
["22Wheat-NorthernHardRed60","Wheat-NorthernHardRed",22,60,3.46,7.16]
["22Wheat-NorthernHardRed70","Wheat-NorthernHardRed",22,70,5.01,8.6199999999999992]
["22Wheat-NorthernHardRed80","Wheat-NorthernHardRed",22,80,6.99,10.47]
["22Wheat-SpecialPurpose60","Wheat-SpecialPurpose",22,60,3.92,7.62]
["22Wheat-SpecialPurpose70","Wheat-SpecialPurpose",22,70,5.64,9.25]
["22Wheat-SpecialPurpose80","Wheat-SpecialPurpose",22,80,7.82,11.3]
["2Barley Malting60","Barley Malting",2,60,2.4500000000000002,5.04]
["2Barley Malting70","Barley Malting",2,70,3.37,5.9]
["2Barley Malting80","Barley Malting",2,80,4.5599999999999996,6.99]
["2Barley60","Barley",2,60,2.4500000000000002,5.04]
["2Barley70","Barley",2,70,3.37,5.9]
["2Barley80","Barley",2,80,4.5599999999999996,6.99]
["2CanarySeed60","CanarySeed",2,60,7.13,10.92]
["2CanarySeed70","CanarySeed",2,70,10.23,13.89]
["2Canola-Argentine Specialty Oil60","Canola-Argentine Specialty Oil",2,60,4.72,7.14]
["2Canola-Argentine Specialty Oil70","Canola-Argentine Specialty Oil",2,70,6.37,8.7200000000000006]
["2Canola-Argentine Specialty Oil80","Canola-Argentine Specialty Oil",2,80,8.43,10.68]
["2Canola-Argentine60","Canola-Argentine",2,60,4.47,6.89]
["2Canola-Argentine70","Canola-Argentine",2,70,6.04,8.39]
["2Canola-Argentine80","Canola-Argentine",2,80,7.99,10.24]
["2Canola-Polish60","Canola-Polish",2,60,4.5199999999999996,6.9]
["2Canola-Polish70","Canola-Polish",2,70,6.11,8.44]
["2Canola-Polish80","Canola-Polish",2,80,8.09,10.34]
["2FabaBean60","FabaBean",2,60,8.2799999999999994,11.46]
["2FabaBean70","FabaBean",2,70,11.94,15.01]
["2FabaBean80","FabaBean",2,80,16.52,19.440000000000001]
["2Flax60","Flax",2,60,4.84,7.51]
["2Flax70","Flax",2,70,6.65,9.2200000000000006]
["2Flax80","Flax",2,80,8.8699999999999992,11.3]
["2Lentils-Green60","Lentils-Green",2,60,4.24,6.86]
["2Lentils-Green70","Lentils-Green",2,70,5.8,8.34]
["2Lentils-Green80","Lentils-Green",2,80,7.71,10.14]
["2Lentils-Red60","Lentils-Red",2,60,3.9,6.52]
["2Lentils-Red70","Lentils-Red",2,70,5.31,7.85]
["2Lentils-Red80","Lentils-Red",2,80,7.05,9.48]
["2MixedGrain60","MixedGrain",2,60,3.68,6.28]
["2MixedGrain70","MixedGrain",2,70,5.17,7.7]
["2MixedGrain80","MixedGrain",2,80,7.06,9.49]
["2Mustard-Brown60","Mustard-Brown",2,60,4.3,7.52]
["2Mustard-Brown70","Mustard-Brown",2,70,6,9.1300000000000008]
["2Mustard-Brown80","Mustard-Brown",2,80,8.17,11.16]
["2Mustard-Oriental60","Mustard-Oriental",2,60,5.31,8.51]
["2Mustard-Oriental70","Mustard-Oriental",2,70,7.46,10.58]
["2Mustard-Oriental80","Mustard-Oriental",2,80,10.18,13.17]
["2Mustard-Yellow60","Mustard-Yellow",2,60,3.26,6.41]
["2Mustard-Yellow70","Mustard-Yellow",2,70,4.51,7.59]
["2Mustard-Yellow80","Mustard-Yellow",2,80,6.1,9.09]
["2Oats60","Oats",2,60,2.96,5.53]
["2Oats70","Oats",2,70,3.99,6.5]
["2Oats80","Oats",2,80,5.26,7.69]
["2Peas,Field60","Peas,Field",2,60,3.82,6.83]
["2Peas,Field70","Peas,Field",2,70,5.17,8.14]
["2Peas,Field80","Peas,Field",2,80,6.87,9.7899999999999991]
["2Rye-Fall60","Rye-Fall",2,60,2.33,4.8899999999999997]
["2Rye-Fall70","Rye-Fall",2,70,3.22,5.73]
["2Rye-Fall80","Rye-Fall",2,80,4.34,6.77]
["2Rye-Spring60","Rye-Spring",2,60,6.44,9.11]
["2Rye-Spring70","Rye-Spring",2,70,8.8800000000000008,11.45]
["2Rye-Spring80","Rye-Spring",2,80,11.98,14.41]
["2Safflower60","Safflower",2,60,5.74,8.11]
["2Safflower70","Safflower",2,70,7.39,9.7100000000000009]
["2Safflower80","Safflower",2,80,9.34,11.59]
["2Sunflower Confectionary60","Sunflower Confectionary",2,60,4.1399999999999997,6.48]
["2Sunflower Confectionary70","Sunflower Confectionary",2,70,5.65,7.96]
["2Sunflower Confectionary80","Sunflower Confectionary",2,80,7.59,9.84]
["2Sunflower Oilseed(Sunflower)60","Sunflower Oilseed(Sunflower)",2,60,3.97,6.33]
["2Sunflower Oilseed(Sunflower)70","Sunflower Oilseed(Sunflower)",2,70,5.33,7.65]
["2Sunflower Oilseed(Sunflower)80","Sunflower Oilseed(Sunflower)",2,80,7.04,9.2899999999999991]
["2Triticale-Spring60","Triticale-Spring",2,60,3.06,5.65]
["2Triticale-Spring70","Triticale-Spring",2,70,4.34,6.86]
["2Triticale-Spring80","Triticale-Spring",2,80,5.96,8.39]
["2Triticale-Winter60","Triticale-Winter",2,60,2.78,5.34]
["2Triticale-Winter70","Triticale-Winter",2,70,3.93,6.44]
["2Triticale-Winter80","Triticale-Winter",2,80,5.39,7.82]
["2Wheat-CanadaPrairieSpring60","Wheat-CanadaPrairieSpring",2,60,3.84,7.55]
["2Wheat-CanadaPrairieSpring70","Wheat-CanadaPrairieSpring",2,70,5.44,9.06]
["2Wheat-CanadaPrairieSpring80","Wheat-CanadaPrairieSpring",2,80,7.48,10.96]
["2Wheat-Durum High Protein60","Wheat-Durum High Protein",2,60,2.42,6.16]
["2Wheat-Durum High Protein70","Wheat-Durum High Protein",2,70,3.37,7]
["2Wheat-Durum High Protein80","Wheat-Durum High Protein",2,80,4.5599999999999996,8.0399999999999991]
["2Wheat-Durum60","Wheat-Durum",2,60,2.42,6.16]
["2Wheat-Durum70","Wheat-Durum",2,70,3.37,7]
["2Wheat-Durum80","Wheat-Durum",2,80,4.5599999999999996,8.0399999999999991]
["2Wheat-ExtraStrong60","Wheat-ExtraStrong",2,60,4.3600000000000003,8.06]
["2Wheat-ExtraStrong70","Wheat-ExtraStrong",2,70,6.2,9.81]
["2Wheat-ExtraStrong80","Wheat-ExtraStrong",2,80,8.5399999999999991,12.02]
["2Wheat-HardRedSpring High Protein60","Wheat-HardRedSpring High Protein",2,60,2.2599999999999998,5.96]
["2Wheat-HardRedSpring High Protein70","Wheat-HardRedSpring High Protein",2,70,3.14,6.75]
["2Wheat-HardRedSpring High Protein80","Wheat-HardRedSpring High Protein",2,80,4.26,7.74]
["2Wheat-HardRedSpring60","Wheat-HardRedSpring",2,60,2.2599999999999998,5.96]
["2Wheat-HardRedSpring70","Wheat-HardRedSpring",2,70,3.14,6.75]
["2Wheat-HardRedSpring80","Wheat-HardRedSpring",2,80,4.26,7.74]
["2Wheat-HardRedWinter60","Wheat-HardRedWinter",2,60,2.27,5.93]
["2Wheat-HardRedWinter70","Wheat-HardRedWinter",2,70,3.04,6.63]
["2Wheat-HardRedWinter80","Wheat-HardRedWinter",2,80,4,7.48]
["2Wheat-NorthernHardRed60","Wheat-NorthernHardRed",2,60,2.36,6.06]
["2Wheat-NorthernHardRed70","Wheat-NorthernHardRed",2,70,3.28,6.89]
["2Wheat-NorthernHardRed80","Wheat-NorthernHardRed",2,80,4.46,7.94]
["2Wheat-SoftWhiteSpring60","Wheat-SoftWhiteSpring",2,60,2.09,5.77]
["2Wheat-SoftWhiteSpring70","Wheat-SoftWhiteSpring",2,70,2.93,6.53]
["2Wheat-SoftWhiteSpring80","Wheat-SoftWhiteSpring",2,80,4.0599999999999996,7.54]
["2Wheat-SpecialPurpose60","Wheat-SpecialPurpose",2,60,3.84,7.55]
["2Wheat-SpecialPurpose70","Wheat-SpecialPurpose",2,70,5.44,9.06]
["2Wheat-SpecialPurpose80","Wheat-SpecialPurpose",2,80,7.48,10.96]
["3Barley Malting60","Barley Malting",3,60,2.73,5.34]
["3Barley Malting70","Barley Malting",3,70,3.74,6.28]
["3Barley Malting80","Barley Malting",3,80,5.0199999999999996,7.45]
["3Barley60","Barley",3,60,2.73,5.34]
["3Barley70","Barley",3,70,3.74,6.28]
["3Barley80","Barley",3,80,5.0199999999999996,7.45]
["3CanarySeed60","CanarySeed",3,60,7.13,10.92]
["3CanarySeed70","CanarySeed",3,70,10.23,13.89]
["3Canola-Argentine Specialty Oil60","Canola-Argentine Specialty Oil",3,60,4.0599999999999996,6.45]
["3Canola-Argentine Specialty Oil70","Canola-Argentine Specialty Oil",3,70,5.43,7.76]
["3Canola-Argentine Specialty Oil80","Canola-Argentine Specialty Oil",3,80,7.13,9.3800000000000008]
["3Canola-Argentine60","Canola-Argentine",3,60,3.85,6.24]
["3Canola-Argentine70","Canola-Argentine",3,70,5.15,7.48]
["3Canola-Argentine80","Canola-Argentine",3,80,6.76,9.01]
["3Canola-Polish60","Canola-Polish",3,60,5.09,7.45]
["3Canola-Polish70","Canola-Polish",3,70,6.86,9.17]
["3Canola-Polish80","Canola-Polish",3,80,9.06,11.31]
["3Flax60","Flax",3,60,4.0999999999999996,6.76]
["3Flax70","Flax",3,70,5.71,8.2799999999999994]
["3Flax80","Flax",3,80,7.72,10.15]
["3Lentils-Green60","Lentils-Green",3,60,4.24,6.86]
["3Lentils-Green70","Lentils-Green",3,70,5.8,8.34]
["3Lentils-Green80","Lentils-Green",3,80,7.71,10.14]
["3Lentils-Red60","Lentils-Red",3,60,3.9,6.52]
["3Lentils-Red70","Lentils-Red",3,70,5.31,7.85]
["3Lentils-Red80","Lentils-Red",3,80,7.05,9.48]
["3MixedGrain60","MixedGrain",3,60,3.69,6.27]
["3MixedGrain70","MixedGrain",3,70,5.09,7.61]
["3MixedGrain80","MixedGrain",3,80,6.85,9.2799999999999994]
["3Mustard-Brown60","Mustard-Brown",3,60,3.09,6.28]
["3Mustard-Brown70","Mustard-Brown",3,70,4.24,7.35]
["3Mustard-Brown80","Mustard-Brown",3,80,5.72,8.7100000000000009]
["3Mustard-Oriental60","Mustard-Oriental",3,60,3.49,6.6]
["3Mustard-Oriental70","Mustard-Oriental",3,70,4.8099999999999996,7.87]
["3Mustard-Oriental80","Mustard-Oriental",3,80,6.51,9.5]
["3Mustard-Yellow60","Mustard-Yellow",3,60,2.48,5.59]
["3Mustard-Yellow70","Mustard-Yellow",3,70,3.38,6.46]
["3Mustard-Yellow80","Mustard-Yellow",3,80,4.53,7.57]
["3Oats60","Oats",3,60,3.13,5.69]
["3Oats70","Oats",3,70,4.1100000000000003,6.62]
["3Oats80","Oats",3,80,5.33,7.76]
["3Peas,Field60","Peas,Field",3,60,3.82,6.83]
["3Peas,Field70","Peas,Field",3,70,5.17,8.14]
["3Peas,Field80","Peas,Field",3,80,6.87,9.7899999999999991]
["3Rye-Fall60","Rye-Fall",3,60,4.22,6.82]
["3Rye-Fall70","Rye-Fall",3,70,5.9,8.43]
["3Rye-Fall80","Rye-Fall",3,80,8.02,10.45]
["3Rye-Spring60","Rye-Spring",3,60,4.5599999999999996,7.17]
["3Rye-Spring70","Rye-Spring",3,70,6.42,8.9600000000000009]
["3Rye-Spring80","Rye-Spring",3,80,8.77,11.2]
["3Safflower60","Safflower",3,60,5.74,8.11]
["3Safflower70","Safflower",3,70,7.39,9.7100000000000009]
["3Safflower80","Safflower",3,80,9.34,11.59]
["3Sunflower Confectionary60","Sunflower Confectionary",3,60,4.1399999999999997,6.48]
["3Sunflower Confectionary70","Sunflower Confectionary",3,70,5.65,7.96]
["3Sunflower Confectionary80","Sunflower Confectionary",3,80,7.59,9.84]
["3Sunflower Oilseed(Sunflower)60","Sunflower Oilseed(Sunflower)",3,60,3.97,6.33]
["3Sunflower Oilseed(Sunflower)70","Sunflower Oilseed(Sunflower)",3,70,5.33,7.65]
["3Sunflower Oilseed(Sunflower)80","Sunflower Oilseed(Sunflower)",3,80,7.04,9.2899999999999991]
["3Triticale-Spring60","Triticale-Spring",3,60,2.97,5.54]
["3Triticale-Spring70","Triticale-Spring",3,70,4.2300000000000004,6.74]
["3Triticale-Spring80","Triticale-Spring",3,80,5.81,8.24]
["3Triticale-Winter60","Triticale-Winter",3,60,3.86,6.45]
["3Triticale-Winter70","Triticale-Winter",3,70,5.53,8.0500000000000007]
["3Triticale-Winter80","Triticale-Winter",3,80,7.64,10.07]
["3Wheat-CanadaPrairieSpring60","Wheat-CanadaPrairieSpring",3,60,4.84,8.58]
["3Wheat-CanadaPrairieSpring70","Wheat-CanadaPrairieSpring",3,70,6.9,10.53]
["3Wheat-CanadaPrairieSpring80","Wheat-CanadaPrairieSpring",3,80,9.43,12.91]
["3Wheat-Durum High Protein60","Wheat-Durum High Protein",3,60,2.81,6.51]
["3Wheat-Durum High Protein70","Wheat-Durum High Protein",3,70,3.9,7.51]
["3Wheat-Durum High Protein80","Wheat-Durum High Protein",3,80,5.27,8.75]
["3Wheat-Durum60","Wheat-Durum",3,60,2.81,6.51]
["3Wheat-Durum70","Wheat-Durum",3,70,3.9,7.51]
["3Wheat-Durum80","Wheat-Durum",3,80,5.27,8.75]
["3Wheat-ExtraStrong60","Wheat-ExtraStrong",3,60,4.9800000000000004,8.68]
["3Wheat-ExtraStrong70","Wheat-ExtraStrong",3,70,7.11,10.72]
["3Wheat-ExtraStrong80","Wheat-ExtraStrong",3,80,9.7200000000000006,13.2]
["3Wheat-HardRedSpring High Protein60","Wheat-HardRedSpring High Protein",3,60,2.25,5.93]
["3Wheat-HardRedSpring High Protein70","Wheat-HardRedSpring High Protein",3,70,3.15,6.75]
["3Wheat-HardRedSpring High Protein80","Wheat-HardRedSpring High Protein",3,80,4.29,7.77]
["3Wheat-HardRedSpring60","Wheat-HardRedSpring",3,60,2.25,5.93]
["3Wheat-HardRedSpring70","Wheat-HardRedSpring",3,70,3.15,6.75]
["3Wheat-HardRedSpring80","Wheat-HardRedSpring",3,80,4.29,7.77]
["3Wheat-HardRedWinter60","Wheat-HardRedWinter",3,60,2.19,5.84]
["3Wheat-HardRedWinter70","Wheat-HardRedWinter",3,70,2.97,6.55]
["3Wheat-HardRedWinter80","Wheat-HardRedWinter",3,80,3.98,7.46]
["3Wheat-NorthernHardRed60","Wheat-NorthernHardRed",3,60,2.29,5.97]
["3Wheat-NorthernHardRed70","Wheat-NorthernHardRed",3,70,3.2,6.8]
["3Wheat-NorthernHardRed80","Wheat-NorthernHardRed",3,80,4.3600000000000003,7.84]
["3Wheat-SoftWhiteSpring60","Wheat-SoftWhiteSpring",3,60,2.3199999999999998,5.95]
["3Wheat-SoftWhiteSpring70","Wheat-SoftWhiteSpring",3,70,3.25,6.82]
["3Wheat-SoftWhiteSpring80","Wheat-SoftWhiteSpring",3,80,4.4400000000000004,7.92]
["3Wheat-SpecialPurpose60","Wheat-SpecialPurpose",3,60,4.84,8.58]
["3Wheat-SpecialPurpose70","Wheat-SpecialPurpose",3,70,6.9,10.53]
["3Wheat-SpecialPurpose80","Wheat-SpecialPurpose",3,80,9.43,12.91]
["4Barley Malting60","Barley Malting",4,60,5.37,8.01]
["4Barley Malting70","Barley Malting",4,70,7.18,9.74]
["4Barley Malting80","Barley Malting",4,80,9.4499999999999993,11.88]
["4Barley60","Barley",4,60,5.37,8.01]
["4Barley70","Barley",4,70,7.18,9.74]
["4Barley80","Barley",4,80,9.4499999999999993,11.88]
["4CanarySeed60","CanarySeed",4,60,7.13,10.92]
["4CanarySeed70","CanarySeed",4,70,10.23,13.89]
["4Canola-Argentine Specialty Oil60","Canola-Argentine Specialty Oil",4,60,8.36,10.88]
["4Canola-Argentine Specialty Oil70","Canola-Argentine Specialty Oil",4,70,11.12,13.53]
["4Canola-Argentine Specialty Oil80","Canola-Argentine Specialty Oil",4,80,14.47,16.72]
["4Canola-Argentine60","Canola-Argentine",4,60,7.92,10.44]
["4Canola-Argentine70","Canola-Argentine",4,70,10.54,12.95]
["4Canola-Argentine80","Canola-Argentine",4,80,13.72,15.97]
["4Canola-Polish60","Canola-Polish",4,60,11.86,14.33]
["4Canola-Polish70","Canola-Polish",4,70,15.85,18.23]
["4Canola-Polish80","Canola-Polish",4,80,20.69,22.94]
["4Flax60","Flax",4,60,4.76,7.4]
["4Flax70","Flax",4,70,6.38,8.93]
["4Flax80","Flax",4,80,8.35,10.78]
["4Lentils-Green60","Lentils-Green",4,60,6.41,9.0299999999999994]
["4Lentils-Green70","Lentils-Green",4,70,8.4600000000000009,11.01]
["4Lentils-Green80","Lentils-Green",4,80,11.02,13.45]
["4Lentils-Red60","Lentils-Red",4,60,5.88,8.5]
["4Lentils-Red70","Lentils-Red",4,70,7.76,10.31]
["4Lentils-Red80","Lentils-Red",4,80,10.1,12.53]
["4MixedGrain60","MixedGrain",4,60,8.84,11.53]
["4MixedGrain70","MixedGrain",4,70,11.77,14.36]
["4MixedGrain80","MixedGrain",4,80,15.39,17.82]
["4Mustard-Brown60","Mustard-Brown",4,60,6.2,9.5500000000000007]
["4Mustard-Brown70","Mustard-Brown",4,70,8.91,12.11]
["4Mustard-Brown80","Mustard-Brown",4,80,12.31,15.3]
["4Mustard-Oriental60","Mustard-Oriental",4,60,8.23,11.58]
["4Mustard-Oriental70","Mustard-Oriental",4,70,11.89,15.09]
["4Mustard-Oriental80","Mustard-Oriental",4,80,16.47,19.46]
["4Mustard-Yellow60","Mustard-Yellow",4,60,8.8800000000000008,12.17]
["4Mustard-Yellow70","Mustard-Yellow",4,70,12.75,15.92]
["4Mustard-Yellow80","Mustard-Yellow",4,80,17.600000000000001,20.59]
["4Oats60","Oats",4,60,9.1,11.73]
["4Oats70","Oats",4,70,11.91,14.46]
["4Oats80","Oats",4,80,15.42,17.850000000000001]
["4Peas,Field60","Peas,Field",4,60,3.82,6.83]
["4Peas,Field70","Peas,Field",4,70,5.17,8.14]
["4Peas,Field80","Peas,Field",4,80,6.87,9.7899999999999991]
["4Rye-Fall60","Rye-Fall",4,60,4.43,7.02]
["4Rye-Fall70","Rye-Fall",4,70,6.12,8.64]
["4Rye-Fall80","Rye-Fall",4,80,8.24,10.67]
["4Rye-Spring60","Rye-Spring",4,60,7.55,10.18]
["4Rye-Spring70","Rye-Spring",4,70,9.99,12.54]
["4Rye-Spring80","Rye-Spring",4,80,13.01,15.44]
["4Safflower60","Safflower",4,60,5.74,8.11]
["4Safflower70","Safflower",4,70,7.39,9.7100000000000009]
["4Safflower80","Safflower",4,80,9.34,11.59]
["4Sunflower Confectionary60","Sunflower Confectionary",4,60,4.1399999999999997,6.48]
["4Sunflower Confectionary70","Sunflower Confectionary",4,70,5.65,7.96]
["4Sunflower Confectionary80","Sunflower Confectionary",4,80,7.59,9.84]
["4Sunflower Oilseed(Sunflower)60","Sunflower Oilseed(Sunflower)",4,60,3.97,6.33]
["4Sunflower Oilseed(Sunflower)70","Sunflower Oilseed(Sunflower)",4,70,5.33,7.65]
["4Sunflower Oilseed(Sunflower)80","Sunflower Oilseed(Sunflower)",4,80,7.04,9.2899999999999991]
["4Triticale-Spring60","Triticale-Spring",4,60,4.01,6.59]
["4Triticale-Spring70","Triticale-Spring",4,70,5.39,7.91]
["4Triticale-Spring80","Triticale-Spring",4,80,7.11,9.5399999999999991]
["4Triticale-Winter60","Triticale-Winter",4,60,7.35,9.9600000000000009]
["4Triticale-Winter70","Triticale-Winter",4,70,10.039999999999999,12.58]
["4Triticale-Winter80","Triticale-Winter",4,80,13.38,15.81]
["4Wheat-CanadaPrairieSpring60","Wheat-CanadaPrairieSpring",4,60,8.66,12.38]
["4Wheat-CanadaPrairieSpring70","Wheat-CanadaPrairieSpring",4,70,11.76,15.38]
["4Wheat-CanadaPrairieSpring80","Wheat-CanadaPrairieSpring",4,80,15.67,19.149999999999999]
["4Wheat-Durum High Protein60","Wheat-Durum High Protein",4,60,4.0599999999999996,7.83]
["4Wheat-Durum High Protein70","Wheat-Durum High Protein",4,70,5.54,9.19]
["4Wheat-Durum High Protein80","Wheat-Durum High Protein",4,80,7.39,10.87]
["4Wheat-Durum60","Wheat-Durum",4,60,4.0599999999999996,7.83]
["4Wheat-Durum70","Wheat-Durum",4,70,5.54,9.19]
["4Wheat-Durum80","Wheat-Durum",4,80,7.39,10.87]
["4Wheat-ExtraStrong60","Wheat-ExtraStrong",4,60,8.01,11.72]
["4Wheat-ExtraStrong70","Wheat-ExtraStrong",4,70,10.86,14.48]
["4Wheat-ExtraStrong80","Wheat-ExtraStrong",4,80,14.47,17.95]
["4Wheat-HardRedSpring High Protein60","Wheat-HardRedSpring High Protein",4,60,3.87,7.62]
["4Wheat-HardRedSpring High Protein70","Wheat-HardRedSpring High Protein",4,70,5.27,8.91]
["4Wheat-HardRedSpring High Protein80","Wheat-HardRedSpring High Protein",4,80,7.02,10.5]
["4Wheat-HardRedSpring60","Wheat-HardRedSpring",4,60,3.87,7.62]
["4Wheat-HardRedSpring70","Wheat-HardRedSpring",4,70,5.27,8.91]
["4Wheat-HardRedSpring80","Wheat-HardRedSpring",4,80,7.02,10.5]
["4Wheat-HardRedWinter60","Wheat-HardRedWinter",4,60,2.65,6.34]
["4Wheat-HardRedWinter70","Wheat-HardRedWinter",4,70,3.62,7.22]
["4Wheat-HardRedWinter80","Wheat-HardRedWinter",4,80,4.8499999999999996,8.33]
["4Wheat-NorthernHardRed60","Wheat-NorthernHardRed",4,60,3.89,7.64]
["4Wheat-NorthernHardRed70","Wheat-NorthernHardRed",4,70,5.29,8.93]
["4Wheat-NorthernHardRed80","Wheat-NorthernHardRed",4,80,7.05,10.53]
["4Wheat-SoftWhiteSpring60","Wheat-SoftWhiteSpring",4,60,4.38,8.09]
["4Wheat-SoftWhiteSpring70","Wheat-SoftWhiteSpring",4,70,5.99,9.6]
["4Wheat-SoftWhiteSpring80","Wheat-SoftWhiteSpring",4,80,7.98,11.46]
["4Wheat-SpecialPurpose60","Wheat-SpecialPurpose",4,60,8.66,12.38]
["4Wheat-SpecialPurpose70","Wheat-SpecialPurpose",4,70,11.76,15.38]
["4Wheat-SpecialPurpose80","Wheat-SpecialPurpose",4,80,15.67,19.149999999999999]
["5Barley Malting60","Barley Malting",5,60,1.94,4.49]
["5Barley Malting70","Barley Malting",5,70,2.79,5.29]
["5Barley Malting80","Barley Malting",5,80,3.89,6.32]
["5Barley60","Barley",5,60,1.94,4.49]
["5Barley70","Barley",5,70,2.79,5.29]
["5Barley80","Barley",5,80,3.89,6.32]
["5CanarySeed60","CanarySeed",5,60,2.37,6.03]
["5CanarySeed70","CanarySeed",5,70,3.5,7.09]
["5Canola-Argentine Specialty Oil60","Canola-Argentine Specialty Oil",5,60,3.56,5.95]
["5Canola-Argentine Specialty Oil70","Canola-Argentine Specialty Oil",5,70,5.04,7.38]
["5Canola-Argentine Specialty Oil80","Canola-Argentine Specialty Oil",5,80,6.94,9.19]
["5Canola-Argentine60","Canola-Argentine",5,60,3.37,5.76]
["5Canola-Argentine70","Canola-Argentine",5,70,4.78,7.12]
["5Canola-Argentine80","Canola-Argentine",5,80,6.58,8.83]
["5Canola-Polish60","Canola-Polish",5,60,3.68,6.04]
["5Canola-Polish70","Canola-Polish",5,70,5.23,7.55]
["5Canola-Polish80","Canola-Polish",5,80,7.21,9.4600000000000009]
["5FabaBean60","FabaBean",5,60,3.93,7.03]
["5FabaBean70","FabaBean",5,70,5.53,8.5500000000000007]
["5FabaBean80","FabaBean",5,80,7.53,10.45]
["5Flax60","Flax",5,60,4.12,6.75]
["5Flax70","Flax",5,70,5.89,8.44]
["5Flax80","Flax",5,80,8.16,10.59]
["5Lentils-Green60","Lentils-Green",5,60,8.01,10.64]
["5Lentils-Green70","Lentils-Green",5,70,10.95,13.5]
["5Lentils-Green80","Lentils-Green",5,80,14.61,17.04]
["5Lentils-Red60","Lentils-Red",5,60,7.36,9.99]
["5Lentils-Red70","Lentils-Red",5,70,10.050000000000001,12.6]
["5Lentils-Red80","Lentils-Red",5,80,13.39,15.82]
["5MixedGrain60","MixedGrain",5,60,3.75,6.36]
["5MixedGrain70","MixedGrain",5,70,5.16,7.7]
["5MixedGrain80","MixedGrain",5,80,6.96,9.39]
["5Mustard-Brown60","Mustard-Brown",5,60,3.37,6.52]
["5Mustard-Brown70","Mustard-Brown",5,70,4.9000000000000004,7.98]
["5Mustard-Brown80","Mustard-Brown",5,80,6.85,9.84]
["5Mustard-Oriental60","Mustard-Oriental",5,60,3.07,6.23]
["5Mustard-Oriental70","Mustard-Oriental",5,70,4.46,7.55]
["5Mustard-Oriental80","Mustard-Oriental",5,80,6.21,9.1999999999999993]
["5Mustard-Yellow60","Mustard-Yellow",5,60,2.2599999999999998,5.37]
["5Mustard-Yellow70","Mustard-Yellow",5,70,3.22,6.28]
["5Mustard-Yellow80","Mustard-Yellow",5,80,4.43,7.42]
["5Oats60","Oats",5,60,3.21,5.79]
["5Oats70","Oats",5,70,4.43,6.95]
["5Oats80","Oats",5,80,5.95,8.3800000000000008]
["5Peas,Field60","Peas,Field",5,60,3.58,6.62]
["5Peas,Field70","Peas,Field",5,70,4.92,7.91]
["5Peas,Field80","Peas,Field",5,80,6.61,9.5299999999999994]
["5Rye-Fall60","Rye-Fall",5,60,1.61,4.16]
["5Rye-Fall70","Rye-Fall",5,70,2.1800000000000002,4.71]
["5Rye-Fall80","Rye-Fall",5,80,2.93,5.42]
["5Rye-Spring60","Rye-Spring",5,60,4.62,7.15]
["5Rye-Spring70","Rye-Spring",5,70,6.26,8.75]
["5Rye-Spring80","Rye-Spring",5,80,8.34,10.77]
["5Triticale-Spring60","Triticale-Spring",5,60,1.5,4.08]
["5Triticale-Spring70","Triticale-Spring",5,70,2.15,4.7]
["5Triticale-Spring80","Triticale-Spring",5,80,3.02,5.52]
["5Triticale-Winter60","Triticale-Winter",5,60,2.37,4.91]
["5Triticale-Winter70","Triticale-Winter",5,70,3.51,6.01]
["5Triticale-Winter80","Triticale-Winter",5,80,5.03,7.47]
["5Wheat-CanadaPrairieSpring60","Wheat-CanadaPrairieSpring",5,60,2.89,6.53]
["5Wheat-CanadaPrairieSpring70","Wheat-CanadaPrairieSpring",5,70,4.16,7.74]
["5Wheat-CanadaPrairieSpring80","Wheat-CanadaPrairieSpring",5,80,5.8,9.2799999999999994]
["5Wheat-Durum High Protein60","Wheat-Durum High Protein",5,60,3.19,6.88]
["5Wheat-Durum High Protein70","Wheat-Durum High Protein",5,70,4.6100000000000003,8.2100000000000009]
["5Wheat-Durum High Protein80","Wheat-Durum High Protein",5,80,6.48,9.9600000000000009]
["5Wheat-Durum60","Wheat-Durum",5,60,2.99,6.68]
["5Wheat-Durum70","Wheat-Durum",5,70,4.3899999999999997,7.99]
["5Wheat-Durum80","Wheat-Durum",5,80,6.21,9.69]
["5Wheat-ExtraStrong60","Wheat-ExtraStrong",5,60,4.12,7.74]
["5Wheat-ExtraStrong70","Wheat-ExtraStrong",5,70,6,9.56]
["5Wheat-ExtraStrong80","Wheat-ExtraStrong",5,80,8.43,11.91]
["5Wheat-HardRedSpring High Protein60","Wheat-HardRedSpring High Protein",5,60,2.15,5.79]
["5Wheat-HardRedSpring High Protein70","Wheat-HardRedSpring High Protein",5,70,2.99,6.58]
["5Wheat-HardRedSpring High Protein80","Wheat-HardRedSpring High Protein",5,80,4.1399999999999997,7.65]
["5Wheat-HardRedSpring60","Wheat-HardRedSpring",5,60,1.77,5.41]
["5Wheat-HardRedSpring70","Wheat-HardRedSpring",5,70,2.56,6.15]
["5Wheat-HardRedSpring80","Wheat-HardRedSpring",5,80,3.63,7.14]
["5Wheat-HardRedWinter60","Wheat-HardRedWinter",5,60,1.51,5.0999999999999996]
["5Wheat-HardRedWinter70","Wheat-HardRedWinter",5,70,1.99,5.54]
["5Wheat-HardRedWinter80","Wheat-HardRedWinter",5,80,2.61,6.1]
["5Wheat-NorthernHardRed60","Wheat-NorthernHardRed",5,60,2,5.64]
["5Wheat-NorthernHardRed70","Wheat-NorthernHardRed",5,70,2.88,6.47]
["5Wheat-NorthernHardRed80","Wheat-NorthernHardRed",5,80,4.07,7.58]
["5Wheat-SoftWhiteSpring60","Wheat-SoftWhiteSpring",5,60,1.62,5.32]
["5Wheat-SoftWhiteSpring70","Wheat-SoftWhiteSpring",5,70,2.3199999999999998,5.93]
["5Wheat-SoftWhiteSpring80","Wheat-SoftWhiteSpring",5,80,3.27,6.75]
["5Wheat-SpecialPurpose60","Wheat-SpecialPurpose",5,60,2.89,6.53]
["5Wheat-SpecialPurpose70","Wheat-SpecialPurpose",5,70,4.16,7.74]
["5Wheat-SpecialPurpose80","Wheat-SpecialPurpose",5,80,5.8,9.2799999999999994]
["6Barley Malting60","Barley Malting",6,60,2.87,5.41]
["6Barley Malting70","Barley Malting",6,70,4.24,6.74]
["6Barley Malting80","Barley Malting",6,80,6.02,8.4499999999999993]
["6Barley60","Barley",6,60,2.87,5.41]
["6Barley70","Barley",6,70,4.24,6.74]
["6Barley80","Barley",6,80,6.02,8.4499999999999993]
["6CanarySeed60","CanarySeed",6,60,2.37,6.03]
["6CanarySeed70","CanarySeed",6,70,3.5,7.09]
["6Canola-Argentine Specialty Oil60","Canola-Argentine Specialty Oil",6,60,3.96,6.38]
["6Canola-Argentine Specialty Oil70","Canola-Argentine Specialty Oil",6,70,5.45,7.8]
["6Canola-Argentine Specialty Oil80","Canola-Argentine Specialty Oil",6,80,7.35,9.6]
["6Canola-Argentine60","Canola-Argentine",6,60,3.75,6.17]
["6Canola-Argentine70","Canola-Argentine",6,70,5.17,7.52]
["6Canola-Argentine80","Canola-Argentine",6,80,6.97,9.2200000000000006]
["6Canola-Polish60","Canola-Polish",6,60,4.7699999999999996,7.15]
["6Canola-Polish70","Canola-Polish",6,70,6.61,8.94]
["6Canola-Polish80","Canola-Polish",6,80,8.94,11.19]
["6FabaBean60","FabaBean",6,60,3.93,7.03]
["6FabaBean70","FabaBean",6,70,5.53,8.5500000000000007]
["6FabaBean80","FabaBean",6,80,7.53,10.45]
["6Flax60","Flax",6,60,6.01,8.59]
["6Flax70","Flax",6,70,8.3699999999999992,10.89]
["6Flax80","Flax",6,80,11.34,13.77]
["6Lentils-Green60","Lentils-Green",6,60,8.01,10.64]
["6Lentils-Green70","Lentils-Green",6,70,10.95,13.5]
["6Lentils-Green80","Lentils-Green",6,80,14.61,17.04]
["6Lentils-Red60","Lentils-Red",6,60,7.36,9.99]
["6Lentils-Red70","Lentils-Red",6,70,10.050000000000001,12.6]
["6Lentils-Red80","Lentils-Red",6,80,13.39,15.82]
["6MixedGrain60","MixedGrain",6,60,4.3899999999999997,7.01]
["6MixedGrain70","MixedGrain",6,70,6.13,8.67]
["6MixedGrain80","MixedGrain",6,80,8.3800000000000008,10.81]
["6Oats60","Oats",6,60,4.0999999999999996,6.66]
["6Oats70","Oats",6,70,5.73,8.24]
["6Oats80","Oats",6,80,7.8,10.23]
["6Peas,Field60","Peas,Field",6,60,3.58,6.62]
["6Peas,Field70","Peas,Field",6,70,4.92,7.91]
["6Peas,Field80","Peas,Field",6,80,6.61,9.5299999999999994]
["6Rye-Fall60","Rye-Fall",6,60,2.63,5.18]
["6Rye-Fall70","Rye-Fall",6,70,3.79,6.3]
["6Rye-Fall80","Rye-Fall",6,80,5.31,7.76]
["6Rye-Spring60","Rye-Spring",6,60,3.4,5.92]
["6Rye-Spring70","Rye-Spring",6,70,4.6500000000000004,7.13]
["6Rye-Spring80","Rye-Spring",6,80,6.28,8.7100000000000009]
["6Triticale-Spring60","Triticale-Spring",6,60,4.5199999999999996,7.07]
["6Triticale-Spring70","Triticale-Spring",6,70,6.63,9.1300000000000008]
["6Triticale-Spring80","Triticale-Spring",6,80,9.39,11.82]
["6Triticale-Winter60","Triticale-Winter",6,60,3.7,6.23]
["6Triticale-Winter70","Triticale-Winter",6,70,5.41,7.9]
["6Triticale-Winter80","Triticale-Winter",6,80,7.63,10.06]
["6Wheat-CanadaPrairieSpring60","Wheat-CanadaPrairieSpring",6,60,2.8,6.45]
["6Wheat-CanadaPrairieSpring70","Wheat-CanadaPrairieSpring",6,70,4.09,7.69]
["6Wheat-CanadaPrairieSpring80","Wheat-CanadaPrairieSpring",6,80,5.82,9.35]
["6Wheat-Durum High Protein60","Wheat-Durum High Protein",6,60,3.81,7.42]
["6Wheat-Durum High Protein70","Wheat-Durum High Protein",6,70,5.46,9.02]
["6Wheat-Durum High Protein80","Wheat-Durum High Protein",6,80,7.62,11.1]
["6Wheat-Durum60","Wheat-Durum",6,60,3.57,7.18]
["6Wheat-Durum70","Wheat-Durum",6,70,5.19,8.75]
["6Wheat-Durum80","Wheat-Durum",6,80,7.3,10.78]
["6Wheat-ExtraStrong60","Wheat-ExtraStrong",6,60,2.79,6.43]
["6Wheat-ExtraStrong70","Wheat-ExtraStrong",6,70,4.08,7.68]
["6Wheat-ExtraStrong80","Wheat-ExtraStrong",6,80,5.81,9.33]
["6Wheat-HardRedSpring High Protein60","Wheat-HardRedSpring High Protein",6,60,2.5099999999999998,6.16]
["6Wheat-HardRedSpring High Protein70","Wheat-HardRedSpring High Protein",6,70,3.4,7.01]
["6Wheat-HardRedSpring High Protein80","Wheat-HardRedSpring High Protein",6,80,4.62,8.16]
["6Wheat-HardRedSpring60","Wheat-HardRedSpring",6,60,2.0499999999999998,5.7]
["6Wheat-HardRedSpring70","Wheat-HardRedSpring",6,70,2.9,6.51]
["6Wheat-HardRedSpring80","Wheat-HardRedSpring",6,80,4.03,7.57]
["6Wheat-HardRedWinter60","Wheat-HardRedWinter",6,60,2.2400000000000002,5.85]
["6Wheat-HardRedWinter70","Wheat-HardRedWinter",6,70,3.02,6.58]
["6Wheat-HardRedWinter80","Wheat-HardRedWinter",6,80,4.04,7.52]
["6Wheat-NorthernHardRed60","Wheat-NorthernHardRed",6,60,2.69,6.34]
["6Wheat-NorthernHardRed70","Wheat-NorthernHardRed",6,70,3.91,7.52]
["6Wheat-NorthernHardRed80","Wheat-NorthernHardRed",6,80,5.56,9.1]
["6Wheat-SpecialPurpose60","Wheat-SpecialPurpose",6,60,2.8,6.45]
["6Wheat-SpecialPurpose70","Wheat-SpecialPurpose",6,70,4.09,7.69]
["6Wheat-SpecialPurpose80","Wheat-SpecialPurpose",6,80,5.82,9.35]
["7Barley Malting60","Barley Malting",7,60,1.36,3.97]
["7Barley Malting70","Barley Malting",7,70,1.95,4.54]
["7Barley Malting80","Barley Malting",7,80,2.78,5.34]
["7Barley60","Barley",7,60,1.36,3.97]
["7Barley70","Barley",7,70,1.95,4.54]
["7Barley80","Barley",7,80,2.78,5.34]
["7CanarySeed60","CanarySeed",7,60,2.37,6.03]
["7CanarySeed70","CanarySeed",7,70,3.5,7.09]
["7Canola-Argentine Specialty Oil60","Canola-Argentine Specialty Oil",7,60,2.38,4.74]
["7Canola-Argentine Specialty Oil70","Canola-Argentine Specialty Oil",7,70,3.37,5.69]
["7Canola-Argentine Specialty Oil80","Canola-Argentine Specialty Oil",7,80,4.67,6.92]
["7Canola-Argentine60","Canola-Argentine",7,60,2.2599999999999998,4.62]
["7Canola-Argentine70","Canola-Argentine",7,70,3.19,5.51]
["7Canola-Argentine80","Canola-Argentine",7,80,4.43,6.68]
["7Canola-Polish60","Canola-Polish",7,60,2.6,4.9400000000000004]
["7Canola-Polish70","Canola-Polish",7,70,3.69,5.99]
["7Canola-Polish80","Canola-Polish",7,80,5.15,7.4]
["7FabaBean60","FabaBean",7,60,3.93,7.03]
["7FabaBean70","FabaBean",7,70,5.53,8.5500000000000007]
["7FabaBean80","FabaBean",7,80,7.53,10.45]
["7Flax60","Flax",7,60,4.6500000000000004,7.32]
["7Flax70","Flax",7,70,6.96,9.5299999999999994]
["7Flax80","Flax",7,80,10.07,12.5]
["7Lentils-Green60","Lentils-Green",7,60,8.01,10.64]
["7Lentils-Green70","Lentils-Green",7,70,10.95,13.5]
["7Lentils-Green80","Lentils-Green",7,80,14.61,17.04]
["7Lentils-Red60","Lentils-Red",7,60,7.36,9.99]
["7Lentils-Red70","Lentils-Red",7,70,10.050000000000001,12.6]
["7Lentils-Red80","Lentils-Red",7,80,13.39,15.82]
["7MixedGrain60","MixedGrain",7,60,1.88,4.45]
["7MixedGrain70","MixedGrain",7,70,2.74,5.28]
["7MixedGrain80","MixedGrain",7,80,3.9,6.4]
["7Mustard-Brown60","Mustard-Brown",7,60,2.89,6.04]
["7Mustard-Brown70","Mustard-Brown",7,70,4.2699999999999996,7.36]
["7Mustard-Brown80","Mustard-Brown",7,80,6.11,9.1]
["7Mustard-Oriental60","Mustard-Oriental",7,60,2.89,6.04]
["7Mustard-Oriental70","Mustard-Oriental",7,70,4.2699999999999996,7.36]
["7Mustard-Oriental80","Mustard-Oriental",7,80,6.11,9.1]
["7Mustard-Yellow60","Mustard-Yellow",7,60,2.89,6.03]
["7Mustard-Yellow70","Mustard-Yellow",7,70,4.2699999999999996,7.35]
["7Mustard-Yellow80","Mustard-Yellow",7,80,6.12,9.11]
["7Oats60","Oats",7,60,2.35,4.88]
["7Oats70","Oats",7,70,3.41,5.91]
["7Oats80","Oats",7,80,4.8099999999999996,7.25]
["7Peas,Field60","Peas,Field",7,60,3.01,6.03]
["7Peas,Field70","Peas,Field",7,70,4.0999999999999996,7.09]
["7Peas,Field80","Peas,Field",7,80,5.5,8.44]
["7Rye-Fall60","Rye-Fall",7,60,1.52,4.1399999999999997]
["7Rye-Fall70","Rye-Fall",7,70,2.13,4.7300000000000004]
["7Rye-Fall80","Rye-Fall",7,80,2.96,5.54]
["7Rye-Spring60","Rye-Spring",7,60,3.14,5.7]
["7Rye-Spring70","Rye-Spring",7,70,4.3099999999999996,6.84]
["7Rye-Spring80","Rye-Spring",7,80,5.85,8.35]
["7Triticale-Spring60","Triticale-Spring",7,60,1.71,4.34]
["7Triticale-Spring70","Triticale-Spring",7,70,2.5,5.12]
["7Triticale-Spring80","Triticale-Spring",7,80,3.6,6.19]
["7Triticale-Winter60","Triticale-Winter",7,60,2.57,5.18]
["7Triticale-Winter70","Triticale-Winter",7,70,3.87,6.46]
["7Triticale-Winter80","Triticale-Winter",7,80,5.64,8.19]
["7Wheat-CanadaPrairieSpring60","Wheat-CanadaPrairieSpring",7,60,1.79,5.52]
["7Wheat-CanadaPrairieSpring70","Wheat-CanadaPrairieSpring",7,70,2.64,6.34]
["7Wheat-CanadaPrairieSpring80","Wheat-CanadaPrairieSpring",7,80,3.77,7.43]
["7Wheat-Durum High Protein60","Wheat-Durum High Protein",7,60,1.86,5.56]
["7Wheat-Durum High Protein70","Wheat-Durum High Protein",7,70,2.68,6.34]
["7Wheat-Durum High Protein80","Wheat-Durum High Protein",7,80,3.81,7.41]
["7Wheat-Durum60","Wheat-Durum",7,60,1.75,5.45]
["7Wheat-Durum70","Wheat-Durum",7,70,2.5499999999999998,6.21]
["7Wheat-Durum80","Wheat-Durum",7,80,3.65,7.25]
["7Wheat-ExtraStrong60","Wheat-ExtraStrong",7,60,1.85,5.58]
["7Wheat-ExtraStrong70","Wheat-ExtraStrong",7,70,2.73,6.42]
["7Wheat-ExtraStrong80","Wheat-ExtraStrong",7,80,3.9,7.54]
["7Wheat-HardRedSpring High Protein60","Wheat-HardRedSpring High Protein",7,60,1.95,5.66]
["7Wheat-HardRedSpring High Protein70","Wheat-HardRedSpring High Protein",7,70,2.72,6.39]
["7Wheat-HardRedSpring High Protein80","Wheat-HardRedSpring High Protein",7,80,3.8,7.42]
["7Wheat-HardRedSpring60","Wheat-HardRedSpring",7,60,1.6,5.31]
["7Wheat-HardRedSpring70","Wheat-HardRedSpring",7,70,2.33,6]
["7Wheat-HardRedSpring80","Wheat-HardRedSpring",7,80,3.33,6.95]
["7Wheat-HardRedWinter60","Wheat-HardRedWinter",7,60,1.52,5.17]
["7Wheat-HardRedWinter70","Wheat-HardRedWinter",7,70,2.0099999999999998,5.63]
["7Wheat-HardRedWinter80","Wheat-HardRedWinter",7,80,2.67,6.24]
["7Wheat-NorthernHardRed60","Wheat-NorthernHardRed",7,60,1.74,5.45]
["7Wheat-NorthernHardRed70","Wheat-NorthernHardRed",7,70,2.56,6.23]
["7Wheat-NorthernHardRed80","Wheat-NorthernHardRed",7,80,3.66,7.28]
["7Wheat-SoftWhiteSpring Industrial60","Wheat-SoftWhiteSpring Industrial",7,60,1.46,5.16]
["7Wheat-SoftWhiteSpring Industrial70","Wheat-SoftWhiteSpring Industrial",7,70,2.1,5.71]
["7Wheat-SoftWhiteSpring Industrial80","Wheat-SoftWhiteSpring Industrial",7,80,2.97,6.45]
["7Wheat-SpecialPurpose60","Wheat-SpecialPurpose",7,60,1.79,5.52]
["7Wheat-SpecialPurpose70","Wheat-SpecialPurpose",7,70,2.64,6.34]
["7Wheat-SpecialPurpose80","Wheat-SpecialPurpose",7,80,3.77,7.43]
["8Barley Malting60","Barley Malting",8,60,1.82,4.37]
["8Barley Malting70","Barley Malting",8,70,2.63,5.15]
["8Barley Malting80","Barley Malting",8,80,3.71,6.18]
["8Barley60","Barley",8,60,1.82,4.37]
["8Barley70","Barley",8,70,2.63,5.15]
["8Barley80","Barley",8,80,3.71,6.18]
["8CanarySeed60","CanarySeed",8,60,2.37,6.03]
["8CanarySeed70","CanarySeed",8,70,3.5,7.09]
["8Canola-Argentine Specialty Oil60","Canola-Argentine Specialty Oil",8,60,2.65,5.01]
["8Canola-Argentine Specialty Oil70","Canola-Argentine Specialty Oil",8,70,3.73,6.04]
["8Canola-Argentine Specialty Oil80","Canola-Argentine Specialty Oil",8,80,5.15,7.4]
["8Canola-Argentine60","Canola-Argentine",8,60,2.5099999999999998,4.87]
["8Canola-Argentine70","Canola-Argentine",8,70,3.54,5.85]
["8Canola-Argentine80","Canola-Argentine",8,80,4.88,7.13]
["8Canola-Polish60","Canola-Polish",8,60,3.28,5.61]
["8Canola-Polish70","Canola-Polish",8,70,4.68,6.98]
["8Canola-Polish80","Canola-Polish",8,80,6.5,8.75]
["8FabaBean60","FabaBean",8,60,3.93,7.03]
["8FabaBean70","FabaBean",8,70,5.53,8.5500000000000007]
["8FabaBean80","FabaBean",8,80,7.53,10.45]
["8Flax60","Flax",8,60,3.41,6.03]
["8Flax70","Flax",8,70,4.8899999999999997,7.43]
["8Flax80","Flax",8,80,6.79,9.2200000000000006]
["8Lentils-Green60","Lentils-Green",8,60,8.01,10.64]
["8Lentils-Green70","Lentils-Green",8,70,10.95,13.5]
["8Lentils-Green80","Lentils-Green",8,80,14.61,17.04]
["8Lentils-Red60","Lentils-Red",8,60,7.36,9.99]
["8Lentils-Red70","Lentils-Red",8,70,10.050000000000001,12.6]
["8Lentils-Red80","Lentils-Red",8,80,13.39,15.82]
["8MixedGrain60","MixedGrain",8,60,3.51,6.09]
["8MixedGrain70","MixedGrain",8,70,5.0599999999999996,7.58]
["8MixedGrain80","MixedGrain",8,80,7.08,9.51]
["8Mustard-Brown60","Mustard-Brown",8,60,3.03,6.25]
["8Mustard-Brown70","Mustard-Brown",8,70,4.6399999999999997,7.76]
["8Mustard-Brown80","Mustard-Brown",8,80,6.69,9.68]
["8Mustard-Oriental60","Mustard-Oriental",8,60,4.3499999999999996,7.59]
["8Mustard-Oriental70","Mustard-Oriental",8,70,6.75,9.8800000000000008]
["8Mustard-Oriental80","Mustard-Oriental",8,80,9.81,12.8]
["8Mustard-Yellow60","Mustard-Yellow",8,60,3.02,6.2]
["8Mustard-Yellow70","Mustard-Yellow",8,70,4.5199999999999996,7.62]
["8Mustard-Yellow80","Mustard-Yellow",8,80,6.42,9.41]
["8Oats60","Oats",8,60,3.15,5.7]
["8Oats70","Oats",8,70,4.51,7.01]
["8Oats80","Oats",8,80,6.27,8.6999999999999993]
["8Peas,Field60","Peas,Field",8,60,3.01,6.03]
["8Peas,Field70","Peas,Field",8,70,4.0999999999999996,7.09]
["8Peas,Field80","Peas,Field",8,80,5.5,8.44]
["8Rye-Fall60","Rye-Fall",8,60,1.94,4.54]
["8Rye-Fall70","Rye-Fall",8,70,2.71,5.29]
["8Rye-Fall80","Rye-Fall",8,80,3.75,6.3]
["8Rye-Spring60","Rye-Spring",8,60,4.3600000000000003,6.87]
["8Rye-Spring70","Rye-Spring",8,70,5.86,8.34]
["8Rye-Spring80","Rye-Spring",8,80,7.8,10.23]
["8Triticale-Spring60","Triticale-Spring",8,60,2.09,4.6500000000000004]
["8Triticale-Spring70","Triticale-Spring",8,70,3.08,5.61]
["8Triticale-Spring80","Triticale-Spring",8,80,4.3899999999999997,6.87]
["8Triticale-Winter60","Triticale-Winter",8,60,3.05,5.62]
["8Triticale-Winter70","Triticale-Winter",8,70,4.5599999999999996,7.1]
["8Triticale-Winter80","Triticale-Winter",8,80,6.56,9.0500000000000007]
["8Wheat-CanadaPrairieSpring60","Wheat-CanadaPrairieSpring",8,60,2.95,6.57]
["8Wheat-CanadaPrairieSpring70","Wheat-CanadaPrairieSpring",8,70,4.3,7.86]
["8Wheat-CanadaPrairieSpring80","Wheat-CanadaPrairieSpring",8,80,6.08,9.57]
["8Wheat-Durum High Protein60","Wheat-Durum High Protein",8,60,2.66,6.3]
["8Wheat-Durum High Protein70","Wheat-Durum High Protein",8,70,3.77,7.34]
["8Wheat-Durum High Protein80","Wheat-Durum High Protein",8,80,5.24,8.7200000000000006]
["8Wheat-Durum60","Wheat-Durum",8,60,2.4900000000000002,6.13]
["8Wheat-Durum70","Wheat-Durum",8,70,3.58,7.15]
["8Wheat-Durum80","Wheat-Durum",8,80,5.0199999999999996,8.5]
["8Wheat-ExtraStrong60","Wheat-ExtraStrong",8,60,3.55,7.19]
["8Wheat-ExtraStrong70","Wheat-ExtraStrong",8,70,5.21,8.8000000000000007]
["8Wheat-ExtraStrong80","Wheat-ExtraStrong",8,80,7.38,10.9]
["8Wheat-HardRedSpring High Protein60","Wheat-HardRedSpring High Protein",8,60,2.1800000000000002,5.85]
["8Wheat-HardRedSpring High Protein70","Wheat-HardRedSpring High Protein",8,70,3.04,6.66]
["8Wheat-HardRedSpring High Protein80","Wheat-HardRedSpring High Protein",8,80,4.22,7.77]
["8Wheat-HardRedSpring60","Wheat-HardRedSpring",8,60,1.79,5.46]
["8Wheat-HardRedSpring70","Wheat-HardRedSpring",8,70,2.6,6.22]
["8Wheat-HardRedSpring80","Wheat-HardRedSpring",8,80,3.7,7.25]
["8Wheat-HardRedWinter60","Wheat-HardRedWinter",8,60,2.65,6.31]
["8Wheat-HardRedWinter70","Wheat-HardRedWinter",8,70,3.59,7.18]
["8Wheat-HardRedWinter80","Wheat-HardRedWinter",8,80,4.82,8.3000000000000007]
["8Wheat-NorthernHardRed60","Wheat-NorthernHardRed",8,60,2.09,5.76]
["8Wheat-NorthernHardRed70","Wheat-NorthernHardRed",8,70,3.04,6.66]
["8Wheat-NorthernHardRed80","Wheat-NorthernHardRed",8,80,4.32,7.87]
["8Wheat-SoftWhiteSpring Industrial60","Wheat-SoftWhiteSpring Industrial",8,60,2.29,5.99]
["8Wheat-SoftWhiteSpring Industrial70","Wheat-SoftWhiteSpring Industrial",8,70,3.29,6.9]
["8Wheat-SoftWhiteSpring Industrial80","Wheat-SoftWhiteSpring Industrial",8,80,4.62,8.1]
["8Wheat-SpecialPurpose60","Wheat-SpecialPurpose",8,60,2.95,6.57]
["8Wheat-SpecialPurpose70","Wheat-SpecialPurpose",8,70,4.3,7.86]
["8Wheat-SpecialPurpose80","Wheat-SpecialPurpose",8,80,6.08,9.57]
["9Barley Malting60","Barley Malting",9,60,4.51,7.12]
["9Barley Malting70","Barley Malting",9,70,6.38,8.92]
["9Barley Malting80","Barley Malting",9,80,8.75,11.18]
["9Barley60","Barley",9,60,4.51,7.12]
["9Barley70","Barley",9,70,6.38,8.92]
["9Barley80","Barley",9,80,8.75,11.18]
["9CanarySeed60","CanarySeed",9,60,7.13,10.92]
["9CanarySeed70","CanarySeed",9,70,10.23,13.89]
["9Canola-Argentine Specialty Oil60","Canola-Argentine Specialty Oil",9,60,5.96,8.39]
["9Canola-Argentine Specialty Oil70","Canola-Argentine Specialty Oil",9,70,8.16,10.52]
["9Canola-Argentine Specialty Oil80","Canola-Argentine Specialty Oil",9,80,10.9,13.15]
["9Canola-Argentine60","Canola-Argentine",9,60,5.65,8.08]
["9Canola-Argentine70","Canola-Argentine",9,70,7.73,10.09]
["9Canola-Argentine80","Canola-Argentine",9,80,10.33,12.58]
["9Canola-Polish60","Canola-Polish",9,60,8.06,10.46]
["9Canola-Polish70","Canola-Polish",9,70,11.09,13.43]
["9Canola-Polish80","Canola-Polish",9,80,14.86,17.11]
["9FabaBean60","FabaBean",9,60,8.2799999999999994,11.46]
["9FabaBean70","FabaBean",9,70,11.94,15.01]
["9FabaBean80","FabaBean",9,80,16.52,19.440000000000001]
["9Flax60","Flax",9,60,6.31,8.9700000000000006]
["9Flax70","Flax",9,70,8.67,11.24]
["9Flax80","Flax",9,80,11.61,14.04]
["9Lentils-Green60","Lentils-Green",9,60,9.23,11.88]
["9Lentils-Green70","Lentils-Green",9,70,12.74,15.3]
["9Lentils-Green80","Lentils-Green",9,80,17.03,19.46]
["9Lentils-Red60","Lentils-Red",9,60,8.48,11.13]
["9Lentils-Red70","Lentils-Red",9,70,11.69,14.25]
["9Lentils-Red80","Lentils-Red",9,80,15.62,18.05]
["9MixedGrain60","MixedGrain",9,60,7.64,10.34]
["9MixedGrain70","MixedGrain",9,70,10.68,13.27]
["9MixedGrain80","MixedGrain",9,80,14.5,16.93]
["9Mustard-Brown60","Mustard-Brown",9,60,6.01,9.19]
["9Mustard-Brown70","Mustard-Brown",9,70,8.8000000000000007,11.9]
["9Mustard-Brown80","Mustard-Brown",9,80,12.36,15.35]
["9Mustard-Oriental60","Mustard-Oriental",9,60,5.08,8.26]
["9Mustard-Oriental70","Mustard-Oriental",9,70,7.4,10.5]
["9Mustard-Oriental80","Mustard-Oriental",9,80,10.38,13.37]
["9Mustard-Yellow60","Mustard-Yellow",9,60,4.99,8.16]
["9Mustard-Yellow70","Mustard-Yellow",9,70,7.13,10.23]
["9Mustard-Yellow80","Mustard-Yellow",9,80,9.84,12.83]
["9Oats60","Oats",9,60,6.75,9.3800000000000008]
["9Oats70","Oats",9,70,9.24,11.79]
["9Oats80","Oats",9,80,12.35,14.78]
["9Peas,Field60","Peas,Field",9,60,3.82,6.83]
["9Peas,Field70","Peas,Field",9,70,5.17,8.14]
["9Peas,Field80","Peas,Field",9,80,6.87,9.7899999999999991]
["9Rye-Fall60","Rye-Fall",9,60,4.7699999999999996,7.37]
["9Rye-Fall70","Rye-Fall",9,70,6.31,8.84]
["9Rye-Fall80","Rye-Fall",9,80,8.25,10.68]
["9Rye-Spring60","Rye-Spring",9,60,6.92,9.5299999999999994]
["9Rye-Spring70","Rye-Spring",9,70,9.3800000000000008,11.92]
["9Rye-Spring80","Rye-Spring",9,80,12.5,14.93]
["9Triticale-Spring60","Triticale-Spring",9,60,6.03,8.6199999999999992]
["9Triticale-Spring70","Triticale-Spring",9,70,8.5299999999999994,11.06]
["9Triticale-Spring80","Triticale-Spring",9,80,11.68,14.11]
["9Triticale-Winter60","Triticale-Winter",9,60,6.88,9.49]
["9Triticale-Winter70","Triticale-Winter",9,70,9.77,12.31]
["9Triticale-Winter80","Triticale-Winter",9,80,13.4,15.83]
["9Wheat-CanadaPrairieSpring60","Wheat-CanadaPrairieSpring",9,60,5.74,9.4499999999999993]
["9Wheat-CanadaPrairieSpring70","Wheat-CanadaPrairieSpring",9,70,7.82,11.44]
["9Wheat-CanadaPrairieSpring80","Wheat-CanadaPrairieSpring",9,80,10.46,13.94]
["9Wheat-Durum High Protein60","Wheat-Durum High Protein",9,60,4.51,8.2899999999999991]
["9Wheat-Durum High Protein70","Wheat-Durum High Protein",9,70,6.14,9.8000000000000007]
["9Wheat-Durum High Protein80","Wheat-Durum High Protein",9,80,8.18,11.66]
["9Wheat-Durum60","Wheat-Durum",9,60,4.41,8.19]
["9Wheat-Durum70","Wheat-Durum",9,70,6.05,9.7100000000000009]
["9Wheat-Durum80","Wheat-Durum",9,80,8.1,11.58]
["9Wheat-ExtraStrong60","Wheat-ExtraStrong",9,60,7.04,10.71]
["9Wheat-ExtraStrong70","Wheat-ExtraStrong",9,70,9.6300000000000008,13.23]
["9Wheat-ExtraStrong80","Wheat-ExtraStrong",9,80,12.9,16.38]
["9Wheat-HardRedSpring High Protein60","Wheat-HardRedSpring High Protein",9,60,3.67,7.37]
["9Wheat-HardRedSpring High Protein70","Wheat-HardRedSpring High Protein",9,70,5.0999999999999996,8.7100000000000009]
["9Wheat-HardRedSpring High Protein80","Wheat-HardRedSpring High Protein",9,80,6.93,10.41]
["9Wheat-HardRedSpring60","Wheat-HardRedSpring",9,60,3.43,7.13]
["9Wheat-HardRedSpring70","Wheat-HardRedSpring",9,70,4.88,8.49]
["9Wheat-HardRedSpring80","Wheat-HardRedSpring",9,80,6.72,10.199999999999999]
["9Wheat-HardRedWinter60","Wheat-HardRedWinter",9,60,3.44,7.13]
["9Wheat-HardRedWinter70","Wheat-HardRedWinter",9,70,4.58,8.18]
["9Wheat-HardRedWinter80","Wheat-HardRedWinter",9,80,6.02,9.5]
["9Wheat-NorthernHardRed60","Wheat-NorthernHardRed",9,60,3.49,7.19]
["9Wheat-NorthernHardRed70","Wheat-NorthernHardRed",9,70,4.96,8.57]
["9Wheat-NorthernHardRed80","Wheat-NorthernHardRed",9,80,6.82,10.3]
["9Wheat-SoftWhiteSpring60","Wheat-SoftWhiteSpring",9,60,4.18,7.88]
["9Wheat-SoftWhiteSpring70","Wheat-SoftWhiteSpring",9,70,5.87,9.48]
["9Wheat-SoftWhiteSpring80","Wheat-SoftWhiteSpring",9,80,7.98,11.46]
["9Wheat-SpecialPurpose60","Wheat-SpecialPurpose",9,60,5.74,9.4499999999999993]
["9Wheat-SpecialPurpose70","Wheat-SpecialPurpose",9,70,7.82,11.44]
["9Wheat-SpecialPurpose80","Wheat-SpecialPurpose",9,80,10.46,13.94]

{"sheet":"Dry Silage Normals (data)","index":13,"n_rows":26,"n_cols":9,"rows_kept":26,"cut":false,"hidden":true,"merged":[]}
["a","b","c","d","e"]
[null,"BarleyProxy","BarleyProxy(Corn)","LOM(Barley)","LOM(Corn)"]
[]
["spring Price",4.0823732196316795,4.0823732196316795,4.0823732196316795,4.0823732196316795]
["1",51.058535999999997,51.058535999999997,51.058535999999997,51.058535999999997,null,{"$f":"IF(Table_Query_from_Excel_Files5[[#This Row],[b]]=Table_Query_from_Excel_Files5[[#This Row],[c]],\"\",1)","v":""},{"$f":"IF(Table_Query_from_Excel_Files5[[#This Row],[c]]=Table_Query_from_Excel_Files5[[#This Row],[d]],\"\",2)","v":""},{"$f":"IF(Table_Query_from_Excel_Files5[[#This Row],[d]]=Table_Query_from_Excel_Files5[[#This Row],[e]],\"\",3)","v":""}]
["2",58.951003999999998,58.951003999999998,58.951003999999998,58.951003999999998,null,{"$f":"IF(Table_Query_from_Excel_Files5[[#This Row],[b]]=Table_Query_from_Excel_Files5[[#This Row],[c]],\"\",1)","v":""},{"$f":"IF(Table_Query_from_Excel_Files5[[#This Row],[c]]=Table_Query_from_Excel_Files5[[#This Row],[d]],\"\",2)","v":""},{"$f":"IF(Table_Query_from_Excel_Files5[[#This Row],[d]]=Table_Query_from_Excel_Files5[[#This Row],[e]],\"\",3)","v":""}]
["3",58.333716000000003,58.333716000000003,58.333716000000003,58.333716000000003,null,{"$f":"IF(Table_Query_from_Excel_Files5[[#This Row],[b]]=Table_Query_from_Excel_Files5[[#This Row],[c]],\"\",1)","v":""},{"$f":"IF(Table_Query_from_Excel_Files5[[#This Row],[c]]=Table_Query_from_Excel_Files5[[#This Row],[d]],\"\",2)","v":""},{"$f":"IF(Table_Query_from_Excel_Files5[[#This Row],[d]]=Table_Query_from_Excel_Files5[[#This Row],[e]],\"\",3)","v":""}]
["4",44.797471999999999,44.797471999999999,44.797471999999999,44.797471999999999,null,{"$f":"IF(Table_Query_from_Excel_Files5[[#This Row],[b]]=Table_Query_from_Excel_Files5[[#This Row],[c]],\"\",1)","v":""},{"$f":"IF(Table_Query_from_Excel_Files5[[#This Row],[c]]=Table_Query_from_Excel_Files5[[#This Row],[d]],\"\",2)","v":""},{"$f":"IF(Table_Query_from_Excel_Files5[[#This Row],[d]]=Table_Query_from_Excel_Files5[[#This Row],[e]],\"\",3)","v":""}]
["5",62.875191999999998,62.875191999999998,62.875191999999998,62.875191999999998,null,{"$f":"IF(Table_Query_from_Excel_Files5[[#This Row],[b]]=Table_Query_from_Excel_Files5[[#This Row],[c]],\"\",1)","v":""},{"$f":"IF(Table_Query_from_Excel_Files5[[#This Row],[c]]=Table_Query_from_Excel_Files5[[#This Row],[d]],\"\",2)","v":""},{"$f":"IF(Table_Query_from_Excel_Files5[[#This Row],[d]]=Table_Query_from_Excel_Files5[[#This Row],[e]],\"\",3)","v":""}]
["6",64.242044000000007,64.242044000000007,64.242044000000007,64.242044000000007,null,{"$f":"IF(Table_Query_from_Excel_Files5[[#This Row],[b]]=Table_Query_from_Excel_Files5[[#This Row],[c]],\"\",1)","v":""},{"$f":"IF(Table_Query_from_Excel_Files5[[#This Row],[c]]=Table_Query_from_Excel_Files5[[#This Row],[d]],\"\",2)","v":""},{"$f":"IF(Table_Query_from_Excel_Files5[[#This Row],[d]]=Table_Query_from_Excel_Files5[[#This Row],[e]],\"\",3)","v":""}]
["7",77.778288000000003,77.778288000000003,77.778288000000003,77.778288000000003,null,{"$f":"IF(Table_Query_from_Excel_Files5[[#This Row],[b]]=Table_Query_from_Excel_Files5[[#This Row],[c]],\"\",1)","v":""},{"$f":"IF(Table_Query_from_Excel_Files5[[#This Row],[c]]=Table_Query_from_Excel_Files5[[#This Row],[d]],\"\",2)","v":""},{"$f":"IF(Table_Query_from_Excel_Files5[[#This Row],[d]]=Table_Query_from_Excel_Files5[[#This Row],[e]],\"\",3)","v":""}]
["8",70.282647999999995,70.282647999999995,70.282647999999995,70.282647999999995,null,{"$f":"IF(Table_Query_from_Excel_Files5[[#This Row],[b]]=Table_Query_from_Excel_Files5[[#This Row],[c]],\"\",1)","v":""},{"$f":"IF(Table_Query_from_Excel_Files5[[#This Row],[c]]=Table_Query_from_Excel_Files5[[#This Row],[d]],\"\",2)","v":""},{"$f":"IF(Table_Query_from_Excel_Files5[[#This Row],[d]]=Table_Query_from_Excel_Files5[[#This Row],[e]],\"\",3)","v":""}]
["9",44.532919999999997,44.532919999999997,44.532919999999997,44.532919999999997,null,{"$f":"IF(Table_Query_from_Excel_Files5[[#This Row],[b]]=Table_Query_from_Excel_Files5[[#This Row],[c]],\"\",1)","v":""},{"$f":"IF(Table_Query_from_Excel_Files5[[#This Row],[c]]=Table_Query_from_Excel_Files5[[#This Row],[d]],\"\",2)","v":""},{"$f":"IF(Table_Query_from_Excel_Files5[[#This Row],[d]]=Table_Query_from_Excel_Files5[[#This Row],[e]],\"\",3)","v":""}]
["10",66.711196000000001,66.711196000000001,66.711196000000001,66.711196000000001,null,{"$f":"IF(Table_Query_from_Excel_Files5[[#This Row],[b]]=Table_Query_from_Excel_Files5[[#This Row],[c]],\"\",1)","v":""},{"$f":"IF(Table_Query_from_Excel_Files5[[#This Row],[c]]=Table_Query_from_Excel_Files5[[#This Row],[d]],\"\",2)","v":""},{"$f":"IF(Table_Query_from_Excel_Files5[[#This Row],[d]]=Table_Query_from_Excel_Files5[[#This Row],[e]],\"\",3)","v":""}]
["11",75.441412,75.441412,75.441412,75.441412,null,{"$f":"IF(Table_Query_from_Excel_Files5[[#This Row],[b]]=Table_Query_from_Excel_Files5[[#This Row],[c]],\"\",1)","v":""},{"$f":"IF(Table_Query_from_Excel_Files5[[#This Row],[c]]=Table_Query_from_Excel_Files5[[#This Row],[d]],\"\",2)","v":""},{"$f":"IF(Table_Query_from_Excel_Files5[[#This Row],[d]]=Table_Query_from_Excel_Files5[[#This Row],[e]],\"\",3)","v":""}]
["12",64.682963999999998,64.682963999999998,64.682963999999998,64.682963999999998,null,{"$f":"IF(Table_Query_from_Excel_Files5[[#This Row],[b]]=Table_Query_from_Excel_Files5[[#This Row],[c]],\"\",1)","v":""},{"$f":"IF(Table_Query_from_Excel_Files5[[#This Row],[c]]=Table_Query_from_Excel_Files5[[#This Row],[d]],\"\",2)","v":""},{"$f":"IF(Table_Query_from_Excel_Files5[[#This Row],[d]]=Table_Query_from_Excel_Files5[[#This Row],[e]],\"\",3)","v":""}]
["13",61.243788000000002,61.243788000000002,61.243788000000002,61.243788000000002,null,{"$f":"IF(Table_Query_from_Excel_Files5[[#This Row],[b]]=Table_Query_from_Excel_Files5[[#This Row],[c]],\"\",1)","v":""},{"$f":"IF(Table_Query_from_Excel_Files5[[#This Row],[c]]=Table_Query_from_Excel_Files5[[#This Row],[d]],\"\",2)","v":""},{"$f":"IF(Table_Query_from_Excel_Files5[[#This Row],[d]]=Table_Query_from_Excel_Files5[[#This Row],[e]],\"\",3)","v":""}]
["14",61.155603999999997,61.155603999999997,61.155603999999997,61.155603999999997,null,{"$f":"IF(Table_Query_from_Excel_Files5[[#This Row],[b]]=Table_Query_from_Excel_Files5[[#This Row],[c]],\"\",1)","v":""},{"$f":"IF(Table_Query_from_Excel_Files5[[#This Row],[c]]=Table_Query_from_Excel_Files5[[#This Row],[d]],\"\",2)","v":""},{"$f":"IF(Table_Query_from_Excel_Files5[[#This Row],[d]]=Table_Query_from_Excel_Files5[[#This Row],[e]],\"\",3)","v":""}]
["15",65.652987999999993,65.652987999999993,65.652987999999993,65.652987999999993,null,{"$f":"IF(Table_Query_from_Excel_Files5[[#This Row],[b]]=Table_Query_from_Excel_Files5[[#This Row],[c]],\"\",1)","v":""},{"$f":"IF(Table_Query_from_Excel_Files5[[#This Row],[c]]=Table_Query_from_Excel_Files5[[#This Row],[d]],\"\",2)","v":""},{"$f":"IF(Table_Query_from_Excel_Files5[[#This Row],[d]]=Table_Query_from_Excel_Files5[[#This Row],[e]],\"\",3)","v":""}]
["16",52.778123999999998,52.778123999999998,52.778123999999998,52.778123999999998,null,{"$f":"IF(Table_Query_from_Excel_Files5[[#This Row],[b]]=Table_Query_from_Excel_Files5[[#This Row],[c]],\"\",1)","v":""},{"$f":"IF(Table_Query_from_Excel_Files5[[#This Row],[c]]=Table_Query_from_Excel_Files5[[#This Row],[d]],\"\",2)","v":""},{"$f":"IF(Table_Query_from_Excel_Files5[[#This Row],[d]]=Table_Query_from_Excel_Files5[[#This Row],[e]],\"\",3)","v":""}]
["17",54.541803999999999,54.541803999999999,54.541803999999999,54.541803999999999,null,{"$f":"IF(Table_Query_from_Excel_Files5[[#This Row],[b]]=Table_Query_from_Excel_Files5[[#This Row],[c]],\"\",1)","v":""},{"$f":"IF(Table_Query_from_Excel_Files5[[#This Row],[c]]=Table_Query_from_Excel_Files5[[#This Row],[d]],\"\",2)","v":""},{"$f":"IF(Table_Query_from_Excel_Files5[[#This Row],[d]]=Table_Query_from_Excel_Files5[[#This Row],[e]],\"\",3)","v":""}]
["18",55.247275999999999,55.247275999999999,55.247275999999999,55.247275999999999,null,{"$f":"IF(Table_Query_from_Excel_Files5[[#This Row],[b]]=Table_Query_from_Excel_Files5[[#This Row],[c]],\"\",1)","v":""},{"$f":"IF(Table_Query_from_Excel_Files5[[#This Row],[c]]=Table_Query_from_Excel_Files5[[#This Row],[d]],\"\",2)","v":""},{"$f":"IF(Table_Query_from_Excel_Files5[[#This Row],[d]]=Table_Query_from_Excel_Files5[[#This Row],[e]],\"\",3)","v":""}]
["19",64.330228000000005,64.330228000000005,64.330228000000005,64.330228000000005,null,{"$f":"IF(Table_Query_from_Excel_Files5[[#This Row],[b]]=Table_Query_from_Excel_Files5[[#This Row],[c]],\"\",1)","v":""},{"$f":"IF(Table_Query_from_Excel_Files5[[#This Row],[c]]=Table_Query_from_Excel_Files5[[#This Row],[d]],\"\",2)","v":""},{"$f":"IF(Table_Query_from_Excel_Files5[[#This Row],[d]]=Table_Query_from_Excel_Files5[[#This Row],[e]],\"\",3)","v":""}]
["20",62.963375999999997,62.963375999999997,62.963375999999997,62.963375999999997,null,{"$f":"IF(Table_Query_from_Excel_Files5[[#This Row],[b]]=Table_Query_from_Excel_Files5[[#This Row],[c]],\"\",1)","v":""},{"$f":"IF(Table_Query_from_Excel_Files5[[#This Row],[c]]=Table_Query_from_Excel_Files5[[#This Row],[d]],\"\",2)","v":""},{"$f":"IF(Table_Query_from_Excel_Files5[[#This Row],[d]]=Table_Query_from_Excel_Files5[[#This Row],[e]],\"\",3)","v":""}]
["21",52.249020000000002,52.249020000000002,52.249020000000002,52.249020000000002,null,{"$f":"IF(Table_Query_from_Excel_Files5[[#This Row],[b]]=Table_Query_from_Excel_Files5[[#This Row],[c]],\"\",1)","v":""},{"$f":"IF(Table_Query_from_Excel_Files5[[#This Row],[c]]=Table_Query_from_Excel_Files5[[#This Row],[d]],\"\",2)","v":""},{"$f":"IF(Table_Query_from_Excel_Files5[[#This Row],[d]]=Table_Query_from_Excel_Files5[[#This Row],[e]],\"\",3)","v":""}]
["22",55.247275999999999,55.247275999999999,55.247275999999999,55.247275999999999,null,{"$f":"IF(Table_Query_from_Excel_Files5[[#This Row],[b]]=Table_Query_from_Excel_Files5[[#This Row],[c]],\"\",1)","v":""},{"$f":"IF(Table_Query_from_Excel_Files5[[#This Row],[c]]=Table_Query_from_Excel_Files5[[#This Row],[d]],\"\",2)","v":""},{"$f":"IF(Table_Query_from_Excel_Files5[[#This Row],[d]]=Table_Query_from_Excel_Files5[[#This Row],[e]],\"\",3)","v":""}]

{"sheet":"Dry Silage Rates (data)","index":14,"n_rows":89,"n_cols":6,"rows_kept":89,"cut":false,"hidden":true,"merged":[]}
["ID","CROP","RA","CL","p rem","prem+"]
["1BarleyProxy80","BarleyProxy",1,80,3.57,6]
["1BarleyProxy(Corn)80","BarleyProxy(Corn)",1,80,3.57,6]
["1LOM(Barley)80","LOM(Barley)",1,80,3.57,6]
["1LOM(Corn)80","LOM(Corn)",1,80,3.57,6]
["2BarleyProxy80","BarleyProxy",2,80,3.64,6.07]
["2BarleyProxy(Corn)80","BarleyProxy(Corn)",2,80,3.64,6.07]
["2LOM(Barley)80","LOM(Barley)",2,80,3.64,6.07]
["2LOM(Corn)80","LOM(Corn)",2,80,3.64,6.07]
["3BarleyProxy80","BarleyProxy",3,80,3.95,6.38]
["3BarleyProxy(Corn)80","BarleyProxy(Corn)",3,80,3.95,6.38]
["3LOM(Barley)80","LOM(Barley)",3,80,3.95,6.38]
["3LOM(Corn)80","LOM(Corn)",3,80,3.95,6.38]
["4BarleyProxy80","BarleyProxy",4,80,8.75,11.18]
["4BarleyProxy(Corn)80","BarleyProxy(Corn)",4,80,8.75,11.18]
["4LOM(Barley)80","LOM(Barley)",4,80,8.75,11.18]
["4LOM(Corn)80","LOM(Corn)",4,80,8.75,11.18]
["5BarleyProxy80","BarleyProxy",5,80,2.94,5.47]
["5BarleyProxy(Corn)80","BarleyProxy(Corn)",5,80,2.94,5.47]
["5LOM(Barley)80","LOM(Barley)",5,80,2.94,5.47]
["5LOM(Corn)80","LOM(Corn)",5,80,2.94,5.47]
["6BarleyProxy80","BarleyProxy",6,80,4.34,6.88]
["6BarleyProxy(Corn)80","BarleyProxy(Corn)",6,80,4.34,6.88]
["6LOM(Barley)80","LOM(Barley)",6,80,4.34,6.88]
["6LOM(Corn)80","LOM(Corn)",6,80,4.34,6.88]
["7BarleyProxy80","BarleyProxy",7,80,1.5,4.1399999999999997]
["7BarleyProxy(Corn)80","BarleyProxy(Corn)",7,80,1.5,4.1399999999999997]
["7LOM(Barley)80","LOM(Barley)",7,80,1.5,4.1399999999999997]
["7LOM(Corn)80","LOM(Corn)",7,80,1.5,4.1399999999999997]
["8BarleyProxy80","BarleyProxy",8,80,2.78,5.35]
["8BarleyProxy(Corn)80","BarleyProxy(Corn)",8,80,2.78,5.35]
["8LOM(Barley)80","LOM(Barley)",8,80,2.78,5.35]
["8LOM(Corn)80","LOM(Corn)",8,80,2.78,5.35]
["9BarleyProxy80","BarleyProxy",9,80,7.25,9.68]
["9BarleyProxy(Corn)80","BarleyProxy(Corn)",9,80,7.25,9.68]
["9LOM(Barley)80","LOM(Barley)",9,80,7.25,9.68]
["9LOM(Corn)80","LOM(Corn)",9,80,7.25,9.68]
["10BarleyProxy80","BarleyProxy",10,80,4.6399999999999997,7.16]
["10BarleyProxy(Corn)80","BarleyProxy(Corn)",10,80,4.6399999999999997,7.16]
["10LOM(Barley)80","LOM(Barley)",10,80,4.6399999999999997,7.16]
["10LOM(Corn)80","LOM(Corn)",10,80,4.6399999999999997,7.16]
["11BarleyProxy80","BarleyProxy",11,80,2.59,5.17]
["11BarleyProxy(Corn)80","BarleyProxy(Corn)",11,80,2.59,5.17]
["11LOM(Barley)80","LOM(Barley)",11,80,2.59,5.17]
["11LOM(Corn)80","LOM(Corn)",11,80,2.59,5.17]
["12BarleyProxy80","BarleyProxy",12,80,3.26,5.84]
["12BarleyProxy(Corn)80","BarleyProxy(Corn)",12,80,3.26,5.84]
["12LOM(Barley)80","LOM(Barley)",12,80,3.26,5.84]
["12LOM(Corn)80","LOM(Corn)",12,80,3.26,5.84]
["13BarleyProxy80","BarleyProxy",13,80,4.18,6.65]
["13BarleyProxy(Corn)80","BarleyProxy(Corn)",13,80,4.18,6.65]
["13LOM(Barley)80","LOM(Barley)",13,80,4.18,6.65]
["13LOM(Corn)80","LOM(Corn)",13,80,4.18,6.65]
["14BarleyProxy80","BarleyProxy",14,80,8.0299999999999994,10.46]
["14BarleyProxy(Corn)80","BarleyProxy(Corn)",14,80,8.0299999999999994,10.46]
["14LOM(Barley)80","LOM(Barley)",14,80,8.0299999999999994,10.46]
["14LOM(Corn)80","LOM(Corn)",14,80,8.0299999999999994,10.46]
["15BarleyProxy80","BarleyProxy",15,80,3.58,6.09]
["15BarleyProxy(Corn)80","BarleyProxy(Corn)",15,80,3.58,6.09]
["15LOM(Barley)80","LOM(Barley)",15,80,3.58,6.09]
["15LOM(Corn)80","LOM(Corn)",15,80,3.58,6.09]
["16BarleyProxy80","BarleyProxy",16,80,7.01,9.44]
["16BarleyProxy(Corn)80","BarleyProxy(Corn)",16,80,7.01,9.44]
["16LOM(Barley)80","LOM(Barley)",16,80,7.01,9.44]
["16LOM(Corn)80","LOM(Corn)",16,80,7.01,9.44]
["17BarleyProxy80","BarleyProxy",17,80,6.77,9.1999999999999993]
["17BarleyProxy(Corn)80","BarleyProxy(Corn)",17,80,6.77,9.1999999999999993]
["17LOM(Barley)80","LOM(Barley)",17,80,6.77,9.1999999999999993]
["17LOM(Corn)80","LOM(Corn)",17,80,6.77,9.1999999999999993]
["18BarleyProxy80","BarleyProxy",18,80,6.31,8.74]
["18BarleyProxy(Corn)80","BarleyProxy(Corn)",18,80,6.31,8.74]
["18LOM(Barley)80","LOM(Barley)",18,80,6.31,8.74]
["18LOM(Corn)80","LOM(Corn)",18,80,6.31,8.74]
["19BarleyProxy80","BarleyProxy",19,80,3.8,6.31]
["19BarleyProxy(Corn)80","BarleyProxy(Corn)",19,80,3.8,6.31]
["19LOM(Barley)80","LOM(Barley)",19,80,3.8,6.31]
["19LOM(Corn)80","LOM(Corn)",19,80,3.8,6.31]
["20BarleyProxy80","BarleyProxy",20,80,4.43,6.86]
["20BarleyProxy(Corn)80","BarleyProxy(Corn)",20,80,4.43,6.86]
["20LOM(Barley)80","LOM(Barley)",20,80,4.43,6.86]
["20LOM(Corn)80","LOM(Corn)",20,80,4.43,6.86]
["21BarleyProxy80","BarleyProxy",21,80,6.94,9.3699999999999992]
["21BarleyProxy(Corn)80","BarleyProxy(Corn)",21,80,6.94,9.3699999999999992]
["21LOM(Barley)80","LOM(Barley)",21,80,6.94,9.3699999999999992]
["21LOM(Corn)80","LOM(Corn)",21,80,6.94,9.3699999999999992]
["22BarleyProxy80","BarleyProxy",22,80,4.75,7.18]
["22BarleyProxy(Corn)80","BarleyProxy(Corn)",22,80,4.75,7.18]
["22LOM(Barley)80","LOM(Barley)",22,80,4.75,7.18]
["22LOM(Corn)80","LOM(Corn)",22,80,4.75,7.18]

{"sheet":"Irr Crop Normals (data)","index":15,"n_rows":64,"n_cols":47,"rows_kept":64,"cut":false,"hidden":true,"merged":[]}
["F1","F2","F3","F4","F5","F6","F7","F8","F9","F10","F11","F12","F13","F14","F15","F16","F17","F18","F19","F20","F21","F22","F23","F24","F25","F26","F27","F28","F29","F30","F31","F32","F33","F34","F35","F36","F37","F38","F39","F40","F41","F42","F43","F44","Column1","Column2","Column3"]
[]
[]
[]
[]
["60",null,"Crop1","Crop2","Crop3","Crop4","Crop5","Crop6","Crop7","Crop8","Crop9","Crop10","Crop11","Crop12","Crop13","Crop14","Crop15","Crop16","Crop17","Crop18","Crop19","Crop20","Crop21","Crop22","Crop23","Crop24","Crop25","Crop26","Crop27","Crop28","Crop29","Crop30","Crop31","Crop32","Crop33","Crop34","Crop35","Crop36","Crop37","Crop38","Crop39","Crop40","Crop41"]
["70",null,null,null,null,"normal lookup table"]
["80",null,"Barley","Barley Malting","Beans,Dry-Black/Others","Beans,Dry-GreatNorthern","Beans,Dry-Pink","Beans,Dry-Pinto","Beans,Dry-SmallRed","Beans,Dry-Yellow","Canola-Argentine","Canola-Polish","Canola-Argentine Specialty Oil","Chickpeas-Desi","Chickpeas-Kabuli","Corn(Grain)","FabaBean","Flax","Lentils-Green","Lentils-Red","MixedGrain","Mustard-Brown","Mustard-Oriental","Mustard-Yellow","Oats","Peas,Field","Rye-Fall","Rye-Spring","Safflower","Sunflower Confectionary","Sunflower Oilseed(Sunflower)","Triticale-Spring","Triticale-Winter","Wheat-CanadaPrairieSpring","Wheat-Durum","Wheat-Durum High Protein*","Wheat-ExtraStrong","Wheat-HardRedSpring","Wheat-HardRedSpring High Protein*","Wheat-HardRedWinter","Wheat-NorthernHardRed","Wheat-SoftWhiteSpring","Wheat-SpecialPurpose"]
[null,"AG_PROD_UID","12267","12267","12413","12414","12415","12416","12417","18741","12388","12389","12388","13559","13558","12270","12408","12383","18898","18897","12272","12392","12393","12394","12273","12411","12286","12287","12386","12387","12387","12288","12289","13571","12290","12290","13572","12291","12292","12292","19127","12294","19126"]
[null,"AG_PROD_USE_UID",442,7139,810,811,812,813,814,22153,752,754,12978,3464,3463,448,788,738,23056,23054,452,759,761,763,456,808,483,485,746,750,749,487,489,3477,491,3903,3479,493,3853,495,23731,499,23725]
[null,"Spring Price",4.0823732196316795,5.2163657806404791,0.32205388732649909,0.31751791708246391,0.37421754513290389,0.31751791708246391,0.37875351537693908,0.32205388732649909,10.659530073482717,10.659530073482717,11.63,0.18143880976140797,0.21092261634763676,6.0963218857955699,9.7523360246756771E-2,11.684913760256054,0.19958269073754875,0.18143880976140797,3.632372018760603,14.061507756509117,14.061507756509117,16.329492878526718,3.4405162634133641,6.9399085564990202,4.8263774227144562,4.8263774227144562,0.29030209561825271,0.33,0.22,4.2456835550523628,4.2456835550523628,5.9873720879599395,6.6677552797735684,6.8,6.2595253646853912,6.2595253646853912,6.67,5.7152188112344868,5.72,5.1709122577835842,5.17]
["RA","1",108.598596,108.598596,null,null,null,null,null,null,46.605243999999999,33.818564000000002,46.605243999999999,1067.0264,1342.6014,55.154567999999998,2696.2258000000002,30.942461999999999,1446.2176000000002,1571.8798000000002,111.48362499999999,30.467572000000001,30.026651999999999,20.061859999999999,82.538484999999994,48.391847999999996,80.348046999999994,74.757932999999994,null,null,null,85.639919999999989,90.897023999999988,68.637792000000005,84.033528000000004,84.033528000000004,66.286175999999998,62.464799999999997,62.464799999999997,94.395336,62.464799999999997,92.852087999999995,68.637792000000005]
[null,"2",111.86140399999999,111.86140399999999,2021.6182000000001,2074.5286000000001,1931.2296000000001,1946.6618000000001,2030.4366,2416.2416000000003,51.719915999999998,33.598103999999999,51.719915999999998,null,null,108.34073600000001,2696.2258000000002,49.759887999999997,1446.2176000000002,1571.8798000000002,136.03507499999998,28.130696,27.733868000000001,19.400479999999998,102.756381,48.391847999999996,93.102954999999994,91.134604999999993,1265.4404,1554.2430000000002,1503.5372,104.67572399999999,100.26653999999999,85.503287999999998,85.870728,85.870728,82.012608,75.839615999999992,75.839615999999992,93.84417599999999,79.403784000000002,101.45018399999999,85.503287999999998]
[null,"3",108.863148,108.863148,2021.6182000000001,2074.5286000000001,1931.2296000000001,1946.6618000000001,2030.4366,2416.2416000000003,53.968607999999996,34.920864000000002,53.968607999999996,null,null,118.812624,2696.2258000000002,41.256616000000001,1446.2176000000002,1571.8798000000002,121.10378499999999,41.358296000000003,40.829191999999999,26.190647999999999,97.110426000000004,48.391847999999996,86.764867999999993,80.229945999999998,1265.4404,1554.2430000000002,1503.5372,122.22766799999999,124.09309199999998,98.694383999999999,97.628807999999992,97.628807999999992,94.909751999999997,92.55813599999999,92.55813599999999,101.633904,93.770687999999993,101.85436799999999,98.694383999999999]
[null,"4",99.559736000000001,99.559736000000001,2021.6182000000001,2074.5286000000001,1931.2296000000001,1946.6618000000001,2030.4366,2416.2416000000003,52.337204,34.920864000000002,52.337204,null,null,118.812624,2696.2258000000002,41.256616000000001,1446.2176000000002,1571.8798000000002,99.157794999999993,30.599847999999998,30.114836,20.017768,99.046182000000002,48.391847999999996,75.112235999999996,58.026958,1265.4404,1554.2430000000002,1503.5372,96.705275999999998,109.72084799999999,84.327479999999994,85.393056000000001,85.393056000000001,86.127935999999991,77.419607999999997,77.419607999999997,94.248359999999991,81.240983999999997,88.479551999999998,84.327479999999994]
[null,"5",94.180511999999993,94.180511999999993,null,null,null,null,null,null,47.442991999999997,30.203019999999999,47.442991999999997,null,null,null,2696.2258000000002,29.13158,1446.2176000000002,1571.8798000000002,104.068085,29.453455999999999,29.012536000000001,19.356387999999999,85.710973999999993,48.391847999999996,83.064369999999997,76.057044000000005,null,null,null,104.42134799999999,103.700616,80.175408000000004,89.802335999999997,89.802335999999997,83.225160000000002,76.096823999999998,76.096823999999998,113.979888,78.007511999999991,83.372135999999998,80.175408000000004]
[null,6]
[null,7]
[null,"8",94.445064000000002,94.445064000000002,null,null,null,null,null,null,37.522292,26.455199999999998,37.522292,null,null,null,null,29.800819000000001,null,null,102.71525,null,null,null,83.345050000000001,null,null,null,null,null,null,null,null,84.364223999999993,null,null,83.078183999999993,75.508920000000003,75.508920000000003,null,78.926112000000003,null,84.364223999999993]
[null,"9",92.020004,92.020004,2021.6182000000001,1931.2296000000001,1931.2296000000001,1946.6618000000001,2030.4366,2416.2416000000003,34.259484,24.647427999999998,34.259484,null,null,null,2696.2258000000002,30.509425,1446.2176000000002,1571.8798000000002,101.51272999999999,30.555755999999999,30.070744000000001,20.061859999999999,79.365995999999996,48.391847999999996,67.356937000000002,54.129624999999997,null,1554.2430000000002,null,81.145943999999986,86.021483999999987,66.910823999999991,84.14376,84.14376,64.889904000000001,59.341560000000001,59.341560000000001,80.726568,62.281079999999996,82.637255999999994,66.910823999999991]
[null,null,"Barley"]
[null,null,"Barley Malting"]
[null,null,"Beans,Dry-Black/Others"]
[null,null,"Beans,Dry-GreatNorthern"]
[null,null,"Beans,Dry-Pink"]
[null,null,"Beans,Dry-Pinto"]
[null,null,"Beans,Dry-SmallRed"]
[null,null,"Beans,Dry-Yellow"]
[null,null,"Canola-Argentine"]
[null,null,"Canola-Polish"]
[null,null,"Canola-Argentine Specialty Oil"]
[null,null,"Chickpeas-Desi"]
[null,null,"Chickpeas-Kabuli"]
[null,null,"Corn(Grain)"]
[null,null,"FabaBean"]
[null,null,"Flax"]
[null,null,"Lentils-Green"]
[null,null,"Lentils-Red"]
[null,null,"MixedGrain"]
[null,null,"Mustard-Brown"]
[null,null,"Mustard-Oriental"]
[null,null,"Mustard-Yellow"]
[null,null,"Oats"]
[null,null,"Peas,Field"]
[null,null,"Rye-Fall"]
[null,null,"Rye-Spring"]
[null,null,"Safflower"]
[null,null,"Sunflower Confectionary"]
[null,null,"Sunflower Oilseed(Sunflower)"]
[null,null,"Triticale-Spring"]
[null,null,"Triticale-Winter"]
[null,null,"Wheat-CanadaPrairieSpring"]
[null,null,"Wheat-Durum"]
[null,null,"Wheat-Durum High Protein*"]
[null,null,"Wheat-ExtraStrong"]
[null,null,"Wheat-HardRedSpring"]
[null,null,"Wheat-HardRedSpring High Protein*"]
[null,null,"Wheat-HardRedWinter"]
[null,null,"Wheat-NorthernHardRed"]
[null,null,"Wheat-SoftWhiteSpring"]
[null,null,"Wheat-SpecialPurpose"]
[null,null,"0",null,null,null,""]
[null,null,"0"]
[null,null,"0"]

{"sheet":"Irrigated Crop Rates (data)","index":16,"n_rows":706,"n_cols":6,"rows_kept":706,"cut":false,"hidden":true,"merged":[]}
["ID","CROP","RA","CL","p rem","prem+"]
["22Barley80","Barley",22,80,5.28,5.28]
["9Barley Malting70","Barley Malting",9,70,4.03,6.54]
["9Barley80","Barley",9,80,9.89,14.87]
["1Barley Malting60","Barley Malting",1,60,1.49,4.07]
["2Barley Malting80","Barley Malting",2,80,2.25,4.78]
["4Corn(Grain)60","Corn(Grain)",4,60,2.0299999999999998,4.51]
["1MixedGrain60","MixedGrain",1,60,2.12,4.72]
["2MixedGrain70","MixedGrain",2,70,1.81,4.42]
["22Oats60","Oats",22,60,2.56,2.56]
["3Oats80","Oats",3,80,2.42,4.99]
["9Rye-Fall60","Rye-Fall",9,60,2.9,5.45]
["4Rye-Fall60","Rye-Fall",4,60,2.04,4.59]
["3Rye-Fall70","Rye-Fall",3,70,3.48,5.99]
["3Rye-Fall60","Rye-Fall",3,60,2.33,4.88]
["2Rye-Fall80","Rye-Fall",2,80,4.33,6.76]
["2Rye-Spring70","Rye-Spring",2,70,4.78,7.28]
["2Rye-Spring60","Rye-Spring",2,60,3.17,5.71]
["9Triticale-Spring80","Triticale-Spring",9,80,7.89,10.32]
["1Triticale-Winter80","Triticale-Winter",1,80,7.89,10.32]
["2Triticale-Winter70","Triticale-Winter",2,70,2.02,4.51]
["3Triticale-Winter70","Triticale-Winter",3,70,2.95,5.45]
["9Wheat-Durum High Protein60","Wheat-Durum High Protein*",9,60,3.15,6.88]
["9Wheat-Durum60","Wheat-Durum",9,60,3.09,6.82]
["5Wheat-Durum80","Wheat-Durum",5,80,6.67,10.15]
["1Wheat-Durum60","Wheat-Durum",1,60,2.73,6.38]
["4Wheat-Durum High Protein80","Wheat-Durum High Protein*",4,80,2.77,6.44]
["4Wheat-Durum70","Wheat-Durum",4,70,1.92,5.63]
["4Wheat-Durum60","Wheat-Durum",4,60,1.32,5.0599999999999996]
["22Wheat-HardRedSpring70","Wheat-HardRedSpring",22,70,3.66,3.66]
["8Wheat-HardRedSpring High Protein60","Wheat-HardRedSpring High Protein*",8,60,2.12,5.84]
["3Wheat-HardRedSpring High Protein60","Wheat-HardRedSpring High Protein*",3,60,0.99,4.7300000000000004]
["3Wheat-HardRedSpring80","Wheat-HardRedSpring",3,80,1.85,5.52]
["3Wheat-HardRedSpring60","Wheat-HardRedSpring",3,60,0.99,4.7300000000000004]
["4Wheat-HardRedSpring High Protein80","Wheat-HardRedSpring High Protein*",4,80,1.5,5.17]
["4Wheat-HardRedSpring60","Wheat-HardRedSpring",4,60,0.84,4.58]
["9Wheat-HardRedWinter70","Wheat-HardRedWinter",9,70,6.64,10.220000000000001]
["5Wheat-SoftWhiteSpring70","Wheat-SoftWhiteSpring",5,70,1.34,5]
["3Wheat-SoftWhiteSpring70","Wheat-SoftWhiteSpring",3,70,1.41,5.13]
["3Wheat-SoftWhiteSpring60","Wheat-SoftWhiteSpring",3,60,0.98,4.7300000000000004]
["4Wheat-SoftWhiteSpring80","Wheat-SoftWhiteSpring",4,80,3.15,6.68]
["5Flax70","Flax",5,70,2.91,5.47]
["4Safflower60","Safflower",4,60,5.12,7.47]
["9Sunflower Confectionary70","Sunflower Confectionary",9,70,2.83,5.19]
["2Sunflower Oilseed(Sunflower)70","Sunflower Oilseed(Sunflower)",2,70,3.71,6.06]
["4Sunflower Confectionary80","Sunflower Confectionary",4,80,3.92,6.25]
["8Canola-Argentine Specialty Oil60","Canola-Argentine Specialty Oil",8,60,2.2400000000000002,4.5999999999999996]
["8Canola-Argentine70","Canola-Argentine",8,70,3.1,5.42]
["8Canola-Argentine60","Canola-Argentine",8,60,2.12,4.4800000000000004]
["5Canola-Argentine80","Canola-Argentine",5,80,3.59,5.84]
["5Canola-Argentine70","Canola-Argentine",5,70,2.54,4.8600000000000003]
["3Canola-Argentine Specialty Oil80","Canola-Argentine Specialty Oil",3,80,2.69,5.01]
["4Canola-Argentine Specialty Oil80","Canola-Argentine Specialty Oil",4,80,3.49,5.75]
["8Canola-Polish70","Canola-Polish",8,70,4.13,6.45]
["4Canola-Polish80","Canola-Polish",4,80,4.76,7.07]
["9Mustard-Brown60","Mustard-Brown",9,60,4.54,7.69]
["5Mustard-Brown70","Mustard-Brown",5,70,7.16,10.25]
["2Mustard-Brown60","Mustard-Brown",2,60,5.31,8.48]
["9Mustard-Oriental70","Mustard-Oriental",9,70,6.5,9.59]
["3Mustard-Oriental70","Mustard-Oriental",3,70,5.69,8.77]
["3Mustard-Oriental60","Mustard-Oriental",3,60,3.94,7.07]
["9Mustard-Yellow80","Mustard-Yellow",9,80,9.17,12.16]
["1Mustard-Yellow70","Mustard-Yellow",1,70,6.5,9.59]
["1Mustard-Yellow60","Mustard-Yellow",1,60,4.54,7.69]
["2Mustard-Yellow80","Mustard-Yellow",2,80,5.93,8.92]
["4Mustard-Yellow60","Mustard-Yellow",4,60,3.02,6.13]
["1FabaBean60","FabaBean",1,60,6.12,9.2100000000000009]
["4Peas,Field70","Peas,Field",4,70,2.8,5.8]
["4Peas,Field60","Peas,Field",4,60,1.93,4.97]
["5Peas,Field60","Peas,Field",5,60,1.93,4.97]
["4Beans,Dry-GreatNorthern60","Beans,Dry-GreatNorthern",4,60,2.16,4.4800000000000004]
["4Beans,Dry-Pinto80","Beans,Dry-Pinto",4,80,4.24,6.49]
["2Beans,Dry-SmallRed60","Beans,Dry-SmallRed",2,60,2.5,4.82]
["3Beans,Dry-SmallRed70","Beans,Dry-SmallRed",3,70,3.44,5.73]
["8Wheat-CanadaPrairieSpring80","Wheat-CanadaPrairieSpring",8,80,3.36,7.07]
["8Wheat-CanadaPrairieSpring60","Wheat-CanadaPrairieSpring",8,60,1.53,5.3]
["1Wheat-CanadaPrairieSpring70","Wheat-CanadaPrairieSpring",1,70,5.45,9.06]
["2Wheat-CanadaPrairieSpring60","Wheat-CanadaPrairieSpring",2,60,1.81,5.53]
["9Wheat-ExtraStrong80","Wheat-ExtraStrong",9,80,7.33,10.81]
["2Wheat-ExtraStrong80","Wheat-ExtraStrong",2,80,4.3600000000000003,7.97]
["4Wheat-ExtraStrong80","Wheat-ExtraStrong",4,80,2.25,5.99]
["3Wheat-ExtraStrong60","Wheat-ExtraStrong",3,60,1.1000000000000001,4.88]
["9Beans,Dry-Yellow60","Beans,Dry-Yellow",9,60,4.57,6.92]
["4Beans,Dry-Yellow80","Beans,Dry-Yellow",4,80,8.6999999999999993,10.95]
["4Lentils-Red80","Lentils-Red",4,80,10.199999999999999,12.63]
["5Lentils-Red70","Lentils-Red",5,70,7.52,10.06]
["4Lentils-Green70","Lentils-Green",4,70,8.1999999999999993,10.74]
["2Wheat-SpecialPurpose80","Wheat-SpecialPurpose",2,80,3.97,7.6]
["4Wheat-NorthernHardRed70","Wheat-NorthernHardRed",4,70,1.47,5.18]
["3Wheat-NorthernHardRed80","Wheat-NorthernHardRed",3,80,2.19,5.86]
["2Wheat-NorthernHardRed70","Wheat-NorthernHardRed",2,70,1.94,5.58]
["22Barley60","Barley",22,60,2.59,2.59]
["8Barley Malting80","Barley Malting",8,80,3.06,5.57]
["8Barley70","Barley",8,70,2.08,4.6399999999999997]
["8Barley60","Barley",8,60,1.41,4]
["9Barley Malting60","Barley Malting",9,60,2.58,5.13]
["9Barley60","Barley",9,60,2.58,5.13]
["2Barley60","Barley",2,60,1.1100000000000001,3.71]
["3Barley Malting70","Barley Malting",3,70,1.63,4.24]
["3Barley80","Barley",3,80,3.92,9.1300000000000008]
["1Corn(Grain)80","Corn(Grain)",1,80,5.37,7.73]
["3Corn(Grain)70","Corn(Grain)",3,70,3.06,5.51]
["3Corn(Grain)60","Corn(Grain)",3,60,2.0299999999999998,4.51]
["9MixedGrain80","MixedGrain",9,80,5.56,8.06]
["2MixedGrain60","MixedGrain",2,60,1.26,3.89]
["4MixedGrain70","MixedGrain",4,70,0.92,3.57]
["5MixedGrain80","MixedGrain",5,80,1.59,4.1399999999999997]
["22Oats70","Oats",22,70,3.55,3.55]
["8Oats70","Oats",8,70,2.71,5.32]
["2Oats70","Oats",2,70,0.84,3.43]
["1Triticale-Spring60","Triticale-Spring",1,60,3.48,6.03]
["3Triticale-Spring70","Triticale-Spring",3,70,2.23,4.72]
["4Triticale-Spring70","Triticale-Spring",4,70,1.89,4.3899999999999997]
["5Triticale-Winter70","Triticale-Winter",5,70,3.55,6.09]
["9Wheat-Durum High Protein80","Wheat-Durum High Protein*",9,80,7.18,10.66]
["5Wheat-Durum60","Wheat-Durum",5,60,2.91,6.55]
["1Wheat-Durum High Protein60","Wheat-Durum High Protein*",1,60,2.91,6.56]
["3Wheat-Durum70","Wheat-Durum",3,70,2.5299999999999998,6.17]
["2Wheat-Durum High Protein80","Wheat-Durum High Protein*",2,80,3.8,7.35]
["4Wheat-Durum High Protein70","Wheat-Durum High Protein*",4,70,1.92,5.63]
["5Wheat-HardRedSpring High Protein80","Wheat-HardRedSpring High Protein*",5,80,3.64,7.26]
["5Wheat-HardRedSpring High Protein70","Wheat-HardRedSpring High Protein*",5,70,2.5499999999999998,6.23]
["8Wheat-HardRedSpring High Protein80","Wheat-HardRedSpring High Protein*",8,80,4.4400000000000004,8.06]
["9Wheat-HardRedSpring80","Wheat-HardRedSpring",9,80,3.97,7.45]
["5Wheat-HardRedSpring80","Wheat-HardRedSpring",5,80,3.2,6.82]
["5Wheat-HardRedSpring70","Wheat-HardRedSpring",5,70,2.19,5.87]
["2Wheat-HardRedSpring High Protein80","Wheat-HardRedSpring High Protein*",2,80,2.04,5.63]
["2Wheat-HardRedSpring80","Wheat-HardRedSpring",2,80,2.04,5.63]
["2Wheat-HardRedSpring60","Wheat-HardRedSpring",2,60,1.1200000000000001,4.8]
["3Wheat-HardRedWinter80","Wheat-HardRedWinter",3,80,2.5499999999999998,6.08]
["2Wheat-HardRedWinter70","Wheat-HardRedWinter",2,70,1.1399999999999999,4.7699999999999996]
["4Wheat-HardRedWinter80","Wheat-HardRedWinter",4,80,1.93,5.44]
["8Flax70","Flax",8,70,3.3,5.86]
["9Flax80","Flax",9,80,6.3,8.73]
["3Sunflower Oilseed(Sunflower)70","Sunflower Oilseed(Sunflower)",3,70,3.71,6.06]
["9Canola-Argentine70","Canola-Argentine",9,70,3.49,5.8]
["5Canola-Argentine Specialty Oil80","Canola-Argentine Specialty Oil",5,80,3.79,6.04]
["3Canola-Argentine80","Canola-Argentine",3,80,2.5499999999999998,4.87]
["22Canola-Polish80","Canola-Polish",22,80,7.36,7.36]
["22Canola-Polish60","Canola-Polish",22,60,3.93,3.93]
["9Canola-Polish80","Canola-Polish",9,80,5.37,7.67]
["9Canola-Polish70","Canola-Polish",9,70,3.74,6.08]
["9Canola-Polish60","Canola-Polish",9,60,2.52,4.8899999999999997]
["1Canola-Polish70","Canola-Polish",1,70,3.19,5.56]
["3Canola-Polish60","Canola-Polish",3,60,1.68,4.09]
["1Mustard-Brown70","Mustard-Brown",1,70,6.5,9.59]
["2Mustard-Brown70","Mustard-Brown",2,70,7.51,10.61]
["3Mustard-Brown70","Mustard-Brown",3,70,5.6,8.68]
["5Mustard-Oriental70","Mustard-Oriental",5,70,7.16,10.25]
["5Mustard-Yellow70","Mustard-Yellow",5,70,6.77,9.84]
["2Mustard-Yellow70","Mustard-Yellow",2,70,4.29,7.37]
["2Mustard-Yellow60","Mustard-Yellow",2,60,3.08,6.22]
["4Mustard-Yellow80","Mustard-Yellow",4,80,5.88,8.8699999999999992]
["9FabaBean80","FabaBean",9,80,11.36,14.28]
["4FabaBean70","FabaBean",4,70,8.42,11.45]
["5FabaBean70","FabaBean",5,70,8.42,11.45]
["22Peas,Field70","Peas,Field",22,70,3.94,3.94]
["5Peas,Field70","Peas,Field",5,70,2.8,5.8]
["1Peas,Field80","Peas,Field",1,80,3.98,6.91]
["1Peas,Field70","Peas,Field",1,70,2.8,5.8]
["3Beans,Dry-Black/Others70","Beans,Dry-Black/Others",3,70,4.6100000000000003,6.92]
["9Beans,Dry-SmallRed60","Beans,Dry-SmallRed",9,60,2.5,4.82]
["22Wheat-CanadaPrairieSpring80","Wheat-CanadaPrairieSpring",22,80,6.26,6.26]
["9Wheat-CanadaPrairieSpring80","Wheat-CanadaPrairieSpring",9,80,6.71,10.19]
["9Wheat-CanadaPrairieSpring70","Wheat-CanadaPrairieSpring",9,70,4.3600000000000003,7.95]
["5Wheat-CanadaPrairieSpring60","Wheat-CanadaPrairieSpring",5,60,1.55,5.32]
["4Wheat-CanadaPrairieSpring80","Wheat-CanadaPrairieSpring",4,80,2.56,6.3]
["2Wheat-CanadaPrairieSpring70","Wheat-CanadaPrairieSpring",2,70,2.7,6.38]
["9Wheat-ExtraStrong60","Wheat-ExtraStrong",9,60,2.99,6.67]
["5Wheat-ExtraStrong80","Wheat-ExtraStrong",5,80,2.97,6.67]
["5Wheat-ExtraStrong70","Wheat-ExtraStrong",5,70,2.0299999999999998,5.77]
["2Wheat-ExtraStrong70","Wheat-ExtraStrong",2,70,2.95,6.62]
["1Wheat-ExtraStrong70","Wheat-ExtraStrong",1,70,5.71,9.33]
["2Beans,Dry-Yellow70","Beans,Dry-Yellow",2,70,6.4,8.7100000000000009]
["3Lentils-Red80","Lentils-Red",3,80,10.199999999999999,12.63]
["5Lentils-Green60","Lentils-Green",5,60,5.79,8.41]
["3Lentils-Green80","Lentils-Green",3,80,11.13,13.56]
["3Lentils-Green60","Lentils-Green",3,60,5.79,8.41]
["8Wheat-SpecialPurpose80","Wheat-SpecialPurpose",8,80,3.36,7.07]
["4Wheat-SpecialPurpose60","Wheat-SpecialPurpose",4,60,1.19,4.97]
["1Barley60","Barley",1,60,1.49,4.07]
["5Barley70","Barley",5,70,1.7,4.26]
["5Barley Malting80","Barley Malting",5,80,2.46,4.97]
["5Barley Malting60","Barley Malting",5,60,1.17,3.76]
["2Corn(Grain)80","Corn(Grain)",2,80,4.6399999999999997,7.04]
["2Corn(Grain)60","Corn(Grain)",2,60,2.16,4.6399999999999997]
["3Corn(Grain)80","Corn(Grain)",3,80,4.34,6.74]
["8MixedGrain80","MixedGrain",8,80,2.5299999999999998,5.08]
["22Oats80","Oats",22,80,4.79,4.79]
["1Oats70","Oats",1,70,3.16,5.71]
["3Oats70","Oats",3,70,1.73,4.33]
["4Oats70","Oats",4,70,1.07,3.67]
["4Rye-Fall70","Rye-Fall",4,70,2.98,5.49]
["9Rye-Spring80","Rye-Spring",9,80,6.52,8.98]
["9Rye-Spring70","Rye-Spring",9,70,4.42,6.94]
["5Rye-Spring70","Rye-Spring",5,70,3.34,5.9]
["3Rye-Spring70","Rye-Spring",3,70,4.3499999999999996,6.88]
["9Triticale-Spring70","Triticale-Spring",9,70,5.42,7.92]
["5Triticale-Spring60","Triticale-Spring",5,60,2.33,4.91]
["1Triticale-Winter70","Triticale-Winter",1,70,5.42,7.92]
["2Triticale-Winter80","Triticale-Winter",2,80,2.8,5.23]
["4Triticale-Winter80","Triticale-Winter",4,80,3.98,6.41]
["9Wheat-Durum High Protein70","Wheat-Durum High Protein*",9,70,4.82,8.4499999999999993]
["5Wheat-Durum High Protein80","Wheat-Durum High Protein*",5,80,6.94,10.42]
["5Wheat-Durum70","Wheat-Durum",5,70,4.47,8.0500000000000007]
["3Wheat-Durum High Protein60","Wheat-Durum High Protein*",3,60,1.7,5.39]
["3Wheat-Durum80","Wheat-Durum",3,80,3.73,7.3]
["2Wheat-Durum High Protein70","Wheat-Durum High Protein*",2,70,2.65,6.27]
["2Wheat-Durum60","Wheat-Durum",2,60,1.83,5.5]
["8Wheat-HardRedSpring High Protein70","Wheat-HardRedSpring High Protein*",8,70,3.07,6.75]
["8Wheat-HardRedSpring80","Wheat-HardRedSpring",8,80,3.91,7.53]
["8Wheat-HardRedSpring60","Wheat-HardRedSpring",8,60,1.75,5.47]
["1Wheat-HardRedSpring70","Wheat-HardRedSpring",1,70,2.77,6.38]
["2Wheat-HardRedSpring High Protein70","Wheat-HardRedSpring High Protein*",2,70,1.5,5.14]
["1Wheat-HardRedWinter70","Wheat-HardRedWinter",1,70,5.61,9.19]
["5Wheat-SoftWhiteSpring80","Wheat-SoftWhiteSpring",5,80,1.93,5.52]
["1Wheat-SoftWhiteSpring60","Wheat-SoftWhiteSpring",1,60,1.58,5.29]
["2Wheat-SoftWhiteSpring60","Wheat-SoftWhiteSpring",2,60,0.94,4.66]
["3Wheat-SoftWhiteSpring80","Wheat-SoftWhiteSpring",3,80,2.0699999999999998,5.74]
["4Wheat-SoftWhiteSpring60","Wheat-SoftWhiteSpring",4,60,1.46,5.13]
["9Flax60","Flax",9,60,2.77,5.34]
["4Flax60","Flax",4,60,1.6,4.1500000000000004]
["2Safflower80","Safflower",2,80,9.5,11.75]
["2Safflower70","Safflower",2,70,7.11,9.42]
["4Safflower70","Safflower",4,70,7.11,9.42]
["2Sunflower Confectionary80","Sunflower Confectionary",2,80,3.92,6.25]
["8Canola-Argentine Specialty Oil80","Canola-Argentine Specialty Oil",8,80,4.66,6.91]
["9Canola-Argentine Specialty Oil60","Canola-Argentine Specialty Oil",9,60,2.4900000000000002,4.83]
["9Canola-Argentine60","Canola-Argentine",9,60,2.36,4.7]
["3Canola-Argentine Specialty Oil60","Canola-Argentine Specialty Oil",3,60,1.34,3.73]
["4Canola-Argentine Specialty Oil70","Canola-Argentine Specialty Oil",4,70,2.48,4.79]
["22Canola-Polish70","Canola-Polish",22,70,5.43,5.43]
["5Canola-Polish80","Canola-Polish",5,80,5.93,8.19]
["1Canola-Polish60","Canola-Polish",1,60,2.17,4.5599999999999996]
["4Mustard-Brown60","Mustard-Brown",4,60,4.26,7.36]
["1Mustard-Brown60","Mustard-Brown",1,60,4.54,7.69]
["2Mustard-Oriental70","Mustard-Oriental",2,70,7.82,10.92]
["3Mustard-Yellow80","Mustard-Yellow",3,80,3.82,6.81]
["2FabaBean80","FabaBean",2,80,11.36,14.28]
["5FabaBean80","FabaBean",5,80,11.36,14.28]
["1FabaBean80","FabaBean",1,80,11.36,14.28]
["22Peas,Field80","Peas,Field",22,80,5.29,5.29]
["9Peas,Field60","Peas,Field",9,60,1.93,4.97]
["1Peas,Field60","Peas,Field",1,60,1.93,4.97]
["9Beans,Dry-GreatNorthern80","Beans,Dry-GreatNorthern",9,80,3.93,6.18]
["9Beans,Dry-GreatNorthern60","Beans,Dry-GreatNorthern",9,60,2.16,4.4800000000000004]
["2Beans,Dry-GreatNorthern70","Beans,Dry-GreatNorthern",2,70,2.94,5.23]
["3Beans,Dry-GreatNorthern70","Beans,Dry-GreatNorthern",3,70,2.94,5.23]
["4Beans,Dry-Pink80","Beans,Dry-Pink",4,80,4.43,6.69]
["9Beans,Dry-SmallRed70","Beans,Dry-SmallRed",9,70,3.44,5.73]
["3Beans,Dry-SmallRed80","Beans,Dry-SmallRed",3,80,4.6100000000000003,6.86]
["1Chickpeas-Kabuli60","Chickpeas-Kabuli",1,60,6.2,8.6199999999999992]
["22Wheat-CanadaPrairieSpring60","Wheat-CanadaPrairieSpring",22,60,3.14,3.14]
["5Wheat-CanadaPrairieSpring80","Wheat-CanadaPrairieSpring",5,80,3.39,7.1]
["3Wheat-CanadaPrairieSpring70","Wheat-CanadaPrairieSpring",3,70,2.36,6.12]
["3Wheat-CanadaPrairieSpring60","Wheat-CanadaPrairieSpring",3,60,1.54,5.32]
["9Wheat-ExtraStrong70","Wheat-ExtraStrong",9,70,4.76,8.36]
["1Wheat-ExtraStrong80","Wheat-ExtraStrong",1,80,8.83,12.31]
["4Beans,Dry-Yellow60","Beans,Dry-Yellow",4,60,4.57,6.92]
["9Lentils-Red80","Lentils-Red",9,80,10.199999999999999,12.63]
["4Lentils-Red70","Lentils-Red",4,70,7.52,10.06]
["3Lentils-Red60","Lentils-Red",3,60,5.32,7.94]
["5Lentils-Red80","Lentils-Red",5,80,10.199999999999999,12.63]
["1Lentils-Red60","Lentils-Red",1,60,5.32,7.94]
["9Wheat-SpecialPurpose80","Wheat-SpecialPurpose",9,80,6.71,10.19]
["9Wheat-SpecialPurpose70","Wheat-SpecialPurpose",9,70,4.3600000000000003,7.95]
["5Wheat-NorthernHardRed80","Wheat-NorthernHardRed",5,80,3.29,6.91]
["9Wheat-NorthernHardRed80","Wheat-NorthernHardRed",9,80,5.03,8.51]
["4Wheat-NorthernHardRed60","Wheat-NorthernHardRed",4,60,1.03,4.7699999999999996]
["1Wheat-NorthernHardRed70","Wheat-NorthernHardRed",1,70,2.77,6.38]
["1Wheat-NorthernHardRed60","Wheat-NorthernHardRed",1,60,1.91,5.6]
["3Barley Malting80","Barley Malting",3,80,2.39,4.97]
["4Barley Malting80","Barley Malting",4,80,2.04,4.58]
["4Barley60","Barley",4,60,0.98,3.59]
["2MixedGrain80","MixedGrain",2,80,2.6,5.18]
["3MixedGrain70","MixedGrain",3,70,1.06,3.71]
["5MixedGrain60","MixedGrain",5,60,0.82,3.43]
["8Oats60","Oats",8,60,1.82,4.45]
["9Oats70","Oats",9,70,4.71,7.25]
["1Oats60","Oats",1,60,2.11,4.6900000000000004]
["4Oats80","Oats",4,80,1.45,4.0199999999999996]
["9Rye-Spring60","Rye-Spring",9,60,2.9,5.46]
["5Rye-Spring60","Rye-Spring",5,60,2.13,4.72]
["5Triticale-Spring70","Triticale-Spring",5,70,3.56,6.1]
["3Triticale-Spring80","Triticale-Spring",3,80,3.16,5.59]
["3Triticale-Spring60","Triticale-Spring",3,60,1.57,4.0999999999999996]
["9Triticale-Winter70","Triticale-Winter",9,70,5.42,7.92]
["5Triticale-Winter60","Triticale-Winter",5,60,2.33,4.9000000000000004]
["3Triticale-Winter60","Triticale-Winter",3,60,2.0299999999999998,4.57]
["4Triticale-Winter70","Triticale-Winter",4,70,2.79,5.29]
["9Wheat-Durum70","Wheat-Durum",9,70,4.76,8.39]
["5Wheat-Durum High Protein70","Wheat-Durum High Protein*",5,70,4.6900000000000004,8.27]
["1Wheat-Durum70","Wheat-Durum",1,70,4.18,7.77]
["3Wheat-Durum High Protein80","Wheat-Durum High Protein*",3,80,3.73,7.3]
["3Wheat-Durum High Protein70","Wheat-Durum High Protein*",3,70,2.5299999999999998,6.17]
["2Wheat-Durum80","Wheat-Durum",2,80,3.8,7.35]
["4Wheat-Durum High Protein60","Wheat-Durum High Protein*",4,60,1.32,5.0599999999999996]
["5Wheat-HardRedSpring60","Wheat-HardRedSpring",5,60,1.47,5.19]
["1Wheat-HardRedSpring High Protein70","Wheat-HardRedSpring High Protein*",1,70,3.24,6.85]
["3Wheat-HardRedSpring High Protein70","Wheat-HardRedSpring High Protein*",3,70,1.34,5.05]
["5Wheat-HardRedWinter80","Wheat-HardRedWinter",5,80,7.44,10.92]
["5Wheat-HardRedWinter70","Wheat-HardRedWinter",5,70,5.2,8.81]
["5Wheat-HardRedWinter60","Wheat-HardRedWinter",5,60,3.53,7.23]
["9Wheat-HardRedWinter80","Wheat-HardRedWinter",9,80,9.59,13.07]
["9Wheat-HardRedWinter60","Wheat-HardRedWinter",9,60,4.4400000000000004,8.08]
["2Wheat-HardRedWinter80","Wheat-HardRedWinter",2,80,1.55,5.1100000000000003]
["4Wheat-HardRedWinter70","Wheat-HardRedWinter",4,70,1.42,5]
["9Wheat-SoftWhiteSpring80","Wheat-SoftWhiteSpring",9,80,3.73,7.4]
["1Wheat-SoftWhiteSpring70","Wheat-SoftWhiteSpring",1,70,2.39,6.06]
["1Flax70","Flax",1,70,3.79,6.33]
["4Sunflower Oilseed(Sunflower)60","Sunflower Oilseed(Sunflower)",4,60,2.8,5.16]
["4Sunflower Confectionary60","Sunflower Confectionary",4,60,2.0299999999999998,4.41]
["22Canola-Argentine60","Canola-Argentine",22,60,3.04,3.04]
["9Canola-Argentine Specialty Oil70","Canola-Argentine Specialty Oil",9,70,3.68,5.99]
["1Canola-Argentine80","Canola-Argentine",1,80,3.16,5.45]
["1Canola-Argentine70","Canola-Argentine",1,70,2.2400000000000002,4.57]
["2Canola-Argentine Specialty Oil60","Canola-Argentine Specialty Oil",2,60,1.7,4.05]
["2Canola-Argentine60","Canola-Argentine",2,60,1.61,3.96]
["4Canola-Argentine Specialty Oil60","Canola-Argentine Specialty Oil",4,60,1.73,4.08]
["2Canola-Polish80","Canola-Polish",2,80,6.01,8.32]
["1Mustard-Brown80","Mustard-Brown",1,80,9.17,12.16]
["3Mustard-Brown60","Mustard-Brown",3,60,3.88,7.01]
["9Mustard-Oriental60","Mustard-Oriental",9,60,4.54,7.69]
["4Mustard-Oriental60","Mustard-Oriental",4,60,4.6900000000000004,7.79]
["3Mustard-Oriental80","Mustard-Oriental",3,80,8.06,11.05]
["4Mustard-Oriental80","Mustard-Oriental",4,80,9.34,12.33]
["5Mustard-Yellow80","Mustard-Yellow",5,80,9.52,12.51]
["5Mustard-Yellow60","Mustard-Yellow",5,60,4.7300000000000004,7.86]
["9FabaBean70","FabaBean",9,70,8.42,11.45]
["2Peas,Field80","Peas,Field",2,80,3.98,6.91]
["5Peas,Field80","Peas,Field",5,80,3.98,6.91]
["9Beans,Dry-Black/Others70","Beans,Dry-Black/Others",9,70,4.6100000000000003,6.92]
["2Beans,Dry-Black/Others70","Beans,Dry-Black/Others",2,70,4.6100000000000003,6.92]
["2Beans,Dry-Black/Others60","Beans,Dry-Black/Others",2,60,3.32,5.67]
["4Beans,Dry-Black/Others80","Beans,Dry-Black/Others",4,80,6.22,8.4700000000000006]
["4Beans,Dry-Black/Others70","Beans,Dry-Black/Others",4,70,4.6100000000000003,6.92]
["4Beans,Dry-Black/Others60","Beans,Dry-Black/Others",4,60,3.32,5.67]
["3Beans,Dry-GreatNorthern60","Beans,Dry-GreatNorthern",3,60,2.16,4.4800000000000004]
["2Beans,Dry-Pink70","Beans,Dry-Pink",2,70,3.3,5.6]
["9Beans,Dry-SmallRed80","Beans,Dry-SmallRed",9,80,4.6100000000000003,6.86]
["4Beans,Dry-SmallRed60","Beans,Dry-SmallRed",4,60,2.5,4.82]
["1Chickpeas-Desi80","Chickpeas-Desi",1,80,13.16,15.41]
["4Wheat-CanadaPrairieSpring70","Wheat-CanadaPrairieSpring",4,70,1.75,5.52]
["8Wheat-ExtraStrong60","Wheat-ExtraStrong",8,60,1.38,5.14]
["3Wheat-ExtraStrong70","Wheat-ExtraStrong",3,70,1.61,5.37]
["1Lentils-Red80","Lentils-Red",1,80,10.199999999999999,12.63]
["4Lentils-Green80","Lentils-Green",4,80,11.13,13.56]
["1Lentils-Green60","Lentils-Green",1,60,5.79,8.41]
["5Wheat-SpecialPurpose80","Wheat-SpecialPurpose",5,80,3.39,7.1]
["8Wheat-SpecialPurpose60","Wheat-SpecialPurpose",8,60,1.53,5.3]
["1Wheat-SpecialPurpose80","Wheat-SpecialPurpose",1,80,8.42,11.9]
["1Wheat-SpecialPurpose70","Wheat-SpecialPurpose",1,70,5.45,9.06]
["5Wheat-NorthernHardRed60","Wheat-NorthernHardRed",5,60,1.51,5.23]
["8Wheat-NorthernHardRed60","Wheat-NorthernHardRed",8,60,1.67,5.39]
["9Wheat-NorthernHardRed60","Wheat-NorthernHardRed",9,60,2.23,5.92]
["8Barley Malting60","Barley Malting",8,60,1.41,4]
["8Barley80","Barley",8,80,4.99,10.08]
["5Barley80","Barley",5,80,4.03,9.14]
["2Barley Malting70","Barley Malting",2,70,1.58,4.1500000000000004]
["2Barley80","Barley",2,80,3.69,8.83]
["3Barley70","Barley",3,70,1.63,4.24]
["5Barley Malting70","Barley Malting",5,70,1.7,4.26]
["9MixedGrain60","MixedGrain",9,60,2.36,4.95]
["4MixedGrain60","MixedGrain",4,60,0.69,3.34]
["5Rye-Fall80","Rye-Fall",5,80,4.2699999999999996,6.81]
["2Rye-Fall70","Rye-Fall",2,70,2.99,5.49]
["2Rye-Fall60","Rye-Fall",2,60,2.02,4.5599999999999996]
["4Rye-Spring80","Rye-Spring",4,80,6.94,9.3800000000000008]
["4Rye-Spring70","Rye-Spring",4,70,4.76,7.26]
["4Rye-Spring60","Rye-Spring",4,60,3.18,5.72]
["1Rye-Spring80","Rye-Spring",1,80,6.52,8.98]
["1Triticale-Spring80","Triticale-Spring",1,80,7.58,10.01]
["3Triticale-Winter80","Triticale-Winter",3,80,4.2300000000000004,6.66]
["2Wheat-Durum High Protein60","Wheat-Durum High Protein*",2,60,1.83,5.5]
["22Wheat-HardRedSpring80","Wheat-HardRedSpring",22,80,5.13,5.13]
["9Wheat-HardRedSpring High Protein80","Wheat-HardRedSpring High Protein*",9,80,4.08,7.56]
["9Wheat-HardRedSpring60","Wheat-HardRedSpring",9,60,1.91,5.6]
["1Wheat-HardRedWinter80","Wheat-HardRedWinter",1,80,8.07,11.55]
["4Wheat-HardRedWinter60","Wheat-HardRedWinter",4,60,1.05,4.68]
["9Wheat-SoftWhiteSpring70","Wheat-SoftWhiteSpring",9,70,2.48,6.2]
["2Wheat-SoftWhiteSpring70","Wheat-SoftWhiteSpring",2,70,1.32,5.01]
["4Wheat-SoftWhiteSpring70","Wheat-SoftWhiteSpring",4,70,2.15,5.76]
["2Flax70","Flax",2,70,2.62,5.18]
["2Flax60","Flax",2,60,1.8,4.3899999999999997]
["3Flax80","Flax",3,80,3.76,6.24]
["3Flax60","Flax",3,60,1.74,4.3099999999999996]
["4Flax80","Flax",4,80,3.33,5.76]
["4Flax70","Flax",4,70,2.3199999999999998,4.82]
["5Flax60","Flax",5,60,1.93,4.58]
["1Flax60","Flax",1,60,2.4900000000000002,5.0599999999999996]
["2Safflower60","Safflower",2,60,5.12,7.47]
["3Safflower80","Safflower",3,80,9.5,11.75]
["3Sunflower Oilseed(Sunflower)60","Sunflower Oilseed(Sunflower)",3,60,2.8,5.16]
["4Sunflower Oilseed(Sunflower)80","Sunflower Oilseed(Sunflower)",4,80,4.87,7.19]
["3Sunflower Confectionary80","Sunflower Confectionary",3,80,3.92,6.25]
["8Canola-Argentine80","Canola-Argentine",8,80,4.42,6.67]
["9Canola-Argentine80","Canola-Argentine",9,80,5.01,7.26]
["2Canola-Argentine Specialty Oil80","Canola-Argentine Specialty Oil",2,80,3.37,5.63]
["2Canola-Argentine Specialty Oil70","Canola-Argentine Specialty Oil",2,70,2.41,4.72]
["2Canola-Argentine80","Canola-Argentine",2,80,3.19,5.45]
["3Canola-Argentine Specialty Oil70","Canola-Argentine Specialty Oil",3,70,1.91,4.2699999999999996]
["4Canola-Polish70","Canola-Polish",4,70,3.34,5.69]
["2Mustard-Brown80","Mustard-Brown",2,80,10.48,13.47]
["5Mustard-Oriental60","Mustard-Oriental",5,60,5,8.15]
["1Mustard-Oriental60","Mustard-Oriental",1,60,4.54,7.69]
["4Mustard-Oriental70","Mustard-Oriental",4,70,6.65,9.7100000000000009]
["1Mustard-Yellow80","Mustard-Yellow",1,80,9.17,12.16]
["3FabaBean60","FabaBean",3,60,6.12,9.2100000000000009]
["1FabaBean70","FabaBean",1,70,8.42,11.45]
["9Peas,Field80","Peas,Field",9,80,3.98,6.91]
["2Peas,Field70","Peas,Field",2,70,2.8,5.8]
["3Peas,Field80","Peas,Field",3,80,3.98,6.91]
["3Peas,Field70","Peas,Field",3,70,2.8,5.8]
["2Beans,Dry-GreatNorthern60","Beans,Dry-GreatNorthern",2,60,2.16,4.4800000000000004]
["3Beans,Dry-GreatNorthern80","Beans,Dry-GreatNorthern",3,80,3.93,6.18]
["9Beans,Dry-Pink80","Beans,Dry-Pink",9,80,4.43,6.69]
["9Beans,Dry-Pink70","Beans,Dry-Pink",9,70,3.3,5.6]
["3Beans,Dry-Pink80","Beans,Dry-Pink",3,80,4.43,6.69]
["9Beans,Dry-Pinto80","Beans,Dry-Pinto",9,80,4.24,6.49]
["2Beans,Dry-Pinto70","Beans,Dry-Pinto",2,70,3.16,5.46]
["3Beans,Dry-Pinto70","Beans,Dry-Pinto",3,70,3.16,5.46]
["3Beans,Dry-Pinto60","Beans,Dry-Pinto",3,60,2.31,4.6399999999999997]
["4Beans,Dry-Pinto60","Beans,Dry-Pinto",4,60,2.31,4.6399999999999997]
["4Beans,Dry-SmallRed80","Beans,Dry-SmallRed",4,80,4.6100000000000003,6.86]
["4Beans,Dry-SmallRed70","Beans,Dry-SmallRed",4,70,3.44,5.73]
["3Beans,Dry-SmallRed60","Beans,Dry-SmallRed",3,60,2.5,4.82]
["1Chickpeas-Kabuli80","Chickpeas-Kabuli",1,80,11.95,14.2]
["1Chickpeas-Desi60","Chickpeas-Desi",1,60,6.81,9.2100000000000009]
["22Wheat-CanadaPrairieSpring70","Wheat-CanadaPrairieSpring",22,70,4.51,4.51]
["5Wheat-CanadaPrairieSpring70","Wheat-CanadaPrairieSpring",5,70,2.2999999999999998,6.04]
["2Wheat-CanadaPrairieSpring80","Wheat-CanadaPrairieSpring",2,80,3.97,7.6]
["2Wheat-ExtraStrong60","Wheat-ExtraStrong",2,60,1.96,5.67]
["3Beans,Dry-Yellow80","Beans,Dry-Yellow",3,80,8.6999999999999993,10.95]
["3Beans,Dry-Yellow70","Beans,Dry-Yellow",3,70,6.4,8.7100000000000009]
["2Beans,Dry-Yellow80","Beans,Dry-Yellow",2,80,8.6999999999999993,10.95]
["2Beans,Dry-Yellow60","Beans,Dry-Yellow",2,60,4.57,6.92]
["2Lentils-Red70","Lentils-Red",2,70,7.52,10.06]
["9Lentils-Green60","Lentils-Green",9,60,5.79,8.41]
["5Lentils-Green80","Lentils-Green",5,80,11.13,13.56]
["1Lentils-Green70","Lentils-Green",1,70,8.1999999999999993,10.74]
["9Wheat-SpecialPurpose60","Wheat-SpecialPurpose",9,60,2.75,6.42]
["4Wheat-SpecialPurpose70","Wheat-SpecialPurpose",4,70,1.75,5.52]
["1Wheat-SpecialPurpose60","Wheat-SpecialPurpose",1,60,3.4,7.09]
["3Wheat-SpecialPurpose80","Wheat-SpecialPurpose",3,80,3.56,7.28]
["1Wheat-NorthernHardRed80","Wheat-NorthernHardRed",1,80,3.96,7.44]
["3Wheat-NorthernHardRed70","Wheat-NorthernHardRed",3,70,1.54,5.25]
["8Barley Malting70","Barley Malting",8,70,2.08,4.6399999999999997]
["9Barley70","Barley",9,70,4.03,6.54]
["1Barley Malting70","Barley Malting",1,70,2.2599999999999998,4.78]
["1Barley80","Barley",1,80,5.46,10.41]
["1Barley70","Barley",1,70,2.2599999999999998,4.78]
["2Barley70","Barley",2,70,1.58,4.1500000000000004]
["4Barley Malting60","Barley Malting",4,60,0.98,3.59]
["4Corn(Grain)70","Corn(Grain)",4,70,3.06,5.51]
["8MixedGrain60","MixedGrain",8,60,1.18,3.79]
["1MixedGrain80","MixedGrain",1,80,4.74,7.28]
["1MixedGrain70","MixedGrain",1,70,3.21,5.79]
["3MixedGrain80","MixedGrain",3,80,1.49,4.12]
["5MixedGrain70","MixedGrain",5,70,1.1299999999999999,3.72]
["1Oats80","Oats",1,80,4.62,7.13]
["2Oats80","Oats",2,80,1.0900000000000001,3.66]
["5Oats60","Oats",5,60,1.1299999999999999,3.76]
["9Rye-Fall80","Rye-Fall",9,80,6.52,8.9499999999999993]
["1Rye-Fall80","Rye-Fall",1,80,6.52,8.9499999999999993]
["5Rye-Spring80","Rye-Spring",5,80,5.0599999999999996,7.57]
["1Rye-Spring60","Rye-Spring",1,60,2.9,5.46]
["2Rye-Spring80","Rye-Spring",2,80,6.98,9.41]
["5Triticale-Spring80","Triticale-Spring",5,80,5.29,7.78]
["2Triticale-Spring60","Triticale-Spring",2,60,1.2,3.73]
["4Triticale-Spring60","Triticale-Spring",4,60,1.34,3.88]
["5Wheat-Durum High Protein60","Wheat-Durum High Protein*",5,60,3.1,6.74]
["3Wheat-Durum60","Wheat-Durum",3,60,1.7,5.39]
["2Wheat-Durum70","Wheat-Durum",2,70,2.65,6.27]
["4Wheat-Durum80","Wheat-Durum",4,80,2.77,6.44]
["5Wheat-HardRedSpring High Protein60","Wheat-HardRedSpring High Protein*",5,60,1.78,5.5]
["8Wheat-HardRedSpring70","Wheat-HardRedSpring",8,70,2.64,6.32]
["1Wheat-HardRedSpring High Protein60","Wheat-HardRedSpring High Protein*",1,60,2.33,6.02]
["1Wheat-HardRedSpring80","Wheat-HardRedSpring",1,80,3.96,7.44]
["2Wheat-HardRedSpring High Protein60","Wheat-HardRedSpring High Protein*",2,60,1.1200000000000001,4.8]
["4Wheat-HardRedSpring70","Wheat-HardRedSpring",4,70,1.1100000000000001,4.82]
["5Wheat-SoftWhiteSpring60","Wheat-SoftWhiteSpring",5,60,0.94,4.6500000000000004]
["9Sunflower Confectionary60","Sunflower Confectionary",9,60,2.0299999999999998,4.41]
["3Sunflower Confectionary70","Sunflower Confectionary",3,70,2.83,5.19]
["3Sunflower Confectionary60","Sunflower Confectionary",3,60,2.0299999999999998,4.41]
["22Canola-Argentine70","Canola-Argentine",22,70,4.18,4.18]
["8Canola-Argentine Specialty Oil70","Canola-Argentine Specialty Oil",8,70,3.27,5.59]
["5Canola-Argentine Specialty Oil60","Canola-Argentine Specialty Oil",5,60,1.86,4.22]
["5Canola-Argentine60","Canola-Argentine",5,60,1.76,4.12]
["3Canola-Argentine60","Canola-Argentine",3,60,1.27,3.66]
["4Canola-Argentine80","Canola-Argentine",4,80,3.31,5.57]
["4Canola-Polish60","Canola-Polish",4,60,2.27,4.6500000000000004]
["3Canola-Polish80","Canola-Polish",3,80,3.51,5.87]
["3Canola-Polish70","Canola-Polish",3,70,2.46,4.8499999999999996]
["2Canola-Polish70","Canola-Polish",2,70,4.21,6.56]
["2Canola-Polish60","Canola-Polish",2,60,2.87,5.25]
["1Mustard-Oriental80","Mustard-Oriental",1,80,9.17,12.16]
["2Mustard-Oriental60","Mustard-Oriental",2,60,5.52,8.6999999999999993]
["3Mustard-Yellow70","Mustard-Yellow",3,70,2.75,5.82]
["9FabaBean60","FabaBean",9,60,6.12,9.2100000000000009]
["3FabaBean70","FabaBean",3,70,8.42,11.45]
["22Peas,Field60","Peas,Field",22,60,2.86,2.86]
["9Peas,Field70","Peas,Field",9,70,2.8,5.8]
["2Peas,Field60","Peas,Field",2,60,1.93,4.97]
["3Peas,Field60","Peas,Field",3,60,1.93,4.97]
["4Peas,Field80","Peas,Field",4,80,3.98,6.91]
["2Beans,Dry-Black/Others80","Beans,Dry-Black/Others",2,80,6.22,8.4700000000000006]
["4Beans,Dry-GreatNorthern80","Beans,Dry-GreatNorthern",4,80,3.93,6.18]
["9Beans,Dry-Pinto70","Beans,Dry-Pinto",9,70,3.16,5.46]
["3Beans,Dry-Pinto80","Beans,Dry-Pinto",3,80,4.24,6.49]
["4Beans,Dry-Pinto70","Beans,Dry-Pinto",4,70,3.16,5.46]
["2Beans,Dry-SmallRed70","Beans,Dry-SmallRed",2,70,3.44,5.73]
["1Chickpeas-Desi70","Chickpeas-Desi",1,70,9.69,12.03]
["8Wheat-CanadaPrairieSpring70","Wheat-CanadaPrairieSpring",8,70,2.2799999999999998,6.02]
["4Wheat-CanadaPrairieSpring60","Wheat-CanadaPrairieSpring",4,60,1.19,4.97]
["8Wheat-ExtraStrong80","Wheat-ExtraStrong",8,80,2.97,6.67]
["8Wheat-ExtraStrong70","Wheat-ExtraStrong",8,70,2.0299999999999998,5.77]
["5Wheat-ExtraStrong60","Wheat-ExtraStrong",5,60,1.38,5.14]
["1Wheat-ExtraStrong60","Wheat-ExtraStrong",1,60,3.55,7.25]
["4Wheat-ExtraStrong70","Wheat-ExtraStrong",4,70,1.55,5.32]
["3Wheat-ExtraStrong80","Wheat-ExtraStrong",3,80,2.37,6.1]
["9Lentils-Red60","Lentils-Red",9,60,5.32,7.94]
["1Lentils-Red70","Lentils-Red",1,70,7.52,10.06]
["3Lentils-Red70","Lentils-Red",3,70,7.52,10.06]
["2Lentils-Red80","Lentils-Red",2,80,10.199999999999999,12.63]
["4Lentils-Green60","Lentils-Green",4,60,5.79,8.41]
["3Lentils-Green70","Lentils-Green",3,70,8.1999999999999993,10.74]
["2Lentils-Green70","Lentils-Green",2,70,8.1999999999999993,10.74]
["4Wheat-SpecialPurpose80","Wheat-SpecialPurpose",4,80,2.56,6.3]
["3Wheat-SpecialPurpose60","Wheat-SpecialPurpose",3,60,1.54,5.32]
["8Wheat-NorthernHardRed80","Wheat-NorthernHardRed",8,80,3.7,7.32]
["3Wheat-NorthernHardRed60","Wheat-NorthernHardRed",3,60,1.1000000000000001,4.84]
["22Barley70","Barley",22,70,3.78,3.78]
["1Barley Malting80","Barley Malting",1,80,3.35,5.78]
["3Barley Malting60","Barley Malting",3,60,1.1100000000000001,3.74]
["4Barley80","Barley",4,80,3.35,8.5]
["4Corn(Grain)80","Corn(Grain)",4,80,4.34,6.74]
["2Corn(Grain)70","Corn(Grain)",2,70,3.27,5.72]
["1Corn(Grain)70","Corn(Grain)",1,70,3.73,6.17]
["1Corn(Grain)60","Corn(Grain)",1,60,2.52,5.01]
["8MixedGrain70","MixedGrain",8,70,1.73,4.32]
["9MixedGrain70","MixedGrain",9,70,3.68,6.24]
["3MixedGrain60","MixedGrain",3,60,0.77,3.43]
["9Oats60","Oats",9,60,3.09,5.66]
["2Oats60","Oats",2,60,0.68,3.29]
["3Oats60","Oats",3,60,1.23,3.84]
["4Rye-Fall80","Rye-Fall",4,80,4.29,6.74]
["5Rye-Fall70","Rye-Fall",5,70,2.84,5.42]
["1Rye-Spring70","Rye-Spring",1,70,4.42,6.94]
["3Rye-Spring80","Rye-Spring",3,80,6.39,8.8699999999999992]
["3Rye-Spring60","Rye-Spring",3,60,2.89,5.45]
["2Triticale-Spring70","Triticale-Spring",2,70,1.64,4.13]
["9Triticale-Winter80","Triticale-Winter",9,80,7.89,10.32]
["9Triticale-Winter60","Triticale-Winter",9,60,3.61,6.15]
["2Triticale-Winter60","Triticale-Winter",2,60,1.45,3.98]
["4Triticale-Winter60","Triticale-Winter",4,60,1.92,4.46]
["9Wheat-Durum80","Wheat-Durum",9,80,7.13,10.61]
["1Wheat-Durum High Protein80","Wheat-Durum High Protein*",1,80,6.5,10]
["1Wheat-Durum80","Wheat-Durum",1,80,6.24,9.74]
["22Wheat-HardRedSpring60","Wheat-HardRedSpring",22,60,2.5099999999999998,2.5099999999999998]
["9Wheat-HardRedSpring High Protein60","Wheat-HardRedSpring High Protein*",9,60,2.04,5.73]
["1Wheat-HardRedSpring High Protein80","Wheat-HardRedSpring High Protein*",1,80,4.5199999999999996,8]
["1Wheat-HardRedSpring60","Wheat-HardRedSpring",1,60,1.91,5.6]
["4Wheat-HardRedSpring High Protein70","Wheat-HardRedSpring High Protein*",4,70,1.1100000000000001,4.82]
["4Wheat-HardRedSpring80","Wheat-HardRedSpring",4,80,1.5,5.17]
["1Wheat-HardRedWinter60","Wheat-HardRedWinter",1,60,3.76,7.4]
["3Wheat-HardRedWinter60","Wheat-HardRedWinter",3,60,1.33,4.9800000000000004]
["2Wheat-HardRedWinter60","Wheat-HardRedWinter",2,60,0.87,4.54]
["9Wheat-SoftWhiteSpring60","Wheat-SoftWhiteSpring",9,60,1.64,5.39]
["2Wheat-SoftWhiteSpring80","Wheat-SoftWhiteSpring",2,80,1.9,5.52]
["8Flax60","Flax",8,60,2.16,4.8099999999999996]
["2Flax80","Flax",2,80,3.77,6.29]
["3Flax70","Flax",3,70,2.59,5.12]
["5Flax80","Flax",5,80,4.3099999999999996,6.74]
["1Flax80","Flax",1,80,5.62,8.11]
["3Safflower60","Safflower",3,60,5.12,7.47]
["4Safflower80","Safflower",4,80,9.5,11.75]
["2Sunflower Oilseed(Sunflower)60","Sunflower Oilseed(Sunflower)",2,60,2.8,5.16]
["2Sunflower Confectionary70","Sunflower Confectionary",2,70,2.83,5.19]
["2Sunflower Confectionary60","Sunflower Confectionary",2,60,2.0299999999999998,4.41]
["4Sunflower Oilseed(Sunflower)70","Sunflower Oilseed(Sunflower)",4,70,3.71,6.06]
["5Canola-Argentine Specialty Oil70","Canola-Argentine Specialty Oil",5,70,2.68,5]
["1Canola-Argentine Specialty Oil60","Canola-Argentine Specialty Oil",1,60,1.65,4.01]
["2Canola-Argentine70","Canola-Argentine",2,70,2.2799999999999998,4.59]
["4Canola-Argentine70","Canola-Argentine",4,70,2.35,4.66]
["4Canola-Argentine60","Canola-Argentine",4,60,1.64,3.99]
["5Canola-Polish70","Canola-Polish",5,70,4.13,6.45]
["9Mustard-Brown80","Mustard-Brown",9,80,9.17,12.16]
["9Mustard-Brown70","Mustard-Brown",9,70,6.5,9.59]
["5Mustard-Brown60","Mustard-Brown",5,60,5,8.15]
["5Mustard-Oriental80","Mustard-Oriental",5,80,10.08,13.07]
["1Mustard-Oriental70","Mustard-Oriental",1,70,6.5,9.59]
["9Mustard-Yellow60","Mustard-Yellow",9,60,4.54,7.69]
["3Mustard-Yellow60","Mustard-Yellow",3,60,1.97,5.0999999999999996]
["2FabaBean70","FabaBean",2,70,8.42,11.45]
["2FabaBean60","FabaBean",2,60,6.12,9.2100000000000009]
["4FabaBean60","FabaBean",4,60,6.12,9.2100000000000009]
["5FabaBean60","FabaBean",5,60,6.12,9.2100000000000009]
["3Beans,Dry-Black/Others60","Beans,Dry-Black/Others",3,60,3.32,5.67]
["9Beans,Dry-Pink60","Beans,Dry-Pink",9,60,2.41,4.74]
["2Beans,Dry-Pink80","Beans,Dry-Pink",2,80,4.43,6.69]
["3Beans,Dry-Pink70","Beans,Dry-Pink",3,70,3.3,5.6]
["3Beans,Dry-Pink60","Beans,Dry-Pink",3,60,2.41,4.74]
["4Beans,Dry-Pink60","Beans,Dry-Pink",4,60,2.41,4.74]
["2Beans,Dry-Pinto60","Beans,Dry-Pinto",2,60,2.31,4.6399999999999997]
["9Wheat-CanadaPrairieSpring60","Wheat-CanadaPrairieSpring",9,60,2.75,6.42]
["1Wheat-CanadaPrairieSpring80","Wheat-CanadaPrairieSpring",1,80,8.42,11.9]
["9Beans,Dry-Yellow80","Beans,Dry-Yellow",9,80,8.6999999999999993,10.95]
["4Beans,Dry-Yellow70","Beans,Dry-Yellow",4,70,6.4,8.7100000000000009]
["5Lentils-Red60","Lentils-Red",5,60,5.32,7.94]
["2Lentils-Red60","Lentils-Red",2,60,5.32,7.94]
["9Lentils-Green80","Lentils-Green",9,80,11.13,13.56]
["5Lentils-Green70","Lentils-Green",5,70,8.1999999999999993,10.74]
["1Lentils-Green80","Lentils-Green",1,80,11.13,13.56]
["2Lentils-Green60","Lentils-Green",2,60,5.79,8.41]
["5Wheat-SpecialPurpose60","Wheat-SpecialPurpose",5,60,1.55,5.32]
["8Wheat-SpecialPurpose70","Wheat-SpecialPurpose",8,70,2.2799999999999998,6.02]
["3Wheat-SpecialPurpose70","Wheat-SpecialPurpose",3,70,2.36,6.12]
["5Wheat-NorthernHardRed70","Wheat-NorthernHardRed",5,70,2.2400000000000002,5.92]
["8Wheat-NorthernHardRed70","Wheat-NorthernHardRed",8,70,2.5,6.18]
["4Wheat-NorthernHardRed80","Wheat-NorthernHardRed",4,80,2.09,5.76]
["9Barley Malting80","Barley Malting",9,80,6.1,8.5299999999999994]
["5Barley60","Barley",5,60,1.17,3.76]
["2Barley Malting60","Barley Malting",2,60,1.1100000000000001,3.71]
["4Barley Malting70","Barley Malting",4,70,1.41,3.99]
["3Barley60","Barley",3,60,1.1100000000000001,3.74]
["4Barley70","Barley",4,70,1.41,3.99]
["4MixedGrain80","MixedGrain",4,80,1.28,3.91]
["8Oats80","Oats",8,80,3.96,6.54]
["9Oats80","Oats",9,80,6.95,9.43]
["4Oats60","Oats",4,60,0.81,3.42]
["5Oats80","Oats",5,80,2.27,4.8499999999999996]
["5Oats70","Oats",5,70,1.6,4.21]
["9Rye-Fall70","Rye-Fall",9,70,4.42,6.92]
["5Rye-Fall60","Rye-Fall",5,60,1.83,4.4400000000000004]
["1Rye-Fall70","Rye-Fall",1,70,4.42,6.92]
["1Rye-Fall60","Rye-Fall",1,60,2.9,5.45]
["3Rye-Fall80","Rye-Fall",3,80,5.08,7.52]
["9Triticale-Spring60","Triticale-Spring",9,60,3.61,6.15]
["1Triticale-Spring70","Triticale-Spring",1,70,5.21,7.71]
["2Triticale-Spring80","Triticale-Spring",2,80,2.25,4.68]
["4Triticale-Spring80","Triticale-Spring",4,80,2.65,5.09]
["5Triticale-Winter80","Triticale-Winter",5,80,5.28,7.76]
["1Triticale-Winter60","Triticale-Winter",1,60,3.61,6.15]
["1Wheat-Durum High Protein70","Wheat-Durum High Protein*",1,70,4.3899999999999997,7.98]
["9Wheat-HardRedSpring High Protein70","Wheat-HardRedSpring High Protein*",9,70,2.89,6.5]
["9Wheat-HardRedSpring70","Wheat-HardRedSpring",9,70,2.78,6.39]
["3Wheat-HardRedSpring High Protein80","Wheat-HardRedSpring High Protein*",3,80,1.85,5.52]
["2Wheat-HardRedSpring70","Wheat-HardRedSpring",2,70,1.5,5.14]
["3Wheat-HardRedSpring70","Wheat-HardRedSpring",3,70,1.34,5.05]
["4Wheat-HardRedSpring High Protein60","Wheat-HardRedSpring High Protein*",4,60,0.84,4.58]
["3Wheat-HardRedWinter70","Wheat-HardRedWinter",3,70,1.84,5.44]
["1Wheat-SoftWhiteSpring80","Wheat-SoftWhiteSpring",1,80,3.57,7.17]
["8Flax80","Flax",8,80,4.9000000000000004,7.33]
["9Flax70","Flax",9,70,4.24,6.75]
["3Safflower70","Safflower",3,70,7.11,9.42]
["9Sunflower Confectionary80","Sunflower Confectionary",9,80,3.92,6.25]
["2Sunflower Oilseed(Sunflower)80","Sunflower Oilseed(Sunflower)",2,80,4.87,7.19]
["3Sunflower Oilseed(Sunflower)80","Sunflower Oilseed(Sunflower)",3,80,4.87,7.19]
["4Sunflower Confectionary70","Sunflower Confectionary",4,70,2.83,5.19]
["22Canola-Argentine80","Canola-Argentine",22,80,5.64,5.64]
["9Canola-Argentine Specialty Oil80","Canola-Argentine Specialty Oil",9,80,5.29,7.54]
["1Canola-Argentine Specialty Oil80","Canola-Argentine Specialty Oil",1,80,3.33,5.62]
["1Canola-Argentine Specialty Oil70","Canola-Argentine Specialty Oil",1,70,2.36,4.6900000000000004]
["1Canola-Argentine60","Canola-Argentine",1,60,1.56,3.92]
["3Canola-Argentine70","Canola-Argentine",3,70,1.81,4.17]
["8Canola-Polish80","Canola-Polish",8,80,5.93,8.19]
["8Canola-Polish60","Canola-Polish",8,60,2.78,5.13]
["5Canola-Polish60","Canola-Polish",5,60,2.78,5.13]
["1Canola-Polish80","Canola-Polish",1,80,4.57,6.9]
["5Mustard-Brown80","Mustard-Brown",5,80,10.08,13.07]
["4Mustard-Brown80","Mustard-Brown",4,80,8.4600000000000009,11.45]
["4Mustard-Brown70","Mustard-Brown",4,70,6.03,9.09]
["3Mustard-Brown80","Mustard-Brown",3,80,7.93,10.92]
["9Mustard-Oriental80","Mustard-Oriental",9,80,9.17,12.16]
["2Mustard-Oriental80","Mustard-Oriental",2,80,10.92,13.91]
["9Mustard-Yellow70","Mustard-Yellow",9,70,6.5,9.59]
["4Mustard-Yellow70","Mustard-Yellow",4,70,4.22,7.29]
["3FabaBean80","FabaBean",3,80,11.36,14.28]
["4FabaBean80","FabaBean",4,80,11.36,14.28]
["9Beans,Dry-Black/Others80","Beans,Dry-Black/Others",9,80,6.22,8.4700000000000006]
["9Beans,Dry-Black/Others60","Beans,Dry-Black/Others",9,60,3.32,5.67]
["3Beans,Dry-Black/Others80","Beans,Dry-Black/Others",3,80,6.22,8.4700000000000006]
["9Beans,Dry-GreatNorthern70","Beans,Dry-GreatNorthern",9,70,2.94,5.23]
["2Beans,Dry-GreatNorthern80","Beans,Dry-GreatNorthern",2,80,3.93,6.18]
["4Beans,Dry-GreatNorthern70","Beans,Dry-GreatNorthern",4,70,2.94,5.23]
["2Beans,Dry-Pink60","Beans,Dry-Pink",2,60,2.41,4.74]
["4Beans,Dry-Pink70","Beans,Dry-Pink",4,70,3.3,5.6]
["9Beans,Dry-Pinto60","Beans,Dry-Pinto",9,60,2.31,4.6399999999999997]
["2Beans,Dry-Pinto80","Beans,Dry-Pinto",2,80,4.24,6.49]
["2Beans,Dry-SmallRed80","Beans,Dry-SmallRed",2,80,4.6100000000000003,6.86]
["1Chickpeas-Kabuli70","Chickpeas-Kabuli",1,70,8.8000000000000007,11.14]
["1Wheat-CanadaPrairieSpring60","Wheat-CanadaPrairieSpring",1,60,3.4,7.09]
["3Wheat-CanadaPrairieSpring80","Wheat-CanadaPrairieSpring",3,80,3.56,7.28]
["4Wheat-ExtraStrong60","Wheat-ExtraStrong",4,60,1.08,4.8600000000000003]
["9Beans,Dry-Yellow70","Beans,Dry-Yellow",9,70,6.4,8.7100000000000009]
["3Beans,Dry-Yellow60","Beans,Dry-Yellow",3,60,4.57,6.92]
["9Lentils-Red70","Lentils-Red",9,70,7.52,10.06]
["4Lentils-Red60","Lentils-Red",4,60,5.32,7.94]
["9Lentils-Green70","Lentils-Green",9,70,8.1999999999999993,10.74]
["2Lentils-Green80","Lentils-Green",2,80,11.13,13.56]
["5Wheat-SpecialPurpose70","Wheat-SpecialPurpose",5,70,2.2999999999999998,6.04]
["2Wheat-SpecialPurpose70","Wheat-SpecialPurpose",2,70,2.7,6.38]
["2Wheat-SpecialPurpose60","Wheat-SpecialPurpose",2,60,1.81,5.53]
["9Wheat-NorthernHardRed70","Wheat-NorthernHardRed",9,70,3.39,7]
["2Wheat-NorthernHardRed80","Wheat-NorthernHardRed",2,80,2.75,6.34]
["2Wheat-NorthernHardRed60","Wheat-NorthernHardRed",2,60,1.37,5.05]

{"sheet":"Irr Silage Normals (data)","index":17,"n_rows":15,"n_cols":9,"rows_kept":15,"cut":false,"hidden":true,"merged":[]}
["a","b","c","d","e","F6","F7"]
[null,"Crop39"]
[null,null,null,"normal lookup table",null,null,"This data come from the Irrigated data from Raymond for Barley."]
[null,"BarleyProxy","BarleyProxy(Corn)",null,null,null,null,null,{"$f":"Table_Query_from_Excel_Files10[[#This Row],[b]]","v":"BarleyProxy"}]
[null,null,null,null,null,null,null,null,{"$f":"C4","v":"BarleyProxy(Corn)"}]
["Spring Price",4.08,4.08]
["1",108.598596,108.598596]
["2",111.86140399999999,111.86140399999999]
["3",108.863148,108.863148]
["4",99.559736000000001,99.559736000000001]
["5",94.180511999999993,94.180511999999993]
[6]
[7]
["8",94.445064000000002,94.445064000000002]
["9",92.020004,92.020004]

{"sheet":"Irr Silage Rates (data)","index":18,"n_rows":29,"n_cols":6,"rows_kept":29,"cut":false,"hidden":true,"merged":[]}
["ID","CROP","RA","CL","p rem","prem+"]
["1BarleyProxy80","BarleyProxy",1,80,2.11,4.63]
["1BarleyProxy(Corn)80","BarleyProxy(Corn)",1,80,2.11,4.63]
["1LOM(Barley)80","LOM(Barley)",1,80,2.11,4.63]
["1LOM(Corn)80","LOM(Corn)",1,80,2.11,4.63]
["2BarleyProxy80","BarleyProxy",2,80,1.44,4.05]
["2BarleyProxy(Corn)80","BarleyProxy(Corn)",2,80,1.44,4.05]
["2LOM(Barley)80","LOM(Barley)",2,80,1.44,4.05]
["2LOM(Corn)80","LOM(Corn)",2,80,1.44,4.05]
["3BarleyProxy80","BarleyProxy",3,80,1.53,4.16]
["3BarleyProxy(Corn)80","BarleyProxy(Corn)",3,80,1.53,4.16]
["3LOM(Barley)80","LOM(Barley)",3,80,1.53,4.16]
["3LOM(Corn)80","LOM(Corn)",3,80,1.53,4.16]
["4BarleyProxy80","BarleyProxy",4,80,1.31,3.92]
["4BarleyProxy(Corn)80","BarleyProxy(Corn)",4,80,1.31,3.92]
["4LOM(Barley)80","LOM(Barley)",4,80,1.31,3.92]
["4LOM(Corn)80","LOM(Corn)",4,80,1.31,3.92]
["5BarleyProxy80","BarleyProxy",5,80,1.57,4.17]
["5BarleyProxy(Corn)80","BarleyProxy(Corn)",5,80,1.57,4.17]
["5LOM(Barley)80","LOM(Barley)",5,80,1.57,4.17]
["5LOM(Corn)80","LOM(Corn)",5,80,1.57,4.17]
["8BarleyProxy80","BarleyProxy",8,80,1.93,4.51]
["8BarleyProxy(Corn)80","BarleyProxy(Corn)",8,80,1.93,4.51]
["8LOM(Barley)80","LOM(Barley)",8,80,1.93,4.51]
["8LOM(Corn)80","LOM(Corn)",8,80,1.93,4.51]
["9BarleyProxy80","BarleyProxy",9,80,3.79,6.34]
["9BarleyProxy(Corn)80","BarleyProxy(Corn)",9,80,3.79,6.34]
["9LOM(Barley)80","LOM(Barley)",9,80,3.79,6.34]
["9LOM(Corn)80","LOM(Corn)",9,80,3.79,6.34]

{"sheet":"Properties (Data)","index":19,"n_rows":10,"n_cols":9,"rows_kept":10,"cut":false,"hidden":true,"merged":[[0,0,0,1],[0,3,0,4]]}
["Common Properties",null,null,"Local Properties"]
["Property","Value",null,"Property","Value","F3","F4"]
["Hail Factor","0.37",null,"CropYear",2019,null,null,"CropYear",2019]
["ReplyEmailAddress","Info@afsc.ca",null,"Corn Grain Producer Premium",2.4900000000000002,"19003 Lethbridge CHU Rates (data)","SPE"]
["LogoFile","CAP AFSC AB CAN bw.jpg",null,"Corn Silage Producer Premium",2.61,"29003 Lethbridge CHU Rates (data)","SPE","Current Path","\\\\hs-committees.afsc.ca@SSL\\DavWWWRoot\\inlas\\Documents\\"]
["DataFilePath1","\\\\hs-committees.afsc.ca@SSL\\DavWWWRoot\\inlas\\Documents\\",null,"Corn Grain farm_75 Premium",1.71,"19003 Lethbridge CHU Rates (data)"]
["DataFilePath2","\\\\homestead.afsc.ca@SSL\\DavWWWRoot\\wrkres\\Documents",null,"Corn Silage farm_75 Premium",1.28,"29003 Lethbridge CHU Rates (data)"]
["CommonDataFile","ManualCalcCommonData",null,"VPB Shortfall on corn silage",50,"As per Carol Law April 10, 2018"]
["ModulePath","\\\\hs-committees.afsc.ca@SSL\\DavWWWRoot\\inlas\\Documents\\"]
["ModuleName","CalculatorMacros.code"]