{"text_format":"1","workbook":"xlsx","n_sheets":8,"sheets":["St. Hail Calculator","Address (data)","St. Hail Commodities (data)","Hail rates (data)","Not Eligible (data)","Twp Rge Mer (data)","Offices (data)","Properties (Data)"],"not_rendered":{"charts":0,"images":4,"macros":1,"external_links":0,"defined_names":33,"comments":0,"pivot_tables":0},"unopened":[],"bounds":{"document_bytes":16777216,"sheet_cells":100000,"rows_first":2000,"rows_last":500,"rows_between":2000,"halvings":0,"cell_chars":16384,"cell_head_chars":4096},"cells_cut":0,"cells_raw":0,"read":"whole","date_system":"1900"}

{"sheet":"St. Hail Calculator","index":0,"n_rows":36,"n_cols":24,"rows_kept":36,"cut":false,"hidden":false,"merged":[[0,1,0,15],[2,14,3,15],[5,14,5,15],[4,9,4,10],[4,11,4,12],[14,22,15,22],[14,23,15,23],[34,2,34,15],[27,3,27,4],[28,3,28,4],[30,3,30,4],[32,2,32,5],[33,2,33,11],[15,15,16,15],[15,14,16,14],[15,13,16,13],[15,11,16,11],[15,12,16,12],[15,6,16,6],[15,1,15,3],[15,5,16,5],[8,1,8,6],[5,7,5,8],[14,20,15,20],[14,21,15,21],[12,5,12,6],[13,5,13,6],[13,7,13,8],[15,7,16,7],[12,7,12,8],[15,4,16,4],[15,8,16,8],[15,9,16,9],[15,10,16,10],[6,1,6,6],[7,1,7,6]]}
[null,"Straight Hail Calculator",null,null,null,null,null,null,null,null,null,null,null,null,null,null,null,"Hide here and after"]
[]
[null,null,null,null,null,null,null,null,null,null,null,null,null,null,{"$f":"CropYear","v":2023}]
[null,null,null,null,null,null,null,"AFSC Office Information",null,null,null,null,null,"Crop Year:"]
[null,null,null,null,null,null,null,"Branch Office:"]
[null,null,null,null,null,null,null,{"$f":"'Address (data)'!B3","v":""},null,null,null,null,null,"Date:","2023-04-17"]
[null,{"$f":"'Address (data)'!A6","v":"Client Name"},null,null,null,null,null,{"$f":"IF('Address (data)'!C3=0,'Address (data)'!D3 & \" \" & 'Address (data)'!E3,'Address (data)'!C3)","v":""},null,null,null,null,null,null,null,null,null,null,"Client Name"]
[null,{"$f":"'Address (data)'!A7","v":"Client Address"},null,null,null,null,null,{"$f":"IF('Address (data)'!C3=0,\"\",'Address (data)'!D3&\" \" &'Address (data)'!E3)","v":" "},null,null,null,null,null,null,null,null,null,null,"Client Address"]
[null,{"$f":"'Address (data)'!A8","v":"City, AB  Postal Code"},null,null,null,null,null,"Phone:",{"$f":"'Address (data)'!F3","v":""},null,{"$f":"'Address (data)'!E3","v":""},null,null,null,null,null,null,null,"City, AB  Postal Code"]
[null,"`",null,null,null,null,null,"Fax:",{"$f":"'Address (data)'!G3","v":""},null,{"$f":"'Address (data)'!F3","v":""}]
[]
[]
[null,null,null,null,null,"AFSC ID",null,"Subscription"]
[null,null,null,null,null,null,null,null,null,"<hide>","<hide>",null,null,null,null,null,null,null,null,null,"Modication History"]
[null,null,null,null,null,null,null,null,null,null,null,null,null,null,null,null,null,null,null,null,"2020-03-20","Martine West","No changes for 2020 other than year","Completed"]
[null,"Land Location",null,null,"Agricultural Product","Irrigated or Dryland","Acres","Coverage ($Acre)","Deductible\nFull Coverage, 10% or 25%","hide\nMax $ Coverage","\nhide Full Coverage","Actual Coverage","Twp Hail Rate","Crop Rate Factor","Final Hail Rate","Premium"]
[null,"Twp","Rge","Mer",null,null,null,null,null,null,null,null,null,null,null,null,null,"LOOKUP","Deductible",null,"2020-04-24","Martine West","Updated Commodities","Completed"]
[null,null,null,null,null,null,null,null,null,{"$f":"IF(ISNA(VLOOKUP(CONCATENATE(E18,F18),croptype,2,FALSE)),\"\",VLOOKUP(CONCATENATE(E18,F18),croptype,4,FALSE))","v":""},{"$f":"IF(ISBLANK(E18),\"\",G18*H18)","v":""},{"$f":"IF(OR(ISBLANK(F18),ISBLANK(I18),ISBLANK(G18),ISBLANK(J18)),\"\",IF(H18>J18,\"Maximum Dollar Coverage for \"&E18&\" is $\"&J18,IF(I18=\"Full coverage\",G18*H18,G18*H18*(1-I18))))","v":""},{"$f":"IF(AND(ISBLANK(B18),ISBLANK(C18),ISBLANK(D18)),\"\",IF(ISNA(VLOOKUP(R18,Hail_Rates,5,FALSE)),\"Invalid Location\",VLOOKUP(R18,Hail_Rates,5,FALSE)))","v":""},{"$f":"IF(ISBLANK(E18),\"\",VLOOKUP(E18,Crop,3,FALSE))","v":""},{"$f":"IF(ISBLANK(E18),\"\",IF(ISTEXT(L18),0,(IF(S18=1,M18*N18,IF(S18=2,(M18*N18)*deductiblepercentfor10,(M18*N18)*deductiblepercentfor25)))))","v":""},{"$f":"IF(ISTEXT(L18),\"\",ROUND(K18*O18,2))","v":""},{"$f":"IF(P18=\"\",\"\",1)","v":""},{"$f":"(B18*100000)+(C18*100)+D18","v":0},{"$f":"IF(R18=0,0,IF(I18='St. Hail Commodities (data)'!$G$12,1,IF(I18='St. Hail Commodities (data)'!$G$13,2,3)))","v":0},{"$f":"CalcDeductible(I18)","v":{"$error":"#NAME?"}}]
[null,null,null,null,null,null,null,null,null,"",{"$f":"IF(ISBLANK(E19),\"\",G19*H19)","v":""},{"$f":"IF(OR(ISBLANK(F19),ISBLANK(I19),ISBLANK(G19),ISBLANK(J19)),\"\",IF(H19>J19,\"Maximum Dollar Coverage for \"&E19&\" is $\"&J19,IF(I19=\"Full coverage\",G19*H19,G19*H19*(1-I19))))","v":""},{"$f":"IF(AND(ISBLANK(B19),ISBLANK(C19),ISBLANK(D19)),\"\",IF(ISNA(VLOOKUP(R19,Hail_Rates,5,FALSE)),\"Invalid Location\",VLOOKUP(R19,Hail_Rates,5,FALSE)))","v":""},"","",{"$f":"IF(ISTEXT(L19),\"\",ROUND(K19*O19,2))","v":""},"",{"$f":"(B19*100000)+(C19*100)+D19","v":0},{"$f":"IF(R19=0,0,IF(I19='St. Hail Commodities (data)'!$G$12,1,IF(I19='St. Hail Commodities (data)'!$G$13,2,3)))","v":0},{"$f":"CalcDeductible(I19)","v":{"$error":"#NAME?"}}]
[null,null,null,null,null,null,null,null,null,"","","","","","","",{"$f":"IF(P20=\"\",\"\",1)","v":""},0,{"$f":"IF(R20=0,0,IF(I20='St. Hail Commodities (data)'!$G$12,1,IF(I20='St. Hail Commodities (data)'!$G$13,2,3)))","v":0},{"$f":"CalcDeductible(I20)","v":{"$error":"#NAME?"}}]
[null,null,null,null,null,null,null,null,null,{"$f":"IF(ISNA(VLOOKUP(CONCATENATE(E21,F21),croptype,2,FALSE)),\"\",VLOOKUP(CONCATENATE(E21,F21),croptype,4,FALSE))","v":""},"","","","","","","",0,{"$f":"IF(R21=0,0,IF(I21='St. Hail Commodities (data)'!$G$12,1,IF(I21='St. Hail Commodities (data)'!$G$13,2,3)))","v":0},{"$f":"CalcDeductible(I21)","v":{"$error":"#NAME?"}}]
[null,null,null,null,null,null,null,null,null,"","","","","","","","",0,{"$f":"IF(R22=0,0,IF(I22='St. Hail Commodities (data)'!$G$12,1,IF(I22='St. Hail Commodities (data)'!$G$13,2,3)))","v":0},{"$f":"CalcDeductible(I22)","v":{"$error":"#NAME?"}}]
[null,null,null,null,null,null,null,null,null,"","","","","","","","",0,{"$f":"IF(R23=0,0,IF(I23='St. Hail Commodities (data)'!$G$12,1,IF(I23='St. Hail Commodities (data)'!$G$13,2,3)))","v":0},{"$f":"CalcDeductible(I23)","v":{"$error":"#NAME?"}}]
[null,null,null,null,null,null,null,null,null,"","","","","","","","",0,{"$f":"IF(R24=0,0,IF(I24='St. Hail Commodities (data)'!$G$12,1,IF(I24='St. Hail Commodities (data)'!$G$13,2,3)))","v":0},{"$f":"CalcDeductible(I24)","v":{"$error":"#NAME?"}}]
[null,null,null,null,null,null,null,null,null,"","","","","","","","",0,{"$f":"IF(R25=0,0,IF(I25='St. Hail Commodities (data)'!$G$12,1,IF(I25='St. Hail Commodities (data)'!$G$13,2,3)))","v":0},{"$f":"CalcDeductible(I25)","v":{"$error":"#NAME?"}}]
[null,null,null,null,null,null,null,null,null,"","","","","","","","",0,{"$f":"IF(R26=0,0,IF(I26='St. Hail Commodities (data)'!$G$12,1,IF(I26='St. Hail Commodities (data)'!$G$13,2,3)))","v":0},{"$f":"CalcDeductible(I26)","v":{"$error":"#NAME?"}}]
[null,null,null,null,null,null,null,null,null,"","","","","","","","",0,{"$f":"IF(R27=0,0,IF(I27='St. Hail Commodities (data)'!$G$12,1,IF(I27='St. Hail Commodities (data)'!$G$13,2,3)))","v":0},{"$f":"CalcDeductible(I27)","v":{"$error":"#NAME?"}}]
[null,null,null,"Subtotal",null,null,null,null,null,null,null,null,null,null,null,{"$f":"SUM(INDIRECT(\"P18:P\"&ROW()-1))","v":0}]
[null,null,null,"On-line Discount (2%)",null,null,null,null,null,null,null,null,null,null,null,{"$f":"ROUND(SUM(P28*0.02)*-1,2)","v":0}]
[null,null,null,"Early Payment Discount (2%)",null,null,null,null,null,null,null,null,null,null,null,{"$f":"ROUND(SUM(P28*0.02)*-1,2)","v":0}]
[null,null,null,"Total",null,null,{"$f":"SUM(INDIRECT(\"G16:G\"&ROW()-1))","v":0},null,null,null,null,null,null,null,null,{"$f":"(SUM(P28:P30))","v":0}]
[]
[null,null,"DISCLAIMER"]
[null,null,"This is an insurance estimate and is not confirmation that you have insurance. "]
[null,null,"Enhanced estimate options are available using your AFSC Connect online account. Log in to AFSC Connect to quickly populate your land and crop information from previous hail insurance and/or crop insurance.\nContact AFSC at 1.877.899.2372 or info@afsc.ca if you have any questions regarding Hail Insurance or AFSC Connect. \n\n"]
[null,"Hide here and after"]

{"sheet":"Address (data)","index":1,"n_rows":8,"n_cols":13,"rows_kept":8,"cut":false,"hidden":true,"merged":[]}
["Address Table"]
["Branch Office","Address Line 1","Address Line 2","City","Postal Code","Phone","Fax",null,null,"Modication History"]
[{"$f":"IF('St. Hail Calculator'!L5=\"\",\"\",VLOOKUP('St. Hail Calculator'!L5,BranchOffices,1,FALSE))","v":""},{"$f":"IF(A3=\"\",\"\",VLOOKUP('St. Hail Calculator'!L5,BranchOffices,2,FALSE))","v":""},{"$f":"IF('St. Hail Calculator'!L5=\"\",\"\",VLOOKUP('St. Hail Calculator'!L5,BranchOffices,3,FALSE))","v":""},{"$f":"IF('St. Hail Calculator'!L5=\"\",\"\",VLOOKUP('St. Hail Calculator'!L5,BranchOffices,4,FALSE))","v":""},{"$f":"IF('St. Hail Calculator'!L5=\"\",\"\",VLOOKUP('St. Hail Calculator'!L5,BranchOffices,5,FALSE))","v":""},{"$f":"IF('St. Hail Calculator'!L5=\"\",\"\",VLOOKUP('St. Hail Calculator'!L5,BranchOffices,6,FALSE))","v":""},{"$f":"IF('St. Hail Calculator'!L5=\"\",\"\",VLOOKUP('St. Hail Calculator'!L5,BranchOffices,7,FALSE))","v":""},null,null,"2020-03-20","Martine West","No changes for 2020","Completed"]
[null,null,null,null,null,null,null,null,null,"2021-03-18","Martine West","No changes for 2021","Completed"]
[]
["Client Name"]
["Client Address"]
["City, AB  Postal Code"]

{"sheet":"St. Hail Commodities (data)","index":2,"n_rows":99,"n_cols":16,"rows_kept":99,"cut":false,"hidden":true,"merged":[]}
["Crop","Ag_Input","Rate Factor",null,"Maximum"]
["Alfalfa Seed",{"$f":"A2&$G$8","v":"Alfalfa SeedDry"},1.5,null,325]
["Barley","BarleyDry",1,null,325,null,null,null,null,null,null,null,"Modification History"]
["Borage","BorageDry",1.5,null,2525,null,"Buckwheat",null," not eligible for irrigation coverage",null,null,null,"2020-03-20","Martine West","No changes for 2020","Completed"]
["Brome","BromeDry",1.5,null,325,null,"CamelinaIrrigated",null," not eligible for irrigation coverage",null,null,null,"2020-04-23","Jackie Sanden","Updated for 2020 crops","Completed"]
["Canary Seed","Canary SeedDry",1,null,325,null,null,null,null,null,null,null,"2021-03-18","M West","Split peas into two commodities","Completed"]
["Canola","CanolaDry",1.5,null,425,null,null,null,null,null,null,null,"2021-03-24","J Sanden","Update Ag Inputs 2021"]
["Cereal for Silage","Cereal for SilageDry",1,null,325,null,"Dry",null,null,null,null,null,"2021-04-19","M West","Updated Ag Inputs 2021","Completed"]
["Chickpeas","ChickpeasDry",1.5,null,425,null,"Irrigated",null,null,null,null,null,"2022-03-30","Jim B.","Updated Ag Inputs 2022","Completed"]
["Clover","CloverDry",1.5,null,325,null,null,null,null,null,null,null,"2023-02-15","Jim B.","Updated Ag Inputs 2023","Completed"]
["Coriander","CorianderDry",1.5,null,2525]
["Corn Silage","Corn SilageDry",0.75,null,325,1,"Full Coverage"]
["Corn-Grain, Grazing","Corn-Grain, GrazingDry",1,null,325,2,0.1,0.75,"As per I2304-0161"]
["Crested Wheat Grass","Crested Wheat GrassDry",1.5,null,325,3,0.25,0.5,"As per I2304-0161"]
["Dill","DillDry",1.5,null,2525]
["Dry Beans","Dry BeansDry",1.5,null,325]
["Faba Beans","Faba BeansDry",1.5,null,325]
["Fescue, Grass & Legume for Seed","Fescue, Grass & Legume for SeedDry",1.5,null,325]
["Field Peas","Field PeasDry",1.75,null,325]
["Flax","FlaxDry",1,null,325]
["Fresh Vegetables i.e. Sweet Corn - Pumpkin","Fresh Vegetables i.e. Sweet Corn - PumpkinDry",1.5,null,2525]
["Garlic","GarlicDry",1.5,null,2525]
["Hay","HayDry",0.75,null,325]
["Hay Silage","Hay SilageDry",0.75,null,325]
["Hemp","HempDry",1,null,325]
["Herbs & Spices","Herbs & SpicesDry",1.5,null,2525]
["Intercrop - Cereal","Intercrop - CerealDry",1,null,325]
["Intercrop - Oilseed","Intercrop - OilseedDry",1.75,null,325]
["Intercrop - Pulse","Intercrop - PulseDry",1.5,null,325]
["Lentils","LentilsDry",1.5,null,325]
["Market Garden","Market GardenDry",1.5,null,19050]
["Millet","MilletDry",1,null,325]
["Mint","MintDry",1,null,2525]
["Mixed Grain",{"$f":"A34&$G$8","v":"Mixed GrainDry"},1,null,325]
["Mustard","MustardDry",1.75,null,325]
["Oats","OatsDry",1,null,325]
["Oilseed for Silage","Oilseed for SilageDry",1.75,null,325]
["Other Oilseeds","Other OilseedsDry",1,null,325]
["Potatoes","PotatoesDry",1,null,3725]
["Processing Crops","Processing CropsDry",2,null,2525]
["Pulse for Silage","Pulse for SilageDry",1.5,null,325]
["Rye","RyeDry",1,null,325]
["Safflower","SafflowerDry",1,null,325]
["Sorghum Silage","Sorghum SilageDry",0.75,null,325]
["Soybeans","SoybeansDry",1.5,null,325]
["Spring Spelt","Spring SpeltDry",1,null,325]
["Sugar Beets","Sugar BeetsDry",0.75,null,2525]
["Sunflower","SunflowerDry",1,null,325]
["Triticale","TriticaleDry",1,null,325]
["Wheat","WheatDry",1,null,325]
["Alfalfa Seed",{"$f":"A51&$G$9","v":"Alfalfa SeedIrrigated"},1.5,null,575]
["Barley","BarleyIrrigated",1,null,575]
["Borage","BorageIrrigated",1.5,null,2900]
["Brome","BromeIrrigated",1.5,null,575]
["Canary Seed","Canary SeedIrrigated",1,null,575]
["Canola","CanolaIrrigated",1.5,null,575]
["Cereal for Silage","Cereal for SilageIrrigated",1,null,575]
["Chickpeas","ChickpeasIrrigated",1.5,null,575]
["Clover","CloverIrrigated",1.5,null,575]
["Coriander","CorianderIrrigated",1.5,null,2900]
["Corn Silage","Corn SilageIrrigated",0.75,null,575]
["Corn-Grain, Grazing","Corn-Grain, GrazingIrrigated",1,null,575]
["Crested Wheat Grass","Crested Wheat GrassIrrigated",1.5,null,575]
["Dill","DillIrrigated",1.5,null,2900]
["Dry Beans","Dry BeansIrrigated",1.5,null,575]
["Faba Beans","Faba BeansIrrigated",1.5,null,575]
["Fescue, Grass & Legume for Seed","Fescue, Grass & Legume for SeedIrrigated",1.5,null,575]
["Field Peas","Field PeasIrrigated",1.75,null,575]
["Flax","FlaxIrrigated",1,null,575]
["Fresh Vegetables i.e. Sweet Corn - Pumpkin","Fresh Vegetables i.e. Sweet Corn - PumpkinIrrigated",1.5,null,2900]
["Garlic","GarlicIrrigated",1.5,null,2900]
["Hay","HayIrrigated",0.75,null,575]
["Hay Silage","Hay SilageIrrigated",0.75,null,575]
["Hemp","HempIrrigated",1,null,575]
["Herbs & Spices","Herbs & SpicesIrrigated",1.5,null,2900]
["Intercrop - Cereal","Intercrop - CerealIrrigated",1,null,575]
["Intercrop - Oilseed","Intercrop - OilseedIrrigated",1.75,null,575]
["Intercrop - Pulse","Intercrop - PulseIrrigated",1.5,null,575]
["Lentils","LentilsIrrigated",1.5,null,575]
["Market Garden","Market GardenIrrigated",1.5,null,19050]
["Millet","MilletIrrigated",1,null,575]
["Mint ","Mint Irrigated",1,null,2900]
["Mixed Grain",{"$f":"A83&$G$9","v":"Mixed GrainIrrigated"},1,null,575]
["Mustard","MustardIrrigated",1.75,null,575]
["Oats","OatsIrrigated",1,null,575]
["Oilseed for Silage","Oilseed for SilageIrrigated",1.75,null,575]
["Other Oilseeds","Other OilseedsIrrigated",1,null,575]
["Potatoes","PotatoesIrrigated",1,null,4150]
["Processing Crops","Processing CropsIrrigated",2,null,2900]
["Pulse for Silage","Pulse for SilageIrrigated",1.5,null,575]
["Rye","RyeIrrigated",1,null,575]
["Safflower","SafflowerIrrigated",1,null,575]
["Sorghum Silage","Sorghum SilageIrrigated",0.75,null,575]
["Soybeans","SoybeansIrrigated",1.5,null,575]
["Spring Spelt","Spring SpeltIrrigated",1,null,575]
["Sugar Beets","Sugar BeetsIrrigated",0.75,null,2900]
["Sunflower","SunflowerIrrigated",1,null,575]
["Triticale","TriticaleIrrigated",1,null,575]
["Wheat","WheatIrrigated",1,null,575]

{"sheet":"Hail rates (data)","index":3,"n_rows":4241,"n_cols":17,"rows_kept":4241,"cut":false,"hidden":true,"merged":[]}
["location","Township","range","meridian","rate","silage"]
[{"$f":"(B2*100000)+(C2*100)+D2","v":100104},"1","1","4",0.06,{"$f":"E2*$K$5","v":4.4999999999999998E-2},null,null,null,null,null,null,null,"Modication History"]
[{"$f":"(B3*100000)+(C3*100)+D3","v":100105},"1","1","5",0.06,4.4999999999999998E-2,null,null,null,null,null,null,null,"2020-03-20","Martine West","Retrieved 2020 Hail Rates","Completed"]
[100204,"1","2","4",0.06,4.4999999999999998E-2,null,null,null,null,null,null,null,"2021-03-18","Martine West","Retrieved 2021 Hail Rates","Completed"]
[100205,"1","2","5",0.06,4.4999999999999998E-2,null,null,null,"Silage Rate",0.75,null,null,"2022-01-24","Martine West","Retrieved 2022 Hail Rates","Completed"]
[100304,"1","3","4",0.06,4.4999999999999998E-2,null,null,null,null,null,null,null,"2023-02-15","J Baumgartner","Retrieved 2022 Hail Rates","Completed"]
[100404,"1","4","4",0.06,4.4999999999999998E-2]
[100504,"1","5","4",0.06,4.4999999999999998E-2]
[100604,"1","6","4",0.06,4.4999999999999998E-2]
[100704,"1","7","4",0.06,4.4999999999999998E-2]
[100804,"1","8","4",7.0000000000000007E-2,5.2500000000000005E-2]
[100904,"1","9","4",7.0000000000000007E-2,5.2500000000000005E-2]
[101004,"1","10","4",7.0000000000000007E-2,5.2500000000000005E-2,null,null,"."]
[101104,"1","11","4",0.06,4.4999999999999998E-2]
[101204,"1","12","4",0.06,4.4999999999999998E-2]
[101304,"1","13","4",0.06,4.4999999999999998E-2]
[101404,"1","14","4",0.05,3.7500000000000006E-2]
[101504,"1","15","4",0.05,3.7500000000000006E-2]
[101604,"1","16","4",0.04,0.03]
[101704,"1","17","4",0.05,3.7500000000000006E-2]
[101804,"1","18","4",0.06,4.4999999999999998E-2]
[101904,"1","19","4",0.06,4.4999999999999998E-2]
[102004,"1","20","4",7.0000000000000007E-2,5.2500000000000005E-2]
[102104,"1","21","4",0.11,8.2500000000000004E-2]
[102204,"1","22","4",0.12,0.09]
[102304,"1","23","4",0.1,7.5000000000000011E-2]
[102404,"1","24","4",0.08,0.06]
[102504,"1","25","4",0.08,0.06]
[102604,"1","26","4",0.08,0.06]
[102704,"1","27","4",7.0000000000000007E-2,5.2500000000000005E-2]
[102803,"1","28","3",0.06,4.4999999999999998E-2]
[102804,"1","28","4",7.0000000000000007E-2,5.2500000000000005E-2]
[102903,"1","29","3",0.06,4.4999999999999998E-2]
[102904,"1","29","4",0.06,4.4999999999999998E-2]
[103003,"1","30","3",0.06,4.4999999999999998E-2]
[103004,"1","30","4",0.06,4.4999999999999998E-2]
[200104,"2","1","4",0.06,4.4999999999999998E-2]
[200105,"2","1","5",0.06,4.4999999999999998E-2]
[200204,"2","2","4",0.06,4.4999999999999998E-2]
[200205,"2","2","5",0.06,4.4999999999999998E-2]
[200304,"2","3","4",0.06,4.4999999999999998E-2]
[200404,"2","4","4",0.06,4.4999999999999998E-2]
[200504,"2","5","4",0.06,4.4999999999999998E-2]
[200604,"2","6","4",0.06,4.4999999999999998E-2]
[200704,"2","7","4",0.06,4.4999999999999998E-2]
[200804,"2","8","4",7.0000000000000007E-2,5.2500000000000005E-2]
[200904,"2","9","4",7.0000000000000007E-2,5.2500000000000005E-2]
[201004,"2","10","4",7.0000000000000007E-2,5.2500000000000005E-2]
[201104,"2","11","4",7.0000000000000007E-2,5.2500000000000005E-2]
[201204,"2","12","4",0.06,4.4999999999999998E-2]
[201304,"2","13","4",0.06,4.4999999999999998E-2]
[201404,"2","14","4",0.06,4.4999999999999998E-2]
[201504,"2","15","4",0.04,0.03]
[201604,"2","16","4",0.04,0.03]
[201704,"2","17","4",0.05,3.7500000000000006E-2]
[201804,"2","18","4",0.06,4.4999999999999998E-2]
[201904,"2","19","4",0.06,4.4999999999999998E-2]
[202004,"2","20","4",7.0000000000000007E-2,5.2500000000000005E-2]
[202104,"2","21","4",0.09,6.7500000000000004E-2]
[202204,"2","22","4",0.09,6.7500000000000004E-2]
[202304,"2","23","4",0.1,7.5000000000000011E-2]
[202404,"2","24","4",0.09,6.7500000000000004E-2]
[202504,"2","25","4",0.1,7.5000000000000011E-2]
[202604,"2","26","4",0.08,0.06]
[202704,"2","27","4",7.0000000000000007E-2,5.2500000000000005E-2]
[202803,"2","28","3",0.06,{"$f":"E66*$K$5","v":4.4999999999999998E-2}]
[{"$f":"(B67*100000)+(C67*100)+D67","v":202804},"2","28","4",0.06,4.4999999999999998E-2]
[202903,"2","29","3",0.06,4.4999999999999998E-2]
[202904,"2","29","4",0.06,4.4999999999999998E-2]
[203003,"2","30","3",0.06,4.4999999999999998E-2]
[203004,"2","30","4",0.06,4.4999999999999998E-2]
[300104,"3","1","4",0.06,4.4999999999999998E-2]
[300105,"3","1","5",7.0000000000000007E-2,5.2500000000000005E-2]
[300204,"3","2","4",0.06,4.4999999999999998E-2]
[300205,"3","2","5",7.0000000000000007E-2,5.2500000000000005E-2]
[300304,"3","3","4",0.06,4.4999999999999998E-2]
[300305,"3","3","5",7.0000000000000007E-2,5.2500000000000005E-2]
[300404,"3","4","4",0.06,4.4999999999999998E-2]
[300405,"3","4","5",7.0000000000000007E-2,5.2500000000000005E-2]
[300504,"3","5","4",0.06,4.4999999999999998E-2]
[300604,"3","6","4",0.06,4.4999999999999998E-2]
[300704,"3","7","4",0.05,3.7500000000000006E-2]
[300804,"3","8","4",0.06,4.4999999999999998E-2]
[300904,"3","9","4",7.0000000000000007E-2,5.2500000000000005E-2]
[301004,"3","10","4",7.0000000000000007E-2,5.2500000000000005E-2]
[301104,"3","11","4",7.0000000000000007E-2,5.2500000000000005E-2]
[301204,"3","12","4",7.0000000000000007E-2,5.2500000000000005E-2]
[301304,"3","13","4",7.0000000000000007E-2,5.2500000000000005E-2]
[301404,"3","14","4",7.0000000000000007E-2,5.2500000000000005E-2]
[301504,"3","15","4",0.06,4.4999999999999998E-2]
[301604,"3","16","4",0.06,4.4999999999999998E-2]
[301704,"3","17","4",0.06,4.4999999999999998E-2]
[301804,"3","18","4",0.06,4.4999999999999998E-2]
[301904,"3","19","4",0.06,4.4999999999999998E-2]
[302004,"3","20","4",0.06,4.4999999999999998E-2]
[302104,"3","21","4",0.06,4.4999999999999998E-2]
[302204,"3","22","4",0.06,4.4999999999999998E-2]
[302304,"3","23","4",7.0000000000000007E-2,5.2500000000000005E-2]
[302404,"3","24","4",0.09,6.7500000000000004E-2]
[302504,"3","25","4",0.1,7.5000000000000011E-2]
[302604,"3","26","4",0.09,6.7500000000000004E-2]
[302704,"3","27","4",0.08,0.06]
[302803,"3","28","3",0.06,4.4999999999999998E-2]
[302804,"3","28","4",0.06,4.4999999999999998E-2]
[302903,"3","29","3",0.06,4.4999999999999998E-2]
[302904,"3","29","4",0.06,4.4999999999999998E-2]
[303003,"3","30","3",0.06,4.4999999999999998E-2]
[303004,"3","30","4",0.06,4.4999999999999998E-2]
[400104,"4","1","4",0.06,4.4999999999999998E-2]
[400105,"4","1","5",7.0000000000000007E-2,5.2500000000000005E-2]
[400204,"4","2","4",0.06,4.4999999999999998E-2]
[400205,"4","2","5",7.0000000000000007E-2,5.2500000000000005E-2]
[400304,"4","3","4",0.06,4.4999999999999998E-2]
[400305,"4","3","5",7.0000000000000007E-2,5.2500000000000005E-2]
[400404,"4","4","4",0.05,3.7500000000000006E-2]
[400405,"4","4","5",7.0000000000000007E-2,5.2500000000000005E-2]
[400504,"4","5","4",0.05,3.7500000000000006E-2]
[400604,"4","6","4",0.05,3.7500000000000006E-2]
[400704,"4","7","4",0.05,3.7500000000000006E-2]
[400804,"4","8","4",0.06,4.4999999999999998E-2]
[400904,"4","9","4",7.0000000000000007E-2,5.2500000000000005E-2]
[401004,"4","10","4",7.0000000000000007E-2,5.2500000000000005E-2]
[401104,"4","11","4",7.0000000000000007E-2,5.2500000000000005E-2]
[401204,"4","12","4",0.08,0.06]
[401304,"4","13","4",0.08,0.06]
[401404,"4","14","4",7.0000000000000007E-2,5.2500000000000005E-2]
[401504,"4","15","4",0.06,4.4999999999999998E-2]
[401604,"4","16","4",7.0000000000000007E-2,5.2500000000000005E-2]
[401704,"4","17","4",0.08,0.06]
[401804,"4","18","4",7.0000000000000007E-2,{"$f":"E130*$K$5","v":5.2500000000000005E-2}]
[{"$f":"(B131*100000)+(C131*100)+D131","v":401904},"4","19","4",0.06,4.4999999999999998E-2]
[402004,"4","20","4",0.05,3.7500000000000006E-2]
[402104,"4","21","4",0.05,3.7500000000000006E-2]
[402204,"4","22","4",0.05,3.7500000000000006E-2]
[402304,"4","23","4",0.06,4.4999999999999998E-2]
[402404,"4","24","4",7.0000000000000007E-2,5.2500000000000005E-2]
[402504,"4","25","4",0.06,4.4999999999999998E-2]
[402604,"4","26","4",7.0000000000000007E-2,5.2500000000000005E-2]
[402704,"4","27","4",0.08,0.06]
[402803,"4","28","3",0.06,4.4999999999999998E-2]
[402804,"4","28","4",0.08,0.06]
[402903,"4","29","3",0.06,4.4999999999999998E-2]
[402904,"4","29","4",7.0000000000000007E-2,5.2500000000000005E-2]
[403003,"4","30","3",0.06,4.4999999999999998E-2]
[403004,"4","30","4",7.0000000000000007E-2,5.2500000000000005E-2]
[500104,"5","1","4",0.06,4.4999999999999998E-2]
[500105,"5","1","5",7.0000000000000007E-2,5.2500000000000005E-2]
[500204,"5","2","4",0.06,4.4999999999999998E-2]
[500205,"5","2","5",7.0000000000000007E-2,5.2500000000000005E-2]
[500304,"5","3","4",0.06,4.4999999999999998E-2]
[500305,"5","3","5",0.06,4.4999999999999998E-2]
[500404,"5","4","4",0.06,4.4999999999999998E-2]
[500405,"5","4","5",0.06,4.4999999999999998E-2]
[500504,"5","5","4",0.05,3.7500000000000006E-2]
[500505,"5","5","5",0.06,4.4999999999999998E-2]
[500604,"5","6","4",0.04,0.03]
[500704,"5","7","4",0.04,0.03]
[500804,"5","8","4",0.05,3.7500000000000006E-2]
[500904,"5","9","4",7.0000000000000007E-2,5.2500000000000005E-2]
[501004,"5","10","4",0.06,4.4999999999999998E-2]
[501104,"5","11","4",0.06,4.4999999999999998E-2]
[501204,"5","12","4",7.0000000000000007E-2,5.2500000000000005E-2]
[501304,"5","13","4",7.0000000000000007E-2,5.2500000000000005E-2]
[501404,"5","14","4",0.05,3.7500000000000006E-2]
[501504,"5","15","4",0.06,4.4999999999999998E-2]
[501604,"5","16","4",0.05,3.7500000000000006E-2]
[501704,"5","17","4",0.06,4.4999999999999998E-2]
[501804,"5","18","4",0.06,4.4999999999999998E-2]
[501904,"5","19","4",0.06,4.4999999999999998E-2]
[502004,"5","20","4",0.06,4.4999999999999998E-2]
[502104,"5","21","4",0.05,3.7500000000000006E-2]
[502204,"5","22","4",0.05,3.7500000000000006E-2]
[502304,"5","23","4",0.04,0.03]
[502404,"5","24","4",0.04,0.03]
[502504,"5","25","4",0.05,3.7500000000000006E-2]
[502604,"5","26","4",0.05,3.7500000000000006E-2]
[502704,"5","27","4",0.06,4.4999999999999998E-2]
[502803,"5","28","3",0.06,4.4999999999999998E-2]
[502804,"5","28","4",0.06,4.4999999999999998E-2]
[502903,"5","29","3",0.06,4.4999999999999998E-2]
[502904,"5","29","4",7.0000000000000007E-2,5.2500000000000005E-2]
[503003,"5","30","3",0.06,4.4999999999999998E-2]
[503004,"5","30","4",7.0000000000000007E-2,5.2500000000000005E-2]
[600104,"6","1","4",7.0000000000000007E-2,5.2500000000000005E-2]
[600105,"6","1","5",0.08,0.06]
[600204,"6","2","4",0.06,4.4999999999999998E-2]
[600205,"6","2","5",0.06,4.4999999999999998E-2]
[600304,"6","3","4",0.06,4.4999999999999998E-2]
[600305,"6","3","5",0.06,4.4999999999999998E-2]
[600404,"6","4","4",0.06,4.4999999999999998E-2]
[600405,"6","4","5",0.06,4.4999999999999998E-2]
[600504,"6","5","4",0.05,3.7500000000000006E-2]
[600505,"6","5","5",0.06,4.4999999999999998E-2]
[600604,"6","6","4",0.03,{"$f":"E194*$K$5","v":2.2499999999999999E-2}]
[{"$f":"(B195*100000)+(C195*100)+D195","v":600704},"6","7","4",0.04,0.03]
[600804,"6","8","4",0.04,0.03]
[600904,"6","9","4",0.04,0.03]
[601004,"6","10","4",0.05,3.7500000000000006E-2]
[601104,"6","11","4",0.05,3.7500000000000006E-2]
[601204,"6","12","4",0.06,4.4999999999999998E-2]
[601304,"6","13","4",0.06,4.4999999999999998E-2]
[601404,"6","14","4",7.0000000000000007E-2,5.2500000000000005E-2]
[601504,"6","15","4",0.06,4.4999999999999998E-2]
[601604,"6","16","4",0.06,4.4999999999999998E-2]
[601704,"6","17","4",0.06,4.4999999999999998E-2]
[601804,"6","18","4",0.06,4.4999999999999998E-2]
[601904,"6","19","4",7.0000000000000007E-2,5.2500000000000005E-2]
[602004,"6","20","4",7.0000000000000007E-2,5.2500000000000005E-2]
[602104,"6","21","4",0.05,3.7500000000000006E-2]
[602204,"6","22","4",0.05,3.7500000000000006E-2]
[602304,"6","23","4",0.04,0.03]
[602404,"6","24","4",0.03,2.2499999999999999E-2]
[602504,"6","25","4",0.03,2.2499999999999999E-2]
[602604,"6","26","4",0.04,0.03]
[602704,"6","27","4",0.04,0.03]
[602803,"6","28","3",7.0000000000000007E-2,5.2500000000000005E-2]
[602804,"6","28","4",0.04,0.03]
[602903,"6","29","3",7.0000000000000007E-2,5.2500000000000005E-2]
[602904,"6","29","4",0.06,4.4999999999999998E-2]
[603003,"6","30","3",7.0000000000000007E-2,5.2500000000000005E-2]
[603004,"6","30","4",7.0000000000000007E-2,5.2500000000000005E-2]
[700104,"7","1","4",7.0000000000000007E-2,5.2500000000000005E-2]
[700105,"7","1","5",0.06,4.4999999999999998E-2]
[700204,"7","2","4",7.0000000000000007E-2,5.2500000000000005E-2]
[700205,"7","2","5",0.06,4.4999999999999998E-2]
[700304,"7","3","4",0.06,4.4999999999999998E-2]
[700305,"7","3","5",0.06,4.4999999999999998E-2]
[700404,"7","4","4",0.06,4.4999999999999998E-2]
[700405,"7","4","5",0.06,4.4999999999999998E-2]
[700504,"7","5","4",0.04,0.03]
[700505,"7","5","5",0.06,4.4999999999999998E-2]
[700604,"7","6","4",0.03,2.2499999999999999E-2]
[700605,"7","6","5",0.06,4.4999999999999998E-2]
[700704,"7","7","4",0.04,0.03]
[700804,"7","8","4",0.04,0.03]
[700904,"7","9","4",0.04,0.03]
[701004,"7","10","4",0.05,3.7500000000000006E-2]
[701104,"7","11","4",0.04,0.03]
[701204,"7","12","4",0.05,3.7500000000000006E-2]
[701304,"7","13","4",0.06,4.4999999999999998E-2]
[701404,"7","14","4",7.0000000000000007E-2,5.2500000000000005E-2]
[701504,"7","15","4",7.0000000000000007E-2,5.2500000000000005E-2]
[701604,"7","16","4",0.06,4.4999999999999998E-2]
[701704,"7","17","4",0.06,4.4999999999999998E-2]
[701804,"7","18","4",7.0000000000000007E-2,5.2500000000000005E-2]
[701904,"7","19","4",0.06,4.4999999999999998E-2]
[702004,"7","20","4",0.06,4.4999999999999998E-2]
[702104,"7","21","4",7.0000000000000007E-2,5.2500000000000005E-2]
[702204,"7","22","4",0.05,3.7500000000000006E-2]
[702304,"7","23","4",0.05,3.7500000000000006E-2]
[702404,"7","24","4",0.05,3.7500000000000006E-2]
[702504,"7","25","4",0.04,0.03]
[702604,"7","26","4",0.03,2.2499999999999999E-2]
[702704,"7","27","4",0.04,0.03]
[702803,"7","28","3",7.0000000000000007E-2,5.2500000000000005E-2]
[702804,"7","28","4",0.04,0.03]
[702903,"7","29","3",7.0000000000000007E-2,5.2500000000000005E-2]
[702904,"7","29","4",0.06,{"$f":"E258*$K$5","v":4.4999999999999998E-2}]
[{"$f":"(B259*100000)+(C259*100)+D259","v":703003},"7","30","3",7.0000000000000007E-2,5.2500000000000005E-2]
[703004,"7","30","4",0.06,4.4999999999999998E-2]
[800104,"8","1","4",7.0000000000000007E-2,5.2500000000000005E-2]
[800105,"8","1","5",0.05,3.7500000000000006E-2]
[800204,"8","2","4",7.0000000000000007E-2,5.2500000000000005E-2]
[800205,"8","2","5",0.06,4.4999999999999998E-2]
[800304,"8","3","4",7.0000000000000007E-2,5.2500000000000005E-2]
[800305,"8","3","5",7.0000000000000007E-2,5.2500000000000005E-2]
[800404,"8","4","4",0.06,4.4999999999999998E-2]
[800405,"8","4","5",0.06,4.4999999999999998E-2]
[800504,"8","5","4",0.05,3.7500000000000006E-2]
[800505,"8","5","5",0.06,4.4999999999999998E-2]
[800604,"8","6","4",0.04,0.03]
[800605,"8","6","5",0.06,4.4999999999999998E-2]
[800704,"8","7","4",0.04,0.03]
[800804,"8","8","4",0.04,0.03]
[800904,"8","9","4",0.04,0.03]
[801004,"8","10","4",0.04,0.03]
[801104,"8","11","4",0.05,3.7500000000000006E-2]
[801204,"8","12","4",7.0000000000000007E-2,5.2500000000000005E-2]
[801304,"8","13","4",0.06,4.4999999999999998E-2]
[801404,"8","14","4",0.05,3.7500000000000006E-2]
[801504,"8","15","4",0.06,4.4999999999999998E-2]
[801604,"8","16","4",0.06,4.4999999999999998E-2]
[801704,"8","17","4",0.06,4.4999999999999998E-2]
[801804,"8","18","4",7.0000000000000007E-2,5.2500000000000005E-2]
[801904,"8","19","4",0.06,4.4999999999999998E-2]
[802004,"8","20","4",0.06,4.4999999999999998E-2]
[802104,"8","21","4",0.05,3.7500000000000006E-2]
[802204,"8","22","4",0.05,3.7500000000000006E-2]
[802304,"8","23","4",7.0000000000000007E-2,5.2500000000000005E-2]
[802404,"8","24","4",7.0000000000000007E-2,5.2500000000000005E-2]
[802504,"8","25","4",0.05,3.7500000000000006E-2]
[802604,"8","26","4",0.04,0.03]
[802704,"8","27","4",0.04,0.03]
[802803,"8","28","3",7.0000000000000007E-2,5.2500000000000005E-2]
[802804,"8","28","4",0.06,4.4999999999999998E-2]
[802903,"8","29","3",7.0000000000000007E-2,5.2500000000000005E-2]
[802904,"8","29","4",7.0000000000000007E-2,5.2500000000000005E-2]
[803003,"8","30","3",7.0000000000000007E-2,5.2500000000000005E-2]
[803004,"8","30","4",0.06,4.4999999999999998E-2]
[900104,"9","1","4",0.09,6.7500000000000004E-2]
[900105,"9","1","5",7.0000000000000007E-2,5.2500000000000005E-2]
[900204,"9","2","4",0.08,0.06]
[900205,"9","2","5",0.08,0.06]
[900304,"9","3","4",7.0000000000000007E-2,5.2500000000000005E-2]
[900305,"9","3","5",7.0000000000000007E-2,5.2500000000000005E-2]
[900404,"9","4","4",0.06,4.4999999999999998E-2]
[900405,"9","4","5",0.06,4.4999999999999998E-2]
[900504,"9","5","4",0.05,3.7500000000000006E-2]
[900505,"9","5","5",0.06,4.4999999999999998E-2]
[900604,"9","6","4",0.05,3.7500000000000006E-2]
[900704,"9","7","4",0.05,3.7500000000000006E-2]
[900804,"9","8","4",0.04,0.03]
[900904,"9","9","4",0.04,0.03]
[901004,"9","10","4",0.05,3.7500000000000006E-2]
[901104,"9","11","4",0.05,3.7500000000000006E-2]
[901204,"9","12","4",7.0000000000000007E-2,5.2500000000000005E-2]
[901304,"9","13","4",7.0000000000000007E-2,5.2500000000000005E-2]
[901404,"9","14","4",0.06,4.4999999999999998E-2]
[901504,"9","15","4",0.06,4.4999999999999998E-2]
[901604,"9","16","4",0.06,4.4999999999999998E-2]
[901704,"9","17","4",0.06,4.4999999999999998E-2]
[901804,"9","18","4",0.06,{"$f":"E322*$K$5","v":4.4999999999999998E-2}]
[{"$f":"(B323*100000)+(C323*100)+D323","v":901904},"9","19","4",0.06,4.4999999999999998E-2]
[902004,"9","20","4",0.05,3.7500000000000006E-2]
[902104,"9","21","4",0.05,3.7500000000000006E-2]
[902204,"9","22","4",0.05,3.7500000000000006E-2]
[902304,"9","23","4",0.06,4.4999999999999998E-2]
[902404,"9","24","4",0.06,4.4999999999999998E-2]
[902504,"9","25","4",0.06,4.4999999999999998E-2]
[902604,"9","26","4",0.05,3.7500000000000006E-2]
[902704,"9","27","4",0.05,3.7500000000000006E-2]
[902803,"9","28","3",0.09,6.7500000000000004E-2]
[902804,"9","28","4",0.06,4.4999999999999998E-2]
[902903,"9","29","3",0.09,6.7500000000000004E-2]
[902904,"9","29","4",0.06,4.4999999999999998E-2]
[903003,"9","30","3",0.09,6.7500000000000004E-2]
[903004,"9","30","4",0.06,4.4999999999999998E-2]
[1000104,"10","1","4",0.08,0.06]
[1000105,"10","1","5",7.0000000000000007E-2,5.2500000000000005E-2]
[1000204,"10","2","4",0.08,0.06]
[1000205,"10","2","5",7.0000000000000007E-2,5.2500000000000005E-2]
[1000304,"10","3","4",7.0000000000000007E-2,5.2500000000000005E-2]
[1000305,"10","3","5",7.0000000000000007E-2,5.2500000000000005E-2]
[1000404,"10","4","4",0.06,4.4999999999999998E-2]
[1000405,"10","4","5",7.0000000000000007E-2,5.2500000000000005E-2]
[1000504,"10","5","4",0.05,3.7500000000000006E-2]
[1000505,"10","5","5",7.0000000000000007E-2,5.2500000000000005E-2]
[1000604,"10","6","4",0.06,4.4999999999999998E-2]
[1000704,"10","7","4",0.06,4.4999999999999998E-2]
[1000804,"10","8","4",0.05,3.7500000000000006E-2]
[1000904,"10","9","4",0.06,4.4999999999999998E-2]
[1001004,"10","10","4",7.0000000000000007E-2,5.2500000000000005E-2]
[1001104,"10","11","4",7.0000000000000007E-2,5.2500000000000005E-2]
[1001204,"10","12","4",7.0000000000000007E-2,5.2500000000000005E-2]
[1001304,"10","13","4",7.0000000000000007E-2,5.2500000000000005E-2]
[1001404,"10","14","4",0.08,0.06]
[1001504,"10","15","4",7.0000000000000007E-2,5.2500000000000005E-2]
[1001604,"10","16","4",0.06,4.4999999999999998E-2]
[1001704,"10","17","4",7.0000000000000007E-2,5.2500000000000005E-2]
[1001804,"10","18","4",0.08,0.06]
[1001904,"10","19","4",0.06,4.4999999999999998E-2]
[1002004,"10","20","4",0.06,4.4999999999999998E-2]
[1002104,"10","21","4",0.06,4.4999999999999998E-2]
[1002204,"10","22","4",0.05,3.7500000000000006E-2]
[1002304,"10","23","4",0.05,3.7500000000000006E-2]
[1002404,"10","24","4",0.05,3.7500000000000006E-2]
[1002504,"10","25","4",0.05,3.7500000000000006E-2]
[1002604,"10","26","4",0.05,3.7500000000000006E-2]
[1002704,"10","27","4",0.06,4.4999999999999998E-2]
[1002803,"10","28","3",0.08,0.06]
[1002804,"10","28","4",0.06,4.4999999999999998E-2]
[1002903,"10","29","3",0.08,0.06]
[1002904,"10","29","4",0.06,4.4999999999999998E-2]
[1003003,"10","30","3",0.08,0.06]
[1003004,"10","30","4",0.06,4.4999999999999998E-2]
[1100104,"11","1","4",0.08,0.06]
[1100105,"11","1","5",7.0000000000000007E-2,5.2500000000000005E-2]
[1100204,"11","2","4",0.08,0.06]
[1100205,"11","2","5",7.0000000000000007E-2,5.2500000000000005E-2]
[1100304,"11","3","4",7.0000000000000007E-2,5.2500000000000005E-2]
[1100305,"11","3","5",7.0000000000000007E-2,5.2500000000000005E-2]
[1100404,"11","4","4",0.06,4.4999999999999998E-2]
[1100405,"11","4","5",7.0000000000000007E-2,5.2500000000000005E-2]
[1100504,"11","5","4",0.06,4.4999999999999998E-2]
[1100505,"11","5","5",7.0000000000000007E-2,5.2500000000000005E-2]
[1100604,"11","6","4",0.06,{"$f":"E386*$K$5","v":4.4999999999999998E-2}]
[{"$f":"(B387*100000)+(C387*100)+D387","v":1100605},"11","6","5",7.0000000000000007E-2,5.2500000000000005E-2]
[1100704,"11","7","4",0.06,4.4999999999999998E-2]
[1100804,"11","8","4",0.06,4.4999999999999998E-2]
[1100904,"11","9","4",7.0000000000000007E-2,5.2500000000000005E-2]
[1101004,"11","10","4",0.08,0.06]
[1101104,"11","11","4",0.08,0.06]
[1101204,"11","12","4",7.0000000000000007E-2,5.2500000000000005E-2]
[1101304,"11","13","4",7.0000000000000007E-2,5.2500000000000005E-2]
[1101404,"11","14","4",7.0000000000000007E-2,5.2500000000000005E-2]
[1101504,"11","15","4",0.08,0.06]
[1101604,"11","16","4",7.0000000000000007E-2,5.2500000000000005E-2]
[1101704,"11","17","4",0.05,3.7500000000000006E-2]
[1101804,"11","18","4",0.05,3.7500000000000006E-2]
[1101904,"11","19","4",7.0000000000000007E-2,5.2500000000000005E-2]
[1102004,"11","20","4",7.0000000000000007E-2,5.2500000000000005E-2]
[1102104,"11","21","4",0.06,4.4999999999999998E-2]
[1102204,"11","22","4",0.05,3.7500000000000006E-2]
[1102304,"11","23","4",0.05,3.7500000000000006E-2]
[1102404,"11","24","4",0.04,0.03]
[1102504,"11","25","4",0.05,3.7500000000000006E-2]
[1102604,"11","26","4",0.04,0.03]
[1102704,"11","27","4",0.05,3.7500000000000006E-2]
[1102803,"11","28","3",0.08,0.06]
[1102804,"11","28","4",0.05,3.7500000000000006E-2]
[1102903,"11","29","3",0.08,0.06]
[1102904,"11","29","4",0.05,3.7500000000000006E-2]
[1103003,"11","30","3",0.08,0.06]
[1103004,"11","30","4",0.06,4.4999999999999998E-2]
[1200104,"12","1","4",7.0000000000000007E-2,5.2500000000000005E-2]
[1200105,"12","1","5",0.06,4.4999999999999998E-2]
[1200204,"12","2","4",0.06,4.4999999999999998E-2]
[1200205,"12","2","5",0.06,4.4999999999999998E-2]
[1200304,"12","3","4",0.06,4.4999999999999998E-2]
[1200305,"12","3","5",0.06,4.4999999999999998E-2]
[1200404,"12","4","4",0.06,4.4999999999999998E-2]
[1200405,"12","4","5",7.0000000000000007E-2,5.2500000000000005E-2]
[1200504,"12","5","4",0.06,4.4999999999999998E-2]
[1200505,"12","5","5",7.0000000000000007E-2,5.2500000000000005E-2]
[1200604,"12","6","4",0.06,4.4999999999999998E-2]
[1200704,"12","7","4",0.08,0.06]
[1200804,"12","8","4",7.0000000000000007E-2,5.2500000000000005E-2]
[1200904,"12","9","4",0.08,0.06]
[1201004,"12","10","4",0.08,0.06]
[1201104,"12","11","4",0.08,0.06]
[1201204,"12","12","4",0.06,4.4999999999999998E-2]
[1201304,"12","13","4",0.06,4.4999999999999998E-2]
[1201404,"12","14","4",0.05,3.7500000000000006E-2]
[1201504,"12","15","4",0.06,4.4999999999999998E-2]
[1201604,"12","16","4",0.06,4.4999999999999998E-2]
[1201704,"12","17","4",7.0000000000000007E-2,5.2500000000000005E-2]
[1201804,"12","18","4",0.06,4.4999999999999998E-2]
[1201904,"12","19","4",7.0000000000000007E-2,5.2500000000000005E-2]
[1202004,"12","20","4",7.0000000000000007E-2,5.2500000000000005E-2]
[1202104,"12","21","4",0.06,4.4999999999999998E-2]
[1202204,"12","22","4",0.05,3.7500000000000006E-2]
[1202304,"12","23","4",0.05,3.7500000000000006E-2]
[1202404,"12","24","4",0.04,0.03]
[1202504,"12","25","4",0.04,0.03]
[1202604,"12","26","4",0.05,3.7500000000000006E-2]
[1202704,"12","27","4",0.05,3.7500000000000006E-2]
[1202803,"12","28","3",7.0000000000000007E-2,5.2500000000000005E-2]
[1202804,"12","28","4",0.05,3.7500000000000006E-2]
[1202903,"12","29","3",7.0000000000000007E-2,5.2500000000000005E-2]
[1202904,"12","29","4",0.05,{"$f":"E450*$K$5","v":3.7500000000000006E-2}]
[{"$f":"(B451*100000)+(C451*100)+D451","v":1203003},"12","30","3",7.0000000000000007E-2,5.2500000000000005E-2]
[1203004,"12","30","4",0.05,3.7500000000000006E-2]
[1300104,"13","1","4",0.06,4.4999999999999998E-2]
[1300105,"13","1","5",0.06,4.4999999999999998E-2]
[1300204,"13","2","4",0.06,4.4999999999999998E-2]
[1300205,"13","2","5",0.06,4.4999999999999998E-2]
[1300304,"13","3","4",0.06,4.4999999999999998E-2]
[1300305,"13","3","5",0.06,4.4999999999999998E-2]
[1300404,"13","4","4",0.06,4.4999999999999998E-2]
[1300405,"13","4","5",0.06,4.4999999999999998E-2]
[1300504,"13","5","4",0.06,4.4999999999999998E-2]
[1300505,"13","5","5",0.06,4.4999999999999998E-2]
[1300604,"13","6","4",7.0000000000000007E-2,5.2500000000000005E-2]
[1300605,"13","6","5",0.06,4.4999999999999998E-2]
[1300704,"13","7","4",0.06,4.4999999999999998E-2]
[1300804,"13","8","4",7.0000000000000007E-2,5.2500000000000005E-2]
[1300904,"13","9","4",7.0000000000000007E-2,5.2500000000000005E-2]
[1301004,"13","10","4",7.0000000000000007E-2,5.2500000000000005E-2]
[1301104,"13","11","4",0.06,4.4999999999999998E-2]
[1301204,"13","12","4",0.05,3.7500000000000006E-2]
[1301304,"13","13","4",0.05,3.7500000000000006E-2]
[1301404,"13","14","4",0.06,4.4999999999999998E-2]
[1301504,"13","15","4",0.05,3.7500000000000006E-2]
[1301604,"13","16","4",0.06,4.4999999999999998E-2]
[1301704,"13","17","4",7.0000000000000007E-2,5.2500000000000005E-2]
[1301804,"13","18","4",0.08,0.06]
[1301904,"13","19","4",7.0000000000000007E-2,5.2500000000000005E-2]
[1302004,"13","20","4",0.06,4.4999999999999998E-2]
[1302104,"13","21","4",7.0000000000000007E-2,5.2500000000000005E-2]
[1302204,"13","22","4",7.0000000000000007E-2,5.2500000000000005E-2]
[1302304,"13","23","4",0.06,4.4999999999999998E-2]
[1302404,"13","24","4",0.06,4.4999999999999998E-2]
[1302504,"13","25","4",0.06,4.4999999999999998E-2]
[1302604,"13","26","4",0.06,4.4999999999999998E-2]
[1302704,"13","27","4",0.05,3.7500000000000006E-2]
[1302803,"13","28","3",0.06,4.4999999999999998E-2]
[1302804,"13","28","4",0.05,3.7500000000000006E-2]
[1302903,"13","29","3",0.06,4.4999999999999998E-2]
[1302904,"13","29","4",0.06,4.4999999999999998E-2]
[1303003,"13","30","3",0.06,4.4999999999999998E-2]
[1303004,"13","30","4",0.06,4.4999999999999998E-2]
[1400104,"14","1","4",0.06,4.4999999999999998E-2]
[1400105,"14","1","5",0.06,4.4999999999999998E-2]
[1400204,"14","2","4",0.06,4.4999999999999998E-2]
[1400205,"14","2","5",0.06,4.4999999999999998E-2]
[1400304,"14","3","4",0.06,4.4999999999999998E-2]
[1400305,"14","3","5",0.06,4.4999999999999998E-2]
[1400404,"14","4","4",0.06,4.4999999999999998E-2]
[1400405,"14","4","5",0.06,4.4999999999999998E-2]
[1400504,"14","5","4",0.06,4.4999999999999998E-2]
[1400505,"14","5","5",0.06,4.4999999999999998E-2]
[1400604,"14","6","4",0.06,4.4999999999999998E-2]
[1400605,"14","6","5",0.06,4.4999999999999998E-2]
[1400704,"14","7","4",0.06,4.4999999999999998E-2]
[1400804,"14","8","4",0.06,4.4999999999999998E-2]
[1400904,"14","9","4",0.06,4.4999999999999998E-2]
[1401004,"14","10","4",0.06,4.4999999999999998E-2]
[1401104,"14","11","4",0.05,3.7500000000000006E-2]
[1401204,"14","12","4",0.04,0.03]
[1401304,"14","13","4",0.04,0.03]
[1401404,"14","14","4",0.05,3.7500000000000006E-2]
[1401504,"14","15","4",0.05,3.7500000000000006E-2]
[1401604,"14","16","4",0.05,3.7500000000000006E-2]
[1401704,"14","17","4",0.06,{"$f":"E514*$K$5","v":4.4999999999999998E-2}]
[{"$f":"(B515*100000)+(C515*100)+D515","v":1401804},"14","18","4",7.0000000000000007E-2,5.2500000000000005E-2]
[1401904,"14","19","4",7.0000000000000007E-2,5.2500000000000005E-2]
[1402004,"14","20","4",7.0000000000000007E-2,5.2500000000000005E-2]
[1402104,"14","21","4",7.0000000000000007E-2,5.2500000000000005E-2]
[1402204,"14","22","4",7.0000000000000007E-2,5.2500000000000005E-2]
[1402304,"14","23","4",7.0000000000000007E-2,5.2500000000000005E-2]
[1402404,"14","24","4",7.0000000000000007E-2,5.2500000000000005E-2]
[1402504,"14","25","4",7.0000000000000007E-2,5.2500000000000005E-2]
[1402604,"14","26","4",0.06,4.4999999999999998E-2]
[1402704,"14","27","4",0.06,4.4999999999999998E-2]
[1402803,"14","28","3",0.06,4.4999999999999998E-2]
[1402804,"14","28","4",0.05,3.7500000000000006E-2]
[1402903,"14","29","3",0.06,4.4999999999999998E-2]
[1402904,"14","29","4",0.06,4.4999999999999998E-2]
[1403003,"14","30","3",0.06,4.4999999999999998E-2]
[1403004,"14","30","4",0.06,4.4999999999999998E-2]
[1500104,"15","1","4",7.0000000000000007E-2,5.2500000000000005E-2]
[1500105,"15","1","5",0.06,4.4999999999999998E-2]
[1500204,"15","2","4",7.0000000000000007E-2,5.2500000000000005E-2]
[1500205,"15","2","5",0.06,4.4999999999999998E-2]
[1500304,"15","3","4",7.0000000000000007E-2,5.2500000000000005E-2]
[1500305,"15","3","5",0.06,4.4999999999999998E-2]
[1500404,"15","4","4",0.06,4.4999999999999998E-2]
[1500405,"15","4","5",0.06,4.4999999999999998E-2]
[1500504,"15","5","4",0.06,4.4999999999999998E-2]
[1500505,"15","5","5",0.06,4.4999999999999998E-2]
[1500604,"15","6","4",0.06,4.4999999999999998E-2]
[1500605,"15","6","5",0.06,4.4999999999999998E-2]
[1500704,"15","7","4",0.06,4.4999999999999998E-2]
[1500804,"15","8","4",0.06,4.4999999999999998E-2]
[1500904,"15","9","4",0.06,4.4999999999999998E-2]
[1501004,"15","10","4",0.06,4.4999999999999998E-2]
[1501104,"15","11","4",0.06,4.4999999999999998E-2]
[1501204,"15","12","4",0.05,3.7500000000000006E-2]
[1501304,"15","13","4",0.04,0.03]
[1501404,"15","14","4",0.04,0.03]
[1501504,"15","15","4",0.04,0.03]
[1501604,"15","16","4",0.05,3.7500000000000006E-2]
[1501704,"15","17","4",0.05,3.7500000000000006E-2]
[1501804,"15","18","4",0.05,3.7500000000000006E-2]
[1501904,"15","19","4",0.06,4.4999999999999998E-2]
[1502004,"15","20","4",0.08,0.06]
[1502104,"15","21","4",0.09,6.7500000000000004E-2]
[1502204,"15","22","4",0.06,4.4999999999999998E-2]
[1502304,"15","23","4",7.0000000000000007E-2,5.2500000000000005E-2]
[1502404,"15","24","4",0.08,0.06]
[1502504,"15","25","4",0.08,0.06]
[1502604,"15","26","4",7.0000000000000007E-2,5.2500000000000005E-2]
[1502704,"15","27","4",0.06,4.4999999999999998E-2]
[1502803,"15","28","3",7.0000000000000007E-2,5.2500000000000005E-2]
[1502804,"15","28","4",0.06,4.4999999999999998E-2]
[1502903,"15","29","3",7.0000000000000007E-2,5.2500000000000005E-2]
[1502904,"15","29","4",0.06,4.4999999999999998E-2]
[1503003,"15","30","3",7.0000000000000007E-2,5.2500000000000005E-2]
[1503004,"15","30","4",0.06,4.4999999999999998E-2]
[1600104,"16","1","4",0.08,0.06]
[1600105,"16","1","5",0.06,4.4999999999999998E-2]
[1600204,"16","2","4",7.0000000000000007E-2,5.2500000000000005E-2]
[1600205,"16","2","5",0.06,4.4999999999999998E-2]
[1600304,"16","3","4",7.0000000000000007E-2,5.2500000000000005E-2]
[1600305,"16","3","5",0.06,4.4999999999999998E-2]
[1600404,"16","4","4",7.0000000000000007E-2,5.2500000000000005E-2]
[1600405,"16","4","5",0.06,4.4999999999999998E-2]
[1600504,"16","5","4",0.06,{"$f":"E578*$K$5","v":4.4999999999999998E-2}]
[{"$f":"(B579*100000)+(C579*100)+D579","v":1600505},"16","5","5",0.06,4.4999999999999998E-2]
[1600604,"16","6","4",0.06,4.4999999999999998E-2]
[1600605,"16","6","5",0.06,4.4999999999999998E-2]
[1600704,"16","7","4",0.06,4.4999999999999998E-2]
[1600705,"16","7","5",0.06,4.4999999999999998E-2]
[1600804,"16","8","4",0.06,4.4999999999999998E-2]
[1600904,"16","9","4",0.05,3.7500000000000006E-2]
[1601004,"16","10","4",0.05,3.7500000000000006E-2]
[1601104,"16","11","4",0.06,4.4999999999999998E-2]
[1601204,"16","12","4",0.04,0.03]
[1601304,"16","13","4",0.03,2.2499999999999999E-2]
[1601404,"16","14","4",0.04,0.03]
[1601504,"16","15","4",0.05,3.7500000000000006E-2]
[1601604,"16","16","4",0.05,3.7500000000000006E-2]
[1601704,"16","17","4",0.06,4.4999999999999998E-2]
[1601804,"16","18","4",0.06,4.4999999999999998E-2]
[1601904,"16","19","4",0.06,4.4999999999999998E-2]
[1602004,"16","20","4",0.08,0.06]
[1602104,"16","21","4",0.1,7.5000000000000011E-2]
[1602204,"16","22","4",7.0000000000000007E-2,5.2500000000000005E-2]
[1602304,"16","23","4",7.0000000000000007E-2,5.2500000000000005E-2]
[1602404,"16","24","4",0.08,0.06]
[1602504,"16","25","4",0.08,0.06]
[1602604,"16","26","4",7.0000000000000007E-2,5.2500000000000005E-2]
[1602704,"16","27","4",0.08,0.06]
[1602803,"16","28","3",0.08,0.06]
[1602804,"16","28","4",7.0000000000000007E-2,5.2500000000000005E-2]
[1602903,"16","29","3",0.08,0.06]
[1602904,"16","29","4",0.06,4.4999999999999998E-2]
[1603003,"16","30","3",0.08,0.06]
[1603004,"16","30","4",0.06,4.4999999999999998E-2]
[1700104,"17","1","4",0.08,0.06]
[1700105,"17","1","5",0.06,4.4999999999999998E-2]
[1700204,"17","2","4",7.0000000000000007E-2,5.2500000000000005E-2]
[1700205,"17","2","5",0.06,4.4999999999999998E-2]
[1700304,"17","3","4",0.06,4.4999999999999998E-2]
[1700305,"17","3","5",0.06,4.4999999999999998E-2]
[1700404,"17","4","4",0.06,4.4999999999999998E-2]
[1700405,"17","4","5",0.06,4.4999999999999998E-2]
[1700504,"17","5","4",0.06,4.4999999999999998E-2]
[1700505,"17","5","5",0.06,4.4999999999999998E-2]
[1700604,"17","6","4",0.06,4.4999999999999998E-2]
[1700605,"17","6","5",0.06,4.4999999999999998E-2]
[1700704,"17","7","4",0.06,4.4999999999999998E-2]
[1700705,"17","7","5",7.0000000000000007E-2,5.2500000000000005E-2]
[1700804,"17","8","4",0.06,4.4999999999999998E-2]
[1700904,"17","9","4",0.05,3.7500000000000006E-2]
[1701004,"17","10","4",0.05,3.7500000000000006E-2]
[1701104,"17","11","4",0.05,3.7500000000000006E-2]
[1701204,"17","12","4",0.04,0.03]
[1701304,"17","13","4",0.04,0.03]
[1701404,"17","14","4",0.05,3.7500000000000006E-2]
[1701504,"17","15","4",0.06,4.4999999999999998E-2]
[1701604,"17","16","4",7.0000000000000007E-2,5.2500000000000005E-2]
[1701704,"17","17","4",0.06,4.4999999999999998E-2]
[1701804,"17","18","4",0.06,4.4999999999999998E-2]
[1701904,"17","19","4",0.06,4.4999999999999998E-2]
[1702004,"17","20","4",7.0000000000000007E-2,5.2500000000000005E-2]
[1702104,"17","21","4",0.08,0.06]
[1702204,"17","22","4",0.09,6.7500000000000004E-2]
[1702304,"17","23","4",0.08,0.06]
[1702404,"17","24","4",7.0000000000000007E-2,5.2500000000000005E-2]
[1702504,"17","25","4",7.0000000000000007E-2,5.2500000000000005E-2]
[1702604,"17","26","4",0.09,{"$f":"E642*$K$5","v":6.7500000000000004E-2}]
[{"$f":"(B643*100000)+(C643*100)+D643","v":1702704},"17","27","4",0.1,7.5000000000000011E-2]
[1702803,"17","28","3",0.08,0.06]
[1702804,"17","28","4",0.09,6.7500000000000004E-2]
[1702903,"17","29","3",0.08,0.06]
[1702904,"17","29","4",0.08,0.06]
[1703003,"17","30","3",0.08,0.06]
[1703004,"17","30","4",7.0000000000000007E-2,5.2500000000000005E-2]
[1800104,"18","1","4",0.06,4.4999999999999998E-2]
[1800105,"18","1","5",7.0000000000000007E-2,5.2500000000000005E-2]
[1800204,"18","2","4",7.0000000000000007E-2,5.2500000000000005E-2]
[1800205,"18","2","5",0.06,4.4999999999999998E-2]
[1800304,"18","3","4",7.0000000000000007E-2,5.2500000000000005E-2]
[1800305,"18","3","5",7.0000000000000007E-2,5.2500000000000005E-2]
[1800404,"18","4","4",7.0000000000000007E-2,5.2500000000000005E-2]
[1800405,"18","4","5",0.06,4.4999999999999998E-2]
[1800504,"18","5","4",0.06,4.4999999999999998E-2]
[1800505,"18","5","5",7.0000000000000007E-2,5.2500000000000005E-2]
[1800604,"18","6","4",0.06,4.4999999999999998E-2]
[1800605,"18","6","5",7.0000000000000007E-2,5.2500000000000005E-2]
[1800704,"18","7","4",0.06,4.4999999999999998E-2]
[1800705,"18","7","5",7.0000000000000007E-2,5.2500000000000005E-2]
[1800804,"18","8","4",0.05,3.7500000000000006E-2]
[1800904,"18","9","4",0.05,3.7500000000000006E-2]
[1801004,"18","10","4",0.06,4.4999999999999998E-2]
[1801104,"18","11","4",0.05,3.7500000000000006E-2]
[1801204,"18","12","4",0.05,3.7500000000000006E-2]
[1801304,"18","13","4",0.04,0.03]
[1801404,"18","14","4",0.04,0.03]
[1801504,"18","15","4",0.05,3.7500000000000006E-2]
[1801604,"18","16","4",0.06,4.4999999999999998E-2]
[1801704,"18","17","4",0.06,4.4999999999999998E-2]
[1801804,"18","18","4",0.06,4.4999999999999998E-2]
[1801904,"18","19","4",7.0000000000000007E-2,5.2500000000000005E-2]
[1802004,"18","20","4",7.0000000000000007E-2,5.2500000000000005E-2]
[1802104,"18","21","4",0.08,0.06]
[1802204,"18","22","4",0.09,6.7500000000000004E-2]
[1802304,"18","23","4",0.09,6.7500000000000004E-2]
[1802404,"18","24","4",0.08,0.06]
[1802504,"18","25","4",0.08,0.06]
[1802604,"18","26","4",0.1,7.5000000000000011E-2]
[1802704,"18","27","4",0.1,7.5000000000000011E-2]
[1802803,"18","28","3",0.06,4.4999999999999998E-2]
[1802804,"18","28","4",0.09,6.7500000000000004E-2]
[1802903,"18","29","3",0.06,4.4999999999999998E-2]
[1802904,"18","29","4",0.09,6.7500000000000004E-2]
[1803003,"18","30","3",0.06,4.4999999999999998E-2]
[1803004,"18","30","4",7.0000000000000007E-2,5.2500000000000005E-2]
[1900104,"19","1","4",0.05,3.7500000000000006E-2]
[1900105,"19","1","5",0.08,0.06]
[1900204,"19","2","4",0.06,4.4999999999999998E-2]
[1900205,"19","2","5",7.0000000000000007E-2,5.2500000000000005E-2]
[1900304,"19","3","4",7.0000000000000007E-2,5.2500000000000005E-2]
[1900305,"19","3","5",7.0000000000000007E-2,5.2500000000000005E-2]
[1900404,"19","4","4",7.0000000000000007E-2,5.2500000000000005E-2]
[1900405,"19","4","5",7.0000000000000007E-2,5.2500000000000005E-2]
[1900504,"19","5","4",7.0000000000000007E-2,5.2500000000000005E-2]
[1900505,"19","5","5",7.0000000000000007E-2,5.2500000000000005E-2]
[1900604,"19","6","4",0.06,4.4999999999999998E-2]
[1900605,"19","6","5",7.0000000000000007E-2,5.2500000000000005E-2]
[1900704,"19","7","4",0.06,4.4999999999999998E-2]
[1900705,"19","7","5",7.0000000000000007E-2,5.2500000000000005E-2]
[1900804,"19","8","4",0.06,4.4999999999999998E-2]
[1900805,"19","8","5",7.0000000000000007E-2,5.2500000000000005E-2]
[1900904,"19","9","4",0.05,{"$f":"E706*$K$5","v":3.7500000000000006E-2}]
[{"$f":"(B707*100000)+(C707*100)+D707","v":1901004},"19","10","4",0.05,3.7500000000000006E-2]
[1901104,"19","11","4",0.06,4.4999999999999998E-2]
[1901204,"19","12","4",0.06,4.4999999999999998E-2]
[1901304,"19","13","4",0.05,3.7500000000000006E-2]
[1901404,"19","14","4",0.05,3.7500000000000006E-2]
[1901504,"19","15","4",0.06,4.4999999999999998E-2]
[1901604,"19","16","4",0.06,4.4999999999999998E-2]
[1901704,"19","17","4",0.05,3.7500000000000006E-2]
[1901804,"19","18","4",0.06,4.4999999999999998E-2]
[1901904,"19","19","4",0.06,4.4999999999999998E-2]
[1902004,"19","20","4",7.0000000000000007E-2,5.2500000000000005E-2]
[1902104,"19","21","4",7.0000000000000007E-2,5.2500000000000005E-2]
[1902204,"19","22","4",0.08,0.06]
[1902304,"19","23","4",0.09,6.7500000000000004E-2]
[1902404,"19","24","4",0.09,6.7500000000000004E-2]
[1902504,"19","25","4",0.09,6.7500000000000004E-2]
[1902604,"19","26","4",0.09,6.7500000000000004E-2]
[1902703,"19","27","3",0.05,3.7500000000000006E-2]
[1902704,"19","27","4",0.09,6.7500000000000004E-2]
[1902803,"19","28","3",0.05,3.7500000000000006E-2]
[1902804,"19","28","4",0.09,6.7500000000000004E-2]
[1902903,"19","29","3",0.05,3.7500000000000006E-2]
[1902904,"19","29","4",0.09,6.7500000000000004E-2]
[2000104,"20","1","4",0.06,4.4999999999999998E-2]
[2000105,"20","1","5",0.08,0.06]
[2000204,"20","2","4",0.06,4.4999999999999998E-2]
[2000205,"20","2","5",0.08,0.06]
[2000304,"20","3","4",0.06,4.4999999999999998E-2]
[2000305,"20","3","5",7.0000000000000007E-2,5.2500000000000005E-2]
[2000404,"20","4","4",7.0000000000000007E-2,5.2500000000000005E-2]
[2000405,"20","4","5",7.0000000000000007E-2,5.2500000000000005E-2]
[2000504,"20","5","4",7.0000000000000007E-2,5.2500000000000005E-2]
[2000505,"20","5","5",7.0000000000000007E-2,5.2500000000000005E-2]
[2000604,"20","6","4",7.0000000000000007E-2,5.2500000000000005E-2]
[2000605,"20","6","5",7.0000000000000007E-2,5.2500000000000005E-2]
[2000704,"20","7","4",0.06,4.4999999999999998E-2]
[2000705,"20","7","5",7.0000000000000007E-2,5.2500000000000005E-2]
[2000804,"20","8","4",0.06,4.4999999999999998E-2]
[2000805,"20","8","5",7.0000000000000007E-2,5.2500000000000005E-2]
[2000904,"20","9","4",0.04,0.03]
[2000905,"20","9","5",7.0000000000000007E-2,5.2500000000000005E-2]
[2001004,"20","10","4",0.05,3.7500000000000006E-2]
[2001104,"20","11","4",0.06,4.4999999999999998E-2]
[2001204,"20","12","4",0.06,4.4999999999999998E-2]
[2001304,"20","13","4",0.06,4.4999999999999998E-2]
[2001404,"20","14","4",0.06,4.4999999999999998E-2]
[2001504,"20","15","4",7.0000000000000007E-2,5.2500000000000005E-2]
[2001604,"20","16","4",7.0000000000000007E-2,5.2500000000000005E-2]
[2001704,"20","17","4",7.0000000000000007E-2,5.2500000000000005E-2]
[2001804,"20","18","4",7.0000000000000007E-2,5.2500000000000005E-2]
[2001904,"20","19","4",7.0000000000000007E-2,5.2500000000000005E-2]
[2002004,"20","20","4",0.06,4.4999999999999998E-2]
[2002104,"20","21","4",7.0000000000000007E-2,5.2500000000000005E-2]
[2002204,"20","22","4",0.08,0.06]
[2002304,"20","23","4",0.1,7.5000000000000011E-2]
[2002404,"20","24","4",0.11,8.2500000000000004E-2]
[2002504,"20","25","4",0.1,7.5000000000000011E-2]
[2002604,"20","26","4",0.11,8.2500000000000004E-2]
[2002703,"20","27","3",0.06,4.4999999999999998E-2]
[2002704,"20","27","4",0.1,7.5000000000000011E-2]
[2002803,"20","28","3",0.06,4.4999999999999998E-2]
[2002804,"20","28","4",0.1,7.5000000000000011E-2]
[2002903,"20","29","3",0.06,4.4999999999999998E-2]
[2002904,"20","29","4",0.1,{"$f":"E770*$K$5","v":7.5000000000000011E-2}]
[{"$f":"(B771*100000)+(C771*100)+D771","v":2100104},"21","1","4",0.06,4.4999999999999998E-2]
[2100105,"21","1","5",0.11,8.2500000000000004E-2]
[2100204,"21","2","4",0.06,4.4999999999999998E-2]
[2100205,"21","2","5",0.08,0.06]
[2100304,"21","3","4",0.06,4.4999999999999998E-2]
[2100305,"21","3","5",7.0000000000000007E-2,5.2500000000000005E-2]
[2100404,"21","4","4",7.0000000000000007E-2,5.2500000000000005E-2]
[2100405,"21","4","5",7.0000000000000007E-2,5.2500000000000005E-2]
[2100504,"21","5","4",7.0000000000000007E-2,5.2500000000000005E-2]
[2100505,"21","5","5",7.0000000000000007E-2,5.2500000000000005E-2]
[2100604,"21","6","4",0.06,4.4999999999999998E-2]
[2100605,"21","6","5",7.0000000000000007E-2,5.2500000000000005E-2]
[2100704,"21","7","4",0.06,4.4999999999999998E-2]
[2100705,"21","7","5",7.0000000000000007E-2,5.2500000000000005E-2]
[2100804,"21","8","4",7.0000000000000007E-2,5.2500000000000005E-2]
[2100805,"21","8","5",7.0000000000000007E-2,5.2500000000000005E-2]
[2100904,"21","9","4",0.05,3.7500000000000006E-2]
[2100905,"21","9","5",7.0000000000000007E-2,5.2500000000000005E-2]
[2101004,"21","10","4",0.05,3.7500000000000006E-2]
[2101104,"21","11","4",0.06,4.4999999999999998E-2]
[2101204,"21","12","4",0.06,4.4999999999999998E-2]
[2101304,"21","13","4",0.06,4.4999999999999998E-2]
[2101404,"21","14","4",0.06,4.4999999999999998E-2]
[2101504,"21","15","4",0.08,0.06]
[2101604,"21","16","4",0.09,6.7500000000000004E-2]
[2101704,"21","17","4",0.09,6.7500000000000004E-2]
[2101804,"21","18","4",0.09,6.7500000000000004E-2]
[2101904,"21","19","4",0.08,0.06]
[2102004,"21","20","4",0.08,0.06]
[2102104,"21","21","4",0.08,0.06]
[2102204,"21","22","4",0.08,0.06]
[2102304,"21","23","4",0.09,6.7500000000000004E-2]
[2102404,"21","24","4",0.11,8.2500000000000004E-2]
[2102504,"21","25","4",0.12,0.09]
[2102604,"21","26","4",0.1,7.5000000000000011E-2]
[2102703,"21","27","3",0.06,4.4999999999999998E-2]
[2102704,"21","27","4",0.1,7.5000000000000011E-2]
[2102803,"21","28","3",0.06,4.4999999999999998E-2]
[2102804,"21","28","4",0.1,7.5000000000000011E-2]
[2102903,"21","29","3",0.06,4.4999999999999998E-2]
[2102904,"21","29","4",0.11,8.2500000000000004E-2]
[2200104,"22","1","4",0.05,3.7500000000000006E-2]
[2200105,"22","1","5",0.1,7.5000000000000011E-2]
[2200204,"22","2","4",0.05,3.7500000000000006E-2]
[2200205,"22","2","5",0.09,6.7500000000000004E-2]
[2200304,"22","3","4",0.06,4.4999999999999998E-2]
[2200305,"22","3","5",0.08,0.06]
[2200404,"22","4","4",0.08,0.06]
[2200405,"22","4","5",0.08,0.06]
[2200504,"22","5","4",7.0000000000000007E-2,5.2500000000000005E-2]
[2200505,"22","5","5",0.08,0.06]
[2200604,"22","6","4",0.06,4.4999999999999998E-2]
[2200605,"22","6","5",7.0000000000000007E-2,5.2500000000000005E-2]
[2200704,"22","7","4",0.06,4.4999999999999998E-2]
[2200705,"22","7","5",7.0000000000000007E-2,5.2500000000000005E-2]
[2200804,"22","8","4",7.0000000000000007E-2,5.2500000000000005E-2]
[2200805,"22","8","5",7.0000000000000007E-2,5.2500000000000005E-2]
[2200904,"22","9","4",0.06,4.4999999999999998E-2]
[2200905,"22","9","5",7.0000000000000007E-2,5.2500000000000005E-2]
[2201004,"22","10","4",0.06,4.4999999999999998E-2]
[2201104,"22","11","4",0.06,4.4999999999999998E-2]
[2201204,"22","12","4",0.06,4.4999999999999998E-2]
[2201304,"22","13","4",0.06,4.4999999999999998E-2]
[2201404,"22","14","4",7.0000000000000007E-2,{"$f":"E834*$K$5","v":5.2500000000000005E-2}]
[{"$f":"(B835*100000)+(C835*100)+D835","v":2201504},"22","15","4",0.08,0.06]
[2201604,"22","16","4",0.08,0.06]
[2201704,"22","17","4",0.09,6.7500000000000004E-2]
[2201804,"22","18","4",0.09,6.7500000000000004E-2]
[2201904,"22","19","4",7.0000000000000007E-2,5.2500000000000005E-2]
[2202004,"22","20","4",7.0000000000000007E-2,5.2500000000000005E-2]
[2202104,"22","21","4",0.08,0.06]
[2202204,"22","22","4",0.08,0.06]
[2202304,"22","23","4",0.09,6.7500000000000004E-2]
[2202404,"22","24","4",0.11,8.2500000000000004E-2]
[2202504,"22","25","4",0.14000000000000001,0.10500000000000001]
[2202604,"22","26","4",0.13,9.7500000000000003E-2]
[2202703,"22","27","3",0.05,3.7500000000000006E-2]
[2202704,"22","27","4",0.12,0.09]
[2202803,"22","28","3",0.05,3.7500000000000006E-2]
[2202804,"22","28","4",0.11,8.2500000000000004E-2]
[2202903,"22","29","3",0.05,3.7500000000000006E-2]
[2202904,"22","29","4",0.12,0.09]
[2300104,"23","1","4",0.05,3.7500000000000006E-2]
[2300105,"23","1","5",0.09,6.7500000000000004E-2]
[2300204,"23","2","4",0.05,3.7500000000000006E-2]
[2300205,"23","2","5",0.1,7.5000000000000011E-2]
[2300304,"23","3","4",7.0000000000000007E-2,5.2500000000000005E-2]
[2300305,"23","3","5",0.08,0.06]
[2300404,"23","4","4",0.06,4.4999999999999998E-2]
[2300405,"23","4","5",0.08,0.06]
[2300504,"23","5","4",0.06,4.4999999999999998E-2]
[2300505,"23","5","5",7.0000000000000007E-2,5.2500000000000005E-2]
[2300604,"23","6","4",0.06,4.4999999999999998E-2]
[2300605,"23","6","5",7.0000000000000007E-2,5.2500000000000005E-2]
[2300704,"23","7","4",0.06,4.4999999999999998E-2]
[2300705,"23","7","5",0.08,0.06]
[2300804,"23","8","4",0.06,4.4999999999999998E-2]
[2300805,"23","8","5",0.08,0.06]
[2300904,"23","9","4",0.06,4.4999999999999998E-2]
[2300905,"23","9","5",0.08,0.06]
[2301004,"23","10","4",0.06,4.4999999999999998E-2]
[2301104,"23","11","4",0.06,4.4999999999999998E-2]
[2301204,"23","12","4",0.06,4.4999999999999998E-2]
[2301304,"23","13","4",0.06,4.4999999999999998E-2]
[2301404,"23","14","4",7.0000000000000007E-2,5.2500000000000005E-2]
[2301504,"23","15","4",7.0000000000000007E-2,5.2500000000000005E-2]
[2301604,"23","16","4",0.08,0.06]
[2301704,"23","17","4",0.08,0.06]
[2301804,"23","18","4",0.09,6.7500000000000004E-2]
[2301904,"23","19","4",0.09,6.7500000000000004E-2]
[2302004,"23","20","4",0.09,6.7500000000000004E-2]
[2302104,"23","21","4",0.09,6.7500000000000004E-2]
[2302204,"23","22","4",0.09,6.7500000000000004E-2]
[2302304,"23","23","4",0.1,7.5000000000000011E-2]
[2302404,"23","24","4",0.11,8.2500000000000004E-2]
[2302504,"23","25","4",0.14000000000000001,0.10500000000000001]
[2302604,"23","26","4",0.14000000000000001,0.10500000000000001]
[2302703,"23","27","3",0.05,3.7500000000000006E-2]
[2302704,"23","27","4",0.14000000000000001,0.10500000000000001]
[2302803,"23","28","3",0.05,3.7500000000000006E-2]
[2302804,"23","28","4",0.14000000000000001,0.10500000000000001]
[2302903,"23","29","3",0.05,3.7500000000000006E-2]
[2302904,"23","29","4",0.11,8.2500000000000004E-2]
[2400104,"24","1","4",0.05,3.7500000000000006E-2]
[2400105,"24","1","5",0.1,7.5000000000000011E-2]
[2400204,"24","2","4",0.06,4.4999999999999998E-2]
[2400205,"24","2","5",0.09,6.7500000000000004E-2]
[2400304,"24","3","4",0.06,{"$f":"E898*$K$5","v":4.4999999999999998E-2}]
[{"$f":"(B899*100000)+(C899*100)+D899","v":2400305},"24","3","5",0.09,6.7500000000000004E-2]
[2400404,"24","4","4",0.06,4.4999999999999998E-2]
[2400405,"24","4","5",7.0000000000000007E-2,5.2500000000000005E-2]
[2400504,"24","5","4",0.04,0.03]
[2400505,"24","5","5",7.0000000000000007E-2,5.2500000000000005E-2]
[2400604,"24","6","4",0.05,3.7500000000000006E-2]
[2400605,"24","6","5",0.08,0.06]
[2400704,"24","7","4",0.06,4.4999999999999998E-2]
[2400705,"24","7","5",0.08,0.06]
[2400804,"24","8","4",0.06,4.4999999999999998E-2]
[2400805,"24","8","5",0.08,0.06]
[2400904,"24","9","4",0.06,4.4999999999999998E-2]
[2400905,"24","9","5",0.08,0.06]
[2401004,"24","10","4",0.06,4.4999999999999998E-2]
[2401104,"24","11","4",0.06,4.4999999999999998E-2]
[2401204,"24","12","4",0.06,4.4999999999999998E-2]
[2401304,"24","13","4",0.06,4.4999999999999998E-2]
[2401404,"24","14","4",0.06,4.4999999999999998E-2]
[2401504,"24","15","4",7.0000000000000007E-2,5.2500000000000005E-2]
[2401604,"24","16","4",0.08,0.06]
[2401704,"24","17","4",0.08,0.06]
[2401804,"24","18","4",0.09,6.7500000000000004E-2]
[2401904,"24","19","4",0.09,6.7500000000000004E-2]
[2402004,"24","20","4",0.1,7.5000000000000011E-2]
[2402104,"24","21","4",0.11,8.2500000000000004E-2]
[2402204,"24","22","4",0.13,9.7500000000000003E-2]
[2402304,"24","23","4",0.11,8.2500000000000004E-2]
[2402404,"24","24","4",0.1,7.5000000000000011E-2]
[2402504,"24","25","4",0.13,9.7500000000000003E-2]
[2402604,"24","26","4",0.14000000000000001,0.10500000000000001]
[2402703,"24","27","3",0.05,3.7500000000000006E-2]
[2402704,"24","27","4",0.14000000000000001,0.10500000000000001]
[2402803,"24","28","3",0.05,3.7500000000000006E-2]
[2402804,"24","28","4",0.14000000000000001,0.10500000000000001]
[2402903,"24","29","3",0.05,3.7500000000000006E-2]
[2402904,"24","29","4",0.12,0.09]
[2500104,"25","1","4",7.0000000000000007E-2,5.2500000000000005E-2]
[2500105,"25","1","5",0.11,8.2500000000000004E-2]
[2500204,"25","2","4",7.0000000000000007E-2,5.2500000000000005E-2]
[2500205,"25","2","5",0.1,7.5000000000000011E-2]
[2500304,"25","3","4",0.08,0.06]
[2500305,"25","3","5",0.09,6.7500000000000004E-2]
[2500404,"25","4","4",0.06,4.4999999999999998E-2]
[2500405,"25","4","5",7.0000000000000007E-2,5.2500000000000005E-2]
[2500504,"25","5","4",0.06,4.4999999999999998E-2]
[2500505,"25","5","5",0.08,0.06]
[2500604,"25","6","4",0.06,4.4999999999999998E-2]
[2500605,"25","6","5",0.08,0.06]
[2500704,"25","7","4",0.06,4.4999999999999998E-2]
[2500705,"25","7","5",0.09,6.7500000000000004E-2]
[2500804,"25","8","4",0.06,4.4999999999999998E-2]
[2500805,"25","8","5",0.09,6.7500000000000004E-2]
[2500904,"25","9","4",0.06,4.4999999999999998E-2]
[2500905,"25","9","5",0.09,6.7500000000000004E-2]
[2501004,"25","10","4",0.05,3.7500000000000006E-2]
[2501104,"25","11","4",0.05,3.7500000000000006E-2]
[2501204,"25","12","4",0.06,4.4999999999999998E-2]
[2501304,"25","13","4",0.06,4.4999999999999998E-2]
[2501404,"25","14","4",0.06,4.4999999999999998E-2]
[2501504,"25","15","4",7.0000000000000007E-2,5.2500000000000005E-2]
[2501604,"25","16","4",0.06,4.4999999999999998E-2]
[2501704,"25","17","4",0.09,6.7500000000000004E-2]
[2501804,"25","18","4",0.1,7.5000000000000011E-2]
[2501904,"25","19","4",0.1,{"$f":"E962*$K$5","v":7.5000000000000011E-2}]
[{"$f":"(B963*100000)+(C963*100)+D963","v":2502004},"25","20","4",0.1,7.5000000000000011E-2]
[2502104,"25","21","4",0.12,0.09]
[2502204,"25","22","4",0.12,0.09]
[2502304,"25","23","4",0.12,0.09]
[2502404,"25","24","4",0.12,0.09]
[2502504,"25","25","4",0.12,0.09]
[2502604,"25","26","4",0.13,9.7500000000000003E-2]
[2502703,"25","27","3",7.0000000000000007E-2,5.2500000000000005E-2]
[2502704,"25","27","4",0.14000000000000001,0.10500000000000001]
[2502803,"25","28","3",7.0000000000000007E-2,5.2500000000000005E-2]
[2502804,"25","28","4",0.14000000000000001,0.10500000000000001]
[2502903,"25","29","3",7.0000000000000007E-2,5.2500000000000005E-2]
[2502904,"25","29","4",0.14000000000000001,0.10500000000000001]
[2600104,"26","1","4",0.06,4.4999999999999998E-2]
[2600105,"26","1","5",0.14000000000000001,0.10500000000000001]
[2600204,"26","2","4",0.06,4.4999999999999998E-2]
[2600205,"26","2","5",0.12,0.09]
[2600304,"26","3","4",7.0000000000000007E-2,5.2500000000000005E-2]
[2600305,"26","3","5",0.11,8.2500000000000004E-2]
[2600404,"26","4","4",7.0000000000000007E-2,5.2500000000000005E-2]
[2600405,"26","4","5",0.08,0.06]
[2600504,"26","5","4",7.0000000000000007E-2,5.2500000000000005E-2]
[2600505,"26","5","5",0.1,7.5000000000000011E-2]
[2600604,"26","6","4",0.06,4.4999999999999998E-2]
[2600605,"26","6","5",0.09,6.7500000000000004E-2]
[2600704,"26","7","4",0.05,3.7500000000000006E-2]
[2600705,"26","7","5",0.09,6.7500000000000004E-2]
[2600804,"26","8","4",0.06,4.4999999999999998E-2]
[2600805,"26","8","5",0.09,6.7500000000000004E-2]
[2600904,"26","9","4",0.05,3.7500000000000006E-2]
[2600905,"26","9","5",0.09,6.7500000000000004E-2]
[2601004,"26","10","4",0.05,3.7500000000000006E-2]
[2601104,"26","11","4",0.06,4.4999999999999998E-2]
[2601204,"26","12","4",0.05,3.7500000000000006E-2]
[2601304,"26","13","4",0.06,4.4999999999999998E-2]
[2601404,"26","14","4",0.06,4.4999999999999998E-2]
[2601504,"26","15","4",0.06,4.4999999999999998E-2]
[2601604,"26","16","4",7.0000000000000007E-2,5.2500000000000005E-2]
[2601704,"26","17","4",0.08,0.06]
[2601804,"26","18","4",0.11,8.2500000000000004E-2]
[2601904,"26","19","4",0.12,0.09]
[2602004,"26","20","4",0.12,0.09]
[2602104,"26","21","4",0.1,7.5000000000000011E-2]
[2602204,"26","22","4",0.1,7.5000000000000011E-2]
[2602304,"26","23","4",0.1,7.5000000000000011E-2]
[2602404,"26","24","4",0.1,7.5000000000000011E-2]
[2602504,"26","25","4",0.11,8.2500000000000004E-2]
[2602604,"26","26","4",0.12,0.09]
[2602703,"26","27","3",0.06,4.4999999999999998E-2]
[2602704,"26","27","4",0.13,9.7500000000000003E-2]
[2602803,"26","28","3",0.06,4.4999999999999998E-2]
[2602804,"26","28","4",0.14000000000000001,0.10500000000000001]
[2602903,"26","29","3",0.06,4.4999999999999998E-2]
[2602904,"26","29","4",0.14000000000000001,0.10500000000000001]
[2700104,"27","1","4",0.06,4.4999999999999998E-2]
[2700105,"27","1","5",0.14000000000000001,0.10500000000000001]
[2700204,"27","2","4",0.06,4.4999999999999998E-2]
[2700205,"27","2","5",0.14000000000000001,0.10500000000000001]
[2700304,"27","3","4",0.06,4.4999999999999998E-2]
[2700305,"27","3","5",0.14000000000000001,0.10500000000000001]
[2700404,"27","4","4",0.09,6.7500000000000004E-2]
[2700405,"27","4","5",0.13,9.7500000000000003E-2]
[2700504,"27","5","4",7.0000000000000007E-2,5.2500000000000005E-2]
[2700505,"27","5","5",0.1,{"$f":"E1026*$K$5","v":7.5000000000000011E-2}]
[{"$f":"(B1027*100000)+(C1027*100)+D1027","v":2700604},"27","6","4",0.05,3.7500000000000006E-2]
[2700605,"27","6","5",0.1,7.5000000000000011E-2]
[2700704,"27","7","4",0.05,3.7500000000000006E-2]
[2700705,"27","7","5",0.1,7.5000000000000011E-2]
[2700804,"27","8","4",0.04,0.03]
[2700805,"27","8","5",0.1,7.5000000000000011E-2]
[2700904,"27","9","4",0.05,3.7500000000000006E-2]
[2700905,"27","9","5",0.1,7.5000000000000011E-2]
[2701004,"27","10","4",0.06,4.4999999999999998E-2]
[2701104,"27","11","4",0.06,4.4999999999999998E-2]
[2701204,"27","12","4",0.05,3.7500000000000006E-2]
[2701304,"27","13","4",0.05,3.7500000000000006E-2]
[2701404,"27","14","4",0.06,4.4999999999999998E-2]
[2701504,"27","15","4",0.06,4.4999999999999998E-2]
[2701604,"27","16","4",0.06,4.4999999999999998E-2]
[2701704,"27","17","4",0.08,0.06]
[2701804,"27","18","4",0.09,6.7500000000000004E-2]
[2701904,"27","19","4",0.09,6.7500000000000004E-2]
[2702004,"27","20","4",0.08,0.06]
[2702104,"27","21","4",0.09,6.7500000000000004E-2]
[2702204,"27","22","4",0.08,0.06]
[2702304,"27","23","4",0.09,6.7500000000000004E-2]
[2702404,"27","24","4",0.09,6.7500000000000004E-2]
[2702504,"27","25","4",0.11,8.2500000000000004E-2]
[2702604,"27","26","4",0.12,0.09]
[2702703,"27","27","3",0.06,4.4999999999999998E-2]
[2702704,"27","27","4",0.14000000000000001,0.10500000000000001]
[2702803,"27","28","3",0.06,4.4999999999999998E-2]
[2702804,"27","28","4",0.14000000000000001,0.10500000000000001]
[2702903,"27","29","3",0.06,4.4999999999999998E-2]
[2702904,"27","29","4",0.14000000000000001,0.10500000000000001]
[2800104,"28","1","4",0.05,3.7500000000000006E-2]
[2800105,"28","1","5",0.14000000000000001,0.10500000000000001]
[2800204,"28","2","4",0.06,4.4999999999999998E-2]
[2800205,"28","2","5",0.14000000000000001,0.10500000000000001]
[2800304,"28","3","4",7.0000000000000007E-2,5.2500000000000005E-2]
[2800305,"28","3","5",0.14000000000000001,0.10500000000000001]
[2800404,"28","4","4",0.06,4.4999999999999998E-2]
[2800405,"28","4","5",0.14000000000000001,0.10500000000000001]
[2800504,"28","5","4",0.05,3.7500000000000006E-2]
[2800505,"28","5","5",0.11,8.2500000000000004E-2]
[2800604,"28","6","4",0.05,3.7500000000000006E-2]
[2800605,"28","6","5",0.1,7.5000000000000011E-2]
[2800704,"28","7","4",0.05,3.7500000000000006E-2]
[2800705,"28","7","5",0.1,7.5000000000000011E-2]
[2800804,"28","8","4",0.05,3.7500000000000006E-2]
[2800805,"28","8","5",0.1,7.5000000000000011E-2]
[2800904,"28","9","4",0.04,0.03]
[2800905,"28","9","5",0.1,7.5000000000000011E-2]
[2801004,"28","10","4",0.06,4.4999999999999998E-2]
[2801005,"28","10","5",0.1,7.5000000000000011E-2]
[2801104,"28","11","4",0.06,4.4999999999999998E-2]
[2801204,"28","12","4",0.05,3.7500000000000006E-2]
[2801304,"28","13","4",0.05,3.7500000000000006E-2]
[2801404,"28","14","4",0.06,4.4999999999999998E-2]
[2801504,"28","15","4",0.06,4.4999999999999998E-2]
[2801604,"28","16","4",0.06,4.4999999999999998E-2]
[2801704,"28","17","4",0.06,4.4999999999999998E-2]
[2801804,"28","18","4",0.06,4.4999999999999998E-2]
[2801904,"28","19","4",7.0000000000000007E-2,5.2500000000000005E-2]
[2802004,"28","20","4",7.0000000000000007E-2,5.2500000000000005E-2]
[2802104,"28","21","4",7.0000000000000007E-2,5.2500000000000005E-2]
[2802204,"28","22","4",0.08,0.06]
[2802304,"28","23","4",0.06,{"$f":"E1090*$K$5","v":4.4999999999999998E-2}]
[{"$f":"(B1091*100000)+(C1091*100)+D1091","v":2802404},"28","24","4",7.0000000000000007E-2,5.2500000000000005E-2]
[2802504,"28","25","4",0.08,0.06]
[2802604,"28","26","4",0.09,6.7500000000000004E-2]
[2802703,"28","27","3",0.05,3.7500000000000006E-2]
[2802704,"28","27","4",0.12,0.09]
[2802803,"28","28","3",0.05,3.7500000000000006E-2]
[2802804,"28","28","4",0.14000000000000001,0.10500000000000001]
[2802903,"28","29","3",0.05,3.7500000000000006E-2]
[2802904,"28","29","4",0.14000000000000001,0.10500000000000001]
[2900104,"29","1","4",0.06,4.4999999999999998E-2]
[2900105,"29","1","5",0.14000000000000001,0.10500000000000001]
[2900204,"29","2","4",7.0000000000000007E-2,5.2500000000000005E-2]
[2900205,"29","2","5",0.13,9.7500000000000003E-2]
[2900304,"29","3","4",7.0000000000000007E-2,5.2500000000000005E-2]
[2900305,"29","3","5",0.14000000000000001,0.10500000000000001]
[2900404,"29","4","4",7.0000000000000007E-2,5.2500000000000005E-2]
[2900405,"29","4","5",0.14000000000000001,0.10500000000000001]
[2900504,"29","5","4",0.06,4.4999999999999998E-2]
[2900505,"29","5","5",0.11,8.2500000000000004E-2]
[2900604,"29","6","4",0.05,3.7500000000000006E-2]
[2900605,"29","6","5",0.1,7.5000000000000011E-2]
[2900704,"29","7","4",0.06,4.4999999999999998E-2]
[2900705,"29","7","5",0.1,7.5000000000000011E-2]
[2900804,"29","8","4",0.06,4.4999999999999998E-2]
[2900805,"29","8","5",0.1,7.5000000000000011E-2]
[2900904,"29","9","4",0.06,4.4999999999999998E-2]
[2900905,"29","9","5",0.1,7.5000000000000011E-2]
[2901004,"29","10","4",0.06,4.4999999999999998E-2]
[2901005,"29","10","5",0.1,7.5000000000000011E-2]
[2901104,"29","11","4",0.06,4.4999999999999998E-2]
[2901204,"29","12","4",0.06,4.4999999999999998E-2]
[2901304,"29","13","4",0.06,4.4999999999999998E-2]
[2901404,"29","14","4",0.06,4.4999999999999998E-2]
[2901504,"29","15","4",0.05,3.7500000000000006E-2]
[2901604,"29","16","4",0.06,4.4999999999999998E-2]
[2901704,"29","17","4",0.06,4.4999999999999998E-2]
[2901804,"29","18","4",0.05,3.7500000000000006E-2]
[2901904,"29","19","4",0.05,3.7500000000000006E-2]
[2902004,"29","20","4",0.06,4.4999999999999998E-2]
[2902104,"29","21","4",7.0000000000000007E-2,5.2500000000000005E-2]
[2902204,"29","22","4",0.06,4.4999999999999998E-2]
[2902304,"29","23","4",0.06,4.4999999999999998E-2]
[2902404,"29","24","4",0.06,4.4999999999999998E-2]
[2902504,"29","25","4",7.0000000000000007E-2,5.2500000000000005E-2]
[2902604,"29","26","4",0.08,0.06]
[2902703,"29","27","3",0.06,4.4999999999999998E-2]
[2902704,"29","27","4",0.08,0.06]
[2902803,"29","28","3",0.06,4.4999999999999998E-2]
[2902804,"29","28","4",0.1,7.5000000000000011E-2]
[2902903,"29","29","3",0.06,4.4999999999999998E-2]
[2902904,"29","29","4",0.13,9.7500000000000003E-2]
[3000104,"30","1","4",0.08,0.06]
[3000105,"30","1","5",0.11,8.2500000000000004E-2]
[3000204,"30","2","4",0.08,0.06]
[3000205,"30","2","5",0.12,0.09]
[3000304,"30","3","4",0.1,7.5000000000000011E-2]
[3000305,"30","3","5",0.12,0.09]
[3000404,"30","4","4",0.08,0.06]
[3000405,"30","4","5",0.12,0.09]
[3000504,"30","5","4",0.08,0.06]
[3000505,"30","5","5",0.1,7.5000000000000011E-2]
[3000604,"30","6","4",0.08,0.06]
[3000605,"30","6","5",0.1,7.5000000000000011E-2]
[3000704,"30","7","4",0.08,{"$f":"E1154*$K$5","v":0.06}]
[{"$f":"(B1155*100000)+(C1155*100)+D1155","v":3000705},"30","7","5",0.1,7.5000000000000011E-2]
[3000804,"30","8","4",7.0000000000000007E-2,5.2500000000000005E-2]
[3000805,"30","8","5",0.1,7.5000000000000011E-2]
[3000904,"30","9","4",0.06,4.4999999999999998E-2]
[3000905,"30","9","5",0.1,7.5000000000000011E-2]
[3001004,"30","10","4",0.06,4.4999999999999998E-2]
[3001005,"30","10","5",0.1,7.5000000000000011E-2]
[3001104,"30","11","4",7.0000000000000007E-2,5.2500000000000005E-2]
[3001204,"30","12","4",7.0000000000000007E-2,5.2500000000000005E-2]
[3001304,"30","13","4",7.0000000000000007E-2,5.2500000000000005E-2]
[3001404,"30","14","4",0.06,4.4999999999999998E-2]
[3001504,"30","15","4",0.06,4.4999999999999998E-2]
[3001604,"30","16","4",0.06,4.4999999999999998E-2]
[3001704,"30","17","4",0.05,3.7500000000000006E-2]
[3001804,"30","18","4",0.05,3.7500000000000006E-2]
[3001904,"30","19","4",0.05,3.7500000000000006E-2]
[3002004,"30","20","4",0.05,3.7500000000000006E-2]
[3002104,"30","21","4",0.06,4.4999999999999998E-2]
[3002204,"30","22","4",7.0000000000000007E-2,5.2500000000000005E-2]
[3002304,"30","23","4",7.0000000000000007E-2,5.2500000000000005E-2]
[3002404,"30","24","4",7.0000000000000007E-2,5.2500000000000005E-2]
[3002504,"30","25","4",0.08,0.06]
[3002604,"30","26","4",7.0000000000000007E-2,5.2500000000000005E-2]
[3002703,"30","27","3",0.08,0.06]
[3002704,"30","27","4",7.0000000000000007E-2,5.2500000000000005E-2]
[3002803,"30","28","3",0.08,0.06]
[3002804,"30","28","4",0.08,0.06]
[3002903,"30","29","3",0.08,0.06]
[3002904,"30","29","4",0.1,7.5000000000000011E-2]
[3100104,"31","1","4",0.08,0.06]
[3100105,"31","1","5",0.11,8.2500000000000004E-2]
[3100204,"31","2","4",7.0000000000000007E-2,5.2500000000000005E-2]
[3100205,"31","2","5",0.13,9.7500000000000003E-2]
[3100304,"31","3","4",0.08,0.06]
[3100305,"31","3","5",0.14000000000000001,0.10500000000000001]
[3100404,"31","4","4",0.08,0.06]
[3100405,"31","4","5",0.12,0.09]
[3100504,"31","5","4",0.09,6.7500000000000004E-2]
[3100505,"31","5","5",0.1,7.5000000000000011E-2]
[3100604,"31","6","4",0.09,6.7500000000000004E-2]
[3100605,"31","6","5",0.1,7.5000000000000011E-2]
[3100704,"31","7","4",0.08,0.06]
[3100705,"31","7","5",0.1,7.5000000000000011E-2]
[3100804,"31","8","4",7.0000000000000007E-2,5.2500000000000005E-2]
[3100805,"31","8","5",0.1,7.5000000000000011E-2]
[3100904,"31","9","4",0.06,4.4999999999999998E-2]
[3100905,"31","9","5",0.1,7.5000000000000011E-2]
[3101004,"31","10","4",0.06,4.4999999999999998E-2]
[3101005,"31","10","5",0.1,7.5000000000000011E-2]
[3101104,"31","11","4",7.0000000000000007E-2,5.2500000000000005E-2]
[3101204,"31","12","4",0.08,0.06]
[3101304,"31","13","4",7.0000000000000007E-2,5.2500000000000005E-2]
[3101404,"31","14","4",7.0000000000000007E-2,5.2500000000000005E-2]
[3101504,"31","15","4",0.05,3.7500000000000006E-2]
[3101604,"31","16","4",0.05,3.7500000000000006E-2]
[3101704,"31","17","4",0.04,0.03]
[3101804,"31","18","4",0.04,0.03]
[3101904,"31","19","4",0.05,3.7500000000000006E-2]
[3102004,"31","20","4",0.05,3.7500000000000006E-2]
[3102104,"31","21","4",0.06,4.4999999999999998E-2]
[3102204,"31","22","4",7.0000000000000007E-2,5.2500000000000005E-2]
[3102304,"31","23","4",7.0000000000000007E-2,5.2500000000000005E-2]
[3102404,"31","24","4",0.08,0.06]
[3102504,"31","25","4",0.09,{"$f":"E1218*$K$5","v":6.7500000000000004E-2}]
[{"$f":"(B1219*100000)+(C1219*100)+D1219","v":3102604},"31","26","4",0.09,6.7500000000000004E-2]
[3102703,"31","27","3",0.08,0.06]
[3102704,"31","27","4",0.09,6.7500000000000004E-2]
[3102803,"31","28","3",0.08,0.06]
[3102804,"31","28","4",0.1,7.5000000000000011E-2]
[3102903,"31","29","3",0.08,0.06]
[3102904,"31","29","4",0.1,7.5000000000000011E-2]
[3200104,"32","1","4",7.0000000000000007E-2,5.2500000000000005E-2]
[3200105,"32","1","5",0.11,8.2500000000000004E-2]
[3200204,"32","2","4",0.06,4.4999999999999998E-2]
[3200205,"32","2","5",0.11,8.2500000000000004E-2]
[3200304,"32","3","4",7.0000000000000007E-2,5.2500000000000005E-2]
[3200305,"32","3","5",0.13,9.7500000000000003E-2]
[3200404,"32","4","4",0.08,0.06]
[3200405,"32","4","5",0.14000000000000001,0.10500000000000001]
[3200504,"32","5","4",7.0000000000000007E-2,5.2500000000000005E-2]
[3200505,"32","5","5",0.1,7.5000000000000011E-2]
[3200604,"32","6","4",0.08,0.06]
[3200605,"32","6","5",0.1,7.5000000000000011E-2]
[3200704,"32","7","4",0.08,0.06]
[3200705,"32","7","5",0.1,7.5000000000000011E-2]
[3200804,"32","8","4",7.0000000000000007E-2,5.2500000000000005E-2]
[3200805,"32","8","5",0.09,6.7500000000000004E-2]
[3200904,"32","9","4",0.06,4.4999999999999998E-2]
[3200905,"32","9","5",0.09,6.7500000000000004E-2]
[3201004,"32","10","4",0.06,4.4999999999999998E-2]
[3201005,"32","10","5",0.09,6.7500000000000004E-2]
[3201104,"32","11","4",0.06,4.4999999999999998E-2]
[3201105,"32","11","5",0.09,6.7500000000000004E-2]
[3201204,"32","12","4",7.0000000000000007E-2,5.2500000000000005E-2]
[3201304,"32","13","4",7.0000000000000007E-2,5.2500000000000005E-2]
[3201404,"32","14","4",0.05,3.7500000000000006E-2]
[3201504,"32","15","4",0.05,3.7500000000000006E-2]
[3201604,"32","16","4",0.04,0.03]
[3201704,"32","17","4",0.04,0.03]
[3201804,"32","18","4",0.05,3.7500000000000006E-2]
[3201904,"32","19","4",0.06,4.4999999999999998E-2]
[3202004,"32","20","4",0.06,4.4999999999999998E-2]
[3202104,"32","21","4",0.06,4.4999999999999998E-2]
[3202204,"32","22","4",7.0000000000000007E-2,5.2500000000000005E-2]
[3202304,"32","23","4",7.0000000000000007E-2,5.2500000000000005E-2]
[3202404,"32","24","4",0.08,0.06]
[3202504,"32","25","4",0.09,6.7500000000000004E-2]
[3202604,"32","26","4",0.09,6.7500000000000004E-2]
[3202703,"32","27","3",7.0000000000000007E-2,5.2500000000000005E-2]
[3202704,"32","27","4",0.1,7.5000000000000011E-2]
[3202803,"32","28","3",7.0000000000000007E-2,5.2500000000000005E-2]
[3202804,"32","28","4",0.1,7.5000000000000011E-2]
[3202903,"32","29","3",7.0000000000000007E-2,5.2500000000000005E-2]
[3202904,"32","29","4",0.1,7.5000000000000011E-2]
[3300104,"33","1","4",0.06,4.4999999999999998E-2]
[3300105,"33","1","5",0.09,6.7500000000000004E-2]
[3300204,"33","2","4",7.0000000000000007E-2,5.2500000000000005E-2]
[3300205,"33","2","5",0.09,6.7500000000000004E-2]
[3300304,"33","3","4",0.06,4.4999999999999998E-2]
[3300305,"33","3","5",0.1,7.5000000000000011E-2]
[3300404,"33","4","4",0.06,4.4999999999999998E-2]
[3300405,"33","4","5",0.11,8.2500000000000004E-2]
[3300504,"33","5","4",0.06,4.4999999999999998E-2]
[3300505,"33","5","5",0.1,7.5000000000000011E-2]
[3300604,"33","6","4",7.0000000000000007E-2,5.2500000000000005E-2]
[3300605,"33","6","5",0.09,6.7500000000000004E-2]
[3300704,"33","7","4",0.08,0.06]
[3300705,"33","7","5",0.09,{"$f":"E1282*$K$5","v":6.7500000000000004E-2}]
[{"$f":"(B1283*100000)+(C1283*100)+D1283","v":3300804},"33","8","4",0.06,4.4999999999999998E-2]
[3300805,"33","8","5",0.09,6.7500000000000004E-2]
[3300904,"33","9","4",0.05,3.7500000000000006E-2]
[3300905,"33","9","5",0.09,6.7500000000000004E-2]
[3301004,"33","10","4",0.06,4.4999999999999998E-2]
[3301005,"33","10","5",0.09,6.7500000000000004E-2]
[3301104,"33","11","4",0.06,4.4999999999999998E-2]
[3301105,"33","11","5",0.09,6.7500000000000004E-2]
[3301204,"33","12","4",0.06,4.4999999999999998E-2]
[3301205,"33","12","5",0.09,6.7500000000000004E-2]
[3301304,"33","13","4",0.06,4.4999999999999998E-2]
[3301404,"33","14","4",0.05,3.7500000000000006E-2]
[3301504,"33","15","4",0.05,3.7500000000000006E-2]
[3301604,"33","16","4",0.06,4.4999999999999998E-2]
[3301704,"33","17","4",0.06,4.4999999999999998E-2]
[3301804,"33","18","4",0.06,4.4999999999999998E-2]
[3301904,"33","19","4",7.0000000000000007E-2,5.2500000000000005E-2]
[3302004,"33","20","4",7.0000000000000007E-2,5.2500000000000005E-2]
[3302104,"33","21","4",7.0000000000000007E-2,5.2500000000000005E-2]
[3302204,"33","22","4",0.09,6.7500000000000004E-2]
[3302304,"33","23","4",0.09,6.7500000000000004E-2]
[3302404,"33","24","4",0.09,6.7500000000000004E-2]
[3302504,"33","25","4",0.09,6.7500000000000004E-2]
[3302604,"33","26","4",0.09,6.7500000000000004E-2]
[3302703,"33","27","3",0.06,4.4999999999999998E-2]
[3302704,"33","27","4",0.1,7.5000000000000011E-2]
[3302803,"33","28","3",0.06,4.4999999999999998E-2]
[3302804,"33","28","4",0.1,7.5000000000000011E-2]
[3302903,"33","29","3",0.06,4.4999999999999998E-2]
[3302904,"33","29","4",0.09,6.7500000000000004E-2]
[3400104,"34","1","4",7.0000000000000007E-2,5.2500000000000005E-2]
[3400105,"34","1","5",0.09,6.7500000000000004E-2]
[3400204,"34","2","4",7.0000000000000007E-2,5.2500000000000005E-2]
[3400205,"34","2","5",0.08,0.06]
[3400304,"34","3","4",7.0000000000000007E-2,5.2500000000000005E-2]
[3400305,"34","3","5",0.09,6.7500000000000004E-2]
[3400404,"34","4","4",7.0000000000000007E-2,5.2500000000000005E-2]
[3400405,"34","4","5",0.09,6.7500000000000004E-2]
[3400504,"34","5","4",7.0000000000000007E-2,5.2500000000000005E-2]
[3400505,"34","5","5",0.09,6.7500000000000004E-2]
[3400604,"34","6","4",7.0000000000000007E-2,5.2500000000000005E-2]
[3400605,"34","6","5",0.08,0.06]
[3400704,"34","7","4",0.06,4.4999999999999998E-2]
[3400705,"34","7","5",0.08,0.06]
[3400804,"34","8","4",0.05,3.7500000000000006E-2]
[3400805,"34","8","5",0.08,0.06]
[3400904,"34","9","4",0.05,3.7500000000000006E-2]
[3400905,"34","9","5",0.09,6.7500000000000004E-2]
[3401004,"34","10","4",0.06,4.4999999999999998E-2]
[3401005,"34","10","5",0.09,6.7500000000000004E-2]
[3401104,"34","11","4",0.06,4.4999999999999998E-2]
[3401105,"34","11","5",0.09,6.7500000000000004E-2]
[3401204,"34","12","4",0.06,4.4999999999999998E-2]
[3401205,"34","12","5",0.09,6.7500000000000004E-2]
[3401304,"34","13","4",0.05,3.7500000000000006E-2]
[3401404,"34","14","4",0.06,4.4999999999999998E-2]
[3401504,"34","15","4",0.06,4.4999999999999998E-2]
[3401604,"34","16","4",0.08,0.06]
[3401704,"34","17","4",0.08,0.06]
[3401804,"34","18","4",7.0000000000000007E-2,5.2500000000000005E-2]
[3401904,"34","19","4",7.0000000000000007E-2,5.2500000000000005E-2]
[3402004,"34","20","4",7.0000000000000007E-2,5.2500000000000005E-2]
[3402104,"34","21","4",7.0000000000000007E-2,5.2500000000000005E-2]
[3402204,"34","22","4",0.08,{"$f":"E1346*$K$5","v":0.06}]
[{"$f":"(B1347*100000)+(C1347*100)+D1347","v":3402304},"34","23","4",0.09,6.7500000000000004E-2]
[3402404,"34","24","4",0.1,7.5000000000000011E-2]
[3402504,"34","25","4",0.09,6.7500000000000004E-2]
[3402604,"34","26","4",0.1,7.5000000000000011E-2]
[3402703,"34","27","3",7.0000000000000007E-2,5.2500000000000005E-2]
[3402704,"34","27","4",0.09,6.7500000000000004E-2]
[3402803,"34","28","3",7.0000000000000007E-2,5.2500000000000005E-2]
[3402804,"34","28","4",0.09,6.7500000000000004E-2]
[3402903,"34","29","3",7.0000000000000007E-2,5.2500000000000005E-2]
[3402904,"34","29","4",0.09,6.7500000000000004E-2]
[3500104,"35","1","4",0.06,4.4999999999999998E-2]
[3500105,"35","1","5",0.1,7.5000000000000011E-2]
[3500204,"35","2","4",7.0000000000000007E-2,5.2500000000000005E-2]
[3500205,"35","2","5",0.1,7.5000000000000011E-2]
[3500304,"35","3","4",0.08,0.06]
[3500305,"35","3","5",0.11,8.2500000000000004E-2]
[3500404,"35","4","4",0.08,0.06]
[3500405,"35","4","5",0.09,6.7500000000000004E-2]
[3500504,"35","5","4",7.0000000000000007E-2,5.2500000000000005E-2]
[3500505,"35","5","5",0.08,0.06]
[3500604,"35","6","4",0.06,4.4999999999999998E-2]
[3500605,"35","6","5",0.08,0.06]
[3500704,"35","7","4",0.06,4.4999999999999998E-2]
[3500705,"35","7","5",0.08,0.06]
[3500804,"35","8","4",0.06,4.4999999999999998E-2]
[3500805,"35","8","5",0.08,0.06]
[3500904,"35","9","4",0.06,4.4999999999999998E-2]
[3500905,"35","9","5",0.08,0.06]
[3501004,"35","10","4",0.06,4.4999999999999998E-2]
[3501005,"35","10","5",0.08,0.06]
[3501104,"35","11","4",0.05,3.7500000000000006E-2]
[3501105,"35","11","5",0.08,0.06]
[3501204,"35","12","4",0.06,4.4999999999999998E-2]
[3501205,"35","12","5",0.08,0.06]
[3501304,"35","13","4",7.0000000000000007E-2,5.2500000000000005E-2]
[3501404,"35","14","4",0.06,4.4999999999999998E-2]
[3501504,"35","15","4",0.06,4.4999999999999998E-2]
[3501604,"35","16","4",7.0000000000000007E-2,5.2500000000000005E-2]
[3501704,"35","17","4",7.0000000000000007E-2,5.2500000000000005E-2]
[3501804,"35","18","4",0.06,4.4999999999999998E-2]
[3501904,"35","19","4",0.06,4.4999999999999998E-2]
[3502004,"35","20","4",7.0000000000000007E-2,5.2500000000000005E-2]
[3502104,"35","21","4",7.0000000000000007E-2,5.2500000000000005E-2]
[3502204,"35","22","4",7.0000000000000007E-2,5.2500000000000005E-2]
[3502304,"35","23","4",0.08,0.06]
[3502404,"35","24","4",0.08,0.06]
[3502504,"35","25","4",0.08,0.06]
[3502603,"35","26","3",0.06,4.4999999999999998E-2]
[3502604,"35","26","4",0.1,7.5000000000000011E-2]
[3502703,"35","27","3",0.06,4.4999999999999998E-2]
[3502704,"35","27","4",0.1,7.5000000000000011E-2]
[3502803,"35","28","3",0.06,4.4999999999999998E-2]
[3502804,"35","28","4",0.11,8.2500000000000004E-2]
[3600104,"36","1","4",0.06,4.4999999999999998E-2]
[3600105,"36","1","5",0.14000000000000001,0.10500000000000001]
[3600204,"36","2","4",7.0000000000000007E-2,5.2500000000000005E-2]
[3600205,"36","2","5",0.13,9.7500000000000003E-2]
[3600304,"36","3","4",0.08,0.06]
[3600305,"36","3","5",0.12,0.09]
[3600404,"36","4","4",0.08,0.06]
[3600405,"36","4","5",0.11,8.2500000000000004E-2]
[3600504,"36","5","4",7.0000000000000007E-2,5.2500000000000005E-2]
[3600505,"36","5","5",0.08,0.06]
[3600604,"36","6","4",7.0000000000000007E-2,{"$f":"E1410*$K$5","v":5.2500000000000005E-2}]
[{"$f":"(B1411*100000)+(C1411*100)+D1411","v":3600605},"36","6","5",0.08,0.06]
[3600704,"36","7","4",7.0000000000000007E-2,5.2500000000000005E-2]
[3600705,"36","7","5",0.08,0.06]
[3600804,"36","8","4",0.08,0.06]
[3600805,"36","8","5",0.08,0.06]
[3600904,"36","9","4",0.06,4.4999999999999998E-2]
[3600905,"36","9","5",0.08,0.06]
[3601004,"36","10","4",7.0000000000000007E-2,5.2500000000000005E-2]
[3601005,"36","10","5",0.08,0.06]
[3601104,"36","11","4",0.06,4.4999999999999998E-2]
[3601105,"36","11","5",0.08,0.06]
[3601204,"36","12","4",0.06,4.4999999999999998E-2]
[3601205,"36","12","5",0.08,0.06]
[3601304,"36","13","4",7.0000000000000007E-2,5.2500000000000005E-2]
[3601404,"36","14","4",0.08,0.06]
[3601504,"36","15","4",7.0000000000000007E-2,5.2500000000000005E-2]
[3601604,"36","16","4",0.06,4.4999999999999998E-2]
[3601704,"36","17","4",0.06,4.4999999999999998E-2]
[3601804,"36","18","4",0.05,3.7500000000000006E-2]
[3601904,"36","19","4",0.05,3.7500000000000006E-2]
[3602004,"36","20","4",0.06,4.4999999999999998E-2]
[3602104,"36","21","4",7.0000000000000007E-2,5.2500000000000005E-2]
[3602204,"36","22","4",0.08,0.06]
[3602304,"36","23","4",7.0000000000000007E-2,5.2500000000000005E-2]
[3602404,"36","24","4",0.06,4.4999999999999998E-2]
[3602504,"36","25","4",0.08,0.06]
[3602603,"36","26","3",0.06,4.4999999999999998E-2]
[3602604,"36","26","4",0.08,0.06]
[3602703,"36","27","3",0.06,4.4999999999999998E-2]
[3602704,"36","27","4",0.1,7.5000000000000011E-2]
[3602803,"36","28","3",0.06,4.4999999999999998E-2]
[3602804,"36","28","4",0.11,8.2500000000000004E-2]
[3602903,"36","29","3",0.06,4.4999999999999998E-2]
[3700104,"37","1","4",0.08,0.06]
[3700105,"37","1","5",0.1,7.5000000000000011E-2]
[3700204,"37","2","4",0.08,0.06]
[3700205,"37","2","5",0.11,8.2500000000000004E-2]
[3700304,"37","3","4",0.08,0.06]
[3700305,"37","3","5",0.12,0.09]
[3700404,"37","4","4",0.08,0.06]
[3700405,"37","4","5",0.11,8.2500000000000004E-2]
[3700504,"37","5","4",7.0000000000000007E-2,5.2500000000000005E-2]
[3700505,"37","5","5",0.09,6.7500000000000004E-2]
[3700604,"37","6","4",7.0000000000000007E-2,5.2500000000000005E-2]
[3700605,"37","6","5",0.08,0.06]
[3700704,"37","7","4",7.0000000000000007E-2,5.2500000000000005E-2]
[3700705,"37","7","5",0.08,0.06]
[3700804,"37","8","4",7.0000000000000007E-2,5.2500000000000005E-2]
[3700805,"37","8","5",0.08,0.06]
[3700904,"37","9","4",7.0000000000000007E-2,5.2500000000000005E-2]
[3700905,"37","9","5",0.08,0.06]
[3701004,"37","10","4",7.0000000000000007E-2,5.2500000000000005E-2]
[3701005,"37","10","5",0.08,0.06]
[3701104,"37","11","4",0.08,0.06]
[3701105,"37","11","5",0.08,0.06]
[3701204,"37","12","4",7.0000000000000007E-2,5.2500000000000005E-2]
[3701205,"37","12","5",0.08,0.06]
[3701304,"37","13","4",0.06,4.4999999999999998E-2]
[3701404,"37","14","4",7.0000000000000007E-2,5.2500000000000005E-2]
[3701504,"37","15","4",7.0000000000000007E-2,5.2500000000000005E-2]
[3701604,"37","16","4",7.0000000000000007E-2,5.2500000000000005E-2]
[3701704,"37","17","4",0.06,4.4999999999999998E-2]
[3701804,"37","18","4",0.08,0.06]
[3701904,"37","19","4",7.0000000000000007E-2,{"$f":"E1474*$K$5","v":5.2500000000000005E-2}]
[{"$f":"(B1475*100000)+(C1475*100)+D1475","v":3702004},"37","20","4",7.0000000000000007E-2,5.2500000000000005E-2]
[3702104,"37","21","4",7.0000000000000007E-2,5.2500000000000005E-2]
[3702204,"37","22","4",7.0000000000000007E-2,5.2500000000000005E-2]
[3702304,"37","23","4",0.08,0.06]
[3702404,"37","24","4",7.0000000000000007E-2,5.2500000000000005E-2]
[3702504,"37","25","4",7.0000000000000007E-2,5.2500000000000005E-2]
[3702603,"37","26","3",0.08,0.06]
[3702604,"37","26","4",0.09,6.7500000000000004E-2]
[3702703,"37","27","3",0.08,0.06]
[3702704,"37","27","4",0.09,6.7500000000000004E-2]
[3702803,"37","28","3",0.08,0.06]
[3702804,"37","28","4",0.1,7.5000000000000011E-2]
[3702903,"37","29","3",0.08,0.06]
[3800104,"38","1","4",0.1,7.5000000000000011E-2]
[3800105,"38","1","5",7.0000000000000007E-2,5.2500000000000005E-2]
[3800204,"38","2","4",0.08,0.06]
[3800205,"38","2","5",0.08,0.06]
[3800304,"38","3","4",0.09,6.7500000000000004E-2]
[3800305,"38","3","5",0.1,7.5000000000000011E-2]
[3800404,"38","4","4",0.09,6.7500000000000004E-2]
[3800405,"38","4","5",0.12,0.09]
[3800504,"38","5","4",7.0000000000000007E-2,5.2500000000000005E-2]
[3800505,"38","5","5",0.09,6.7500000000000004E-2]
[3800604,"38","6","4",7.0000000000000007E-2,5.2500000000000005E-2]
[3800605,"38","6","5",0.09,6.7500000000000004E-2]
[3800704,"38","7","4",7.0000000000000007E-2,5.2500000000000005E-2]
[3800705,"38","7","5",0.09,6.7500000000000004E-2]
[3800804,"38","8","4",7.0000000000000007E-2,5.2500000000000005E-2]
[3800805,"38","8","5",0.09,6.7500000000000004E-2]
[3800904,"38","9","4",7.0000000000000007E-2,5.2500000000000005E-2]
[3800905,"38","9","5",0.09,6.7500000000000004E-2]
[3801004,"38","10","4",0.08,0.06]
[3801005,"38","10","5",0.09,6.7500000000000004E-2]
[3801104,"38","11","4",0.08,0.06]
[3801105,"38","11","5",0.09,6.7500000000000004E-2]
[3801204,"38","12","4",0.08,0.06]
[3801205,"38","12","5",0.09,6.7500000000000004E-2]
[3801304,"38","13","4",7.0000000000000007E-2,5.2500000000000005E-2]
[3801404,"38","14","4",0.06,4.4999999999999998E-2]
[3801504,"38","15","4",0.06,4.4999999999999998E-2]
[3801604,"38","16","4",7.0000000000000007E-2,5.2500000000000005E-2]
[3801704,"38","17","4",7.0000000000000007E-2,5.2500000000000005E-2]
[3801804,"38","18","4",0.08,0.06]
[3801904,"38","19","4",0.09,6.7500000000000004E-2]
[3802004,"38","20","4",0.08,0.06]
[3802104,"38","21","4",7.0000000000000007E-2,5.2500000000000005E-2]
[3802204,"38","22","4",0.06,4.4999999999999998E-2]
[3802304,"38","23","4",7.0000000000000007E-2,5.2500000000000005E-2]
[3802404,"38","24","4",7.0000000000000007E-2,5.2500000000000005E-2]
[3802504,"38","25","4",0.08,0.06]
[3802603,"38","26","3",0.1,7.5000000000000011E-2]
[3802604,"38","26","4",0.08,0.06]
[3802703,"38","27","3",0.1,7.5000000000000011E-2]
[3802704,"38","27","4",7.0000000000000007E-2,5.2500000000000005E-2]
[3802803,"38","28","3",0.1,7.5000000000000011E-2]
[3802804,"38","28","4",0.08,0.06]
[3900104,"39","1","4",0.08,0.06]
[3900105,"39","1","5",0.09,6.7500000000000004E-2]
[3900204,"39","2","4",0.08,0.06]
[3900205,"39","2","5",0.09,6.7500000000000004E-2]
[3900304,"39","3","4",7.0000000000000007E-2,5.2500000000000005E-2]
[3900305,"39","3","5",0.1,7.5000000000000011E-2]
[3900404,"39","4","4",0.08,0.06]
[3900405,"39","4","5",0.11,{"$f":"E1538*$K$5","v":8.2500000000000004E-2}]
[{"$f":"(B1539*100000)+(C1539*100)+D1539","v":3900504},"39","5","4",7.0000000000000007E-2,5.2500000000000005E-2]
[3900505,"39","5","5",0.11,8.2500000000000004E-2]
[3900604,"39","6","4",0.06,4.4999999999999998E-2]
[3900605,"39","6","5",0.09,6.7500000000000004E-2]
[3900704,"39","7","4",7.0000000000000007E-2,5.2500000000000005E-2]
[3900705,"39","7","5",0.09,6.7500000000000004E-2]
[3900804,"39","8","4",7.0000000000000007E-2,5.2500000000000005E-2]
[3900805,"39","8","5",0.09,6.7500000000000004E-2]
[3900904,"39","9","4",0.06,4.4999999999999998E-2]
[3900905,"39","9","5",0.09,6.7500000000000004E-2]
[3901004,"39","10","4",0.06,4.4999999999999998E-2]
[3901005,"39","10","5",0.09,6.7500000000000004E-2]
[3901104,"39","11","4",0.06,4.4999999999999998E-2]
[3901105,"39","11","5",0.09,6.7500000000000004E-2]
[3901204,"39","12","4",7.0000000000000007E-2,5.2500000000000005E-2]
[3901205,"39","12","5",0.09,6.7500000000000004E-2]
[3901304,"39","13","4",0.08,0.06]
[3901404,"39","14","4",0.08,0.06]
[3901504,"39","15","4",7.0000000000000007E-2,5.2500000000000005E-2]
[3901604,"39","16","4",7.0000000000000007E-2,5.2500000000000005E-2]
[3901704,"39","17","4",7.0000000000000007E-2,5.2500000000000005E-2]
[3901804,"39","18","4",7.0000000000000007E-2,5.2500000000000005E-2]
[3901904,"39","19","4",0.06,4.4999999999999998E-2]
[3902004,"39","20","4",7.0000000000000007E-2,5.2500000000000005E-2]
[3902104,"39","21","4",7.0000000000000007E-2,5.2500000000000005E-2]
[3902204,"39","22","4",7.0000000000000007E-2,5.2500000000000005E-2]
[3902304,"39","23","4",0.06,4.4999999999999998E-2]
[3902404,"39","24","4",7.0000000000000007E-2,5.2500000000000005E-2]
[3902504,"39","25","4",0.08,0.06]
[3902603,"39","26","3",0.08,0.06]
[3902604,"39","26","4",7.0000000000000007E-2,5.2500000000000005E-2]
[3902703,"39","27","3",0.08,0.06]
[3902704,"39","27","4",0.08,0.06]
[3902803,"39","28","3",0.08,0.06]
[3902804,"39","28","4",0.09,6.7500000000000004E-2]
[4000104,"40","1","4",7.0000000000000007E-2,5.2500000000000005E-2]
[4000105,"40","1","5",0.1,7.5000000000000011E-2]
[4000204,"40","2","4",0.09,6.7500000000000004E-2]
[4000205,"40","2","5",0.11,8.2500000000000004E-2]
[4000304,"40","3","4",0.08,0.06]
[4000305,"40","3","5",0.11,8.2500000000000004E-2]
[4000404,"40","4","4",0.08,0.06]
[4000405,"40","4","5",0.11,8.2500000000000004E-2]
[4000504,"40","5","4",0.06,4.4999999999999998E-2]
[4000505,"40","5","5",0.11,8.2500000000000004E-2]
[4000604,"40","6","4",0.06,4.4999999999999998E-2]
[4000605,"40","6","5",0.1,7.5000000000000011E-2]
[4000704,"40","7","4",0.06,4.4999999999999998E-2]
[4000705,"40","7","5",0.09,6.7500000000000004E-2]
[4000804,"40","8","4",0.06,4.4999999999999998E-2]
[4000805,"40","8","5",0.09,6.7500000000000004E-2]
[4000904,"40","9","4",0.05,3.7500000000000006E-2]
[4000905,"40","9","5",0.09,6.7500000000000004E-2]
[4001004,"40","10","4",0.05,3.7500000000000006E-2]
[4001005,"40","10","5",0.09,6.7500000000000004E-2]
[4001104,"40","11","4",0.05,3.7500000000000006E-2]
[4001105,"40","11","5",0.09,6.7500000000000004E-2]
[4001204,"40","12","4",0.05,3.7500000000000006E-2]
[4001205,"40","12","5",0.09,6.7500000000000004E-2]
[4001304,"40","13","4",0.06,4.4999999999999998E-2]
[4001404,"40","14","4",7.0000000000000007E-2,5.2500000000000005E-2]
[4001504,"40","15","4",0.06,4.4999999999999998E-2]
[4001604,"40","16","4",7.0000000000000007E-2,5.2500000000000005E-2]
[4001704,"40","17","4",0.06,{"$f":"E1602*$K$5","v":4.4999999999999998E-2}]
[{"$f":"(B1603*100000)+(C1603*100)+D1603","v":4001804},"40","18","4",0.05,3.7500000000000006E-2]
[4001904,"40","19","4",0.05,3.7500000000000006E-2]
[4002004,"40","20","4",0.05,3.7500000000000006E-2]
[4002104,"40","21","4",0.06,4.4999999999999998E-2]
[4002204,"40","22","4",0.06,4.4999999999999998E-2]
[4002304,"40","23","4",0.06,4.4999999999999998E-2]
[4002404,"40","24","4",0.06,4.4999999999999998E-2]
[4002504,"40","25","4",7.0000000000000007E-2,5.2500000000000005E-2]
[4002603,"40","26","3",7.0000000000000007E-2,5.2500000000000005E-2]
[4002604,"40","26","4",0.08,0.06]
[4002703,"40","27","3",7.0000000000000007E-2,5.2500000000000005E-2]
[4002704,"40","27","4",0.08,0.06]
[4002803,"40","28","3",7.0000000000000007E-2,5.2500000000000005E-2]
[4002804,"40","28","4",0.08,0.06]
[4100104,"41","1","4",7.0000000000000007E-2,5.2500000000000005E-2]
[4100105,"41","1","5",0.09,6.7500000000000004E-2]
[4100204,"41","2","4",7.0000000000000007E-2,5.2500000000000005E-2]
[4100205,"41","2","5",0.11,8.2500000000000004E-2]
[4100304,"41","3","4",7.0000000000000007E-2,5.2500000000000005E-2]
[4100305,"41","3","5",0.09,6.7500000000000004E-2]
[4100404,"41","4","4",7.0000000000000007E-2,5.2500000000000005E-2]
[4100405,"41","4","5",0.09,6.7500000000000004E-2]
[4100504,"41","5","4",0.06,4.4999999999999998E-2]
[4100505,"41","5","5",0.08,0.06]
[4100604,"41","6","4",0.04,0.03]
[4100605,"41","6","5",0.08,0.06]
[4100704,"41","7","4",0.04,0.03]
[4100705,"41","7","5",0.09,6.7500000000000004E-2]
[4100804,"41","8","4",0.05,3.7500000000000006E-2]
[4100805,"41","8","5",0.09,6.7500000000000004E-2]
[4100904,"41","9","4",0.05,3.7500000000000006E-2]
[4100905,"41","9","5",0.09,6.7500000000000004E-2]
[4101004,"41","10","4",0.05,3.7500000000000006E-2]
[4101005,"41","10","5",0.09,6.7500000000000004E-2]
[4101104,"41","11","4",0.05,3.7500000000000006E-2]
[4101105,"41","11","5",0.09,6.7500000000000004E-2]
[4101204,"41","12","4",0.06,4.4999999999999998E-2]
[4101205,"41","12","5",0.08,0.06]
[4101304,"41","13","4",0.06,4.4999999999999998E-2]
[4101404,"41","14","4",7.0000000000000007E-2,5.2500000000000005E-2]
[4101504,"41","15","4",7.0000000000000007E-2,5.2500000000000005E-2]
[4101604,"41","16","4",0.06,4.4999999999999998E-2]
[4101704,"41","17","4",0.06,4.4999999999999998E-2]
[4101804,"41","18","4",0.05,3.7500000000000006E-2]
[4101904,"41","19","4",0.04,0.03]
[4102004,"41","20","4",0.05,3.7500000000000006E-2]
[4102104,"41","21","4",0.06,4.4999999999999998E-2]
[4102204,"41","22","4",0.05,3.7500000000000006E-2]
[4102304,"41","23","4",0.06,4.4999999999999998E-2]
[4102404,"41","24","4",0.06,4.4999999999999998E-2]
[4102504,"41","25","4",7.0000000000000007E-2,5.2500000000000005E-2]
[4102603,"41","26","3",7.0000000000000007E-2,5.2500000000000005E-2]
[4102604,"41","26","4",7.0000000000000007E-2,5.2500000000000005E-2]
[4102703,"41","27","3",7.0000000000000007E-2,5.2500000000000005E-2]
[4102704,"41","27","4",0.09,6.7500000000000004E-2]
[4102803,"41","28","3",7.0000000000000007E-2,5.2500000000000005E-2]
[4102804,"41","28","4",0.09,6.7500000000000004E-2]
[4200104,"42","1","4",0.06,4.4999999999999998E-2]
[4200105,"42","1","5",0.09,6.7500000000000004E-2]
[4200204,"42","2","4",0.06,4.4999999999999998E-2]
[4200205,"42","2","5",0.08,0.06]
[4200304,"42","3","4",0.06,4.4999999999999998E-2]
[4200305,"42","3","5",7.0000000000000007E-2,5.2500000000000005E-2]
[4200404,"42","4","4",0.06,{"$f":"E1666*$K$5","v":4.4999999999999998E-2}]
[{"$f":"(B1667*100000)+(C1667*100)+D1667","v":4200405},"42","4","5",7.0000000000000007E-2,5.2500000000000005E-2]
[4200504,"42","5","4",0.06,4.4999999999999998E-2]
[4200505,"42","5","5",7.0000000000000007E-2,5.2500000000000005E-2]
[4200604,"42","6","4",0.04,0.03]
[4200605,"42","6","5",0.08,0.06]
[4200704,"42","7","4",0.04,0.03]
[4200705,"42","7","5",0.08,0.06]
[4200804,"42","8","4",0.05,3.7500000000000006E-2]
[4200805,"42","8","5",0.08,0.06]
[4200904,"42","9","4",0.04,0.03]
[4200905,"42","9","5",0.08,0.06]
[4201004,"42","10","4",0.05,3.7500000000000006E-2]
[4201005,"42","10","5",0.08,0.06]
[4201104,"42","11","4",0.04,0.03]
[4201105,"42","11","5",0.08,0.06]
[4201204,"42","12","4",0.05,3.7500000000000006E-2]
[4201205,"42","12","5",0.08,0.06]
[4201304,"42","13","4",0.06,4.4999999999999998E-2]
[4201404,"42","14","4",0.08,0.06]
[4201504,"42","15","4",7.0000000000000007E-2,5.2500000000000005E-2]
[4201604,"42","16","4",0.06,4.4999999999999998E-2]
[4201704,"42","17","4",0.05,3.7500000000000006E-2]
[4201804,"42","18","4",0.04,0.03]
[4201904,"42","19","4",0.04,0.03]
[4202004,"42","20","4",0.05,3.7500000000000006E-2]
[4202104,"42","21","4",0.06,4.4999999999999998E-2]
[4202204,"42","22","4",7.0000000000000007E-2,5.2500000000000005E-2]
[4202304,"42","23","4",0.06,4.4999999999999998E-2]
[4202404,"42","24","4",0.06,4.4999999999999998E-2]
[4202504,"42","25","4",0.06,4.4999999999999998E-2]
[4202603,"42","26","3",0.06,4.4999999999999998E-2]
[4202604,"42","26","4",7.0000000000000007E-2,5.2500000000000005E-2]
[4202703,"42","27","3",0.06,4.4999999999999998E-2]
[4202704,"42","27","4",0.09,6.7500000000000004E-2]
[4202803,"42","28","3",0.06,4.4999999999999998E-2]
[4202804,"42","28","4",0.09,6.7500000000000004E-2]
[4300104,"43","1","4",0.05,3.7500000000000006E-2]
[4300105,"43","1","5",0.08,0.06]
[4300204,"43","2","4",0.04,0.03]
[4300205,"43","2","5",7.0000000000000007E-2,5.2500000000000005E-2]
[4300304,"43","3","4",0.05,3.7500000000000006E-2]
[4300305,"43","3","5",7.0000000000000007E-2,5.2500000000000005E-2]
[4300404,"43","4","4",0.04,0.03]
[4300405,"43","4","5",7.0000000000000007E-2,5.2500000000000005E-2]
[4300504,"43","5","4",0.05,3.7500000000000006E-2]
[4300505,"43","5","5",7.0000000000000007E-2,5.2500000000000005E-2]
[4300604,"43","6","4",0.06,4.4999999999999998E-2]
[4300605,"43","6","5",7.0000000000000007E-2,5.2500000000000005E-2]
[4300704,"43","7","4",0.05,3.7500000000000006E-2]
[4300705,"43","7","5",0.08,0.06]
[4300804,"43","8","4",0.05,3.7500000000000006E-2]
[4300805,"43","8","5",0.08,0.06]
[4300904,"43","9","4",0.04,0.03]
[4300905,"43","9","5",0.08,0.06]
[4301004,"43","10","4",0.04,0.03]
[4301005,"43","10","5",0.08,0.06]
[4301104,"43","11","4",0.05,3.7500000000000006E-2]
[4301105,"43","11","5",0.08,0.06]
[4301204,"43","12","4",0.05,3.7500000000000006E-2]
[4301205,"43","12","5",0.08,0.06]
[4301304,"43","13","4",0.06,4.4999999999999998E-2]
[4301404,"43","14","4",0.06,4.4999999999999998E-2]
[4301504,"43","15","4",0.05,3.7500000000000006E-2]
[4301604,"43","16","4",0.05,{"$f":"E1730*$K$5","v":3.7500000000000006E-2}]
[{"$f":"(B1731*100000)+(C1731*100)+D1731","v":4301704},"43","17","4",0.06,4.4999999999999998E-2]
[4301804,"43","18","4",0.05,3.7500000000000006E-2]
[4301904,"43","19","4",0.05,3.7500000000000006E-2]
[4302004,"43","20","4",0.05,3.7500000000000006E-2]
[4302104,"43","21","4",0.06,4.4999999999999998E-2]
[4302204,"43","22","4",0.08,0.06]
[4302304,"43","23","4",0.08,0.06]
[4302404,"43","24","4",7.0000000000000007E-2,5.2500000000000005E-2]
[4302504,"43","25","4",0.08,0.06]
[4302603,"43","26","3",0.05,3.7500000000000006E-2]
[4302604,"43","26","4",0.08,0.06]
[4302703,"43","27","3",0.05,3.7500000000000006E-2]
[4302704,"43","27","4",0.08,0.06]
[4302803,"43","28","3",0.05,3.7500000000000006E-2]
[4302804,"43","28","4",0.08,0.06]
[4400104,"44","1","4",0.05,3.7500000000000006E-2]
[4400105,"44","1","5",7.0000000000000007E-2,5.2500000000000005E-2]
[4400204,"44","2","4",0.04,0.03]
[4400205,"44","2","5",0.08,0.06]
[4400304,"44","3","4",0.04,0.03]
[4400305,"44","3","5",0.08,0.06]
[4400404,"44","4","4",0.04,0.03]
[4400405,"44","4","5",7.0000000000000007E-2,5.2500000000000005E-2]
[4400504,"44","5","4",0.05,3.7500000000000006E-2]
[4400505,"44","5","5",7.0000000000000007E-2,5.2500000000000005E-2]
[4400604,"44","6","4",0.05,3.7500000000000006E-2]
[4400605,"44","6","5",7.0000000000000007E-2,5.2500000000000005E-2]
[4400704,"44","7","4",0.05,3.7500000000000006E-2]
[4400705,"44","7","5",7.0000000000000007E-2,5.2500000000000005E-2]
[4400804,"44","8","4",0.05,3.7500000000000006E-2]
[4400805,"44","8","5",7.0000000000000007E-2,5.2500000000000005E-2]
[4400904,"44","9","4",0.03,2.2499999999999999E-2]
[4400905,"44","9","5",7.0000000000000007E-2,5.2500000000000005E-2]
[4401004,"44","10","4",0.04,0.03]
[4401005,"44","10","5",7.0000000000000007E-2,5.2500000000000005E-2]
[4401104,"44","11","4",0.04,0.03]
[4401105,"44","11","5",7.0000000000000007E-2,5.2500000000000005E-2]
[4401204,"44","12","4",0.05,3.7500000000000006E-2]
[4401205,"44","12","5",7.0000000000000007E-2,5.2500000000000005E-2]
[4401304,"44","13","4",0.05,3.7500000000000006E-2]
[4401305,"44","13","5",7.0000000000000007E-2,5.2500000000000005E-2]
[4401404,"44","14","4",0.05,3.7500000000000006E-2]
[4401504,"44","15","4",0.05,3.7500000000000006E-2]
[4401604,"44","16","4",0.05,3.7500000000000006E-2]
[4401704,"44","17","4",0.06,4.4999999999999998E-2]
[4401804,"44","18","4",0.06,4.4999999999999998E-2]
[4401904,"44","19","4",0.05,3.7500000000000006E-2]
[4402004,"44","20","4",0.05,3.7500000000000006E-2]
[4402104,"44","21","4",0.06,4.4999999999999998E-2]
[4402204,"44","22","4",0.05,3.7500000000000006E-2]
[4402304,"44","23","4",0.06,4.4999999999999998E-2]
[4402404,"44","24","4",0.05,3.7500000000000006E-2]
[4402504,"44","25","4",0.05,3.7500000000000006E-2]
[4402603,"44","26","3",0.05,3.7500000000000006E-2]
[4402604,"44","26","4",0.06,4.4999999999999998E-2]
[4402703,"44","27","3",0.05,3.7500000000000006E-2]
[4402704,"44","27","4",7.0000000000000007E-2,5.2500000000000005E-2]
[4402803,"44","28","3",0.05,3.7500000000000006E-2]
[4402804,"44","28","4",0.08,0.06]
[4500104,"45","1","4",0.05,3.7500000000000006E-2]
[4500105,"45","1","5",0.06,4.4999999999999998E-2]
[4500204,"45","2","4",0.05,3.7500000000000006E-2]
[4500205,"45","2","5",7.0000000000000007E-2,5.2500000000000005E-2]
[4500304,"45","3","4",0.05,{"$f":"E1794*$K$5","v":3.7500000000000006E-2}]
[{"$f":"(B1795*100000)+(C1795*100)+D1795","v":4500305},"45","3","5",7.0000000000000007E-2,5.2500000000000005E-2]
[4500404,"45","4","4",0.05,3.7500000000000006E-2]
[4500405,"45","4","5",7.0000000000000007E-2,5.2500000000000005E-2]
[4500504,"45","5","4",0.05,3.7500000000000006E-2]
[4500505,"45","5","5",7.0000000000000007E-2,5.2500000000000005E-2]
[4500604,"45","6","4",0.04,0.03]
[4500605,"45","6","5",7.0000000000000007E-2,5.2500000000000005E-2]
[4500704,"45","7","4",0.04,0.03]
[4500705,"45","7","5",7.0000000000000007E-2,5.2500000000000005E-2]
[4500804,"45","8","4",0.04,0.03]
[4500805,"45","8","5",7.0000000000000007E-2,5.2500000000000005E-2]
[4500904,"45","9","4",0.04,0.03]
[4500905,"45","9","5",7.0000000000000007E-2,5.2500000000000005E-2]
[4501004,"45","10","4",0.04,0.03]
[4501005,"45","10","5",7.0000000000000007E-2,5.2500000000000005E-2]
[4501104,"45","11","4",0.04,0.03]
[4501105,"45","11","5",7.0000000000000007E-2,5.2500000000000005E-2]
[4501204,"45","12","4",0.05,3.7500000000000006E-2]
[4501205,"45","12","5",7.0000000000000007E-2,5.2500000000000005E-2]
[4501304,"45","13","4",0.06,4.4999999999999998E-2]
[4501305,"45","13","5",7.0000000000000007E-2,5.2500000000000005E-2]
[4501404,"45","14","4",0.05,3.7500000000000006E-2]
[4501504,"45","15","4",0.05,3.7500000000000006E-2]
[4501604,"45","16","4",0.05,3.7500000000000006E-2]
[4501704,"45","17","4",0.05,3.7500000000000006E-2]
[4501804,"45","18","4",0.05,3.7500000000000006E-2]
[4501904,"45","19","4",0.05,3.7500000000000006E-2]
[4502004,"45","20","4",0.06,4.4999999999999998E-2]
[4502104,"45","21","4",0.05,3.7500000000000006E-2]
[4502204,"45","22","4",0.05,3.7500000000000006E-2]
[4502304,"45","23","4",0.05,3.7500000000000006E-2]
[4502404,"45","24","4",0.05,3.7500000000000006E-2]
[4502504,"45","25","4",0.06,4.4999999999999998E-2]
[4502603,"45","26","3",0.05,3.7500000000000006E-2]
[4502604,"45","26","4",7.0000000000000007E-2,5.2500000000000005E-2]
[4502703,"45","27","3",0.05,3.7500000000000006E-2]
[4502704,"45","27","4",0.06,4.4999999999999998E-2]
[4502803,"45","28","3",0.05,3.7500000000000006E-2]
[4502804,"45","28","4",0.06,4.4999999999999998E-2]
[4600104,"46","1","4",0.06,4.4999999999999998E-2]
[4600105,"46","1","5",0.06,4.4999999999999998E-2]
[4600204,"46","2","4",0.06,4.4999999999999998E-2]
[4600205,"46","2","5",0.06,4.4999999999999998E-2]
[4600304,"46","3","4",0.08,0.06]
[4600305,"46","3","5",0.06,4.4999999999999998E-2]
[4600404,"46","4","4",0.06,4.4999999999999998E-2]
[4600405,"46","4","5",0.06,4.4999999999999998E-2]
[4600504,"46","5","4",0.05,3.7500000000000006E-2]
[4600505,"46","5","5",0.06,4.4999999999999998E-2]
[4600604,"46","6","4",0.05,3.7500000000000006E-2]
[4600605,"46","6","5",0.06,4.4999999999999998E-2]
[4600704,"46","7","4",0.05,3.7500000000000006E-2]
[4600705,"46","7","5",0.06,4.4999999999999998E-2]
[4600804,"46","8","4",0.05,3.7500000000000006E-2]
[4600805,"46","8","5",0.06,4.4999999999999998E-2]
[4600904,"46","9","4",0.06,4.4999999999999998E-2]
[4600905,"46","9","5",0.06,4.4999999999999998E-2]
[4601004,"46","10","4",0.05,3.7500000000000006E-2]
[4601005,"46","10","5",0.06,4.4999999999999998E-2]
[4601104,"46","11","4",0.05,3.7500000000000006E-2]
[4601105,"46","11","5",0.06,4.4999999999999998E-2]
[4601204,"46","12","4",0.08,0.06]
[4601205,"46","12","5",0.06,4.4999999999999998E-2]
[4601304,"46","13","4",7.0000000000000007E-2,{"$f":"E1858*$K$5","v":5.2500000000000005E-2}]
[{"$f":"(B1859*100000)+(C1859*100)+D1859","v":4601305},"46","13","5",0.06,4.4999999999999998E-2]
[4601404,"46","14","4",7.0000000000000007E-2,5.2500000000000005E-2]
[4601504,"46","15","4",0.05,3.7500000000000006E-2]
[4601604,"46","16","4",0.04,0.03]
[4601704,"46","17","4",0.04,0.03]
[4601804,"46","18","4",0.05,3.7500000000000006E-2]
[4601904,"46","19","4",0.04,0.03]
[4602004,"46","20","4",0.04,0.03]
[4602104,"46","21","4",0.04,0.03]
[4602204,"46","22","4",0.05,3.7500000000000006E-2]
[4602304,"46","23","4",0.05,3.7500000000000006E-2]
[4602404,"46","24","4",0.06,4.4999999999999998E-2]
[4602504,"46","25","4",7.0000000000000007E-2,5.2500000000000005E-2]
[4602603,"46","26","3",0.06,4.4999999999999998E-2]
[4602604,"46","26","4",7.0000000000000007E-2,5.2500000000000005E-2]
[4602703,"46","27","3",0.06,4.4999999999999998E-2]
[4602704,"46","27","4",0.06,4.4999999999999998E-2]
[4602803,"46","28","3",0.06,4.4999999999999998E-2]
[4602804,"46","28","4",0.06,4.4999999999999998E-2]
[4700104,"47","1","4",0.05,3.7500000000000006E-2]
[4700105,"47","1","5",0.06,4.4999999999999998E-2]
[4700204,"47","2","4",7.0000000000000007E-2,5.2500000000000005E-2]
[4700205,"47","2","5",0.06,4.4999999999999998E-2]
[4700304,"47","3","4",7.0000000000000007E-2,5.2500000000000005E-2]
[4700305,"47","3","5",0.06,4.4999999999999998E-2]
[4700404,"47","4","4",0.06,4.4999999999999998E-2]
[4700405,"47","4","5",0.06,4.4999999999999998E-2]
[4700504,"47","5","4",0.05,3.7500000000000006E-2]
[4700505,"47","5","5",0.06,4.4999999999999998E-2]
[4700604,"47","6","4",0.05,3.7500000000000006E-2]
[4700605,"47","6","5",0.06,4.4999999999999998E-2]
[4700704,"47","7","4",0.06,4.4999999999999998E-2]
[4700705,"47","7","5",0.06,4.4999999999999998E-2]
[4700804,"47","8","4",0.05,3.7500000000000006E-2]
[4700805,"47","8","5",0.06,4.4999999999999998E-2]
[4700904,"47","9","4",0.06,4.4999999999999998E-2]
[4700905,"47","9","5",0.06,4.4999999999999998E-2]
[4701004,"47","10","4",0.06,4.4999999999999998E-2]
[4701005,"47","10","5",0.06,4.4999999999999998E-2]
[4701104,"47","11","4",0.06,4.4999999999999998E-2]
[4701105,"47","11","5",0.06,4.4999999999999998E-2]
[4701204,"47","12","4",0.06,4.4999999999999998E-2]
[4701205,"47","12","5",0.06,4.4999999999999998E-2]
[4701304,"47","13","4",0.06,4.4999999999999998E-2]
[4701305,"47","13","5",0.06,4.4999999999999998E-2]
[4701404,"47","14","4",0.05,3.7500000000000006E-2]
[4701504,"47","15","4",0.05,3.7500000000000006E-2]
[4701604,"47","16","4",0.06,4.4999999999999998E-2]
[4701704,"47","17","4",0.05,3.7500000000000006E-2]
[4701804,"47","18","4",0.05,3.7500000000000006E-2]
[4701904,"47","19","4",0.04,0.03]
[4702004,"47","20","4",0.04,0.03]
[4702104,"47","21","4",0.05,3.7500000000000006E-2]
[4702204,"47","22","4",0.05,3.7500000000000006E-2]
[4702304,"47","23","4",0.06,4.4999999999999998E-2]
[4702404,"47","24","4",7.0000000000000007E-2,5.2500000000000005E-2]
[4702504,"47","25","4",0.06,4.4999999999999998E-2]
[4702603,"47","26","3",0.05,3.7500000000000006E-2]
[4702604,"47","26","4",0.06,4.4999999999999998E-2]
[4702703,"47","27","3",0.05,3.7500000000000006E-2]
[4702704,"47","27","4",0.06,4.4999999999999998E-2]
[4702803,"47","28","3",0.05,3.7500000000000006E-2]
[4702804,"47","28","4",0.06,4.4999999999999998E-2]
[4800104,"48","1","4",0.05,{"$f":"E1922*$K$5","v":3.7500000000000006E-2}]
[{"$f":"(B1923*100000)+(C1923*100)+D1923","v":4800105},"48","1","5",0.06,4.4999999999999998E-2]
[4800204,"48","2","4",0.05,3.7500000000000006E-2]
[4800205,"48","2","5",0.06,4.4999999999999998E-2]
[4800304,"48","3","4",7.0000000000000007E-2,5.2500000000000005E-2]
[4800305,"48","3","5",0.06,4.4999999999999998E-2]
[4800404,"48","4","4",0.06,4.4999999999999998E-2]
[4800405,"48","4","5",0.06,4.4999999999999998E-2]
[4800504,"48","5","4",0.05,3.7500000000000006E-2]
[4800505,"48","5","5",0.06,4.4999999999999998E-2]
[4800604,"48","6","4",0.06,4.4999999999999998E-2]
[4800605,"48","6","5",0.06,4.4999999999999998E-2]
[4800704,"48","7","4",0.06,4.4999999999999998E-2]
[4800705,"48","7","5",0.06,4.4999999999999998E-2]
[4800804,"48","8","4",0.05,3.7500000000000006E-2]
[4800805,"48","8","5",0.06,4.4999999999999998E-2]
[4800904,"48","9","4",0.05,3.7500000000000006E-2]
[4800905,"48","9","5",0.06,4.4999999999999998E-2]
[4801004,"48","10","4",0.06,4.4999999999999998E-2]
[4801005,"48","10","5",0.06,4.4999999999999998E-2]
[4801104,"48","11","4",7.0000000000000007E-2,5.2500000000000005E-2]
[4801105,"48","11","5",0.06,4.4999999999999998E-2]
[4801204,"48","12","4",7.0000000000000007E-2,5.2500000000000005E-2]
[4801205,"48","12","5",0.06,4.4999999999999998E-2]
[4801304,"48","13","4",0.06,4.4999999999999998E-2]
[4801305,"48","13","5",0.06,4.4999999999999998E-2]
[4801404,"48","14","4",0.05,3.7500000000000006E-2]
[4801504,"48","15","4",0.06,4.4999999999999998E-2]
[4801604,"48","16","4",7.0000000000000007E-2,5.2500000000000005E-2]
[4801704,"48","17","4",0.06,4.4999999999999998E-2]
[4801804,"48","18","4",0.06,4.4999999999999998E-2]
[4801904,"48","19","4",0.05,3.7500000000000006E-2]
[4802004,"48","20","4",0.05,3.7500000000000006E-2]
[4802104,"48","21","4",0.05,3.7500000000000006E-2]
[4802204,"48","22","4",0.05,3.7500000000000006E-2]
[4802304,"48","23","4",0.05,3.7500000000000006E-2]
[4802404,"48","24","4",0.05,3.7500000000000006E-2]
[4802504,"48","25","4",0.05,3.7500000000000006E-2]
[4802603,"48","26","3",0.05,3.7500000000000006E-2]
[4802604,"48","26","4",0.06,4.4999999999999998E-2]
[4802703,"48","27","3",0.05,3.7500000000000006E-2]
[4802704,"48","27","4",7.0000000000000007E-2,5.2500000000000005E-2]
[4802803,"48","28","3",0.05,3.7500000000000006E-2]
[4802804,"48","28","4",0.06,4.4999999999999998E-2]
[4900104,"49","1","4",0.05,3.7500000000000006E-2]
[4900105,"49","1","5",0.05,3.7500000000000006E-2]
[4900204,"49","2","4",0.05,3.7500000000000006E-2]
[4900205,"49","2","5",0.05,3.7500000000000006E-2]
[4900304,"49","3","4",0.05,3.7500000000000006E-2]
[4900305,"49","3","5",0.06,4.4999999999999998E-2]
[4900404,"49","4","4",0.05,3.7500000000000006E-2]
[4900405,"49","4","5",0.06,4.4999999999999998E-2]
[4900504,"49","5","4",0.05,3.7500000000000006E-2]
[4900505,"49","5","5",0.06,4.4999999999999998E-2]
[4900604,"49","6","4",0.05,3.7500000000000006E-2]
[4900605,"49","6","5",0.06,4.4999999999999998E-2]
[4900704,"49","7","4",0.05,3.7500000000000006E-2]
[4900705,"49","7","5",0.06,4.4999999999999998E-2]
[4900804,"49","8","4",0.04,0.03]
[4900805,"49","8","5",0.06,4.4999999999999998E-2]
[4900904,"49","9","4",0.05,3.7500000000000006E-2]
[4900905,"49","9","5",0.06,4.4999999999999998E-2]
[4901004,"49","10","4",0.06,4.4999999999999998E-2]
[4901005,"49","10","5",0.06,4.4999999999999998E-2]
[4901104,"49","11","4",7.0000000000000007E-2,{"$f":"E1986*$K$5","v":5.2500000000000005E-2}]
[{"$f":"(B1987*100000)+(C1987*100)+D1987","v":4901105},"49","11","5",0.06,4.4999999999999998E-2]
[4901204,"49","12","4",7.0000000000000007E-2,5.2500000000000005E-2]
[4901205,"49","12","5",0.06,4.4999999999999998E-2]
[4901304,"49","13","4",0.06,4.4999999999999998E-2]
[4901305,"49","13","5",0.06,4.4999999999999998E-2]
[4901404,"49","14","4",0.05,3.7500000000000006E-2]
[4901405,"49","14","5",0.06,4.4999999999999998E-2]
[4901504,"49","15","4",0.05,3.7500000000000006E-2]
[4901505,"49","15","5",0.06,4.4999999999999998E-2]
[4901604,"49","16","4",0.05,3.7500000000000006E-2]
[4901605,"49","16","5",0.06,4.4999999999999998E-2]
[4901704,"49","17","4",0.05,3.7500000000000006E-2]
[4901705,"49","17","5",0.06,4.4999999999999998E-2]
[4901804,"49","18","4",0.05,3.7500000000000006E-2]
[4901805,"49","18","5",0.06,4.4999999999999998E-2]
[4901904,"49","19","4",0.05,3.7500000000000006E-2]
[4901905,"49","19","5",7.0000000000000007E-2,5.2500000000000005E-2]
[4902004,"49","20","4",0.04,0.03]
[4902104,"49","21","4",0.04,0.03]
[4902204,"49","22","4",0.04,0.03]
[4902304,"49","23","4",0.04,0.03]
[4902404,"49","24","4",0.05,3.7500000000000006E-2]
[4902504,"49","25","4",0.05,3.7500000000000006E-2]
[4902603,"49","26","3",0.05,3.7500000000000006E-2]
[4902604,"49","26","4",0.06,4.4999999999999998E-2]
[4902703,"49","27","3",0.05,3.7500000000000006E-2]
[4902704,"49","27","4",0.06,4.4999999999999998E-2]
[4902803,"49","28","3",0.05,3.7500000000000006E-2]
[4902804,"49","28","4",0.05,3.7500000000000006E-2]
[5000104,"50","1","4",0.05,3.7500000000000006E-2]
[5000105,"50","1","5",0.04,0.03]
[5000204,"50","2","4",0.04,0.03]
[5000205,"50","2","5",0.05,3.7500000000000006E-2]
[5000304,"50","3","4",0.04,0.03]
[5000305,"50","3","5",0.05,3.7500000000000006E-2]
[5000404,"50","4","4",0.04,0.03]
[5000405,"50","4","5",0.06,4.4999999999999998E-2]
[5000504,"50","5","4",0.04,0.03]
[5000505,"50","5","5",0.06,4.4999999999999998E-2]
[5000604,"50","6","4",0.05,3.7500000000000006E-2]
[5000605,"50","6","5",0.06,4.4999999999999998E-2]
[5000704,"50","7","4",0.05,3.7500000000000006E-2]
[5000705,"50","7","5",0.06,4.4999999999999998E-2]
[5000804,"50","8","4",0.05,3.7500000000000006E-2]
[5000805,"50","8","5",0.06,4.4999999999999998E-2]
[5000904,"50","9","4",0.05,3.7500000000000006E-2]
[5000905,"50","9","5",0.06,4.4999999999999998E-2]
[5001004,"50","10","4",0.06,4.4999999999999998E-2]
[5001005,"50","10","5",0.06,4.4999999999999998E-2]
[5001104,"50","11","4",7.0000000000000007E-2,5.2500000000000005E-2]
[5001105,"50","11","5",0.06,4.4999999999999998E-2]
[5001204,"50","12","4",0.06,4.4999999999999998E-2]
[5001205,"50","12","5",0.06,4.4999999999999998E-2]
[5001304,"50","13","4",0.05,3.7500000000000006E-2]
[5001305,"50","13","5",0.06,4.4999999999999998E-2]
[5001404,"50","14","4",0.04,0.03]
[5001405,"50","14","5",0.06,4.4999999999999998E-2]
[5001504,"50","15","4",0.04,0.03]
[5001505,"50","15","5",0.06,4.4999999999999998E-2]
[5001604,"50","16","4",0.04,0.03]
[5001605,"50","16","5",0.06,4.4999999999999998E-2]
[5001704,"50","17","4",0.04,0.03]
[5001705,"50","17","5",0.06,4.4999999999999998E-2]
[5001804,"50","18","4",0.04,{"$f":"E2050*$K$5","v":0.03}]
[{"$f":"(B2051*100000)+(C2051*100)+D2051","v":5001805},"50","18","5",7.0000000000000007E-2,5.2500000000000005E-2]
[5001904,"50","19","4",0.04,0.03]
[5001905,"50","19","5",7.0000000000000007E-2,5.2500000000000005E-2]
[5002004,"50","20","4",0.05,3.7500000000000006E-2]
[5002005,"50","20","5",7.0000000000000007E-2,5.2500000000000005E-2]
[5002104,"50","21","4",0.05,3.7500000000000006E-2]
[5002204,"50","22","4",0.04,0.03]
[5002304,"50","23","4",0.05,3.7500000000000006E-2]
[5002404,"50","24","4",0.05,3.7500000000000006E-2]
[5002504,"50","25","4",0.04,0.03]
[5002603,"50","26","3",0.05,3.7500000000000006E-2]
[5002604,"50","26","4",0.05,3.7500000000000006E-2]
[5002703,"50","27","3",0.05,3.7500000000000006E-2]
[5002704,"50","27","4",0.05,3.7500000000000006E-2]
[5002803,"50","28","3",0.05,3.7500000000000006E-2]
[5002804,"50","28","4",0.05,3.7500000000000006E-2]
[5100104,"51","1","4",0.04,0.03]
[5100105,"51","1","5",0.06,4.4999999999999998E-2]
[5100204,"51","2","4",0.04,0.03]
[5100205,"51","2","5",0.06,4.4999999999999998E-2]
[5100304,"51","3","4",0.04,0.03]
[5100305,"51","3","5",0.05,3.7500000000000006E-2]
[5100404,"51","4","4",0.04,0.03]
[5100405,"51","4","5",0.05,3.7500000000000006E-2]
[5100504,"51","5","4",0.05,3.7500000000000006E-2]
[5100505,"51","5","5",0.06,4.4999999999999998E-2]
[5100604,"51","6","4",7.0000000000000007E-2,5.2500000000000005E-2]
[5100605,"51","6","5",0.06,4.4999999999999998E-2]
[5100704,"51","7","4",7.0000000000000007E-2,5.2500000000000005E-2]
[5100705,"51","7","5",0.06,4.4999999999999998E-2]
[5100804,"51","8","4",0.06,4.4999999999999998E-2]
[5100805,"51","8","5",0.06,4.4999999999999998E-2]
[5100904,"51","9","4",0.06,4.4999999999999998E-2]
[5100905,"51","9","5",0.05,3.7500000000000006E-2]
[5101004,"51","10","4",0.04,0.03]
[5101005,"51","10","5",0.06,4.4999999999999998E-2]
[5101104,"51","11","4",0.04,0.03]
[5101105,"51","11","5",0.06,4.4999999999999998E-2]
[5101204,"51","12","4",0.06,4.4999999999999998E-2]
[5101205,"51","12","5",0.06,4.4999999999999998E-2]
[5101304,"51","13","4",0.05,3.7500000000000006E-2]
[5101305,"51","13","5",0.06,4.4999999999999998E-2]
[5101404,"51","14","4",0.04,0.03]
[5101405,"51","14","5",0.06,4.4999999999999998E-2]
[5101504,"51","15","4",0.04,0.03]
[5101505,"51","15","5",0.06,4.4999999999999998E-2]
[5101604,"51","16","4",0.04,0.03]
[5101605,"51","16","5",0.06,4.4999999999999998E-2]
[5101704,"51","17","4",0.04,0.03]
[5101705,"51","17","5",7.0000000000000007E-2,5.2500000000000005E-2]
[5101804,"51","18","4",0.04,0.03]
[5101805,"51","18","5",7.0000000000000007E-2,5.2500000000000005E-2]
[5101904,"51","19","4",0.04,0.03]
[5101905,"51","19","5",7.0000000000000007E-2,5.2500000000000005E-2]
[5102004,"51","20","4",0.05,3.7500000000000006E-2]
[5102005,"51","20","5",7.0000000000000007E-2,5.2500000000000005E-2]
[5102104,"51","21","4",0.05,3.7500000000000006E-2]
[5102204,"51","22","4",0.05,3.7500000000000006E-2]
[5102304,"51","23","4",0.04,0.03]
[5102404,"51","24","4",0.04,0.03]
[5102504,"51","25","4",0.05,3.7500000000000006E-2]
[5102603,"51","26","3",0.04,0.03]
[5102604,"51","26","4",0.06,4.4999999999999998E-2]
[5102703,"51","27","3",0.04,{"$f":"E2114*$K$5","v":0.03}]
[{"$f":"(B2115*100000)+(C2115*100)+D2115","v":5102704},"51","27","4",0.06,4.4999999999999998E-2]
[5102803,"51","28","3",0.04,0.03]
[5102804,"51","28","4",0.06,4.4999999999999998E-2]
[5200104,"52","1","4",0.04,0.03]
[5200105,"52","1","5",0.06,4.4999999999999998E-2]
[5200204,"52","2","4",0.04,0.03]
[5200205,"52","2","5",0.05,3.7500000000000006E-2]
[5200304,"52","3","4",0.04,0.03]
[5200305,"52","3","5",0.05,3.7500000000000006E-2]
[5200404,"52","4","4",0.04,0.03]
[5200405,"52","4","5",0.05,3.7500000000000006E-2]
[5200504,"52","5","4",0.06,4.4999999999999998E-2]
[5200505,"52","5","5",0.06,4.4999999999999998E-2]
[5200604,"52","6","4",0.06,4.4999999999999998E-2]
[5200605,"52","6","5",0.06,4.4999999999999998E-2]
[5200704,"52","7","4",0.05,3.7500000000000006E-2]
[5200705,"52","7","5",0.06,4.4999999999999998E-2]
[5200804,"52","8","4",0.05,3.7500000000000006E-2]
[5200805,"52","8","5",0.05,3.7500000000000006E-2]
[5200904,"52","9","4",0.05,3.7500000000000006E-2]
[5200905,"52","9","5",0.06,4.4999999999999998E-2]
[5201004,"52","10","4",0.04,0.03]
[5201005,"52","10","5",0.06,4.4999999999999998E-2]
[5201104,"52","11","4",0.04,0.03]
[5201105,"52","11","5",0.06,4.4999999999999998E-2]
[5201204,"52","12","4",0.04,0.03]
[5201205,"52","12","5",0.06,4.4999999999999998E-2]
[5201304,"52","13","4",0.04,0.03]
[5201305,"52","13","5",0.06,4.4999999999999998E-2]
[5201404,"52","14","4",0.04,0.03]
[5201405,"52","14","5",0.06,4.4999999999999998E-2]
[5201504,"52","15","4",0.04,0.03]
[5201505,"52","15","5",0.06,4.4999999999999998E-2]
[5201604,"52","16","4",0.04,0.03]
[5201605,"52","16","5",7.0000000000000007E-2,5.2500000000000005E-2]
[5201704,"52","17","4",0.04,0.03]
[5201705,"52","17","5",7.0000000000000007E-2,5.2500000000000005E-2]
[5201804,"52","18","4",0.04,0.03]
[5201805,"52","18","5",7.0000000000000007E-2,5.2500000000000005E-2]
[5201904,"52","19","4",0.04,0.03]
[5201905,"52","19","5",7.0000000000000007E-2,5.2500000000000005E-2]
[5202004,"52","20","4",0.05,3.7500000000000006E-2]
[5202005,"52","20","5",7.0000000000000007E-2,5.2500000000000005E-2]
[5202104,"52","21","4",0.05,3.7500000000000006E-2]
[5202204,"52","22","4",0.05,3.7500000000000006E-2]
[5202304,"52","23","4",0.04,0.03]
[5202404,"52","24","4",0.05,3.7500000000000006E-2]
[5202504,"52","25","4",0.05,3.7500000000000006E-2]
[5202603,"52","26","3",0.04,0.03]
[5202604,"52","26","4",0.06,4.4999999999999998E-2]
[5202703,"52","27","3",0.04,0.03]
[5202704,"52","27","4",7.0000000000000007E-2,5.2500000000000005E-2]
[5202803,"52","28","3",0.04,0.03]
[5202804,"52","28","4",7.0000000000000007E-2,5.2500000000000005E-2]
[5300104,"53","1","4",0.05,3.7500000000000006E-2]
[5300105,"53","1","5",0.05,3.7500000000000006E-2]
[5300204,"53","2","4",0.05,3.7500000000000006E-2]
[5300205,"53","2","5",0.05,3.7500000000000006E-2]
[5300304,"53","3","4",0.05,3.7500000000000006E-2]
[5300305,"53","3","5",0.05,3.7500000000000006E-2]
[5300404,"53","4","4",0.04,0.03]
[5300405,"53","4","5",0.06,4.4999999999999998E-2]
[5300504,"53","5","4",0.04,0.03]
[5300505,"53","5","5",0.05,{"$f":"E2178*$K$5","v":3.7500000000000006E-2}]
[{"$f":"(B2179*100000)+(C2179*100)+D2179","v":5300604},"53","6","4",0.05,3.7500000000000006E-2]
[5300605,"53","6","5",0.06,4.4999999999999998E-2]
[5300704,"53","7","4",0.04,0.03]
[5300705,"53","7","5",0.06,4.4999999999999998E-2]
[5300804,"53","8","4",0.04,0.03]
[5300805,"53","8","5",0.05,3.7500000000000006E-2]
[5300904,"53","9","4",0.04,0.03]
[5300905,"53","9","5",0.05,3.7500000000000006E-2]
[5301004,"53","10","4",0.04,0.03]
[5301005,"53","10","5",0.05,3.7500000000000006E-2]
[5301104,"53","11","4",0.04,0.03]
[5301105,"53","11","5",0.06,4.4999999999999998E-2]
[5301204,"53","12","4",0.04,0.03]
[5301205,"53","12","5",0.06,4.4999999999999998E-2]
[5301304,"53","13","4",0.04,0.03]
[5301305,"53","13","5",0.06,4.4999999999999998E-2]
[5301404,"53","14","4",0.04,0.03]
[5301405,"53","14","5",0.06,4.4999999999999998E-2]
[5301504,"53","15","4",0.05,3.7500000000000006E-2]
[5301505,"53","15","5",7.0000000000000007E-2,5.2500000000000005E-2]
[5301604,"53","16","4",0.04,0.03]
[5301605,"53","16","5",7.0000000000000007E-2,5.2500000000000005E-2]
[5301704,"53","17","4",0.04,0.03]
[5301705,"53","17","5",7.0000000000000007E-2,5.2500000000000005E-2]
[5301804,"53","18","4",0.04,0.03]
[5301805,"53","18","5",7.0000000000000007E-2,5.2500000000000005E-2]
[5301904,"53","19","4",0.04,0.03]
[5301905,"53","19","5",7.0000000000000007E-2,5.2500000000000005E-2]
[5302004,"53","20","4",0.05,3.7500000000000006E-2]
[5302005,"53","20","5",7.0000000000000007E-2,5.2500000000000005E-2]
[5302104,"53","21","4",0.04,0.03]
[5302204,"53","22","4",0.04,0.03]
[5302304,"53","23","4",0.05,3.7500000000000006E-2]
[5302404,"53","24","4",0.05,3.7500000000000006E-2]
[5302504,"53","25","4",0.05,3.7500000000000006E-2]
[5302603,"53","26","3",0.05,3.7500000000000006E-2]
[5302604,"53","26","4",0.05,3.7500000000000006E-2]
[5302703,"53","27","3",0.05,3.7500000000000006E-2]
[5302704,"53","27","4",0.05,3.7500000000000006E-2]
[5302803,"53","28","3",0.05,3.7500000000000006E-2]
[5302804,"53","28","4",0.06,4.4999999999999998E-2]
[5400104,"54","1","4",0.05,3.7500000000000006E-2]
[5400105,"54","1","5",0.05,3.7500000000000006E-2]
[5400204,"54","2","4",0.05,3.7500000000000006E-2]
[5400205,"54","2","5",0.05,3.7500000000000006E-2]
[5400304,"54","3","4",0.04,0.03]
[5400305,"54","3","5",0.06,4.4999999999999998E-2]
[5400404,"54","4","4",0.04,0.03]
[5400405,"54","4","5",0.05,3.7500000000000006E-2]
[5400504,"54","5","4",0.04,0.03]
[5400505,"54","5","5",0.06,4.4999999999999998E-2]
[5400604,"54","6","4",0.03,2.2499999999999999E-2]
[5400605,"54","6","5",0.06,4.4999999999999998E-2]
[5400704,"54","7","4",0.03,2.2499999999999999E-2]
[5400705,"54","7","5",0.05,3.7500000000000006E-2]
[5400804,"54","8","4",0.03,2.2499999999999999E-2]
[5400805,"54","8","5",0.06,4.4999999999999998E-2]
[5400904,"54","9","4",0.04,0.03]
[5400905,"54","9","5",0.06,4.4999999999999998E-2]
[5401004,"54","10","4",0.04,0.03]
[5401005,"54","10","5",0.06,4.4999999999999998E-2]
[5401104,"54","11","4",0.04,0.03]
[5401105,"54","11","5",0.05,3.7500000000000006E-2]
[5401204,"54","12","4",0.03,{"$f":"E2242*$K$5","v":2.2499999999999999E-2}]
[{"$f":"(B2243*100000)+(C2243*100)+D2243","v":5401205},"54","12","5",0.06,4.4999999999999998E-2]
[5401304,"54","13","4",0.03,2.2499999999999999E-2]
[5401305,"54","13","5",0.06,4.4999999999999998E-2]
[5401404,"54","14","4",0.04,0.03]
[5401405,"54","14","5",0.06,4.4999999999999998E-2]
[5401504,"54","15","4",0.04,0.03]
[5401505,"54","15","5",0.08,0.06]
[5401604,"54","16","4",0.05,3.7500000000000006E-2]
[5401605,"54","16","5",7.0000000000000007E-2,5.2500000000000005E-2]
[5401704,"54","17","4",0.04,0.03]
[5401705,"54","17","5",7.0000000000000007E-2,5.2500000000000005E-2]
[5401804,"54","18","4",0.04,0.03]
[5401805,"54","18","5",7.0000000000000007E-2,5.2500000000000005E-2]
[5401904,"54","19","4",0.04,0.03]
[5401905,"54","19","5",7.0000000000000007E-2,5.2500000000000005E-2]
[5402004,"54","20","4",0.04,0.03]
[5402005,"54","20","5",7.0000000000000007E-2,5.2500000000000005E-2]
[5402104,"54","21","4",0.04,0.03]
[5402204,"54","22","4",0.05,3.7500000000000006E-2]
[5402304,"54","23","4",0.05,3.7500000000000006E-2]
[5402404,"54","24","4",0.04,0.03]
[5402504,"54","25","4",0.04,0.03]
[5402603,"54","26","3",0.05,3.7500000000000006E-2]
[5402604,"54","26","4",0.04,0.03]
[5402703,"54","27","3",0.05,3.7500000000000006E-2]
[5402704,"54","27","4",0.04,0.03]
[5402803,"54","28","3",0.05,3.7500000000000006E-2]
[5402804,"54","28","4",0.05,3.7500000000000006E-2]
[5500104,"55","1","4",0.05,3.7500000000000006E-2]
[5500105,"55","1","5",0.06,4.4999999999999998E-2]
[5500204,"55","2","4",0.05,3.7500000000000006E-2]
[5500205,"55","2","5",0.06,4.4999999999999998E-2]
[5500304,"55","3","4",0.04,0.03]
[5500305,"55","3","5",0.05,3.7500000000000006E-2]
[5500404,"55","4","4",0.04,0.03]
[5500405,"55","4","5",0.05,3.7500000000000006E-2]
[5500504,"55","5","4",0.04,0.03]
[5500505,"55","5","5",0.06,4.4999999999999998E-2]
[5500604,"55","6","4",0.04,0.03]
[5500605,"55","6","5",0.06,4.4999999999999998E-2]
[5500704,"55","7","4",0.03,2.2499999999999999E-2]
[5500705,"55","7","5",0.05,3.7500000000000006E-2]
[5500804,"55","8","4",0.04,0.03]
[5500805,"55","8","5",0.06,4.4999999999999998E-2]
[5500904,"55","9","4",0.04,0.03]
[5500905,"55","9","5",0.06,4.4999999999999998E-2]
[5501004,"55","10","4",0.05,3.7500000000000006E-2]
[5501005,"55","10","5",0.06,4.4999999999999998E-2]
[5501104,"55","11","4",0.04,0.03]
[5501105,"55","11","5",0.06,4.4999999999999998E-2]
[5501204,"55","12","4",0.04,0.03]
[5501205,"55","12","5",0.06,4.4999999999999998E-2]
[5501304,"55","13","4",0.04,0.03]
[5501305,"55","13","5",0.06,4.4999999999999998E-2]
[5501404,"55","14","4",0.03,2.2499999999999999E-2]
[5501405,"55","14","5",7.0000000000000007E-2,5.2500000000000005E-2]
[5501504,"55","15","4",0.04,0.03]
[5501505,"55","15","5",7.0000000000000007E-2,5.2500000000000005E-2]
[5501604,"55","16","4",0.04,0.03]
[5501605,"55","16","5",7.0000000000000007E-2,5.2500000000000005E-2]
[5501704,"55","17","4",0.04,0.03]
[5501705,"55","17","5",7.0000000000000007E-2,5.2500000000000005E-2]
[5501804,"55","18","4",0.04,0.03]
[5501805,"55","18","5",7.0000000000000007E-2,{"$f":"E2306*$K$5","v":5.2500000000000005E-2}]
[{"$f":"(B2307*100000)+(C2307*100)+D2307","v":5501904},"55","19","4",0.04,0.03]
[5501905,"55","19","5",7.0000000000000007E-2,5.2500000000000005E-2]
[5502004,"55","20","4",0.03,2.2499999999999999E-2]
[5502005,"55","20","5",7.0000000000000007E-2,5.2500000000000005E-2]
[5502104,"55","21","4",0.03,2.2499999999999999E-2]
[5502204,"55","22","4",0.04,0.03]
[5502304,"55","23","4",0.04,0.03]
[5502404,"55","24","4",0.04,0.03]
[5502503,"55","25","3",0.05,3.7500000000000006E-2]
[5502504,"55","25","4",0.04,0.03]
[5502603,"55","26","3",0.05,3.7500000000000006E-2]
[5502604,"55","26","4",0.05,3.7500000000000006E-2]
[5502703,"55","27","3",0.05,3.7500000000000006E-2]
[5502704,"55","27","4",0.05,3.7500000000000006E-2]
[5600104,"56","1","4",0.05,3.7500000000000006E-2]
[5600105,"56","1","5",0.05,3.7500000000000006E-2]
[5600204,"56","2","4",0.05,3.7500000000000006E-2]
[5600205,"56","2","5",0.05,3.7500000000000006E-2]
[5600304,"56","3","4",0.05,3.7500000000000006E-2]
[5600305,"56","3","5",0.05,3.7500000000000006E-2]
[5600404,"56","4","4",0.05,3.7500000000000006E-2]
[5600405,"56","4","5",0.05,3.7500000000000006E-2]
[5600504,"56","5","4",0.04,0.03]
[5600505,"56","5","5",0.05,3.7500000000000006E-2]
[5600604,"56","6","4",0.04,0.03]
[5600605,"56","6","5",0.06,4.4999999999999998E-2]
[5600704,"56","7","4",0.05,3.7500000000000006E-2]
[5600705,"56","7","5",0.06,4.4999999999999998E-2]
[5600804,"56","8","4",0.05,3.7500000000000006E-2]
[5600805,"56","8","5",0.05,3.7500000000000006E-2]
[5600904,"56","9","4",0.04,0.03]
[5600905,"56","9","5",0.05,3.7500000000000006E-2]
[5601004,"56","10","4",0.05,3.7500000000000006E-2]
[5601005,"56","10","5",0.05,3.7500000000000006E-2]
[5601104,"56","11","4",0.04,0.03]
[5601105,"56","11","5",0.06,4.4999999999999998E-2]
[5601204,"56","12","4",0.04,0.03]
[5601205,"56","12","5",0.06,4.4999999999999998E-2]
[5601304,"56","13","4",0.04,0.03]
[5601305,"56","13","5",0.06,4.4999999999999998E-2]
[5601404,"56","14","4",0.04,0.03]
[5601405,"56","14","5",0.06,4.4999999999999998E-2]
[5601504,"56","15","4",0.03,2.2499999999999999E-2]
[5601505,"56","15","5",0.06,4.4999999999999998E-2]
[5601604,"56","16","4",0.04,0.03]
[5601605,"56","16","5",7.0000000000000007E-2,5.2500000000000005E-2]
[5601704,"56","17","4",0.04,0.03]
[5601705,"56","17","5",7.0000000000000007E-2,5.2500000000000005E-2]
[5601804,"56","18","4",0.03,2.2499999999999999E-2]
[5601805,"56","18","5",7.0000000000000007E-2,5.2500000000000005E-2]
[5601904,"56","19","4",0.03,2.2499999999999999E-2]
[5601905,"56","19","5",7.0000000000000007E-2,5.2500000000000005E-2]
[5602004,"56","20","4",0.03,2.2499999999999999E-2]
[5602005,"56","20","5",7.0000000000000007E-2,5.2500000000000005E-2]
[5602104,"56","21","4",0.03,2.2499999999999999E-2]
[5602204,"56","22","4",0.04,0.03]
[5602304,"56","23","4",0.04,0.03]
[5602404,"56","24","4",0.04,0.03]
[5602503,"56","25","3",0.05,3.7500000000000006E-2]
[5602504,"56","25","4",0.05,3.7500000000000006E-2]
[5602603,"56","26","3",0.05,3.7500000000000006E-2]
[5602604,"56","26","4",0.05,3.7500000000000006E-2]
[5602703,"56","27","3",0.05,3.7500000000000006E-2]
[5602704,"56","27","4",0.06,{"$f":"E2370*$K$5","v":4.4999999999999998E-2}]
[{"$f":"(B2371*100000)+(C2371*100)+D2371","v":5700104},"57","1","4",0.05,3.7500000000000006E-2]
[5700105,"57","1","5",0.05,3.7500000000000006E-2]
[5700204,"57","2","4",0.06,4.4999999999999998E-2]
[5700205,"57","2","5",0.05,3.7500000000000006E-2]
[5700304,"57","3","4",0.05,3.7500000000000006E-2]
[5700305,"57","3","5",0.05,3.7500000000000006E-2]
[5700404,"57","4","4",0.04,0.03]
[5700405,"57","4","5",0.06,4.4999999999999998E-2]
[5700504,"57","5","4",0.04,0.03]
[5700505,"57","5","5",0.06,4.4999999999999998E-2]
[5700604,"57","6","4",0.05,3.7500000000000006E-2]
[5700605,"57","6","5",0.06,4.4999999999999998E-2]
[5700704,"57","7","4",0.04,0.03]
[5700705,"57","7","5",0.06,4.4999999999999998E-2]
[5700804,"57","8","4",0.04,0.03]
[5700805,"57","8","5",0.05,3.7500000000000006E-2]
[5700904,"57","9","4",0.04,0.03]
[5700905,"57","9","5",0.06,4.4999999999999998E-2]
[5701004,"57","10","4",0.04,0.03]
[5701005,"57","10","5",0.06,4.4999999999999998E-2]
[5701104,"57","11","4",0.04,0.03]
[5701105,"57","11","5",0.06,4.4999999999999998E-2]
[5701204,"57","12","4",0.05,3.7500000000000006E-2]
[5701205,"57","12","5",0.06,4.4999999999999998E-2]
[5701304,"57","13","4",0.05,3.7500000000000006E-2]
[5701305,"57","13","5",0.06,4.4999999999999998E-2]
[5701404,"57","14","4",0.04,0.03]
[5701405,"57","14","5",0.06,4.4999999999999998E-2]
[5701504,"57","15","4",0.04,0.03]
[5701505,"57","15","5",0.06,4.4999999999999998E-2]
[5701604,"57","16","4",0.04,0.03]
[5701605,"57","16","5",0.06,4.4999999999999998E-2]
[5701704,"57","17","4",0.03,2.2499999999999999E-2]
[5701705,"57","17","5",7.0000000000000007E-2,5.2500000000000005E-2]
[5701804,"57","18","4",0.03,2.2499999999999999E-2]
[5701805,"57","18","5",7.0000000000000007E-2,5.2500000000000005E-2]
[5701904,"57","19","4",0.04,0.03]
[5701905,"57","19","5",7.0000000000000007E-2,5.2500000000000005E-2]
[5702004,"57","20","4",0.04,0.03]
[5702005,"57","20","5",7.0000000000000007E-2,5.2500000000000005E-2]
[5702104,"57","21","4",0.05,3.7500000000000006E-2]
[5702204,"57","22","4",0.04,0.03]
[5702304,"57","23","4",0.04,0.03]
[5702404,"57","24","4",0.04,0.03]
[5702503,"57","25","3",0.05,3.7500000000000006E-2]
[5702504,"57","25","4",0.04,0.03]
[5702603,"57","26","3",0.05,3.7500000000000006E-2]
[5702604,"57","26","4",0.04,0.03]
[5702703,"57","27","3",0.05,3.7500000000000006E-2]
[5702704,"57","27","4",0.04,0.03]
[5800104,"58","1","4",0.05,3.7500000000000006E-2]
[5800105,"58","1","5",0.05,3.7500000000000006E-2]
[5800204,"58","2","4",0.05,3.7500000000000006E-2]
[5800205,"58","2","5",0.05,3.7500000000000006E-2]
[5800304,"58","3","4",0.05,3.7500000000000006E-2]
[5800305,"58","3","5",0.05,3.7500000000000006E-2]
[5800404,"58","4","4",0.05,3.7500000000000006E-2]
[5800405,"58","4","5",0.06,4.4999999999999998E-2]
[5800504,"58","5","4",0.05,3.7500000000000006E-2]
[5800505,"58","5","5",0.06,4.4999999999999998E-2]
[5800604,"58","6","4",0.05,3.7500000000000006E-2]
[5800605,"58","6","5",0.05,3.7500000000000006E-2]
[5800704,"58","7","4",0.04,0.03]
[5800705,"58","7","5",0.05,{"$f":"E2434*$K$5","v":3.7500000000000006E-2}]
[{"$f":"(B2435*100000)+(C2435*100)+D2435","v":5800804},"58","8","4",0.05,3.7500000000000006E-2]
[5800805,"58","8","5",0.05,3.7500000000000006E-2]
[5800904,"58","9","4",0.04,0.03]
[5800905,"58","9","5",0.06,4.4999999999999998E-2]
[5801004,"58","10","4",0.04,0.03]
[5801005,"58","10","5",0.06,4.4999999999999998E-2]
[5801104,"58","11","4",0.04,0.03]
[5801105,"58","11","5",0.06,4.4999999999999998E-2]
[5801204,"58","12","4",0.05,3.7500000000000006E-2]
[5801205,"58","12","5",0.06,4.4999999999999998E-2]
[5801304,"58","13","4",0.05,3.7500000000000006E-2]
[5801305,"58","13","5",0.06,4.4999999999999998E-2]
[5801404,"58","14","4",0.05,3.7500000000000006E-2]
[5801405,"58","14","5",0.06,4.4999999999999998E-2]
[5801504,"58","15","4",0.05,3.7500000000000006E-2]
[5801505,"58","15","5",0.06,4.4999999999999998E-2]
[5801604,"58","16","4",0.04,0.03]
[5801605,"58","16","5",0.06,4.4999999999999998E-2]
[5801704,"58","17","4",0.04,0.03]
[5801705,"58","17","5",7.0000000000000007E-2,5.2500000000000005E-2]
[5801804,"58","18","4",0.04,0.03]
[5801805,"58","18","5",7.0000000000000007E-2,5.2500000000000005E-2]
[5801904,"58","19","4",0.04,0.03]
[5801905,"58","19","5",7.0000000000000007E-2,5.2500000000000005E-2]
[5802004,"58","20","4",0.04,0.03]
[5802005,"58","20","5",7.0000000000000007E-2,5.2500000000000005E-2]
[5802104,"58","21","4",0.04,0.03]
[5802204,"58","22","4",0.04,0.03]
[5802304,"58","23","4",0.05,3.7500000000000006E-2]
[5802404,"58","24","4",0.04,0.03]
[5802503,"58","25","3",0.05,3.7500000000000006E-2]
[5802504,"58","25","4",0.04,0.03]
[5802603,"58","26","3",0.05,3.7500000000000006E-2]
[5802604,"58","26","4",0.04,0.03]
[5802703,"58","27","3",0.05,3.7500000000000006E-2]
[5802704,"58","27","4",0.05,3.7500000000000006E-2]
[5900104,"59","1","4",0.05,3.7500000000000006E-2]
[5900105,"59","1","5",0.05,3.7500000000000006E-2]
[5900204,"59","2","4",0.05,3.7500000000000006E-2]
[5900205,"59","2","5",0.04,0.03]
[5900304,"59","3","4",0.05,3.7500000000000006E-2]
[5900305,"59","3","5",0.05,3.7500000000000006E-2]
[5900404,"59","4","4",0.05,3.7500000000000006E-2]
[5900405,"59","4","5",0.05,3.7500000000000006E-2]
[5900504,"59","5","4",0.05,3.7500000000000006E-2]
[5900505,"59","5","5",0.05,3.7500000000000006E-2]
[5900604,"59","6","4",0.05,3.7500000000000006E-2]
[5900605,"59","6","5",0.05,3.7500000000000006E-2]
[5900704,"59","7","4",0.04,0.03]
[5900705,"59","7","5",0.06,4.4999999999999998E-2]
[5900804,"59","8","4",0.05,3.7500000000000006E-2]
[5900805,"59","8","5",0.06,4.4999999999999998E-2]
[5900904,"59","9","4",0.05,3.7500000000000006E-2]
[5900905,"59","9","5",0.06,4.4999999999999998E-2]
[5901004,"59","10","4",0.05,3.7500000000000006E-2]
[5901005,"59","10","5",0.06,4.4999999999999998E-2]
[5901104,"59","11","4",0.05,3.7500000000000006E-2]
[5901105,"59","11","5",0.06,4.4999999999999998E-2]
[5901204,"59","12","4",0.05,3.7500000000000006E-2]
[5901205,"59","12","5",0.06,4.4999999999999998E-2]
[5901304,"59","13","4",0.05,3.7500000000000006E-2]
[5901305,"59","13","5",0.06,4.4999999999999998E-2]
[5901404,"59","14","4",0.05,3.7500000000000006E-2]
[5901405,"59","14","5",0.06,{"$f":"E2498*$K$5","v":4.4999999999999998E-2}]
[{"$f":"(B2499*100000)+(C2499*100)+D2499","v":5901504},"59","15","4",0.06,4.4999999999999998E-2]
[5901505,"59","15","5",0.06,4.4999999999999998E-2]
[5901604,"59","16","4",0.04,0.03]
[5901605,"59","16","5",0.06,4.4999999999999998E-2]
[5901704,"59","17","4",0.04,0.03]
[5901705,"59","17","5",0.06,4.4999999999999998E-2]
[5901804,"59","18","4",0.04,0.03]
[5901805,"59","18","5",7.0000000000000007E-2,5.2500000000000005E-2]
[5901904,"59","19","4",0.04,0.03]
[5901905,"59","19","5",7.0000000000000007E-2,5.2500000000000005E-2]
[5902004,"59","20","4",0.05,3.7500000000000006E-2]
[5902104,"59","21","4",0.05,3.7500000000000006E-2]
[5902204,"59","22","4",0.04,0.03]
[5902304,"59","23","4",0.05,3.7500000000000006E-2]
[5902404,"59","24","4",0.04,0.03]
[5902503,"59","25","3",0.05,3.7500000000000006E-2]
[5902504,"59","25","4",0.04,0.03]
[5902603,"59","26","3",0.05,3.7500000000000006E-2]
[5902604,"59","26","4",0.05,3.7500000000000006E-2]
[5902703,"59","27","3",0.05,3.7500000000000006E-2]
[5902704,"59","27","4",0.05,3.7500000000000006E-2]
[6000104,"60","1","4",0.05,3.7500000000000006E-2]
[6000105,"60","1","5",0.05,3.7500000000000006E-2]
[6000204,"60","2","4",0.05,3.7500000000000006E-2]
[6000205,"60","2","5",0.05,3.7500000000000006E-2]
[6000304,"60","3","4",0.05,3.7500000000000006E-2]
[6000305,"60","3","5",0.05,3.7500000000000006E-2]
[6000404,"60","4","4",0.05,3.7500000000000006E-2]
[6000405,"60","4","5",0.05,3.7500000000000006E-2]
[6000504,"60","5","4",0.05,3.7500000000000006E-2]
[6000505,"60","5","5",0.05,3.7500000000000006E-2]
[6000604,"60","6","4",0.05,3.7500000000000006E-2]
[6000605,"60","6","5",0.05,3.7500000000000006E-2]
[6000704,"60","7","4",0.04,0.03]
[6000705,"60","7","5",0.06,4.4999999999999998E-2]
[6000804,"60","8","4",0.05,3.7500000000000006E-2]
[6000805,"60","8","5",0.06,4.4999999999999998E-2]
[6000904,"60","9","4",0.05,3.7500000000000006E-2]
[6000905,"60","9","5",0.06,4.4999999999999998E-2]
[6001004,"60","10","4",0.05,3.7500000000000006E-2]
[6001005,"60","10","5",0.06,4.4999999999999998E-2]
[6001104,"60","11","4",0.05,3.7500000000000006E-2]
[6001105,"60","11","5",0.06,4.4999999999999998E-2]
[6001204,"60","12","4",0.05,3.7500000000000006E-2]
[6001205,"60","12","5",0.06,4.4999999999999998E-2]
[6001304,"60","13","4",0.05,3.7500000000000006E-2]
[6001305,"60","13","5",0.06,4.4999999999999998E-2]
[6001404,"60","14","4",0.05,3.7500000000000006E-2]
[6001405,"60","14","5",0.06,4.4999999999999998E-2]
[6001504,"60","15","4",0.05,3.7500000000000006E-2]
[6001505,"60","15","5",0.06,4.4999999999999998E-2]
[6001604,"60","16","4",0.05,3.7500000000000006E-2]
[6001605,"60","16","5",0.06,4.4999999999999998E-2]
[6001704,"60","17","4",0.04,0.03]
[6001705,"60","17","5",0.06,4.4999999999999998E-2]
[6001804,"60","18","4",0.04,0.03]
[6001805,"60","18","5",0.06,4.4999999999999998E-2]
[6001904,"60","19","4",0.05,3.7500000000000006E-2]
[6002004,"60","20","4",0.06,4.4999999999999998E-2]
[6002104,"60","21","4",0.05,3.7500000000000006E-2]
[6002204,"60","22","4",0.04,0.03]
[6002304,"60","23","4",0.04,0.03]
[6002404,"60","24","4",0.06,4.4999999999999998E-2]
[6002503,"60","25","3",0.05,{"$f":"E2562*$K$5","v":3.7500000000000006E-2}]
[{"$f":"(B2563*100000)+(C2563*100)+D2563","v":6002504},"60","25","4",0.04,0.03]
[6002603,"60","26","3",0.05,3.7500000000000006E-2]
[6002604,"60","26","4",0.04,0.03]
[6002703,"60","27","3",0.05,3.7500000000000006E-2]
[6002704,"60","27","4",0.04,0.03]
[6100104,"61","1","4",0.05,3.7500000000000006E-2]
[6100105,"61","1","5",0.04,0.03]
[6100204,"61","2","4",0.05,3.7500000000000006E-2]
[6100205,"61","2","5",0.05,3.7500000000000006E-2]
[6100304,"61","3","4",0.04,0.03]
[6100305,"61","3","5",0.05,3.7500000000000006E-2]
[6100404,"61","4","4",0.04,0.03]
[6100405,"61","4","5",0.05,3.7500000000000006E-2]
[6100504,"61","5","4",0.04,0.03]
[6100505,"61","5","5",0.05,3.7500000000000006E-2]
[6100604,"61","6","4",0.04,0.03]
[6100605,"61","6","5",0.05,3.7500000000000006E-2]
[6100704,"61","7","4",0.05,3.7500000000000006E-2]
[6100705,"61","7","5",0.05,3.7500000000000006E-2]
[6100804,"61","8","4",0.04,0.03]
[6100805,"61","8","5",0.06,4.4999999999999998E-2]
[6100904,"61","9","4",0.04,0.03]
[6100905,"61","9","5",0.06,4.4999999999999998E-2]
[6101004,"61","10","4",0.04,0.03]
[6101005,"61","10","5",0.06,4.4999999999999998E-2]
[6101104,"61","11","4",0.05,3.7500000000000006E-2]
[6101105,"61","11","5",0.06,4.4999999999999998E-2]
[6101204,"61","12","4",0.05,3.7500000000000006E-2]
[6101205,"61","12","5",0.06,4.4999999999999998E-2]
[6101304,"61","13","4",0.05,3.7500000000000006E-2]
[6101305,"61","13","5",0.06,4.4999999999999998E-2]
[6101404,"61","14","4",0.05,3.7500000000000006E-2]
[6101405,"61","14","5",0.06,4.4999999999999998E-2]
[6101504,"61","15","4",0.05,3.7500000000000006E-2]
[6101505,"61","15","5",0.06,4.4999999999999998E-2]
[6101604,"61","16","4",0.05,3.7500000000000006E-2]
[6101605,"61","16","5",0.06,4.4999999999999998E-2]
[6101704,"61","17","4",0.05,3.7500000000000006E-2]
[6101705,"61","17","5",0.06,4.4999999999999998E-2]
[6101804,"61","18","4",0.05,3.7500000000000006E-2]
[6101805,"61","18","5",0.06,4.4999999999999998E-2]
[6101904,"61","19","4",0.06,4.4999999999999998E-2]
[6101905,"61","19","5",0.06,4.4999999999999998E-2]
[6102004,"61","20","4",0.06,4.4999999999999998E-2]
[6102005,"61","20","5",0.06,4.4999999999999998E-2]
[6102104,"61","21","4",0.05,3.7500000000000006E-2]
[6102105,"61","21","5",0.05,3.7500000000000006E-2]
[6102204,"61","22","4",0.05,3.7500000000000006E-2]
[6102205,"61","22","5",0.05,3.7500000000000006E-2]
[6102304,"61","23","4",0.04,0.03]
[6102305,"61","23","5",0.05,3.7500000000000006E-2]
[6102404,"61","24","4",0.03,2.2499999999999999E-2]
[6102405,"61","24","5",0.05,3.7500000000000006E-2]
[6102503,"61","25","3",0.05,3.7500000000000006E-2]
[6102504,"61","25","4",0.03,2.2499999999999999E-2]
[6102505,"61","25","5",0.05,3.7500000000000006E-2]
[6102603,"61","26","3",0.05,3.7500000000000006E-2]
[6102604,"61","26","4",0.04,0.03]
[6102703,"61","27","3",0.05,3.7500000000000006E-2]
[6102704,"61","27","4",0.04,0.03]
[6200104,"62","1","4",0.05,3.7500000000000006E-2]
[6200105,"62","1","5",0.04,0.03]
[6200204,"62","2","4",0.05,3.7500000000000006E-2]
[6200205,"62","2","5",0.04,{"$f":"E2626*$K$5","v":0.03}]
[{"$f":"(B2627*100000)+(C2627*100)+D2627","v":6200304},"62","3","4",0.05,3.7500000000000006E-2]
[6200305,"62","3","5",0.04,0.03]
[6200404,"62","4","4",0.04,0.03]
[6200405,"62","4","5",0.04,0.03]
[6200504,"62","5","4",0.04,0.03]
[6200505,"62","5","5",0.04,0.03]
[6200604,"62","6","4",0.04,0.03]
[6200605,"62","6","5",0.05,3.7500000000000006E-2]
[6200704,"62","7","4",0.05,3.7500000000000006E-2]
[6200705,"62","7","5",0.05,3.7500000000000006E-2]
[6200804,"62","8","4",0.04,0.03]
[6200805,"62","8","5",0.06,4.4999999999999998E-2]
[6200904,"62","9","4",0.04,0.03]
[6200905,"62","9","5",0.06,4.4999999999999998E-2]
[6201004,"62","10","4",0.04,0.03]
[6201005,"62","10","5",0.06,4.4999999999999998E-2]
[6201104,"62","11","4",0.05,3.7500000000000006E-2]
[6201105,"62","11","5",0.06,4.4999999999999998E-2]
[6201204,"62","12","4",0.05,3.7500000000000006E-2]
[6201205,"62","12","5",0.06,4.4999999999999998E-2]
[6201304,"62","13","4",0.05,3.7500000000000006E-2]
[6201305,"62","13","5",0.06,4.4999999999999998E-2]
[6201404,"62","14","4",0.05,3.7500000000000006E-2]
[6201405,"62","14","5",0.06,4.4999999999999998E-2]
[6201504,"62","15","4",0.05,3.7500000000000006E-2]
[6201505,"62","15","5",0.06,4.4999999999999998E-2]
[6201604,"62","16","4",0.05,3.7500000000000006E-2]
[6201605,"62","16","5",0.06,4.4999999999999998E-2]
[6201704,"62","17","4",0.05,3.7500000000000006E-2]
[6201705,"62","17","5",0.06,4.4999999999999998E-2]
[6201804,"62","18","4",0.06,4.4999999999999998E-2]
[6201805,"62","18","5",0.06,4.4999999999999998E-2]
[6201904,"62","19","4",0.06,4.4999999999999998E-2]
[6201905,"62","19","5",0.06,4.4999999999999998E-2]
[6202004,"62","20","4",0.06,4.4999999999999998E-2]
[6202005,"62","20","5",0.06,4.4999999999999998E-2]
[6202104,"62","21","4",0.05,3.7500000000000006E-2]
[6202105,"62","21","5",0.05,3.7500000000000006E-2]
[6202204,"62","22","4",0.04,0.03]
[6202205,"62","22","5",0.05,3.7500000000000006E-2]
[6202304,"62","23","4",0.04,0.03]
[6202305,"62","23","5",0.05,3.7500000000000006E-2]
[6202404,"62","24","4",0.04,0.03]
[6202405,"62","24","5",0.05,3.7500000000000006E-2]
[6202503,"62","25","3",0.05,3.7500000000000006E-2]
[6202504,"62","25","4",0.03,2.2499999999999999E-2]
[6202505,"62","25","5",0.05,3.7500000000000006E-2]
[6202603,"62","26","3",0.05,3.7500000000000006E-2]
[6202604,"62","26","4",0.03,2.2499999999999999E-2]
[6202605,"62","26","5",0.05,3.7500000000000006E-2]
[6202703,"62","27","3",0.05,3.7500000000000006E-2]
[6202704,"62","27","4",0.04,0.03]
[6300104,"63","1","4",0.05,3.7500000000000006E-2]
[6300105,"63","1","5",0.03,2.2499999999999999E-2]
[6300204,"63","2","4",0.05,3.7500000000000006E-2]
[6300205,"63","2","5",0.04,0.03]
[6300304,"63","3","4",0.05,3.7500000000000006E-2]
[6300305,"63","3","5",0.04,0.03]
[6300404,"63","4","4",0.05,3.7500000000000006E-2]
[6300405,"63","4","5",0.05,3.7500000000000006E-2]
[6300504,"63","5","4",0.05,3.7500000000000006E-2]
[6300505,"63","5","5",0.05,3.7500000000000006E-2]
[6300604,"63","6","4",0.05,3.7500000000000006E-2]
[6300605,"63","6","5",0.05,{"$f":"E2690*$K$5","v":3.7500000000000006E-2}]
[{"$f":"(B2691*100000)+(C2691*100)+D2691","v":6300704},"63","7","4",0.04,0.03]
[6300705,"63","7","5",0.06,4.4999999999999998E-2]
[6300804,"63","8","4",0.04,0.03]
[6300805,"63","8","5",0.06,4.4999999999999998E-2]
[6300904,"63","9","4",0.04,0.03]
[6300905,"63","9","5",0.06,4.4999999999999998E-2]
[6301004,"63","10","4",0.05,3.7500000000000006E-2]
[6301005,"63","10","5",0.06,4.4999999999999998E-2]
[6301104,"63","11","4",0.05,3.7500000000000006E-2]
[6301105,"63","11","5",0.06,4.4999999999999998E-2]
[6301204,"63","12","4",0.05,3.7500000000000006E-2]
[6301205,"63","12","5",0.06,4.4999999999999998E-2]
[6301304,"63","13","4",0.05,3.7500000000000006E-2]
[6301305,"63","13","5",0.06,4.4999999999999998E-2]
[6301404,"63","14","4",0.05,3.7500000000000006E-2]
[6301405,"63","14","5",0.06,4.4999999999999998E-2]
[6301504,"63","15","4",0.05,3.7500000000000006E-2]
[6301505,"63","15","5",0.06,4.4999999999999998E-2]
[6301604,"63","16","4",0.05,3.7500000000000006E-2]
[6301605,"63","16","5",0.06,4.4999999999999998E-2]
[6301704,"63","17","4",0.05,3.7500000000000006E-2]
[6301705,"63","17","5",0.06,4.4999999999999998E-2]
[6301804,"63","18","4",0.05,3.7500000000000006E-2]
[6301805,"63","18","5",0.06,4.4999999999999998E-2]
[6301904,"63","19","4",0.05,3.7500000000000006E-2]
[6301905,"63","19","5",0.06,4.4999999999999998E-2]
[6302004,"63","20","4",0.05,3.7500000000000006E-2]
[6302005,"63","20","5",0.06,4.4999999999999998E-2]
[6302104,"63","21","4",0.05,3.7500000000000006E-2]
[6302105,"63","21","5",0.06,4.4999999999999998E-2]
[6302204,"63","22","4",0.05,3.7500000000000006E-2]
[6302205,"63","22","5",0.05,3.7500000000000006E-2]
[6302304,"63","23","4",0.05,3.7500000000000006E-2]
[6302305,"63","23","5",0.05,3.7500000000000006E-2]
[6302404,"63","24","4",0.04,0.03]
[6302405,"63","24","5",0.05,3.7500000000000006E-2]
[6302503,"63","25","3",0.05,3.7500000000000006E-2]
[6302504,"63","25","4",0.04,0.03]
[6302505,"63","25","5",0.05,3.7500000000000006E-2]
[6302603,"63","26","3",0.05,3.7500000000000006E-2]
[6302604,"63","26","4",0.03,2.2499999999999999E-2]
[6302605,"63","26","5",0.05,3.7500000000000006E-2]
[6302703,"63","27","3",0.05,3.7500000000000006E-2]
[6302704,"63","27","4",0.04,0.03]
[6302705,"63","27","5",0.05,3.7500000000000006E-2]
[6400104,"64","1","4",0.05,3.7500000000000006E-2]
[6400105,"64","1","5",0.03,2.2499999999999999E-2]
[6400204,"64","2","4",0.05,3.7500000000000006E-2]
[6400205,"64","2","5",0.04,0.03]
[6400304,"64","3","4",0.05,3.7500000000000006E-2]
[6400305,"64","3","5",0.05,3.7500000000000006E-2]
[6400404,"64","4","4",0.05,3.7500000000000006E-2]
[6400405,"64","4","5",0.05,3.7500000000000006E-2]
[6400504,"64","5","4",0.05,3.7500000000000006E-2]
[6400505,"64","5","5",0.05,3.7500000000000006E-2]
[6400604,"64","6","4",0.05,3.7500000000000006E-2]
[6400605,"64","6","5",0.06,4.4999999999999998E-2]
[6400704,"64","7","4",0.05,3.7500000000000006E-2]
[6400705,"64","7","5",0.05,3.7500000000000006E-2]
[6400804,"64","8","4",0.04,0.03]
[6400805,"64","8","5",0.06,4.4999999999999998E-2]
[6400904,"64","9","4",0.05,3.7500000000000006E-2]
[6400905,"64","9","5",0.06,4.4999999999999998E-2]
[6401004,"64","10","4",0.05,{"$f":"E2754*$K$5","v":3.7500000000000006E-2}]
[{"$f":"(B2755*100000)+(C2755*100)+D2755","v":6401005},"64","10","5",0.06,4.4999999999999998E-2]
[6401104,"64","11","4",0.05,3.7500000000000006E-2]
[6401105,"64","11","5",0.06,4.4999999999999998E-2]
[6401204,"64","12","4",0.05,3.7500000000000006E-2]
[6401205,"64","12","5",0.06,4.4999999999999998E-2]
[6401304,"64","13","4",0.05,3.7500000000000006E-2]
[6401305,"64","13","5",0.06,4.4999999999999998E-2]
[6401404,"64","14","4",0.06,4.4999999999999998E-2]
[6401405,"64","14","5",0.06,4.4999999999999998E-2]
[6401504,"64","15","4",0.05,3.7500000000000006E-2]
[6401505,"64","15","5",0.06,4.4999999999999998E-2]
[6401604,"64","16","4",0.05,3.7500000000000006E-2]
[6401605,"64","16","5",0.06,4.4999999999999998E-2]
[6401704,"64","17","4",0.05,3.7500000000000006E-2]
[6401705,"64","17","5",0.06,4.4999999999999998E-2]
[6401804,"64","18","4",0.05,3.7500000000000006E-2]
[6401805,"64","18","5",0.06,4.4999999999999998E-2]
[6401904,"64","19","4",0.05,3.7500000000000006E-2]
[6401905,"64","19","5",0.06,4.4999999999999998E-2]
[6402004,"64","20","4",0.04,0.03]
[6402005,"64","20","5",0.06,4.4999999999999998E-2]
[6402104,"64","21","4",0.04,0.03]
[6402105,"64","21","5",0.06,4.4999999999999998E-2]
[6402204,"64","22","4",0.05,3.7500000000000006E-2]
[6402205,"64","22","5",0.05,3.7500000000000006E-2]
[6402304,"64","23","4",0.04,0.03]
[6402305,"64","23","5",0.05,3.7500000000000006E-2]
[6402404,"64","24","4",0.05,3.7500000000000006E-2]
[6402405,"64","24","5",0.05,3.7500000000000006E-2]
[6402503,"64","25","3",0.05,3.7500000000000006E-2]
[6402504,"64","25","4",0.05,3.7500000000000006E-2]
[6402505,"64","25","5",0.05,3.7500000000000006E-2]
[6402603,"64","26","3",0.05,3.7500000000000006E-2]
[6402604,"64","26","4",0.04,0.03]
[6402605,"64","26","5",0.05,3.7500000000000006E-2]
[6402703,"64","27","3",0.05,3.7500000000000006E-2]
[6402704,"64","27","4",0.03,2.2499999999999999E-2]
[6402705,"64","27","5",0.05,3.7500000000000006E-2]
[6500104,"65","1","4",0.05,3.7500000000000006E-2]
[6500105,"65","1","5",0.04,0.03]
[6500106,"65","1","6",0.05,3.7500000000000006E-2]
[6500204,"65","2","4",0.05,3.7500000000000006E-2]
[6500205,"65","2","5",0.04,0.03]
[6500206,"65","2","6",0.05,3.7500000000000006E-2]
[6500304,"65","3","4",0.05,3.7500000000000006E-2]
[6500305,"65","3","5",0.05,3.7500000000000006E-2]
[6500306,"65","3","6",0.05,3.7500000000000006E-2]
[6500404,"65","4","4",0.05,3.7500000000000006E-2]
[6500405,"65","4","5",0.05,3.7500000000000006E-2]
[6500406,"65","4","6",0.05,3.7500000000000006E-2]
[6500504,"65","5","4",0.05,3.7500000000000006E-2]
[6500505,"65","5","5",0.05,3.7500000000000006E-2]
[6500506,"65","5","6",0.05,3.7500000000000006E-2]
[6500604,"65","6","4",0.05,3.7500000000000006E-2]
[6500605,"65","6","5",0.05,3.7500000000000006E-2]
[6500606,"65","6","6",0.05,3.7500000000000006E-2]
[6500704,"65","7","4",0.05,3.7500000000000006E-2]
[6500705,"65","7","5",0.06,4.4999999999999998E-2]
[6500706,"65","7","6",0.05,3.7500000000000006E-2]
[6500804,"65","8","4",0.05,3.7500000000000006E-2]
[6500805,"65","8","5",0.06,4.4999999999999998E-2]
[6500806,"65","8","6",0.05,3.7500000000000006E-2]
[6500904,"65","9","4",0.05,3.7500000000000006E-2]
[6500905,"65","9","5",0.06,{"$f":"E2818*$K$5","v":4.4999999999999998E-2}]
[{"$f":"(B2819*100000)+(C2819*100)+D2819","v":6500906},"65","9","6",0.05,3.7500000000000006E-2]
[6501004,"65","10","4",0.05,3.7500000000000006E-2]
[6501005,"65","10","5",0.06,4.4999999999999998E-2]
[6501006,"65","10","6",0.05,3.7500000000000006E-2]
[6501104,"65","11","4",0.05,3.7500000000000006E-2]
[6501105,"65","11","5",0.06,4.4999999999999998E-2]
[6501106,"65","11","6",0.05,3.7500000000000006E-2]
[6501204,"65","12","4",0.05,3.7500000000000006E-2]
[6501205,"65","12","5",0.06,4.4999999999999998E-2]
[6501206,"65","12","6",0.05,3.7500000000000006E-2]
[6501304,"65","13","4",0.06,4.4999999999999998E-2]
[6501306,"65","13","6",0.05,3.7500000000000006E-2]
[6501404,"65","14","4",0.06,4.4999999999999998E-2]
[6501406,"65","14","6",0.05,3.7500000000000006E-2]
[6501504,"65","15","4",0.05,3.7500000000000006E-2]
[6501505,"65","15","5",0.05,3.7500000000000006E-2]
[6501604,"65","16","4",0.05,3.7500000000000006E-2]
[6501605,"65","16","5",0.05,3.7500000000000006E-2]
[6501704,"65","17","4",0.05,3.7500000000000006E-2]
[6501705,"65","17","5",0.06,4.4999999999999998E-2]
[6501804,"65","18","4",0.05,3.7500000000000006E-2]
[6501805,"65","18","5",0.06,4.4999999999999998E-2]
[6501904,"65","19","4",0.04,0.03]
[6501905,"65","19","5",0.06,4.4999999999999998E-2]
[6502004,"65","20","4",0.04,0.03]
[6502005,"65","20","5",0.06,4.4999999999999998E-2]
[6502104,"65","21","4",0.04,0.03]
[6502105,"65","21","5",0.06,4.4999999999999998E-2]
[6502204,"65","22","4",0.04,0.03]
[6502205,"65","22","5",0.06,4.4999999999999998E-2]
[6502304,"65","23","4",0.05,3.7500000000000006E-2]
[6502305,"65","23","5",0.05,3.7500000000000006E-2]
[6502404,"65","24","4",0.04,0.03]
[6502405,"65","24","5",0.05,3.7500000000000006E-2]
[6502503,"65","25","3",0.05,3.7500000000000006E-2]
[6502504,"65","25","4",0.05,3.7500000000000006E-2]
[6502505,"65","25","5",0.05,3.7500000000000006E-2]
[6502603,"65","26","3",0.05,3.7500000000000006E-2]
[6502604,"65","26","4",0.05,3.7500000000000006E-2]
[6502605,"65","26","5",0.05,3.7500000000000006E-2]
[6502703,"65","27","3",0.05,3.7500000000000006E-2]
[6502704,"65","27","4",0.05,3.7500000000000006E-2]
[6502705,"65","27","5",0.05,3.7500000000000006E-2]
[6600104,"66","1","4",0.05,3.7500000000000006E-2]
[6600105,"66","1","5",0.05,3.7500000000000006E-2]
[6600106,"66","1","6",0.05,3.7500000000000006E-2]
[6600204,"66","2","4",0.05,3.7500000000000006E-2]
[6600205,"66","2","5",0.05,3.7500000000000006E-2]
[6600206,"66","2","6",0.05,3.7500000000000006E-2]
[6600304,"66","3","4",0.05,3.7500000000000006E-2]
[6600305,"66","3","5",0.05,3.7500000000000006E-2]
[6600306,"66","3","6",0.05,3.7500000000000006E-2]
[6600404,"66","4","4",0.05,3.7500000000000006E-2]
[6600405,"66","4","5",0.05,3.7500000000000006E-2]
[6600406,"66","4","6",0.05,3.7500000000000006E-2]
[6600504,"66","5","4",0.05,3.7500000000000006E-2]
[6600505,"66","5","5",0.05,3.7500000000000006E-2]
[6600506,"66","5","6",0.05,3.7500000000000006E-2]
[6600604,"66","6","4",0.05,3.7500000000000006E-2]
[6600605,"66","6","5",0.05,3.7500000000000006E-2]
[6600606,"66","6","6",0.05,3.7500000000000006E-2]
[6600704,"66","7","4",0.05,3.7500000000000006E-2]
[6600705,"66","7","5",0.06,4.4999999999999998E-2]
[6600706,"66","7","6",0.04,{"$f":"E2882*$K$5","v":0.03}]
[{"$f":"(B2883*100000)+(C2883*100)+D2883","v":6600804},"66","8","4",0.05,3.7500000000000006E-2]
[6600805,"66","8","5",0.06,4.4999999999999998E-2]
[6600806,"66","8","6",0.05,3.7500000000000006E-2]
[6600904,"66","9","4",0.05,3.7500000000000006E-2]
[6600905,"66","9","5",0.06,4.4999999999999998E-2]
[6600906,"66","9","6",0.05,3.7500000000000006E-2]
[6601004,"66","10","4",0.05,3.7500000000000006E-2]
[6601005,"66","10","5",0.06,4.4999999999999998E-2]
[6601006,"66","10","6",0.05,3.7500000000000006E-2]
[6601104,"66","11","4",0.05,3.7500000000000006E-2]
[6601105,"66","11","5",0.06,4.4999999999999998E-2]
[6601106,"66","11","6",0.05,3.7500000000000006E-2]
[6601204,"66","12","4",0.06,4.4999999999999998E-2]
[6601205,"66","12","5",0.06,4.4999999999999998E-2]
[6601206,"66","12","6",0.05,3.7500000000000006E-2]
[6601304,"66","13","4",0.06,4.4999999999999998E-2]
[6601306,"66","13","6",0.05,3.7500000000000006E-2]
[6601404,"66","14","4",0.06,4.4999999999999998E-2]
[6601406,"66","14","6",0.05,3.7500000000000006E-2]
[6601504,"66","15","4",0.05,3.7500000000000006E-2]
[6601505,"66","15","5",0.05,3.7500000000000006E-2]
[6601604,"66","16","4",0.05,3.7500000000000006E-2]
[6601605,"66","16","5",0.05,3.7500000000000006E-2]
[6601704,"66","17","4",0.05,3.7500000000000006E-2]
[6601705,"66","17","5",0.06,4.4999999999999998E-2]
[6601804,"66","18","4",0.05,3.7500000000000006E-2]
[6601805,"66","18","5",0.06,4.4999999999999998E-2]
[6601904,"66","19","4",0.04,0.03]
[6601905,"66","19","5",0.06,4.4999999999999998E-2]
[6602004,"66","20","4",0.04,0.03]
[6602005,"66","20","5",0.06,4.4999999999999998E-2]
[6602104,"66","21","4",0.05,3.7500000000000006E-2]
[6602105,"66","21","5",0.06,4.4999999999999998E-2]
[6602204,"66","22","4",0.05,3.7500000000000006E-2]
[6602205,"66","22","5",0.06,4.4999999999999998E-2]
[6602304,"66","23","4",0.04,0.03]
[6602305,"66","23","5",0.05,3.7500000000000006E-2]
[6602404,"66","24","4",0.04,0.03]
[6602405,"66","24","5",0.05,3.7500000000000006E-2]
[6602503,"66","25","3",0.05,3.7500000000000006E-2]
[6602504,"66","25","4",0.05,3.7500000000000006E-2]
[6602505,"66","25","5",0.05,3.7500000000000006E-2]
[6602603,"66","26","3",0.05,3.7500000000000006E-2]
[6602604,"66","26","4",0.05,3.7500000000000006E-2]
[6602605,"66","26","5",0.05,3.7500000000000006E-2]
[6602703,"66","27","3",0.05,3.7500000000000006E-2]
[6602704,"66","27","4",0.05,3.7500000000000006E-2]
[6602705,"66","27","5",0.05,3.7500000000000006E-2]
[6700104,"67","1","4",0.05,3.7500000000000006E-2]
[6700105,"67","1","5",0.06,4.4999999999999998E-2]
[6700106,"67","1","6",0.05,3.7500000000000006E-2]
[6700204,"67","2","4",0.05,3.7500000000000006E-2]
[6700205,"67","2","5",0.06,4.4999999999999998E-2]
[6700206,"67","2","6",0.05,3.7500000000000006E-2]
[6700304,"67","3","4",0.05,3.7500000000000006E-2]
[6700305,"67","3","5",0.05,3.7500000000000006E-2]
[6700306,"67","3","6",0.05,3.7500000000000006E-2]
[6700404,"67","4","4",0.05,3.7500000000000006E-2]
[6700405,"67","4","5",0.05,3.7500000000000006E-2]
[6700406,"67","4","6",0.05,3.7500000000000006E-2]
[6700504,"67","5","4",0.05,3.7500000000000006E-2]
[6700505,"67","5","5",0.05,3.7500000000000006E-2]
[6700506,"67","5","6",0.05,3.7500000000000006E-2]
[6700604,"67","6","4",0.05,{"$f":"E2946*$K$5","v":3.7500000000000006E-2}]
[{"$f":"(B2947*100000)+(C2947*100)+D2947","v":6700605},"67","6","5",0.05,3.7500000000000006E-2]
[6700606,"67","6","6",0.05,3.7500000000000006E-2]
[6700704,"67","7","4",0.05,3.7500000000000006E-2]
[6700705,"67","7","5",0.05,3.7500000000000006E-2]
[6700706,"67","7","6",0.04,0.03]
[6700804,"67","8","4",0.05,3.7500000000000006E-2]
[6700805,"67","8","5",0.05,3.7500000000000006E-2]
[6700806,"67","8","6",0.05,3.7500000000000006E-2]
[6700904,"67","9","4",0.05,3.7500000000000006E-2]
[6700905,"67","9","5",0.06,4.4999999999999998E-2]
[6700906,"67","9","6",0.05,3.7500000000000006E-2]
[6701004,"67","10","4",0.05,3.7500000000000006E-2]
[6701005,"67","10","5",0.06,4.4999999999999998E-2]
[6701006,"67","10","6",0.05,3.7500000000000006E-2]
[6701104,"67","11","4",0.05,3.7500000000000006E-2]
[6701106,"67","11","6",0.05,3.7500000000000006E-2]
[6701204,"67","12","4",0.05,3.7500000000000006E-2]
[6701205,"67","12","5",0.05,3.7500000000000006E-2]
[6701206,"67","12","6",0.05,3.7500000000000006E-2]
[6701304,"67","13","4",0.05,3.7500000000000006E-2]
[6701305,"67","13","5",0.05,3.7500000000000006E-2]
[6701306,"67","13","6",0.05,3.7500000000000006E-2]
[6701404,"67","14","4",0.05,3.7500000000000006E-2]
[6701405,"67","14","5",0.05,3.7500000000000006E-2]
[6701406,"67","14","6",0.05,3.7500000000000006E-2]
[6701504,"67","15","4",0.05,3.7500000000000006E-2]
[6701505,"67","15","5",0.05,3.7500000000000006E-2]
[6701604,"67","16","4",0.04,0.03]
[6701605,"67","16","5",0.05,3.7500000000000006E-2]
[6701704,"67","17","4",0.05,3.7500000000000006E-2]
[6701705,"67","17","5",0.06,4.4999999999999998E-2]
[6701804,"67","18","4",0.04,0.03]
[6701805,"67","18","5",0.06,4.4999999999999998E-2]
[6701904,"67","19","4",0.04,0.03]
[6701905,"67","19","5",0.06,4.4999999999999998E-2]
[6702004,"67","20","4",0.05,3.7500000000000006E-2]
[6702005,"67","20","5",0.06,4.4999999999999998E-2]
[6702104,"67","21","4",0.05,3.7500000000000006E-2]
[6702105,"67","21","5",0.06,4.4999999999999998E-2]
[6702204,"67","22","4",0.05,3.7500000000000006E-2]
[6702205,"67","22","5",0.05,3.7500000000000006E-2]
[6702304,"67","23","4",0.05,3.7500000000000006E-2]
[6702305,"67","23","5",0.05,3.7500000000000006E-2]
[6702404,"67","24","4",0.04,0.03]
[6702405,"67","24","5",0.05,3.7500000000000006E-2]
[6702503,"67","25","3",0.05,3.7500000000000006E-2]
[6702504,"67","25","4",0.05,3.7500000000000006E-2]
[6702505,"67","25","5",0.05,3.7500000000000006E-2]
[6702603,"67","26","3",0.05,3.7500000000000006E-2]
[6702604,"67","26","4",0.05,3.7500000000000006E-2]
[6702605,"67","26","5",0.05,3.7500000000000006E-2]
[6702703,"67","27","3",0.05,3.7500000000000006E-2]
[6702704,"67","27","4",0.06,4.4999999999999998E-2]
[6702705,"67","27","5",0.05,3.7500000000000006E-2]
[6800105,"68","1","5",0.06,4.4999999999999998E-2]
[6800106,"68","1","6",0.05,3.7500000000000006E-2]
[6800205,"68","2","5",0.06,4.4999999999999998E-2]
[6800206,"68","2","6",0.05,3.7500000000000006E-2]
[6800305,"68","3","5",0.05,3.7500000000000006E-2]
[6800306,"68","3","6",0.05,3.7500000000000006E-2]
[6800405,"68","4","5",0.05,3.7500000000000006E-2]
[6800406,"68","4","6",0.05,3.7500000000000006E-2]
[6800505,"68","5","5",0.05,3.7500000000000006E-2]
[6800506,"68","5","6",0.05,{"$f":"E3010*$K$5","v":3.7500000000000006E-2}]
[{"$f":"(B3011*100000)+(C3011*100)+D3011","v":6800605},"68","6","5",0.05,3.7500000000000006E-2]
[6800606,"68","6","6",0.04,0.03]
[6800705,"68","7","5",0.05,3.7500000000000006E-2]
[6800706,"68","7","6",0.04,0.03]
[6800804,"68","8","4",0.05,3.7500000000000006E-2]
[6800805,"68","8","5",0.05,3.7500000000000006E-2]
[6800806,"68","8","6",0.05,3.7500000000000006E-2]
[6800904,"68","9","4",0.05,3.7500000000000006E-2]
[6800905,"68","9","5",0.05,3.7500000000000006E-2]
[6800906,"68","9","6",0.05,3.7500000000000006E-2]
[6801004,"68","10","4",0.05,3.7500000000000006E-2]
[6801006,"68","10","6",0.05,3.7500000000000006E-2]
[6801104,"68","11","4",0.05,3.7500000000000006E-2]
[6801106,"68","11","6",0.04,0.03]
[6801204,"68","12","4",0.05,3.7500000000000006E-2]
[6801205,"68","12","5",0.05,3.7500000000000006E-2]
[6801206,"68","12","6",0.05,3.7500000000000006E-2]
[6801304,"68","13","4",0.05,3.7500000000000006E-2]
[6801305,"68","13","5",0.05,3.7500000000000006E-2]
[6801306,"68","13","6",0.05,3.7500000000000006E-2]
[6801404,"68","14","4",0.05,3.7500000000000006E-2]
[6801405,"68","14","5",0.05,3.7500000000000006E-2]
[6801406,"68","14","6",0.05,3.7500000000000006E-2]
[6801504,"68","15","4",0.05,3.7500000000000006E-2]
[6801505,"68","15","5",0.05,3.7500000000000006E-2]
[6801604,"68","16","4",0.04,0.03]
[6801605,"68","16","5",0.05,3.7500000000000006E-2]
[6801704,"68","17","4",0.04,0.03]
[6801705,"68","17","5",0.05,3.7500000000000006E-2]
[6801804,"68","18","4",0.04,0.03]
[6801805,"68","18","5",0.06,4.4999999999999998E-2]
[6801904,"68","19","4",0.04,0.03]
[6801905,"68","19","5",0.06,4.4999999999999998E-2]
[6802004,"68","20","4",0.05,3.7500000000000006E-2]
[6802005,"68","20","5",0.06,4.4999999999999998E-2]
[6802104,"68","21","4",0.06,4.4999999999999998E-2]
[6802105,"68","21","5",0.05,3.7500000000000006E-2]
[6802204,"68","22","4",0.06,4.4999999999999998E-2]
[6802205,"68","22","5",0.06,4.4999999999999998E-2]
[6802304,"68","23","4",0.05,3.7500000000000006E-2]
[6802305,"68","23","5",0.05,3.7500000000000006E-2]
[6802404,"68","24","4",0.05,3.7500000000000006E-2]
[6802405,"68","24","5",0.05,3.7500000000000006E-2]
[6802504,"68","25","4",0.06,4.4999999999999998E-2]
[6802505,"68","25","5",0.05,3.7500000000000006E-2]
[6802604,"68","26","4",0.05,3.7500000000000006E-2]
[6802605,"68","26","5",0.05,3.7500000000000006E-2]
[6802704,"68","27","4",0.05,3.7500000000000006E-2]
[6802705,"68","27","5",0.05,3.7500000000000006E-2]
[6900105,"69","1","5",0.06,4.4999999999999998E-2]
[6900106,"69","1","6",0.05,3.7500000000000006E-2]
[6900205,"69","2","5",0.06,4.4999999999999998E-2]
[6900206,"69","2","6",0.05,3.7500000000000006E-2]
[6900305,"69","3","5",0.05,3.7500000000000006E-2]
[6900306,"69","3","6",0.05,3.7500000000000006E-2]
[6900405,"69","4","5",0.05,3.7500000000000006E-2]
[6900406,"69","4","6",0.05,3.7500000000000006E-2]
[6900505,"69","5","5",0.05,3.7500000000000006E-2]
[6900506,"69","5","6",0.05,3.7500000000000006E-2]
[6900605,"69","6","5",0.05,3.7500000000000006E-2]
[6900606,"69","6","6",0.04,0.03]
[6900706,"69","7","6",0.04,0.03]
[6900805,"69","8","5",0.05,3.7500000000000006E-2]
[6900806,"69","8","6",0.05,{"$f":"E3074*$K$5","v":3.7500000000000006E-2}]
[{"$f":"(B3075*100000)+(C3075*100)+D3075","v":6900904},"69","9","4",0.05,3.7500000000000006E-2]
[6900905,"69","9","5",0.05,3.7500000000000006E-2]
[6900906,"69","9","6",0.05,3.7500000000000006E-2]
[6901004,"69","10","4",0.05,3.7500000000000006E-2]
[6901005,"69","10","5",0.05,3.7500000000000006E-2]
[6901006,"69","10","6",0.05,3.7500000000000006E-2]
[6901104,"69","11","4",0.05,3.7500000000000006E-2]
[6901105,"69","11","5",0.05,3.7500000000000006E-2]
[6901106,"69","11","6",0.04,0.03]
[6901204,"69","12","4",0.05,3.7500000000000006E-2]
[6901205,"69","12","5",0.05,3.7500000000000006E-2]
[6901206,"69","12","6",0.05,3.7500000000000006E-2]
[6901304,"69","13","4",0.05,3.7500000000000006E-2]
[6901305,"69","13","5",0.05,3.7500000000000006E-2]
[6901306,"69","13","6",0.05,3.7500000000000006E-2]
[6901404,"69","14","4",0.05,3.7500000000000006E-2]
[6901405,"69","14","5",0.04,0.03]
[6901406,"69","14","6",0.05,3.7500000000000006E-2]
[6901504,"69","15","4",0.05,3.7500000000000006E-2]
[6901505,"69","15","5",0.04,0.03]
[6901506,"69","15","6",0.05,3.7500000000000006E-2]
[6901604,"69","16","4",0.05,3.7500000000000006E-2]
[6901605,"69","16","5",0.05,3.7500000000000006E-2]
[6901606,"69","16","6",0.05,3.7500000000000006E-2]
[6901704,"69","17","4",0.05,3.7500000000000006E-2]
[6901705,"69","17","5",0.05,3.7500000000000006E-2]
[6901804,"69","18","4",0.05,3.7500000000000006E-2]
[6901805,"69","18","5",0.05,3.7500000000000006E-2]
[6901904,"69","19","4",0.05,3.7500000000000006E-2]
[6901905,"69","19","5",0.06,4.4999999999999998E-2]
[6902004,"69","20","4",0.06,4.4999999999999998E-2]
[6902005,"69","20","5",0.05,3.7500000000000006E-2]
[6902104,"69","21","4",7.0000000000000007E-2,5.2500000000000005E-2]
[6902105,"69","21","5",0.05,3.7500000000000006E-2]
[6902204,"69","22","4",0.06,4.4999999999999998E-2]
[6902205,"69","22","5",0.06,4.4999999999999998E-2]
[6902304,"69","23","4",0.06,4.4999999999999998E-2]
[6902305,"69","23","5",0.05,3.7500000000000006E-2]
[6902404,"69","24","4",0.06,4.4999999999999998E-2]
[6902405,"69","24","5",0.05,3.7500000000000006E-2]
[6902504,"69","25","4",0.05,3.7500000000000006E-2]
[6902505,"69","25","5",0.05,3.7500000000000006E-2]
[6902604,"69","26","4",0.05,3.7500000000000006E-2]
[6902605,"69","26","5",0.04,0.03]
[6902704,"69","27","4",0.06,4.4999999999999998E-2]
[6902705,"69","27","5",0.05,3.7500000000000006E-2]
[7000105,"70","1","5",0.06,4.4999999999999998E-2]
[7000106,"70","1","6",0.05,3.7500000000000006E-2]
[7000205,"70","2","5",0.06,4.4999999999999998E-2]
[7000206,"70","2","6",0.05,3.7500000000000006E-2]
[7000305,"70","3","5",0.05,3.7500000000000006E-2]
[7000306,"70","3","6",0.05,3.7500000000000006E-2]
[7000405,"70","4","5",0.05,3.7500000000000006E-2]
[7000406,"70","4","6",0.05,3.7500000000000006E-2]
[7000505,"70","5","5",0.05,3.7500000000000006E-2]
[7000506,"70","5","6",0.05,3.7500000000000006E-2]
[7000605,"70","6","5",0.05,3.7500000000000006E-2]
[7000606,"70","6","6",0.05,3.7500000000000006E-2]
[7000706,"70","7","6",0.04,0.03]
[7000805,"70","8","5",0.05,3.7500000000000006E-2]
[7000806,"70","8","6",0.03,2.2499999999999999E-2]
[7000905,"70","9","5",0.05,3.7500000000000006E-2]
[7000906,"70","9","6",0.03,2.2499999999999999E-2]
[7001005,"70","10","5",0.05,{"$f":"E3138*$K$5","v":3.7500000000000006E-2}]
[{"$f":"(B3139*100000)+(C3139*100)+D3139","v":7001006},"70","10","6",0.03,2.2499999999999999E-2]
[7001105,"70","11","5",0.05,3.7500000000000006E-2]
[7001106,"70","11","6",0.04,0.03]
[7001204,"70","12","4",0.05,3.7500000000000006E-2]
[7001205,"70","12","5",0.05,3.7500000000000006E-2]
[7001206,"70","12","6",0.04,0.03]
[7001304,"70","13","4",0.05,3.7500000000000006E-2]
[7001305,"70","13","5",0.05,3.7500000000000006E-2]
[7001306,"70","13","6",0.05,3.7500000000000006E-2]
[7001404,"70","14","4",0.05,3.7500000000000006E-2]
[7001405,"70","14","5",0.05,3.7500000000000006E-2]
[7001406,"70","14","6",0.05,3.7500000000000006E-2]
[7001504,"70","15","4",0.05,3.7500000000000006E-2]
[7001505,"70","15","5",0.04,0.03]
[7001506,"70","15","6",0.05,3.7500000000000006E-2]
[7001604,"70","16","4",0.05,3.7500000000000006E-2]
[7001605,"70","16","5",0.04,0.03]
[7001606,"70","16","6",0.05,3.7500000000000006E-2]
[7001704,"70","17","4",0.04,0.03]
[7001705,"70","17","5",0.05,3.7500000000000006E-2]
[7001804,"70","18","4",0.05,3.7500000000000006E-2]
[7001805,"70","18","5",0.05,3.7500000000000006E-2]
[7001904,"70","19","4",0.06,4.4999999999999998E-2]
[7001905,"70","19","5",0.05,3.7500000000000006E-2]
[7002004,"70","20","4",0.06,4.4999999999999998E-2]
[7002005,"70","20","5",0.05,3.7500000000000006E-2]
[7002104,"70","21","4",0.06,4.4999999999999998E-2]
[7002105,"70","21","5",0.05,3.7500000000000006E-2]
[7002204,"70","22","4",0.06,4.4999999999999998E-2]
[7002205,"70","22","5",0.05,3.7500000000000006E-2]
[7002304,"70","23","4",0.06,4.4999999999999998E-2]
[7002305,"70","23","5",0.05,3.7500000000000006E-2]
[7002404,"70","24","4",0.06,4.4999999999999998E-2]
[7002405,"70","24","5",0.04,0.03]
[7002504,"70","25","4",0.06,4.4999999999999998E-2]
[7002505,"70","25","5",0.04,0.03]
[7002604,"70","26","4",0.06,4.4999999999999998E-2]
[7002605,"70","26","5",0.03,2.2499999999999999E-2]
[7002704,"70","27","4",0.06,4.4999999999999998E-2]
[7002705,"70","27","5",0.04,0.03]
[7100105,"71","1","5",0.06,4.4999999999999998E-2]
[7100106,"71","1","6",0.04,0.03]
[7100205,"71","2","5",0.06,4.4999999999999998E-2]
[7100206,"71","2","6",0.05,3.7500000000000006E-2]
[7100305,"71","3","5",0.05,3.7500000000000006E-2]
[7100306,"71","3","6",0.04,0.03]
[7100405,"71","4","5",0.05,3.7500000000000006E-2]
[7100406,"71","4","6",0.03,2.2499999999999999E-2]
[7100505,"71","5","5",0.05,3.7500000000000006E-2]
[7100506,"71","5","6",0.03,2.2499999999999999E-2]
[7100606,"71","6","6",0.03,2.2499999999999999E-2]
[7100706,"71","7","6",0.03,2.2499999999999999E-2]
[7100805,"71","8","5",0.05,3.7500000000000006E-2]
[7100806,"71","8","6",0.03,2.2499999999999999E-2]
[7100905,"71","9","5",0.05,3.7500000000000006E-2]
[7100906,"71","9","6",0.03,2.2499999999999999E-2]
[7101005,"71","10","5",0.05,3.7500000000000006E-2]
[7101006,"71","10","6",0.03,2.2499999999999999E-2]
[7101105,"71","11","5",0.05,3.7500000000000006E-2]
[7101106,"71","11","6",0.04,0.03]
[7101204,"71","12","4",0.05,3.7500000000000006E-2]
[7101205,"71","12","5",0.05,3.7500000000000006E-2]
[7101206,"71","12","6",0.05,3.7500000000000006E-2]
[7101304,"71","13","4",0.05,{"$f":"E3202*$K$5","v":3.7500000000000006E-2}]
[{"$f":"(B3203*100000)+(C3203*100)+D3203","v":7101305},"71","13","5",0.05,3.7500000000000006E-2]
[7101306,"71","13","6",0.05,3.7500000000000006E-2]
[7101404,"71","14","4",0.05,3.7500000000000006E-2]
[7101405,"71","14","5",0.05,3.7500000000000006E-2]
[7101406,"71","14","6",0.05,3.7500000000000006E-2]
[7101504,"71","15","4",0.05,3.7500000000000006E-2]
[7101505,"71","15","5",0.04,0.03]
[7101506,"71","15","6",0.05,3.7500000000000006E-2]
[7101604,"71","16","4",0.04,0.03]
[7101605,"71","16","5",0.04,0.03]
[7101606,"71","16","6",0.05,3.7500000000000006E-2]
[7101704,"71","17","4",0.05,3.7500000000000006E-2]
[7101705,"71","17","5",0.04,0.03]
[7101804,"71","18","4",0.05,3.7500000000000006E-2]
[7101805,"71","18","5",0.05,3.7500000000000006E-2]
[7101904,"71","19","4",0.06,4.4999999999999998E-2]
[7101905,"71","19","5",0.04,0.03]
[7102004,"71","20","4",0.06,4.4999999999999998E-2]
[7102005,"71","20","5",0.04,0.03]
[7102104,"71","21","4",0.06,4.4999999999999998E-2]
[7102105,"71","21","5",0.05,3.7500000000000006E-2]
[7102204,"71","22","4",0.06,4.4999999999999998E-2]
[7102205,"71","22","5",0.05,3.7500000000000006E-2]
[7102304,"71","23","4",0.06,4.4999999999999998E-2]
[7102305,"71","23","5",0.05,3.7500000000000006E-2]
[7102404,"71","24","4",0.06,4.4999999999999998E-2]
[7102405,"71","24","5",0.04,0.03]
[7102504,"71","25","4",0.06,4.4999999999999998E-2]
[7102505,"71","25","5",0.04,0.03]
[7102604,"71","26","4",0.06,4.4999999999999998E-2]
[7102605,"71","26","5",0.03,2.2499999999999999E-2]
[7200105,"72","1","5",0.06,4.4999999999999998E-2]
[7200106,"72","1","6",0.04,0.03]
[7200205,"72","2","5",0.06,4.4999999999999998E-2]
[7200206,"72","2","6",0.05,3.7500000000000006E-2]
[7200305,"72","3","5",0.05,3.7500000000000006E-2]
[7200306,"72","3","6",0.03,2.2499999999999999E-2]
[7200405,"72","4","5",0.05,3.7500000000000006E-2]
[7200406,"72","4","6",0.03,2.2499999999999999E-2]
[7200505,"72","5","5",0.05,3.7500000000000006E-2]
[7200506,"72","5","6",0.03,2.2499999999999999E-2]
[7200606,"72","6","6",0.03,2.2499999999999999E-2]
[7200706,"72","7","6",0.03,2.2499999999999999E-2]
[7200805,"72","8","5",0.05,3.7500000000000006E-2]
[7200806,"72","8","6",0.03,2.2499999999999999E-2]
[7200905,"72","9","5",0.05,3.7500000000000006E-2]
[7200906,"72","9","6",0.03,2.2499999999999999E-2]
[7201005,"72","10","5",0.05,3.7500000000000006E-2]
[7201006,"72","10","6",0.03,2.2499999999999999E-2]
[7201105,"72","11","5",0.05,3.7500000000000006E-2]
[7201106,"72","11","6",0.03,2.2499999999999999E-2]
[7201204,"72","12","4",0.05,3.7500000000000006E-2]
[7201205,"72","12","5",0.05,3.7500000000000006E-2]
[7201206,"72","12","6",0.04,0.03]
[7201304,"72","13","4",0.05,3.7500000000000006E-2]
[7201305,"72","13","5",0.05,3.7500000000000006E-2]
[7201306,"72","13","6",0.04,0.03]
[7201404,"72","14","4",0.05,3.7500000000000006E-2]
[7201405,"72","14","5",0.05,3.7500000000000006E-2]
[7201406,"72","14","6",0.05,3.7500000000000006E-2]
[7201504,"72","15","4",0.05,3.7500000000000006E-2]
[7201505,"72","15","5",0.05,3.7500000000000006E-2]
[7201506,"72","15","6",0.05,3.7500000000000006E-2]
[7201604,"72","16","4",0.05,{"$f":"E3266*$K$5","v":3.7500000000000006E-2}]
[{"$f":"(B3267*100000)+(C3267*100)+D3267","v":7201605},"72","16","5",0.04,0.03]
[7201606,"72","16","6",0.05,3.7500000000000006E-2]
[7201704,"72","17","4",0.05,3.7500000000000006E-2]
[7201705,"72","17","5",0.04,0.03]
[7201804,"72","18","4",0.05,3.7500000000000006E-2]
[7201805,"72","18","5",0.04,0.03]
[7201904,"72","19","4",0.06,4.4999999999999998E-2]
[7201905,"72","19","5",0.04,0.03]
[7202004,"72","20","4",0.06,4.4999999999999998E-2]
[7202005,"72","20","5",0.04,0.03]
[7202104,"72","21","4",0.06,4.4999999999999998E-2]
[7202105,"72","21","5",0.04,0.03]
[7202204,"72","22","4",0.06,4.4999999999999998E-2]
[7202205,"72","22","5",0.04,0.03]
[7202304,"72","23","4",0.06,4.4999999999999998E-2]
[7202305,"72","23","5",0.05,3.7500000000000006E-2]
[7202404,"72","24","4",0.06,4.4999999999999998E-2]
[7202405,"72","24","5",0.04,0.03]
[7202504,"72","25","4",0.06,4.4999999999999998E-2]
[7202505,"72","25","5",0.05,3.7500000000000006E-2]
[7202604,"72","26","4",0.06,4.4999999999999998E-2]
[7202605,"72","26","5",0.04,0.03]
[7300105,"73","1","5",0.06,4.4999999999999998E-2]
[7300106,"73","1","6",0.04,0.03]
[7300205,"73","2","5",0.06,4.4999999999999998E-2]
[7300206,"73","2","6",0.04,0.03]
[7300305,"73","3","5",0.06,4.4999999999999998E-2]
[7300306,"73","3","6",0.04,0.03]
[7300405,"73","4","5",0.05,3.7500000000000006E-2]
[7300406,"73","4","6",0.03,2.2499999999999999E-2]
[7300505,"73","5","5",0.05,3.7500000000000006E-2]
[7300506,"73","5","6",0.03,2.2499999999999999E-2]
[7300606,"73","6","6",0.03,2.2499999999999999E-2]
[7300706,"73","7","6",0.03,2.2499999999999999E-2]
[7300805,"73","8","5",0.04,0.03]
[7300806,"73","8","6",0.03,2.2499999999999999E-2]
[7300905,"73","9","5",0.04,0.03]
[7300906,"73","9","6",0.03,2.2499999999999999E-2]
[7301005,"73","10","5",0.04,0.03]
[7301006,"73","10","6",0.03,2.2499999999999999E-2]
[7301105,"73","11","5",0.05,3.7500000000000006E-2]
[7301106,"73","11","6",0.03,2.2499999999999999E-2]
[7301204,"73","12","4",0.05,3.7500000000000006E-2]
[7301205,"73","12","5",0.05,3.7500000000000006E-2]
[7301206,"73","12","6",0.04,0.03]
[7301304,"73","13","4",0.05,3.7500000000000006E-2]
[7301305,"73","13","5",0.05,3.7500000000000006E-2]
[7301306,"73","13","6",0.04,0.03]
[7301404,"73","14","4",0.05,3.7500000000000006E-2]
[7301405,"73","14","5",0.05,3.7500000000000006E-2]
[7301406,"73","14","6",0.04,0.03]
[7301504,"73","15","4",0.05,3.7500000000000006E-2]
[7301505,"73","15","5",0.05,3.7500000000000006E-2]
[7301506,"73","15","6",0.04,0.03]
[7301604,"73","16","4",0.05,3.7500000000000006E-2]
[7301605,"73","16","5",0.05,3.7500000000000006E-2]
[7301606,"73","16","6",0.04,0.03]
[7301704,"73","17","4",0.05,3.7500000000000006E-2]
[7301705,"73","17","5",0.04,0.03]
[7301804,"73","18","4",0.05,3.7500000000000006E-2]
[7301805,"73","18","5",0.03,2.2499999999999999E-2]
[7301904,"73","19","4",0.06,4.4999999999999998E-2]
[7301905,"73","19","5",0.03,2.2499999999999999E-2]
[7302004,"73","20","4",0.06,{"$f":"E3330*$K$5","v":4.4999999999999998E-2}]
[{"$f":"(B3331*100000)+(C3331*100)+D3331","v":7302005},"73","20","5",0.03,2.2499999999999999E-2]
[7302104,"73","21","4",0.06,4.4999999999999998E-2]
[7302105,"73","21","5",0.03,2.2499999999999999E-2]
[7302204,"73","22","4",0.06,4.4999999999999998E-2]
[7302205,"73","22","5",0.03,2.2499999999999999E-2]
[7302304,"73","23","4",0.06,4.4999999999999998E-2]
[7302305,"73","23","5",0.04,0.03]
[7302404,"73","24","4",0.06,4.4999999999999998E-2]
[7302405,"73","24","5",0.04,0.03]
[7302504,"73","25","4",0.06,4.4999999999999998E-2]
[7302505,"73","25","5",0.04,0.03]
[7302604,"73","26","4",0.06,4.4999999999999998E-2]
[7302605,"73","26","5",0.04,0.03]
[7400106,"74","1","6",0.04,0.03]
[7400206,"74","2","6",0.04,0.03]
[7400306,"74","3","6",0.03,2.2499999999999999E-2]
[7400406,"74","4","6",0.03,2.2499999999999999E-2]
[7400506,"74","5","6",0.03,2.2499999999999999E-2]
[7400606,"74","6","6",0.03,2.2499999999999999E-2]
[7400706,"74","7","6",0.03,2.2499999999999999E-2]
[7400805,"74","8","5",0.04,0.03]
[7400806,"74","8","6",0.03,2.2499999999999999E-2]
[7400905,"74","9","5",0.04,0.03]
[7400906,"74","9","6",0.04,0.03]
[7401005,"74","10","5",0.04,0.03]
[7401006,"74","10","6",0.03,2.2499999999999999E-2]
[7401105,"74","11","5",0.04,0.03]
[7401106,"74","11","6",0.03,2.2499999999999999E-2]
[7401204,"74","12","4",0.05,3.7500000000000006E-2]
[7401205,"74","12","5",0.04,0.03]
[7401206,"74","12","6",0.05,3.7500000000000006E-2]
[7401304,"74","13","4",0.05,3.7500000000000006E-2]
[7401305,"74","13","5",0.04,0.03]
[7401306,"74","13","6",0.04,0.03]
[7401404,"74","14","4",0.05,3.7500000000000006E-2]
[7401405,"74","14","5",0.04,0.03]
[7401406,"74","14","6",0.04,0.03]
[7401504,"74","15","4",0.05,3.7500000000000006E-2]
[7401505,"74","15","5",0.04,0.03]
[7401506,"74","15","6",0.04,0.03]
[7401604,"74","16","4",0.05,3.7500000000000006E-2]
[7401605,"74","16","5",0.03,2.2499999999999999E-2]
[7401606,"74","16","6",0.04,0.03]
[7401704,"74","17","4",0.05,3.7500000000000006E-2]
[7401705,"74","17","5",0.03,2.2499999999999999E-2]
[7401804,"74","18","4",0.05,3.7500000000000006E-2]
[7401805,"74","18","5",0.03,2.2499999999999999E-2]
[7401904,"74","19","4",0.05,3.7500000000000006E-2]
[7401905,"74","19","5",0.03,2.2499999999999999E-2]
[7402004,"74","20","4",0.06,4.4999999999999998E-2]
[7402005,"74","20","5",0.03,2.2499999999999999E-2]
[7402104,"74","21","4",0.06,4.4999999999999998E-2]
[7402105,"74","21","5",0.03,2.2499999999999999E-2]
[7402204,"74","22","4",0.06,4.4999999999999998E-2]
[7402205,"74","22","5",0.03,2.2499999999999999E-2]
[7402304,"74","23","4",0.06,4.4999999999999998E-2]
[7402305,"74","23","5",0.03,2.2499999999999999E-2]
[7402404,"74","24","4",0.06,4.4999999999999998E-2]
[7402405,"74","24","5",0.04,0.03]
[7402505,"74","25","5",0.04,0.03]
[7402605,"74","26","5",0.04,0.03]
[7500106,"75","1","6",0.04,0.03]
[7500206,"75","2","6",0.04,0.03]
[7500306,"75","3","6",0.03,{"$f":"E3394*$K$5","v":2.2499999999999999E-2}]
[{"$f":"(B3395*100000)+(C3395*100)+D3395","v":7500406},"75","4","6",0.04,0.03]
[7500506,"75","5","6",0.04,0.03]
[7500606,"75","6","6",0.04,0.03]
[7500706,"75","7","6",0.04,0.03]
[7500805,"75","8","5",0.04,0.03]
[7500806,"75","8","6",0.03,2.2499999999999999E-2]
[7500905,"75","9","5",0.04,0.03]
[7500906,"75","9","6",0.03,2.2499999999999999E-2]
[7501005,"75","10","5",0.04,0.03]
[7501006,"75","10","6",0.04,0.03]
[7501105,"75","11","5",0.04,0.03]
[7501106,"75","11","6",0.05,3.7500000000000006E-2]
[7501204,"75","12","4",0.05,3.7500000000000006E-2]
[7501205,"75","12","5",0.04,0.03]
[7501206,"75","12","6",0.04,0.03]
[7501304,"75","13","4",0.05,3.7500000000000006E-2]
[7501305,"75","13","5",0.04,0.03]
[7501306,"75","13","6",0.04,0.03]
[7501404,"75","14","4",0.05,3.7500000000000006E-2]
[7501405,"75","14","5",0.04,0.03]
[7501406,"75","14","6",0.04,0.03]
[7501504,"75","15","4",0.05,3.7500000000000006E-2]
[7501505,"75","15","5",0.04,0.03]
[7501506,"75","15","6",0.04,0.03]
[7501604,"75","16","4",0.05,3.7500000000000006E-2]
[7501605,"75","16","5",0.04,0.03]
[7501606,"75","16","6",0.04,0.03]
[7501704,"75","17","4",0.05,3.7500000000000006E-2]
[7501705,"75","17","5",0.03,2.2499999999999999E-2]
[7501804,"75","18","4",0.05,3.7500000000000006E-2]
[7501805,"75","18","5",0.03,2.2499999999999999E-2]
[7501904,"75","19","4",0.05,3.7500000000000006E-2]
[7501905,"75","19","5",0.03,2.2499999999999999E-2]
[7502004,"75","20","4",0.06,4.4999999999999998E-2]
[7502005,"75","20","5",0.03,2.2499999999999999E-2]
[7502104,"75","21","4",0.06,4.4999999999999998E-2]
[7502105,"75","21","5",0.03,2.2499999999999999E-2]
[7502205,"75","22","5",0.03,2.2499999999999999E-2]
[7502305,"75","23","5",0.03,2.2499999999999999E-2]
[7502405,"75","24","5",0.04,0.03]
[7502505,"75","25","5",0.04,0.03]
[7502605,"75","26","5",0.04,0.03]
[7600106,"76","1","6",0.03,2.2499999999999999E-2]
[7600206,"76","2","6",0.03,2.2499999999999999E-2]
[7600306,"76","3","6",0.03,2.2499999999999999E-2]
[7600406,"76","4","6",0.03,2.2499999999999999E-2]
[7600506,"76","5","6",0.03,2.2499999999999999E-2]
[7600606,"76","6","6",0.03,2.2499999999999999E-2]
[7600706,"76","7","6",0.03,2.2499999999999999E-2]
[7600805,"76","8","5",0.04,0.03]
[7600806,"76","8","6",0.04,0.03]
[7600905,"76","9","5",0.04,0.03]
[7600906,"76","9","6",0.04,0.03]
[7601005,"76","10","5",0.04,0.03]
[7601006,"76","10","6",0.05,3.7500000000000006E-2]
[7601105,"76","11","5",0.04,0.03]
[7601106,"76","11","6",0.04,0.03]
[7601204,"76","12","4",0.05,3.7500000000000006E-2]
[7601205,"76","12","5",0.04,0.03]
[7601206,"76","12","6",0.04,0.03]
[7601304,"76","13","4",0.05,3.7500000000000006E-2]
[7601305,"76","13","5",0.04,0.03]
[7601306,"76","13","6",0.04,0.03]
[7601404,"76","14","4",0.05,{"$f":"E3458*$K$5","v":3.7500000000000006E-2}]
[{"$f":"(B3459*100000)+(C3459*100)+D3459","v":7601405},"76","14","5",0.04,0.03]
[7601406,"76","14","6",0.04,0.03]
[7601504,"76","15","4",0.05,3.7500000000000006E-2]
[7601505,"76","15","5",0.05,3.7500000000000006E-2]
[7601506,"76","15","6",0.04,0.03]
[7601604,"76","16","4",0.05,3.7500000000000006E-2]
[7601605,"76","16","5",0.04,0.03]
[7601606,"76","16","6",0.04,0.03]
[7601704,"76","17","4",0.05,3.7500000000000006E-2]
[7601705,"76","17","5",0.04,0.03]
[7601804,"76","18","4",0.05,3.7500000000000006E-2]
[7601805,"76","18","5",0.03,2.2499999999999999E-2]
[7601904,"76","19","4",0.05,3.7500000000000006E-2]
[7601905,"76","19","5",0.03,2.2499999999999999E-2]
[7602004,"76","20","4",0.06,4.4999999999999998E-2]
[7602005,"76","20","5",0.03,2.2499999999999999E-2]
[7602104,"76","21","4",0.06,4.4999999999999998E-2]
[7602105,"76","21","5",0.03,2.2499999999999999E-2]
[7602205,"76","22","5",0.03,2.2499999999999999E-2]
[7602305,"76","23","5",0.03,2.2499999999999999E-2]
[7602405,"76","24","5",0.04,0.03]
[7602505,"76","25","5",0.04,0.03]
[7602605,"76","26","5",0.04,0.03]
[7700106,"77","1","6",0.03,2.2499999999999999E-2]
[7700206,"77","2","6",0.03,2.2499999999999999E-2]
[7700306,"77","3","6",0.03,2.2499999999999999E-2]
[7700406,"77","4","6",0.03,2.2499999999999999E-2]
[7700506,"77","5","6",0.03,2.2499999999999999E-2]
[7700606,"77","6","6",0.03,2.2499999999999999E-2]
[7700706,"77","7","6",0.03,2.2499999999999999E-2]
[7700805,"77","8","5",0.04,0.03]
[7700806,"77","8","6",0.04,0.03]
[7700905,"77","9","5",0.04,0.03]
[7700906,"77","9","6",0.05,3.7500000000000006E-2]
[7701005,"77","10","5",0.04,0.03]
[7701006,"77","10","6",0.04,0.03]
[7701105,"77","11","5",0.04,0.03]
[7701106,"77","11","6",0.04,0.03]
[7701205,"77","12","5",0.04,0.03]
[7701206,"77","12","6",0.04,0.03]
[7701305,"77","13","5",0.04,0.03]
[7701306,"77","13","6",0.05,3.7500000000000006E-2]
[7701405,"77","14","5",0.04,0.03]
[7701406,"77","14","6",0.05,3.7500000000000006E-2]
[7701505,"77","15","5",0.04,0.03]
[7701506,"77","15","6",0.05,3.7500000000000006E-2]
[7701605,"77","16","5",0.04,0.03]
[7701606,"77","16","6",0.05,3.7500000000000006E-2]
[7701705,"77","17","5",0.04,0.03]
[7701805,"77","18","5",0.04,0.03]
[7701905,"77","19","5",0.03,2.2499999999999999E-2]
[7702005,"77","20","5",0.03,2.2499999999999999E-2]
[7702105,"77","21","5",0.03,2.2499999999999999E-2]
[7702205,"77","22","5",0.03,2.2499999999999999E-2]
[7702305,"77","23","5",0.03,2.2499999999999999E-2]
[7702405,"77","24","5",0.03,2.2499999999999999E-2]
[7702505,"77","25","5",0.03,2.2499999999999999E-2]
[7702605,"77","26","5",0.03,2.2499999999999999E-2]
[7800106,"78","1","6",0.03,2.2499999999999999E-2]
[7800206,"78","2","6",0.03,2.2499999999999999E-2]
[7800306,"78","3","6",0.03,2.2499999999999999E-2]
[7800406,"78","4","6",0.03,2.2499999999999999E-2]
[7800506,"78","5","6",0.03,2.2499999999999999E-2]
[7800606,"78","6","6",0.03,{"$f":"E3522*$K$5","v":2.2499999999999999E-2}]
[{"$f":"(B3523*100000)+(C3523*100)+D3523","v":7800706},"78","7","6",0.03,2.2499999999999999E-2]
[7800806,"78","8","6",0.03,2.2499999999999999E-2]
[7800906,"78","9","6",0.04,0.03]
[7801006,"78","10","6",0.04,0.03]
[7801105,"78","11","5",0.04,0.03]
[7801106,"78","11","6",0.04,0.03]
[7801205,"78","12","5",0.04,0.03]
[7801206,"78","12","6",0.05,3.7500000000000006E-2]
[7801305,"78","13","5",0.04,0.03]
[7801306,"78","13","6",0.05,3.7500000000000006E-2]
[7801405,"78","14","5",0.04,0.03]
[7801406,"78","14","6",0.05,3.7500000000000006E-2]
[7801505,"78","15","5",0.04,0.03]
[7801506,"78","15","6",0.05,3.7500000000000006E-2]
[7801605,"78","16","5",0.04,0.03]
[7801606,"78","16","6",0.05,3.7500000000000006E-2]
[7801705,"78","17","5",0.04,0.03]
[7801805,"78","18","5",0.04,0.03]
[7801905,"78","19","5",0.03,2.2499999999999999E-2]
[7802005,"78","20","5",0.03,2.2499999999999999E-2]
[7802105,"78","21","5",0.03,2.2499999999999999E-2]
[7802205,"78","22","5",0.03,2.2499999999999999E-2]
[7802305,"78","23","5",0.03,2.2499999999999999E-2]
[7802405,"78","24","5",0.03,2.2499999999999999E-2]
[7802505,"78","25","5",0.03,2.2499999999999999E-2]
[7802605,"78","26","5",0.03,2.2499999999999999E-2]
[7900106,"79","1","6",0.03,2.2499999999999999E-2]
[7900206,"79","2","6",0.03,2.2499999999999999E-2]
[7900306,"79","3","6",0.03,2.2499999999999999E-2]
[7900406,"79","4","6",0.03,2.2499999999999999E-2]
[7900506,"79","5","6",0.03,2.2499999999999999E-2]
[7900606,"79","6","6",0.03,2.2499999999999999E-2]
[7900706,"79","7","6",0.03,2.2499999999999999E-2]
[7900806,"79","8","6",0.03,2.2499999999999999E-2]
[7900906,"79","9","6",0.04,0.03]
[7901006,"79","10","6",0.04,0.03]
[7901105,"79","11","5",0.04,0.03]
[7901106,"79","11","6",0.04,0.03]
[7901205,"79","12","5",0.04,0.03]
[7901206,"79","12","6",0.04,0.03]
[7901305,"79","13","5",0.04,0.03]
[7901306,"79","13","6",0.03,2.2499999999999999E-2]
[7901405,"79","14","5",0.04,0.03]
[7901406,"79","14","6",0.03,2.2499999999999999E-2]
[7901505,"79","15","5",0.04,0.03]
[7901506,"79","15","6",0.03,2.2499999999999999E-2]
[7901605,"79","16","5",0.04,0.03]
[7901606,"79","16","6",0.03,2.2499999999999999E-2]
[7901705,"79","17","5",0.04,0.03]
[7901805,"79","18","5",0.04,0.03]
[7901905,"79","19","5",0.03,2.2499999999999999E-2]
[7902005,"79","20","5",0.03,2.2499999999999999E-2]
[7902105,"79","21","5",0.03,2.2499999999999999E-2]
[7902205,"79","22","5",0.03,2.2499999999999999E-2]
[7902305,"79","23","5",0.03,2.2499999999999999E-2]
[7902405,"79","24","5",0.03,2.2499999999999999E-2]
[7902505,"79","25","5",0.03,2.2499999999999999E-2]
[7902605,"79","26","5",0.03,2.2499999999999999E-2]
[8000106,"80","1","6",0.03,2.2499999999999999E-2]
[8000206,"80","2","6",0.03,2.2499999999999999E-2]
[8000306,"80","3","6",0.03,2.2499999999999999E-2]
[8000406,"80","4","6",0.03,2.2499999999999999E-2]
[8000506,"80","5","6",0.03,2.2499999999999999E-2]
[8000606,"80","6","6",0.03,{"$f":"E3586*$K$5","v":2.2499999999999999E-2}]
[{"$f":"(B3587*100000)+(C3587*100)+D3587","v":8000706},"80","7","6",0.03,2.2499999999999999E-2]
[8000806,"80","8","6",0.03,2.2499999999999999E-2]
[8000906,"80","9","6",0.04,0.03]
[8001006,"80","10","6",0.04,0.03]
[8001105,"80","11","5",0.04,0.03]
[8001106,"80","11","6",0.03,2.2499999999999999E-2]
[8001205,"80","12","5",0.04,0.03]
[8001206,"80","12","6",0.03,2.2499999999999999E-2]
[8001305,"80","13","5",0.04,0.03]
[8001306,"80","13","6",0.03,2.2499999999999999E-2]
[8001405,"80","14","5",0.04,0.03]
[8001406,"80","14","6",0.03,2.2499999999999999E-2]
[8001505,"80","15","5",0.04,0.03]
[8001506,"80","15","6",0.03,2.2499999999999999E-2]
[8001605,"80","16","5",0.04,0.03]
[8001606,"80","16","6",0.03,2.2499999999999999E-2]
[8001705,"80","17","5",0.04,0.03]
[8001805,"80","18","5",0.04,0.03]
[8001905,"80","19","5",0.03,2.2499999999999999E-2]
[8002005,"80","20","5",0.03,2.2499999999999999E-2]
[8002105,"80","21","5",0.03,2.2499999999999999E-2]
[8002205,"80","22","5",0.03,2.2499999999999999E-2]
[8002305,"80","23","5",0.03,2.2499999999999999E-2]
[8002405,"80","24","5",0.03,2.2499999999999999E-2]
[8002505,"80","25","5",0.03,2.2499999999999999E-2]
[8002605,"80","26","5",0.03,2.2499999999999999E-2]
[8100106,"81","1","6",0.03,2.2499999999999999E-2]
[8100206,"81","2","6",0.03,2.2499999999999999E-2]
[8100306,"81","3","6",0.03,2.2499999999999999E-2]
[8100406,"81","4","6",0.03,2.2499999999999999E-2]
[8100506,"81","5","6",0.03,2.2499999999999999E-2]
[8100606,"81","6","6",0.03,2.2499999999999999E-2]
[8100706,"81","7","6",0.03,2.2499999999999999E-2]
[8100806,"81","8","6",0.03,2.2499999999999999E-2]
[8100906,"81","9","6",0.04,0.03]
[8101006,"81","10","6",0.03,2.2499999999999999E-2]
[8101105,"81","11","5",0.04,0.03]
[8101106,"81","11","6",0.03,2.2499999999999999E-2]
[8101205,"81","12","5",0.04,0.03]
[8101206,"81","12","6",0.04,0.03]
[8101305,"81","13","5",0.04,0.03]
[8101306,"81","13","6",0.03,2.2499999999999999E-2]
[8101405,"81","14","5",0.04,0.03]
[8101406,"81","14","6",0.03,2.2499999999999999E-2]
[8101505,"81","15","5",0.04,0.03]
[8101506,"81","15","6",0.03,2.2499999999999999E-2]
[8101605,"81","16","5",0.04,0.03]
[8101606,"81","16","6",0.03,2.2499999999999999E-2]
[8101705,"81","17","5",0.04,0.03]
[8101805,"81","18","5",0.04,0.03]
[8101905,"81","19","5",0.03,2.2499999999999999E-2]
[8102005,"81","20","5",0.03,2.2499999999999999E-2]
[8102105,"81","21","5",0.03,2.2499999999999999E-2]
[8102205,"81","22","5",0.03,2.2499999999999999E-2]
[8102305,"81","23","5",0.03,2.2499999999999999E-2]
[8102405,"81","24","5",0.03,2.2499999999999999E-2]
[8102505,"81","25","5",0.03,2.2499999999999999E-2]
[8102605,"81","26","5",0.03,2.2499999999999999E-2]
[8200106,"82","1","6",0.03,2.2499999999999999E-2]
[8200206,"82","2","6",0.03,2.2499999999999999E-2]
[8200306,"82","3","6",0.03,2.2499999999999999E-2]
[8200406,"82","4","6",0.03,2.2499999999999999E-2]
[8200506,"82","5","6",0.03,2.2499999999999999E-2]
[8200606,"82","6","6",0.03,{"$f":"E3650*$K$5","v":2.2499999999999999E-2}]
[{"$f":"(B3651*100000)+(C3651*100)+D3651","v":8200706},"82","7","6",0.03,2.2499999999999999E-2]
[8200806,"82","8","6",0.04,0.03]
[8200906,"82","9","6",0.04,0.03]
[8201006,"82","10","6",0.03,2.2499999999999999E-2]
[8201106,"82","11","6",0.03,2.2499999999999999E-2]
[8201205,"82","12","5",0.04,0.03]
[8201206,"82","12","6",0.04,0.03]
[8201305,"82","13","5",0.04,0.03]
[8201306,"82","13","6",0.04,0.03]
[8201405,"82","14","5",0.04,0.03]
[8201406,"82","14","6",0.04,0.03]
[8201505,"82","15","5",0.04,0.03]
[8201506,"82","15","6",0.04,0.03]
[8201605,"82","16","5",0.04,0.03]
[8201606,"82","16","6",0.04,0.03]
[8201705,"82","17","5",0.04,0.03]
[8201805,"82","18","5",0.04,0.03]
[8201905,"82","19","5",0.03,2.2499999999999999E-2]
[8202005,"82","20","5",0.03,2.2499999999999999E-2]
[8202105,"82","21","5",0.03,2.2499999999999999E-2]
[8202205,"82","22","5",0.03,2.2499999999999999E-2]
[8202305,"82","23","5",0.03,2.2499999999999999E-2]
[8202405,"82","24","5",0.03,2.2499999999999999E-2]
[8202505,"82","25","5",0.03,2.2499999999999999E-2]
[8202605,"82","26","5",0.03,2.2499999999999999E-2]
[8300106,"83","1","6",0.03,2.2499999999999999E-2]
[8300206,"83","2","6",0.04,0.03]
[8300306,"83","3","6",0.03,2.2499999999999999E-2]
[8300406,"83","4","6",0.03,2.2499999999999999E-2]
[8300506,"83","5","6",0.03,2.2499999999999999E-2]
[8300606,"83","6","6",0.03,2.2499999999999999E-2]
[8300706,"83","7","6",0.04,0.03]
[8300806,"83","8","6",0.04,0.03]
[8300906,"83","9","6",0.04,0.03]
[8301006,"83","10","6",0.04,0.03]
[8301106,"83","11","6",0.04,0.03]
[8301206,"83","12","6",0.03,2.2499999999999999E-2]
[8301306,"83","13","6",0.04,0.03]
[8301406,"83","14","6",0.04,0.03]
[8301505,"83","15","5",0.04,0.03]
[8301506,"83","15","6",0.04,0.03]
[8301605,"83","16","5",0.04,0.03]
[8301606,"83","16","6",0.04,0.03]
[8301705,"83","17","5",0.04,0.03]
[8301805,"83","18","5",0.04,0.03]
[8301905,"83","19","5",0.04,0.03]
[8302005,"83","20","5",0.03,2.2499999999999999E-2]
[8302105,"83","21","5",0.03,2.2499999999999999E-2]
[8302205,"83","22","5",0.03,2.2499999999999999E-2]
[8302305,"83","23","5",0.03,2.2499999999999999E-2]
[8302405,"83","24","5",0.03,2.2499999999999999E-2]
[8302505,"83","25","5",0.03,2.2499999999999999E-2]
[8302605,"83","26","5",0.04,0.03]
[8400106,"84","1","6",0.04,0.03]
[8400206,"84","2","6",0.04,0.03]
[8400306,"84","3","6",0.04,0.03]
[8400406,"84","4","6",0.03,2.2499999999999999E-2]
[8400506,"84","5","6",0.03,2.2499999999999999E-2]
[8400606,"84","6","6",0.03,2.2499999999999999E-2]
[8400706,"84","7","6",0.04,0.03]
[8400806,"84","8","6",0.04,0.03]
[8400906,"84","9","6",0.03,2.2499999999999999E-2]
[8401006,"84","10","6",0.03,2.2499999999999999E-2]
[8401106,"84","11","6",0.03,{"$f":"E3714*$K$5","v":2.2499999999999999E-2}]
[{"$f":"(B3715*100000)+(C3715*100)+D3715","v":8401206},"84","12","6",0.04,0.03]
[8401306,"84","13","6",0.05,3.7500000000000006E-2]
[8401406,"84","14","6",0.05,3.7500000000000006E-2]
[8401505,"84","15","5",0.04,0.03]
[8401506,"84","15","6",0.05,3.7500000000000006E-2]
[8401605,"84","16","5",0.04,0.03]
[8401606,"84","16","6",0.05,3.7500000000000006E-2]
[8401705,"84","17","5",0.04,0.03]
[8401805,"84","18","5",0.04,0.03]
[8401905,"84","19","5",0.04,0.03]
[8402005,"84","20","5",0.03,2.2499999999999999E-2]
[8402105,"84","21","5",0.03,2.2499999999999999E-2]
[8402205,"84","22","5",0.03,2.2499999999999999E-2]
[8402305,"84","23","5",0.04,0.03]
[8402405,"84","24","5",0.03,2.2499999999999999E-2]
[8402505,"84","25","5",0.04,0.03]
[8402605,"84","26","5",0.04,0.03]
[8500106,"85","1","6",0.04,0.03]
[8500206,"85","2","6",0.04,0.03]
[8500306,"85","3","6",0.05,3.7500000000000006E-2]
[8500406,"85","4","6",0.04,0.03]
[8500506,"85","5","6",0.03,2.2499999999999999E-2]
[8500606,"85","6","6",0.04,0.03]
[8500706,"85","7","6",0.04,0.03]
[8500806,"85","8","6",0.04,0.03]
[8500906,"85","9","6",0.03,2.2499999999999999E-2]
[8501006,"85","10","6",0.04,0.03]
[8501106,"85","11","6",0.04,0.03]
[8501206,"85","12","6",0.05,3.7500000000000006E-2]
[8501306,"85","13","6",0.05,3.7500000000000006E-2]
[8501406,"85","14","6",0.05,3.7500000000000006E-2]
[8501505,"85","15","5",0.04,0.03]
[8501506,"85","15","6",0.05,3.7500000000000006E-2]
[8501605,"85","16","5",0.04,0.03]
[8501606,"85","16","6",0.05,3.7500000000000006E-2]
[8501705,"85","17","5",0.04,0.03]
[8501805,"85","18","5",0.04,0.03]
[8501905,"85","19","5",0.04,0.03]
[8502005,"85","20","5",0.03,2.2499999999999999E-2]
[8502105,"85","21","5",0.04,0.03]
[8502205,"85","22","5",0.04,0.03]
[8502305,"85","23","5",0.04,0.03]
[8502405,"85","24","5",0.04,0.03]
[8502505,"85","25","5",0.04,0.03]
[8502605,"85","26","5",0.04,0.03]
[8600106,"86","1","6",0.04,0.03]
[8600206,"86","2","6",0.04,0.03]
[8600306,"86","3","6",0.04,0.03]
[8600406,"86","4","6",0.05,3.7500000000000006E-2]
[8600506,"86","5","6",0.04,0.03]
[8600606,"86","6","6",0.04,0.03]
[8600706,"86","7","6",0.03,2.2499999999999999E-2]
[8600806,"86","8","6",0.04,0.03]
[8600906,"86","9","6",0.05,3.7500000000000006E-2]
[8601006,"86","10","6",0.05,3.7500000000000006E-2]
[8601106,"86","11","6",0.05,3.7500000000000006E-2]
[8601206,"86","12","6",0.05,3.7500000000000006E-2]
[8601306,"86","13","6",0.05,3.7500000000000006E-2]
[8601406,"86","14","6",0.05,3.7500000000000006E-2]
[8601505,"86","15","5",0.04,0.03]
[8601506,"86","15","6",0.05,3.7500000000000006E-2]
[8601605,"86","16","5",0.04,0.03]
[8601606,"86","16","6",0.05,3.7500000000000006E-2]
[8601705,"86","17","5",0.04,{"$f":"E3778*$K$5","v":0.03}]
[{"$f":"(B3779*100000)+(C3779*100)+D3779","v":8601805},"86","18","5",0.05,3.7500000000000006E-2]
[8601905,"86","19","5",0.04,0.03]
[8602005,"86","20","5",0.05,3.7500000000000006E-2]
[8602105,"86","21","5",0.04,0.03]
[8602205,"86","22","5",0.04,0.03]
[8602305,"86","23","5",0.04,0.03]
[8602405,"86","24","5",0.04,0.03]
[8602505,"86","25","5",0.04,0.03]
[8602605,"86","26","5",0.04,0.03]
[8700106,"87","1","6",0.04,0.03]
[8700206,"87","2","6",0.04,0.03]
[8700306,"87","3","6",0.04,0.03]
[8700406,"87","4","6",0.04,0.03]
[8700506,"87","5","6",0.05,3.7500000000000006E-2]
[8700606,"87","6","6",0.04,0.03]
[8700706,"87","7","6",0.04,0.03]
[8700806,"87","8","6",0.05,3.7500000000000006E-2]
[8700906,"87","9","6",0.05,3.7500000000000006E-2]
[8701006,"87","10","6",0.05,3.7500000000000006E-2]
[8701106,"87","11","6",0.05,3.7500000000000006E-2]
[8701206,"87","12","6",0.05,3.7500000000000006E-2]
[8701306,"87","13","6",0.05,3.7500000000000006E-2]
[8701505,"87","15","5",0.05,3.7500000000000006E-2]
[8701605,"87","16","5",0.05,3.7500000000000006E-2]
[8701705,"87","17","5",0.05,3.7500000000000006E-2]
[8701805,"87","18","5",0.05,3.7500000000000006E-2]
[8701905,"87","19","5",0.05,3.7500000000000006E-2]
[8702005,"87","20","5",0.05,3.7500000000000006E-2]
[8702105,"87","21","5",0.05,3.7500000000000006E-2]
[8702205,"87","22","5",0.05,3.7500000000000006E-2]
[8702305,"87","23","5",0.05,3.7500000000000006E-2]
[8702405,"87","24","5",0.05,3.7500000000000006E-2]
[8702505,"87","25","5",0.05,3.7500000000000006E-2]
[8702605,"87","26","5",0.04,0.03]
[8800106,"88","1","6",0.04,0.03]
[8800206,"88","2","6",0.04,0.03]
[8800306,"88","3","6",0.04,0.03]
[8800406,"88","4","6",0.05,3.7500000000000006E-2]
[8800506,"88","5","6",0.05,3.7500000000000006E-2]
[8800606,"88","6","6",0.05,3.7500000000000006E-2]
[8800706,"88","7","6",0.05,3.7500000000000006E-2]
[8800806,"88","8","6",0.05,3.7500000000000006E-2]
[8800906,"88","9","6",0.06,4.4999999999999998E-2]
[8801006,"88","10","6",0.06,4.4999999999999998E-2]
[8801106,"88","11","6",0.06,4.4999999999999998E-2]
[8801206,"88","12","6",0.05,3.7500000000000006E-2]
[8801306,"88","13","6",0.05,3.7500000000000006E-2]
[8801505,"88","15","5",0.05,3.7500000000000006E-2]
[8801605,"88","16","5",0.05,3.7500000000000006E-2]
[8801705,"88","17","5",0.05,3.7500000000000006E-2]
[8801805,"88","18","5",0.05,3.7500000000000006E-2]
[8801905,"88","19","5",0.05,3.7500000000000006E-2]
[8802005,"88","20","5",0.05,3.7500000000000006E-2]
[8802105,"88","21","5",0.05,3.7500000000000006E-2]
[8802205,"88","22","5",0.05,3.7500000000000006E-2]
[8802305,"88","23","5",0.05,3.7500000000000006E-2]
[8802405,"88","24","5",0.05,3.7500000000000006E-2]
[8802505,"88","25","5",0.05,3.7500000000000006E-2]
[8802605,"88","26","5",0.05,3.7500000000000006E-2]
[8900106,"89","1","6",0.05,3.7500000000000006E-2]
[8900206,"89","2","6",0.05,3.7500000000000006E-2]
[8900306,"89","3","6",0.05,3.7500000000000006E-2]
[8900406,"89","4","6",0.05,3.7500000000000006E-2]
[8900506,"89","5","6",0.05,{"$f":"E3842*$K$5","v":3.7500000000000006E-2}]
[{"$f":"(B3843*100000)+(C3843*100)+D3843","v":8900606},"89","6","6",0.05,3.7500000000000006E-2]
[8900706,"89","7","6",0.05,3.7500000000000006E-2]
[8900806,"89","8","6",0.05,3.7500000000000006E-2]
[8900906,"89","9","6",0.05,3.7500000000000006E-2]
[8901006,"89","10","6",0.06,4.4999999999999998E-2]
[8901106,"89","11","6",0.06,4.4999999999999998E-2]
[8901206,"89","12","6",0.06,4.4999999999999998E-2]
[8901306,"89","13","6",0.05,3.7500000000000006E-2]
[8901505,"89","15","5",0.05,3.7500000000000006E-2]
[8901605,"89","16","5",0.05,3.7500000000000006E-2]
[8901705,"89","17","5",0.05,3.7500000000000006E-2]
[8901805,"89","18","5",0.05,3.7500000000000006E-2]
[8901905,"89","19","5",0.05,3.7500000000000006E-2]
[8902005,"89","20","5",0.05,3.7500000000000006E-2]
[8902105,"89","21","5",0.04,0.03]
[8902205,"89","22","5",0.04,0.03]
[8902305,"89","23","5",0.04,0.03]
[8902405,"89","24","5",0.05,3.7500000000000006E-2]
[8902505,"89","25","5",0.05,3.7500000000000006E-2]
[8902605,"89","26","5",0.05,3.7500000000000006E-2]
[9000106,"90","1","6",0.05,3.7500000000000006E-2]
[9000206,"90","2","6",0.05,3.7500000000000006E-2]
[9000306,"90","3","6",0.05,3.7500000000000006E-2]
[9000406,"90","4","6",0.05,3.7500000000000006E-2]
[9000506,"90","5","6",0.05,3.7500000000000006E-2]
[9000606,"90","6","6",0.05,3.7500000000000006E-2]
[9000706,"90","7","6",0.05,3.7500000000000006E-2]
[9000806,"90","8","6",0.05,3.7500000000000006E-2]
[9000906,"90","9","6",0.05,3.7500000000000006E-2]
[9001006,"90","10","6",0.05,3.7500000000000006E-2]
[9001106,"90","11","6",0.06,4.4999999999999998E-2]
[9001206,"90","12","6",0.06,4.4999999999999998E-2]
[9001705,"90","17","5",0.05,3.7500000000000006E-2]
[9001805,"90","18","5",0.05,3.7500000000000006E-2]
[9001905,"90","19","5",0.05,3.7500000000000006E-2]
[9002005,"90","20","5",0.05,3.7500000000000006E-2]
[9002105,"90","21","5",0.04,0.03]
[9002205,"90","22","5",0.04,0.03]
[9002305,"90","23","5",0.04,0.03]
[9002405,"90","24","5",0.05,3.7500000000000006E-2]
[9002505,"90","25","5",0.05,3.7500000000000006E-2]
[9002605,"90","26","5",0.05,3.7500000000000006E-2]
[9100106,"91","1","6",0.05,3.7500000000000006E-2]
[9100206,"91","2","6",0.05,3.7500000000000006E-2]
[9100306,"91","3","6",0.05,3.7500000000000006E-2]
[9100406,"91","4","6",0.05,3.7500000000000006E-2]
[9100506,"91","5","6",0.05,3.7500000000000006E-2]
[9100606,"91","6","6",0.05,3.7500000000000006E-2]
[9100706,"91","7","6",0.05,3.7500000000000006E-2]
[9100806,"91","8","6",0.05,3.7500000000000006E-2]
[9100906,"91","9","6",0.05,3.7500000000000006E-2]
[9101006,"91","10","6",0.05,3.7500000000000006E-2]
[9101106,"91","11","6",0.06,4.4999999999999998E-2]
[9101206,"91","12","6",0.06,4.4999999999999998E-2]
[9101605,"91","16","5",0.05,3.7500000000000006E-2]
[9101705,"91","17","5",0.05,3.7500000000000006E-2]
[9101805,"91","18","5",0.05,3.7500000000000006E-2]
[9101905,"91","19","5",0.05,3.7500000000000006E-2]
[9102005,"91","20","5",0.05,3.7500000000000006E-2]
[9102105,"91","21","5",0.04,0.03]
[9102205,"91","22","5",0.04,0.03]
[9102305,"91","23","5",0.04,0.03]
[9102405,"91","24","5",0.05,3.7500000000000006E-2]
[9102505,"91","25","5",0.05,{"$f":"E3906*$K$5","v":3.7500000000000006E-2}]
[{"$f":"(B3907*100000)+(C3907*100)+D3907","v":9200106},"92","1","6",0.05,3.7500000000000006E-2]
[9200206,"92","2","6",0.05,3.7500000000000006E-2]
[9200306,"92","3","6",0.05,3.7500000000000006E-2]
[9201605,"92","16","5",0.05,3.7500000000000006E-2]
[9201705,"92","17","5",0.05,3.7500000000000006E-2]
[9201805,"92","18","5",0.05,3.7500000000000006E-2]
[9201905,"92","19","5",0.05,3.7500000000000006E-2]
[9202005,"92","20","5",0.04,0.03]
[9202105,"92","21","5",0.04,0.03]
[9202205,"92","22","5",0.04,0.03]
[9202305,"92","23","5",0.03,2.2499999999999999E-2]
[9202405,"92","24","5",0.05,3.7500000000000006E-2]
[9202505,"92","25","5",0.05,3.7500000000000006E-2]
[9300106,"93","1","6",0.05,3.7500000000000006E-2]
[9300206,"93","2","6",0.05,3.7500000000000006E-2]
[9300306,"93","3","6",0.05,3.7500000000000006E-2]
[9301605,"93","16","5",0.05,3.7500000000000006E-2]
[9301705,"93","17","5",0.05,3.7500000000000006E-2]
[9301805,"93","18","5",0.05,3.7500000000000006E-2]
[9301905,"93","19","5",0.05,3.7500000000000006E-2]
[9302005,"93","20","5",0.05,3.7500000000000006E-2]
[9302105,"93","21","5",0.04,0.03]
[9302205,"93","22","5",0.04,0.03]
[9302305,"93","23","5",0.03,2.2499999999999999E-2]
[9302405,"93","24","5",0.05,3.7500000000000006E-2]
[9302505,"93","25","5",0.05,3.7500000000000006E-2]
[9400106,"94","1","6",0.05,3.7500000000000006E-2]
[9400206,"94","2","6",0.05,3.7500000000000006E-2]
[9400306,"94","3","6",0.05,3.7500000000000006E-2]
[9401605,"94","16","5",0.05,3.7500000000000006E-2]
[9401705,"94","17","5",0.05,3.7500000000000006E-2]
[9401805,"94","18","5",0.05,3.7500000000000006E-2]
[9401905,"94","19","5",0.05,3.7500000000000006E-2]
[9402005,"94","20","5",0.05,3.7500000000000006E-2]
[9402105,"94","21","5",0.05,3.7500000000000006E-2]
[9402205,"94","22","5",0.04,0.03]
[9402305,"94","23","5",0.04,0.03]
[9402405,"94","24","5",0.04,0.03]
[9402505,"94","25","5",0.05,3.7500000000000006E-2]
[9500106,"95","1","6",0.05,3.7500000000000006E-2]
[9500206,"95","2","6",0.05,3.7500000000000006E-2]
[9500306,"95","3","6",0.05,3.7500000000000006E-2]
[9501605,"95","16","5",0.05,3.7500000000000006E-2]
[9501705,"95","17","5",0.05,3.7500000000000006E-2]
[9501805,"95","18","5",0.05,3.7500000000000006E-2]
[9501905,"95","19","5",0.05,3.7500000000000006E-2]
[9502005,"95","20","5",0.03,2.2499999999999999E-2]
[9502105,"95","21","5",0.04,0.03]
[9502205,"95","22","5",0.05,3.7500000000000006E-2]
[9502305,"95","23","5",0.05,3.7500000000000006E-2]
[9502405,"95","24","5",0.05,3.7500000000000006E-2]
[9502505,"95","25","5",0.05,3.7500000000000006E-2]
[9600106,"96","1","6",0.05,3.7500000000000006E-2]
[9600206,"96","2","6",0.05,3.7500000000000006E-2]
[9600306,"96","3","6",0.05,3.7500000000000006E-2]
[9601605,"96","16","5",0.05,3.7500000000000006E-2]
[9601705,"96","17","5",0.05,3.7500000000000006E-2]
[9601805,"96","18","5",0.05,3.7500000000000006E-2]
[9601905,"96","19","5",0.05,3.7500000000000006E-2]
[9602005,"96","20","5",0.03,2.2499999999999999E-2]
[9602105,"96","21","5",0.04,0.03]
[9602205,"96","22","5",0.05,3.7500000000000006E-2]
[9602305,"96","23","5",0.06,4.4999999999999998E-2]
[9602405,"96","24","5",0.05,{"$f":"E3970*$K$5","v":3.7500000000000006E-2}]
[{"$f":"(B3971*100000)+(C3971*100)+D3971","v":9602505},"96","25","5",0.05,3.7500000000000006E-2]
[9700106,"97","1","6",0.05,3.7500000000000006E-2]
[9700206,"97","2","6",0.05,3.7500000000000006E-2]
[9700306,"97","3","6",0.05,3.7500000000000006E-2]
[9700406,"97","4","6",0.05,3.7500000000000006E-2]
[9701605,"97","16","5",0.05,3.7500000000000006E-2]
[9701705,"97","17","5",0.05,3.7500000000000006E-2]
[9701805,"97","18","5",0.05,3.7500000000000006E-2]
[9701905,"97","19","5",0.05,3.7500000000000006E-2]
[9702005,"97","20","5",0.04,0.03]
[9702105,"97","21","5",0.05,3.7500000000000006E-2]
[9702205,"97","22","5",0.05,3.7500000000000006E-2]
[9702305,"97","23","5",0.05,3.7500000000000006E-2]
[9702405,"97","24","5",0.05,3.7500000000000006E-2]
[9702505,"97","25","5",0.05,3.7500000000000006E-2]
[9800106,"98","1","6",0.05,3.7500000000000006E-2]
[9800206,"98","2","6",0.05,3.7500000000000006E-2]
[9800306,"98","3","6",0.05,3.7500000000000006E-2]
[9800406,"98","4","6",0.05,3.7500000000000006E-2]
[9801305,"98","13","5",0.05,3.7500000000000006E-2]
[9801405,"98","14","5",0.05,3.7500000000000006E-2]
[9801505,"98","15","5",0.05,3.7500000000000006E-2]
[9801605,"98","16","5",0.05,3.7500000000000006E-2]
[9801705,"98","17","5",0.05,3.7500000000000006E-2]
[9801805,"98","18","5",0.05,3.7500000000000006E-2]
[9801905,"98","19","5",0.05,3.7500000000000006E-2]
[9802005,"98","20","5",0.05,3.7500000000000006E-2]
[9802105,"98","21","5",0.05,3.7500000000000006E-2]
[9802205,"98","22","5",0.05,3.7500000000000006E-2]
[9802305,"98","23","5",0.05,3.7500000000000006E-2]
[9802405,"98","24","5",0.05,3.7500000000000006E-2]
[9802505,"98","25","5",0.05,3.7500000000000006E-2]
[9900106,"99","1","6",0.05,3.7500000000000006E-2]
[9900206,"99","2","6",0.05,3.7500000000000006E-2]
[9900306,"99","3","6",0.05,3.7500000000000006E-2]
[9900406,"99","4","6",0.05,3.7500000000000006E-2]
[9901305,"99","13","5",0.05,3.7500000000000006E-2]
[9901405,"99","14","5",0.05,3.7500000000000006E-2]
[9901505,"99","15","5",0.05,3.7500000000000006E-2]
[9901605,"99","16","5",0.05,3.7500000000000006E-2]
[9901705,"99","17","5",0.05,3.7500000000000006E-2]
[9901805,"99","18","5",0.05,3.7500000000000006E-2]
[9901905,"99","19","5",0.05,3.7500000000000006E-2]
[9902005,"99","20","5",0.05,3.7500000000000006E-2]
[9902105,"99","21","5",0.05,3.7500000000000006E-2]
[9902205,"99","22","5",0.05,3.7500000000000006E-2]
[9902305,"99","23","5",0.05,3.7500000000000006E-2]
[9902405,"99","24","5",0.05,3.7500000000000006E-2]
[9902505,"99","25","5",0.05,3.7500000000000006E-2]
[10000106,"100","1","6",0.05,3.7500000000000006E-2]
[10000206,"100","2","6",0.05,3.7500000000000006E-2]
[10000306,"100","3","6",0.05,3.7500000000000006E-2]
[10000406,"100","4","6",0.05,3.7500000000000006E-2]
[10001005,"100","10","5",0.04,0.03]
[10001105,"100","11","5",0.04,0.03]
[10001205,"100","12","5",0.05,3.7500000000000006E-2]
[10001305,"100","13","5",0.05,3.7500000000000006E-2]
[10001405,"100","14","5",0.05,3.7500000000000006E-2]
[10001505,"100","15","5",0.05,3.7500000000000006E-2]
[10001605,"100","16","5",0.05,3.7500000000000006E-2]
[10001705,"100","17","5",0.05,3.7500000000000006E-2]
[10001805,"100","18","5",0.05,3.7500000000000006E-2]
[10001905,"100","19","5",0.05,3.7500000000000006E-2]
[10002005,"100","20","5",0.05,{"$f":"E4034*$K$5","v":3.7500000000000006E-2}]
[{"$f":"(B4035*100000)+(C4035*100)+D4035","v":10002105},"100","21","5",0.05,3.7500000000000006E-2]
[10002205,"100","22","5",0.05,3.7500000000000006E-2]
[10002305,"100","23","5",0.05,3.7500000000000006E-2]
[10002405,"100","24","5",0.05,3.7500000000000006E-2]
[10002505,"100","25","5",0.05,3.7500000000000006E-2]
[10100106,"101","1","6",0.05,3.7500000000000006E-2]
[10100206,"101","2","6",0.05,3.7500000000000006E-2]
[10100306,"101","3","6",0.05,3.7500000000000006E-2]
[10100406,"101","4","6",0.05,3.7500000000000006E-2]
[10100905,"101","9","5",0.04,0.03]
[10101005,"101","10","5",0.04,0.03]
[10101105,"101","11","5",0.04,0.03]
[10101205,"101","12","5",0.04,0.03]
[10101305,"101","13","5",0.05,3.7500000000000006E-2]
[10101405,"101","14","5",0.05,3.7500000000000006E-2]
[10101505,"101","15","5",0.05,3.7500000000000006E-2]
[10101605,"101","16","5",0.05,3.7500000000000006E-2]
[10101705,"101","17","5",0.05,3.7500000000000006E-2]
[10101805,"101","18","5",0.05,3.7500000000000006E-2]
[10101905,"101","19","5",0.04,0.03]
[10102005,"101","20","5",0.04,0.03]
[10102105,"101","21","5",0.05,3.7500000000000006E-2]
[10102205,"101","22","5",0.05,3.7500000000000006E-2]
[10102305,"101","23","5",0.05,3.7500000000000006E-2]
[10102405,"101","24","5",0.05,3.7500000000000006E-2]
[10102505,"101","25","5",0.05,3.7500000000000006E-2]
[10200106,"102","1","6",0.05,3.7500000000000006E-2]
[10200206,"102","2","6",0.05,3.7500000000000006E-2]
[10200306,"102","3","6",0.05,3.7500000000000006E-2]
[10200406,"102","4","6",0.05,3.7500000000000006E-2]
[10200805,"102","8","5",0.04,0.03]
[10200905,"102","9","5",0.04,0.03]
[10201005,"102","10","5",0.04,0.03]
[10201105,"102","11","5",0.04,0.03]
[10201205,"102","12","5",0.04,0.03]
[10201305,"102","13","5",0.05,3.7500000000000006E-2]
[10201405,"102","14","5",0.05,3.7500000000000006E-2]
[10201505,"102","15","5",0.05,3.7500000000000006E-2]
[10201605,"102","16","5",0.05,3.7500000000000006E-2]
[10201705,"102","17","5",0.05,3.7500000000000006E-2]
[10201805,"102","18","5",0.04,0.03]
[10201905,"102","19","5",0.04,0.03]
[10202005,"102","20","5",0.04,0.03]
[10202105,"102","21","5",0.04,0.03]
[10202205,"102","22","5",0.05,3.7500000000000006E-2]
[10202305,"102","23","5",0.05,3.7500000000000006E-2]
[10202405,"102","24","5",0.05,3.7500000000000006E-2]
[10202505,"102","25","5",0.05,3.7500000000000006E-2]
[10300106,"103","1","6",0.05,3.7500000000000006E-2]
[10300206,"103","2","6",0.05,3.7500000000000006E-2]
[10300306,"103","3","6",0.05,3.7500000000000006E-2]
[10300406,"103","4","6",0.05,3.7500000000000006E-2]
[10300805,"103","8","5",0.04,0.03]
[10300905,"103","9","5",0.04,0.03]
[10301005,"103","10","5",0.04,0.03]
[10301105,"103","11","5",0.04,0.03]
[10301205,"103","12","5",0.04,0.03]
[10301305,"103","13","5",0.04,0.03]
[10301405,"103","14","5",0.05,3.7500000000000006E-2]
[10301505,"103","15","5",0.05,3.7500000000000006E-2]
[10301605,"103","16","5",0.05,3.7500000000000006E-2]
[10301705,"103","17","5",0.04,0.03]
[10301805,"103","18","5",0.04,0.03]
[10301905,"103","19","5",0.04,{"$f":"E4098*$K$5","v":0.03}]
[{"$f":"(B4099*100000)+(C4099*100)+D4099","v":10302005},"103","20","5",0.04,0.03]
[10302105,"103","21","5",0.04,0.03]
[10302205,"103","22","5",0.04,0.03]
[10302305,"103","23","5",0.04,0.03]
[10302405,"103","24","5",0.05,3.7500000000000006E-2]
[10302505,"103","25","5",0.05,3.7500000000000006E-2]
[10400106,"104","1","6",0.05,3.7500000000000006E-2]
[10400206,"104","2","6",0.05,3.7500000000000006E-2]
[10400306,"104","3","6",0.05,3.7500000000000006E-2]
[10400406,"104","4","6",0.05,3.7500000000000006E-2]
[10400805,"104","8","5",0.04,0.03]
[10400905,"104","9","5",0.04,0.03]
[10401005,"104","10","5",0.04,0.03]
[10401105,"104","11","5",0.04,0.03]
[10401205,"104","12","5",0.04,0.03]
[10401305,"104","13","5",0.05,3.7500000000000006E-2]
[10401405,"104","14","5",0.03,2.2499999999999999E-2]
[10401505,"104","15","5",0.03,2.2499999999999999E-2]
[10401605,"104","16","5",0.04,0.03]
[10401705,"104","17","5",0.04,0.03]
[10401805,"104","18","5",0.04,0.03]
[10401905,"104","19","5",0.04,0.03]
[10402005,"104","20","5",0.04,0.03]
[10402105,"104","21","5",0.04,0.03]
[10402205,"104","22","5",0.04,0.03]
[10402305,"104","23","5",0.04,0.03]
[10402405,"104","24","5",0.04,0.03]
[10402505,"104","25","5",0.04,0.03]
[10500106,"105","1","6",0.04,0.03]
[10500206,"105","2","6",0.05,3.7500000000000006E-2]
[10500306,"105","3","6",0.05,3.7500000000000006E-2]
[10500406,"105","4","6",0.05,3.7500000000000006E-2]
[10500605,"105","6","5",0.05,3.7500000000000006E-2]
[10500705,"105","7","5",0.04,0.03]
[10500805,"105","8","5",0.04,0.03]
[10500905,"105","9","5",0.04,0.03]
[10501005,"105","10","5",0.04,0.03]
[10501105,"105","11","5",0.04,0.03]
[10501205,"105","12","5",0.05,3.7500000000000006E-2]
[10501305,"105","13","5",0.04,0.03]
[10501405,"105","14","5",0.03,2.2499999999999999E-2]
[10501505,"105","15","5",0.03,2.2499999999999999E-2]
[10501605,"105","16","5",0.04,0.03]
[10501705,"105","17","5",0.04,0.03]
[10501805,"105","18","5",0.04,0.03]
[10501905,"105","19","5",0.04,0.03]
[10502005,"105","20","5",0.04,0.03]
[10502105,"105","21","5",0.04,0.03]
[10502205,"105","22","5",0.04,0.03]
[10502305,"105","23","5",0.04,0.03]
[10502405,"105","24","5",0.04,0.03]
[10502505,"105","25","5",0.04,0.03]
[10600106,"106","1","6",0.04,0.03]
[10600206,"106","2","6",0.04,0.03]
[10600306,"106","3","6",0.05,3.7500000000000006E-2]
[10600406,"106","4","6",0.05,3.7500000000000006E-2]
[10600605,"106","6","5",0.05,3.7500000000000006E-2]
[10600705,"106","7","5",0.05,3.7500000000000006E-2]
[10600805,"106","8","5",0.04,0.03]
[10600905,"106","9","5",0.04,0.03]
[10601005,"106","10","5",0.04,0.03]
[10601105,"106","11","5",0.04,0.03]
[10601205,"106","12","5",0.04,0.03]
[10601305,"106","13","5",0.03,{"$f":"E4162*$K$5","v":2.2499999999999999E-2}]
[{"$f":"(B4163*100000)+(C4163*100)+D4163","v":10601405},"106","14","5",0.03,2.2499999999999999E-2]
[10601505,"106","15","5",0.03,2.2499999999999999E-2]
[10601605,"106","16","5",0.05,3.7500000000000006E-2]
[10601705,"106","17","5",0.04,0.03]
[10601805,"106","18","5",0.04,0.03]
[10601905,"106","19","5",0.04,0.03]
[10602005,"106","20","5",0.04,0.03]
[10602105,"106","21","5",0.04,0.03]
[10602205,"106","22","5",0.04,0.03]
[10602305,"106","23","5",0.04,0.03]
[10602405,"106","24","5",0.04,0.03]
[10700605,"107","6","5",0.05,3.7500000000000006E-2]
[10700705,"107","7","5",0.05,3.7500000000000006E-2]
[10700805,"107","8","5",0.05,3.7500000000000006E-2]
[10700905,"107","9","5",0.05,3.7500000000000006E-2]
[10701005,"107","10","5",0.05,3.7500000000000006E-2]
[10701105,"107","11","5",0.05,3.7500000000000006E-2]
[10701205,"107","12","5",0.03,2.2499999999999999E-2]
[10701305,"107","13","5",0.03,2.2499999999999999E-2]
[10701405,"107","14","5",0.03,2.2499999999999999E-2]
[10701505,"107","15","5",0.04,0.03]
[10701605,"107","16","5",0.05,3.7500000000000006E-2]
[10701705,"107","17","5",0.04,0.03]
[10701805,"107","18","5",0.04,0.03]
[10701905,"107","19","5",0.04,0.03]
[10702005,"107","20","5",0.04,0.03]
[10702105,"107","21","5",0.04,0.03]
[10702205,"107","22","5",0.04,0.03]
[10800605,"108","6","5",0.05,3.7500000000000006E-2]
[10800705,"108","7","5",0.05,3.7500000000000006E-2]
[10800805,"108","8","5",0.05,3.7500000000000006E-2]
[10800905,"108","9","5",0.05,3.7500000000000006E-2]
[10801005,"108","10","5",0.05,3.7500000000000006E-2]
[10801105,"108","11","5",0.05,3.7500000000000006E-2]
[10801205,"108","12","5",0.03,2.2499999999999999E-2]
[10801305,"108","13","5",0.03,2.2499999999999999E-2]
[10801405,"108","14","5",0.04,0.03]
[10801505,"108","15","5",0.04,0.03]
[10801605,"108","16","5",0.04,0.03]
[10801705,"108","17","5",0.04,0.03]
[10801805,"108","18","5",0.04,0.03]
[10801905,"108","19","5",0.04,0.03]
[10802005,"108","20","5",0.04,0.03]
[10802105,"108","21","5",0.04,0.03]
[10802205,"108","22","5",0.04,0.03]
[10900605,"109","6","5",0.05,3.7500000000000006E-2]
[10900705,"109","7","5",0.05,3.7500000000000006E-2]
[10900805,"109","8","5",0.05,3.7500000000000006E-2]
[10900905,"109","9","5",0.05,3.7500000000000006E-2]
[10901005,"109","10","5",0.05,3.7500000000000006E-2]
[10901105,"109","11","5",0.05,3.7500000000000006E-2]
[10901205,"109","12","5",0.04,0.03]
[10901305,"109","13","5",0.03,2.2499999999999999E-2]
[10901405,"109","14","5",0.04,0.03]
[10901505,"109","15","5",0.03,2.2499999999999999E-2]
[10901605,"109","16","5",0.04,0.03]
[10901705,"109","17","5",0.04,0.03]
[10901805,"109","18","5",0.04,0.03]
[10901905,"109","19","5",0.04,0.03]
[10902005,"109","20","5",0.04,0.03]
[10902105,"109","21","5",0.04,0.03]
[10902205,"109","22","5",0.04,0.03]
[11000605,"110","6","5",0.05,3.7500000000000006E-2]
[11000705,"110","7","5",0.05,{"$f":"E4226*$K$5","v":3.7500000000000006E-2}]
[{"$f":"(B4227*100000)+(C4227*100)+D4227","v":11000805},"110","8","5",0.05,3.7500000000000006E-2]
[11000905,"110","9","5",0.05,3.7500000000000006E-2]
[11001005,"110","10","5",0.05,3.7500000000000006E-2]
[11001105,"110","11","5",0.04,0.03]
[11001205,"110","12","5",0.05,3.7500000000000006E-2]
[11001305,"110","13","5",0.05,3.7500000000000006E-2]
[11001405,"110","14","5",0.04,0.03]
[11001505,"110","15","5",0.04,0.03]
[11001605,"110","16","5",0.05,3.7500000000000006E-2]
[11001705,"110","17","5",0.04,0.03]
[11001805,"110","18","5",0.04,0.03]
[11001905,"110","19","5",0.04,0.03]
[11002005,"110","20","5",0.04,0.03]
[11002105,"110","21","5",0.04,0.03]
[11002205,"110","22","5",0.04,0.03]

{"sheet":"Not Eligible (data)","index":4,"n_rows":59,"n_cols":14,"rows_kept":59,"cut":false,"hidden":true,"merged":[]}
[]
[]
["Lookup","TWP ","Range","Meridian",null,null,null,null,null,"Modication History"]
[{"$f":"(B4*10000)+(C4*100)+D4","v":651406},65,14,6,"only a small part of 14 is eligible ",null,null,null,null,"2020-03-20","Martine West","No changes for 2020","Completed"]
[{"$f":"(B5*10000)+(C5*100)+D5","v":661406},66,14,6,"only a small part of 14 is eligible ",null,null,null,null,"2021-03-18","Martine West","No changes for 2021","Completed"]
[671406,67,14,6,"only a small part of 14 is eligible ",null,null,null,null,"2021-12-17","Martine West","No changes for 2022","Completed"]
[681406,68,14,6,"only a small part of 14 is eligible "]
[691506,69,15,6,0]
[691606,69,16,6,0]
[701506,70,15,6,0]
[701606,70,16,6,0]
[711506,71,15,6,0]
[711606,71,16,6,0]
[721506,72,15,6,0]
[721606,72,16,6,0]
[731506,73,15,6,0]
[731606,73,16,6,0]
[741506,74,15,6,0]
[741606,74,16,6,0]
[751406,75,14,6,0]
[751506,75,15,6,0]
[751606,75,16,6,0]
[761406,76,14,6,0]
[761506,76,15,6,0]
[761606,76,16,6,0]
[771406,77,14,6,0]
[771506,77,15,6,0]
[771606,77,16,6,0]
[781406,78,14,6,0]
[781506,78,15,6,0]
[781606,78,16,6,0]
[791406,79,14,6,0]
[791506,79,15,6,0]
[791606,79,16,6,0]
[801406,80,14,6,0]
[801506,80,15,6,0]
[801606,80,16,6,0]
[811406,81,14,6,0]
[811506,81,15,6,0]
[811606,81,16,6,0]
[821406,82,14,6,0]
[821506,82,15,6,0]
[821606,82,16,6,0]
[831406,83,14,6,0]
[831506,83,15,6,0]
[831606,83,16,6,0]
[841406,84,14,6,0]
[841506,84,15,6,0]
[841606,84,16,6,0]
[851406,85,14,6,0]
[851506,85,15,6,0]
[851606,85,16,6,0]
[861406,86,14,6,0]
[861506,86,15,6,0]
[861606,86,16,6,0]
[]
[]
[]
[null,null,null,null,null,null,null,null,null,null,null,null,null," "]

{"sheet":"Twp Rge Mer (data)","index":5,"n_rows":111,"n_cols":9,"rows_kept":111,"cut":false,"hidden":true,"merged":[]}
["Twp","Rge","Mer"]
[1,1,4,null,null,"Modication History"]
[2,2,5,null,null,"2020-03-20","Martine West","No changes for 2020","Completed"]
[3,3,6,null,null,"2021-03-18","Martine West","No changes for 2021","Completed"]
[4,4]
[5,5]
[6,6]
[7,7]
[8,8]
[9,9]
[10,10]
[11,11]
[12,12]
[13,13]
[14,14]
[15,15]
[16,16]
[17,17]
[18,18]
[19,19]
[20,20]
[21,21]
[22,22]
[23,23]
[24,24]
[25,25]
[26,26]
[27,27]
[28,28]
[29,29]
[30,30]
[31]
[32]
[33]
[34]
[35]
[36]
[37]
[38]
[39]
[40]
[41]
[42]
[43]
[44]
[45]
[46]
[47]
[48]
[49]
[50]
[51]
[52]
[53]
[54]
[55]
[56]
[57]
[58]
[59]
[60]
[61]
[62]
[63]
[64]
[65]
[66]
[67]
[68]
[69]
[70]
[71]
[72]
[73]
[74]
[75]
[76]
[77]
[78]
[79]
[80]
[81]
[82]
[83]
[84]
[85]
[86]
[87]
[88]
[89]
[90]
[91]
[92]
[93]
[94]
[95]
[96]
[97]
[98]
[99]
[100]
[101]
[102]
[103]
[104]
[105]
[106]
[107]
[108]
[109]
[110]

{"sheet":"Offices (data)","index":6,"n_rows":39,"n_cols":14,"rows_kept":39,"cut":false,"hidden":true,"merged":[]}
["Branch Offices","AddressLine1","AddressLine2","City","PostalCode","Phone","Fax","Office Number","Honey RA",null,"Modication History"]
["Athabasca","Provincial Building","100 - 4903 50th Street ","Athabasca, AB ","T9S 1E2 ","780.675.4007","780.675.3827",444,3,null,null,"Martine West","Fix Lacombe & LaCrete office numbers","Completed"]
["Barrhead","4924 50th Avenue","PO Box 4533","Barrhead, AB ","T7N 1A4 ","780.674.8782 ","780.674.8787",442,3,null,"2021-03-18","Martine West","Updated Offices from ManualCalcCommon","Completed"]
["Brooks","Provincial Building","220 4th Avenue W ","Brooks, AB ","T1R 0G1 ","403.362.1262 ","403.362.8078 ",115,1,null,"2021-12-17","M West","Updated Spirit River address","Completed"]
["Camrose","4910 52nd Street ",null,"Camrose, AB","T4V 2V4 ","780.679.1739","780.679.1758",331,2,null,"2021-12-23","M West","Updated Lacombe DO address","Completed"]
["Claresholm","Provincial Building","PO Box 1227, 109 46th Avenue W","Claresholm, AB ","T0L 0T0 ","403.625.3534 ","403.625.2862",114,1]
["Drumheller","111 Railway Avenue West ","PO Box 2319 ","Drumheller, AB ","T0J 0Y0 ","403.823.3042 ","403.823.5083",221,2]
["Fairview","Provincial Building","PO Box 1188, 10209 109th Street","Fairview, AB","T0H 1L0","780.835.4975","780.835.3994",552,4]
["Falher","Municipal District Building","PO Box 658, 701 Main Street","Falher, AB","T0H 1M0","780.837.2521","780.837.8223",557,4]
["Foremost","218 Main Street","PO Box 37","Foremost, AB","T0K 0X0","403.867.3666","403.867.2038",120,1]
["Grande Prairie","102 - 10625 Westside Drive",null,"Grande Prairie, AB","T8V 8E6","780.538.5220","780.532.2560",555,4]
["Grimshaw","5306 50th Street","PO Box 802","Grimshaw, AB","T0H 1W0","780.332.4494","780.332.1044",554,4]
["Hanna","Provincial Building","PO Box 339, 401 Centre Street","Hanna, AB","T0J 1P0","403.854.5525","403.854.2590",225,2]
["La Crete","10105 94th Avenue  ","PO Box 1420","La Crete, AB","T0H 2H0","780.928.2178","780.928.2819",562,4]
["Lacombe","5718 - 56 Avenue",null,"Lacombe, AB","T4L 1B1","877.899.2372","855.700.2372",230,2]
["Lamont","5014 50th Avenue","PO Box 487","Lamont, AB","T0B 2R0","780.895.2266","780.895.7755",441,3]
["Leduc","6547 Sparrow Drive",null,"Leduc, AB","T9E 7C7","780.986.4088","780.986.1085",446,3]
["Lethbridge","County of Lethbridge Building    ","200 - 905 4th Avenue S.","Lethbridge, AB","T1J 0P4","403.381.5240","403.382.4527",112,1]
["Medicine Hat","111 - 7 Strachan Bay SE",null,"Medicine Hat, AB","T1B 4Y2","403.488.4509","403.488.4516",113,1]
["Olds","Provincial Building","101 - 5030 50th Street","Olds, AB","T4H 1S1","403.556.4334","403.556.4255",227,2]
["Oyen","201 Main Street","PO Box 426","Oyen, AB","T0J 2J0","403.664.3677","403.664.2687",232,2]
["Ponoka","Provincial Building","PO Box 4426, 250 - 5110 49th Avenue ","Ponoka, AB","T4J 1S1","403.783.7071","403.783.7925",226,2]
["Provost","Provincial Building","PO Box 716, 5419 44th Street ","Provost, AB","T0B 3S0","780.753.2150","780.753.2876",336,2]
["Red Deer","1 - 7710 Gaetz Avenue",null,"Red Deer, AB","T4P 2A5","403.340.5379","403.340.7999",222,2]
["Rocky View County","2 - 261024 Dwight McLellan Trail",null,"Rocky View County, AB","T4A 0T5","403.297.6281","403.297.8461",235,2]
["Sedgewick","4701 48th Avenue","PO Box 266","Sedgewick, AB","T0B 4C0","780.384.3880","780.384.2156",333,2]
["Spirit River","Municipal District of Spirit River","#133, 4202 50th Street","Spirit River, AB","T0H 3G0","780.864.3986","780.864.2529",553,4]
["St. Paul","4321 50th Ave",null,"St. Paul, AB","T0A 3A3","780.645.6453","780.645.2848",334,3]
["Stettler","5020 50th Street","PO Box 1807","Stettler, AB","T0C 2L0","403.740.4200","403.740.4210",224,2]
["Stony Plain","Provincial Building","4709 44th Avenue","Stony Plain, AB","T7Z 1N4","780.963.0600","780.963.1251",447,3]
["Strathmore","325 3rd Avenue",null,"Strathmore, AB","T1P 1B4","403.934.3616","403.934.5018",119,2]
["Taber","Provincial Building","PO Box 4, 5011 49th Avenue","Taber, AB","T1G 1V9","403.223.7900","403.223.7985",117,1]
["Thorhild","County Administration Building","PO Box 400, 801 1st Street ","Thorhild, AB","T0A 3J0","780.398.3933","780.398.2087",449,3]
["Three Hills","Provincial Building","PO Box 40, 128 3rd Avenue S ","Three Hills, AB","T0M 2A0","403.443.8515","403.443.7519",228,2]
["Vegreville","Vinet's Village Mall","PO Box 1440, 138 - 4925 50th Avenue ","Vegreville, AB","T9C 1S6","780.603.2332","780.632.3385",335,3]
["Vermilion","5039 49th Avenue",null,"Vermilion, AB","T9X 1B8","780.581.2345","780.853.1982",332,3]
["Vulcan","104 Centre Street East","PO Box 847","Vulcan, AB","T0L 2B0","403.485.2766","403.485.2947",118,1]
["Wainwright","2710 15th Avenue",null,"Wainwright, AB","T9W 0A4","780.842.7547","780.842.4948",337,3]
["Westlock","11207 104th Avenue",null,"Westlock, AB","T7P 1B2","780.349.4544","780.349.5240",445,2]

{"sheet":"Properties (Data)","index":7,"n_rows":12,"n_cols":10,"rows_kept":12,"cut":false,"hidden":true,"merged":[[0,0,0,1],[0,3,0,4]]}
["Common Properties",null,null,"Local Properties"]
["Property","Value",null,"Property","Value"]
["Hail Factor",0.38300000000000001,null,"Datafile","St Hail Calculator"]
["ReplyEmailAddress","Info@afsc.ca",null,"CropYear",2023]
["LogoFile","CAP AFSC AB CAN bw.jpg",null,null,null,null,"Current Path","\\\\hs-teams.afsc.ca@SSL\\DavWWWRoot\\pnp\\pnp\\Calculators\\"]
["DataFilePath1","\\\\hs-teams.afsc.ca@SSL\\DavWWWRoot\\pnp\\pnp\\Calculators\\"]
["DataFilePath2","\\\\homestead.afsc.ca@SSL\\DavWWWRoot\\wrkres\\Documents",null,"WorkBookName","St Hail Calculator",null,"Modication History"]
["CommonDataFile","ManualCalcCommonData",null,null,null,null,"2020-03-20","Martine West","Updated year","Completed"]
["ModulePath","\\\\hs-teams.afsc.ca@SSL\\DavWWWRoot\\pnp\\pnp\\Calculators\\",null,null,null,null,"2020-12-11","Martine West","Updated year","Completed"]
["ModuleName","CalculatorMacros.code",null,null,null,null,"2021-03-18","Martine West","Updated hail and formatted to four decimal places","Completed"]
[null,null,null,null,null,null,"2023-02-15","J Baumgartner","Updated Hail Factor and crop year","Completed"]
[null,null,null,null,null,null,"2023-04-13","M West","Fixed as per I2304-0161","Completed"]