{"text_format":"1","workbook":"xlsx","n_sheets":21,"sheets":["Notes","Dryland Crop","Dryland Silage Greenfeed","Irrigated Crop","Irrigated Silage Greenfeed","Corn Heat Unit","CHU Dollar Coverage (data)","CHU Normals (data)","CHU Rates (data)","Dry Crop Normals (data)","Dry Crop Rates (data)","Dry Silage Normals (data)","Dry Silage Rates (data)","Irrigated Crop Rates (data)","Rates (CHU & SPE) (data)","Prices Dry Crop (data)","Prices Irrigated Crop(data)","Irr Crop Normals (data)","Irr Silage Normals (data)","Irr Silage Rates (data)","Properties (Data)"],"not_rendered":{"charts":0,"images":4,"macros":1,"external_links":1,"defined_names":63,"comments":1,"pivot_tables":0},"unopened":[],"bounds":{"document_bytes":16777216,"sheet_cells":100000,"rows_first":2000,"rows_last":500,"rows_between":2000,"halvings":0,"cell_chars":16384,"cell_head_chars":4096},"cells_cut":0,"cells_raw":0,"read":"whole","date_system":"1900"}

{"sheet":"Notes","index":0,"n_rows":3,"n_cols":11,"rows_kept":3,"cut":false,"hidden":false,"merged":[[35,2,36,9],[0,1,0,11],[1,10,2,11],[53,1,53,9],[38,1,38,2],[38,3,39,9],[41,1,42,9],[44,1,44,9],[46,1,46,9],[47,2,47,4],[48,2,48,4],[49,2,49,4],[50,2,50,4],[51,2,51,4],[49,5,49,7]]}
[null,"Impact of Spring Price Endorsement (SPE)  Estimate Worksheet"]
[null,null,null,null,null,null,null,null,null,null,{"$f":"CropYear","v":2020}]
[null,null,null,null,null,null,null,null,null,"Crop Year"]

{"sheet":"Dryland Crop","index":1,"n_rows":47,"n_cols":15,"rows_kept":47,"cut":false,"hidden":false,"merged":[[38,2,38,8],[36,2,36,8],[0,1,0,8],[4,5,4,8],[5,5,5,8]]}
[null,{"$f":"Title & \" - Dry Crop\"","v":"Impact of Spring Price Endorsement (SPE)  Estimate Worksheet - Dry Crop"},null,null,null,null,null,null,null,null,null,null,null,"VOLUME_MEASURE_UID"]
[]
[null,"Complete the colored boxes to compare specific examples.",null,null,null,null,null,null,null,null,null,null,null,1,"Bushel"]
[null,null,null,null,null,null,null,null,null,null,null,null,null,1923,"Pound"]
[null,"Dryland Stubble",null,"Crop Only",null,"Crop Insurance with SPE option"]
[null,"Unit of Measure that is applicable",null,null,null,"Comparison",null,null,null,null,null,"AG_PROD_USE_Conversion "]
[null,"Crop",null,null,null,{"$f":"IF(ISBLANK(D7),\"\",D7)","v":""},{"$f":"IF(ISBLANK(D7),\"\",D7)","v":""},{"$f":"IF(ISBLANK(D7),\"\",D7)","v":""},{"$f":"IF(ISBLANK(D7),\"\",D7)","v":""},null,null,{"$f":"(VLOOKUP(D7,Ag_to_volume,4,FALSE))","v":{"$error":"#N/A"}}]
[null,null,null,{"$f":"IF(L7=N3,L9&\" \"&O3,L9&\" \"&O4)","v":{"$error":"#N/A"}}]
[null,"Spring Insurance Price",null,{"$f":"IF(ISBLANK(D7),0,(HLOOKUP(D7,DryCropNormals,4,FALSE)*1))","v":0},null,{"$f":"IF(ISBLANK(D7),0,HLOOKUP(F7,DryCropNormals,4,FALSE)*1)","v":0},{"$f":"IF(ISBLANK(D7),0,HLOOKUP(G7,DryCropNormals,4,FALSE)*1)","v":0},{"$f":"IF(ISBLANK(D7),0,HLOOKUP(H7,DryCropNormals,4,FALSE)*1)","v":0},{"$f":"IF(ISBLANK(D7),0,HLOOKUP(I7,DryCropNormals,4,FALSE)*1)","v":0},null,null,"Price expressed in $ per"]
[null,"Fall Market Price"]
[null,"Risk Area",null,null,null,{"$f":"IF(ISBLANK(D11),\"\",$D$11)","v":""},{"$f":"IF(ISBLANK(D11),\"\",$D$11)","v":""},{"$f":"IF(ISBLANK(D11),\"\",$D$11)","v":""},{"$f":"IF(ISBLANK(D11),\"\",$D$11)","v":""}]
[null,"Coverage Level",null,null,null,{"$f":"IF(ISBLANK(D12),\"\",$D$12)","v":""},{"$f":"IF(ISBLANK(D12),\"\",$D$12)","v":""},{"$f":"IF(ISBLANK(D12),\"\",$D$12)","v":""},{"$f":"IF(ISBLANK(D12),\"\",$D$12)","v":""}]
[null,"Individual Normal /ac",null,null,null,{"$f":"$D$13","v":0},{"$f":"$D$13","v":0},{"$f":"$D$13","v":0},{"$f":"$D$13","v":0}]
[null,"RA Normal Yield /ac",null,{"$f":"IF(ISBLANK(D11),0,HLOOKUP(D7,DryCropNormals,D11+4,FALSE))","v":0},null,{"$f":"D14","v":0},{"$f":"D14","v":0},{"$f":"D14","v":0},{"$f":"D14","v":0}]
[null,"Acres Insured",null,null,null,{"$f":"IF(ISBLANK($D$15),\"\",$D$15)","v":""},{"$f":"IF(ISBLANK($D$15),\"\",$D$15)","v":""},{"$f":"IF(ISBLANK($D$15),\"\",$D$15)","v":""},{"$f":"IF(ISBLANK($D$15),\"\",$D$15)","v":""}]
[null,"Final Yield /ac",null,{"$f":"IF(D13=\"\",(D14*D12),D13*D12)/100","v":0},null,{"$f":"$D$16","v":0},{"$f":"$D$16","v":0},{"$f":"$D$16","v":0},{"$f":"$D$16","v":0}]
[null,"Production Coverage ",null,{"$f":"IF(ISBLANK(D15),0,(D16*D15))","v":0},null,{"$f":"D17","v":0},{"$f":"D17","v":0},{"$f":"D17","v":0},{"$f":"D17","v":0}]
[]
[null,"$ Coverage on Production",null,{"$f":"(D17*D9)","v":0},null,{"$f":"F17*F9","v":0},{"$f":"G17*G9","v":0},{"$f":"H17*H9","v":0},{"$f":"I17*I9","v":0},null,"Hide here and after"]
[]
[null,"Premium Cost",null,{"$f":"IFERROR(VLOOKUP(D46,Dry_Crop_Rate,5,FALSE)*D17*D9*0.01,0)","v":0},null,{"$f":"IFERROR(VLOOKUP(F46,Dry_Crop_Rate,6,FALSE)*F17*F9*0.01,0)","v":0},{"$f":"IFERROR(VLOOKUP(G46,Dry_Crop_Rate,6,FALSE)*G17*G9*0.01,0)","v":0},{"$f":"IFERROR(VLOOKUP(H46,Dry_Crop_Rate,6,FALSE)*H17*H9*0.01,0)","v":0},{"$f":"IFERROR(VLOOKUP(I46,Dry_Crop_Rate,6,FALSE)*I17*I9*0.01,0)","v":0}]
[]
[null,"Fall VPB Price",null,{"$f":"IF(D10<(D9*1.1),D9,IF(D10<(D9*1.5),D10,(D9*1.5)))","v":0},null,{"$f":"IF(F10<(F9*1.1),F9,IF(F10<(F9*1.5),F10,(F9*1.5)))","v":0},{"$f":"IF(G10<(G9*1.1),G9,IF(G10<(G9*1.5),G10,(G9*1.5)))","v":0},{"$f":"IF(H10<(H9*1.1),H9,IF(H10<(H9*1.5),H10,(H9*1.5)))","v":0},{"$f":"IF(I10<(I9*1.1),I9,IF(I10<(I9*1.5),I10,(I9*1.5)))","v":0}]
[null,"Fall SPE Price",null,"N/A",null,{"$f":"IF(ISBLANK(F10),0,IF(F10>(F9*0.9),F9,IF(F10>(F9*0.5),F10,F9*0.5)))","v":0},{"$f":"IF(ISBLANK(G10),0,IF(G10>(G9*0.9),G9,IF(G10>(G9*0.5),G10,G9*0.5)))","v":0},{"$f":"IF(ISBLANK(H10),0,IF(H10>(H9*0.9),H9,IF(H10>(H9*0.5),H10,H9*0.5)))","v":0},{"$f":"IF(ISBLANK(I10),0,IF(I10>(I9*0.9),I9,IF(I10>(I9*0.5),I10,I9*0.5)))","v":0}]
[]
[null,"Harvested Production "]
[null,"Production Shortfall",null,{"$f":"IF(ISBLANK(D26),0,IF(D17-D26<0,0,D17-D26))","v":0},null,{"$f":"IF(ISBLANK(F26),0,IF(F17-F26<0,0,F17-F26))","v":0},{"$f":"IF(ISBLANK(G26),0,IF(G17-G26<0,0,G17-G26))","v":0},{"$f":"IF(ISBLANK(H26),0,IF(H17-H26<0,0,H17-H26))","v":0},{"$f":"IF(ISBLANK(I26),0,IF(I17-I26<0,0,I17-I26))","v":0}]
[]
[null,"CI Payment on Shortfall",null,{"$f":"D27*D9","v":0},null,{"$f":"F27*F9","v":0},{"$f":"G27*G9","v":0},{"$f":"H27*H9","v":0},{"$f":"I27*I9","v":0}]
[null,"VPB Payment on Shortfall",null,{"$f":"D27*(D23-D9)","v":0},null,{"$f":"F27*(F23-F9)","v":0},{"$f":"G27*(G23-G9)","v":0},{"$f":"H27*(H23-H9)","v":0},{"$f":"I27*(I23-I9)","v":0}]
[null,"SPE Payment with 10% Deductible",null,"N/A",null,{"$f":"IF(F10=\"\",0,IF(F26=\"\",0,IF(F24<F9,((F9*0.9-F24))*MIN(F26,F17),0)))","v":0},{"$f":"IF(G10=\"\",0,IF(G26=\"\",0,IF(G24<G9,((G9*0.9-G24))*MIN(G26,G17),0)))","v":0},{"$f":"IF(H10=\"\",0,IF(H26=\"\",0,IF(H24<H9,((H9*0.9-H24))*MIN(H26,H17),0)))","v":0},{"$f":"IF(I10=\"\",0,IF(I26=\"\",0,IF(I24<I9,((I9*0.9-I24))*MIN(I26,I17),0)))","v":0}]
[null,"Total Payments",null,{"$f":"(D29+D30)","v":0},null,{"$f":"(F29+F30+F31)","v":0},{"$f":"(G29+G30+G31)","v":0},{"$f":"(H29+H30+H31)","v":0},{"$f":"(I29+I30+I31)","v":0}]
[]
[null,"Benefit from Insurance",null,{"$f":"(D32-D21)","v":0},null,{"$f":"(F32-F21)","v":0},{"$f":"(G32-G21)","v":0},{"$f":"(H32-H21)","v":0},{"$f":"(I32-I21)","v":0}]
[null,"Est Revenue from Market",null,{"$f":"MIN(D26,D17)*D10","v":0},null,{"$f":"MIN(F26,F17)*F10","v":0},{"$f":"MIN(G26,G17)*G10","v":0},{"$f":"MIN(H26,H17)*H10","v":0},{"$f":"MIN(I26,I17)*I10","v":0}]
[]
[null,null,"Premium Costs do not include hail endorsement or producer discounts or surcharges."]
[]
[null,"DISCLAIMER:","The calculations from these worksheets are ESTIMATES. These amounts are not to be used for billing or payment of claims. "]
[]
["Hide here and after"]
[]
[]
[]
[]
[null,null,null,{"$f":"IF(ISBLANK(D7),\"\",D11&D7&D12)","v":""},null,{"$f":"IF(ISBLANK(D7),\"\",F11&F7&F12)","v":""},{"$f":"IF(ISBLANK(D7),\"\",G11&G7&G12)","v":""},{"$f":"IF(ISBLANK(D7),\"\",H11&H7&H12)","v":""},{"$f":"IF(ISBLANK(D7),\"\",I11&I7&I12)","v":""}]
[null,null,null,{"$f":"VLOOKUP(D46,Dry_Crop_Rate,5,FALSE)","v":{"$error":"#N/A"}},null,{"$f":"VLOOKUP(F46,Dry_Crop_Rate,6,FALSE)","v":{"$error":"#N/A"}},{"$f":"VLOOKUP(G46,Dry_Crop_Rate,6,FALSE)","v":{"$error":"#N/A"}},{"$f":"VLOOKUP(H46,Dry_Crop_Rate,6,FALSE)","v":{"$error":"#N/A"}},{"$f":"VLOOKUP(I46,Dry_Crop_Rate,6,FALSE)","v":{"$error":"#N/A"}}]

{"sheet":"Dryland Silage Greenfeed","index":2,"n_rows":50,"n_cols":16,"rows_kept":50,"cut":false,"hidden":false,"merged":[[22,10,22,15],[0,1,0,8],[33,2,33,8],[35,2,35,8],[4,5,4,8],[5,5,5,8]]}
[null,{"$f":"Title & \" - Dry Silage/Greenfeed\"","v":"Impact of Spring Price Endorsement (SPE)  Estimate Worksheet - Dry Silage/Greenfeed"}]
[]
[null,{"$f":"Instructions","v":"Complete the colored boxes to compare specific examples."}]
[]
[null,"Dryland Stubble",null,"Area Based Dry",null,"Area Based Insurance with SPE option"]
[null,null,null,"Silage/Greenfeed",null,"Silage/Greenfeed"]
[null,"Crop",null,null,null,{"$f":"IF(ISBLANK(D7),\"\",D7)","v":""},{"$f":"IF(ISBLANK(D7),\"\",D7)","v":""},{"$f":"IF(ISBLANK(D7),\"\",D7)","v":""},{"$f":"IF(ISBLANK(D7),\"\",D7)","v":""}]
[null,null,null,"Price expressed in $ per Bushel"]
[null,"Spring Insurance Price",null,{"$f":"IF(ISBLANK(D7),0,LOOKUP(D7,Dry_Silage_Greenfeed_Normals,'Dry Silage Normals (data)'!B3:E3))*1","v":0},null,{"$f":"IF(ISBLANK(D7),0,LOOKUP(D7,Dry_Silage_Greenfeed_Normals,'Dry Silage Normals (data)'!B3:E3))*1","v":0},{"$f":"IF(ISBLANK(D7),0,LOOKUP(D7,Dry_Silage_Greenfeed_Normals,'Dry Silage Normals (data)'!B3:E3))*1","v":0},{"$f":"IF(ISBLANK(D7),0,LOOKUP(D7,Dry_Silage_Greenfeed_Normals,'Dry Silage Normals (data)'!B3:E3))*1","v":0},{"$f":"IF(ISBLANK(D7),0,LOOKUP(D7,Dry_Silage_Greenfeed_Normals,'Dry Silage Normals (data)'!B3:E3))*1","v":0}]
[null,"Fall Market Price",null,null,null,null,null,null,null,10]
[null,"Risk Area",null,null,null,{"$f":"D11","v":0},{"$f":"D11","v":0},{"$f":"D11","v":0},{"$f":"D11","v":0}]
[null,"Coverage Level",null,80,null,80,80,80,80]
[null,null,null,null,null,null,null,null,null,null,"Hide here and after"]
[null,"Acres Insured",null,null,null,{"$f":"IF(ISBLANK($D$14),\"\",$D$14)","v":""},{"$f":"IF(ISBLANK($D$14),\"\",$D$14)","v":""},{"$f":"IF(ISBLANK($D$14),\"\",$D$14)","v":""},{"$f":"IF(ISBLANK($D$14),\"\",$D$14)","v":""}]
[null,"RA Normal Yield /ac",null,{"$f":"IF(ISBLANK(D11),0,HLOOKUP(D7, Dry_Silage_Normals,D11+2,FALSE))","v":0},null,{"$f":"D15","v":0},{"$f":"D15","v":0},{"$f":"D15","v":0},{"$f":"D15","v":0}]
[null,"$ Coverage on Production",null,{"$f":"IF(D44=0,0,IF(D7='Dry Silage Normals (data)'!$C$2,D44*D9+D14*50,IF(D7='Dry Silage Normals (data)'!$E$2,D44*D9+D14*50,D44*D9)))","v":0},null,{"$f":"IF(F44=0,0,IF(F7='Dry Silage Normals (data)'!$C$2,F44*F9+F14*50,IF(F7='Dry Silage Normals (data)'!$E$2,F44*F9+F14*50,F44*F9)))","v":0},{"$f":"IF(G44=0,0,IF(ISBLANK(D7),0,IF(G7='Dry Silage Normals (data)'!$C$2,G44*G9+G14*50,IF(G7='Dry Silage Normals (data)'!$E$2,G44*G9+G14*50,G44*G9))))","v":0},{"$f":"IF(H44=0,0,(IF(ISBLANK(D7),0,IF(H7='Dry Silage Normals (data)'!$C$2,H44*H9+H14*50,IF(H7='Dry Silage Normals (data)'!$E$2,H44*H9+H14*50,H44*H9)))))","v":0},{"$f":"IF(I44=0,0,(IF(ISBLANK(D7),0,IF(I7='Dry Silage Normals (data)'!$C$2,I44*I9+I14*50,IF(I7='Dry Silage Normals (data)'!$E$2,I44*I9+I14*50,I44*I9)))))","v":0}]
[]
[null,"Premium Cost",null,{"$f":"IFERROR(VLOOKUP(D49,Dry_Silage_Greenfeed_Rates,5,FALSE)*D16*0.01,0)","v":0},null,{"$f":"IFERROR(VLOOKUP(F49,'Dry Silage Rates (data)'!$A$2:$F$236,6,FALSE)*F16*0.01,0)","v":0},{"$f":"IFERROR(VLOOKUP(G49,'Dry Silage Rates (data)'!$A$2:$F$236,6,FALSE)*G16*0.01,0)","v":0},{"$f":"IFERROR(VLOOKUP(H49,'Dry Silage Rates (data)'!$A$2:$F$236,6,FALSE)*H16*0.01,0)","v":0},{"$f":"IFERROR(VLOOKUP(I49,'Dry Silage Rates (data)'!$A$2:$F$236,6,FALSE)*I16*0.01,0)","v":0}]
[]
[null,"Fall VPB Price",null,{"$f":"IF(D10<(D9*1.1),D9,IF(D10<(D9*1.5),D10,(D9*1.5)))","v":0},null,{"$f":"IF(F10<(F9*1.1),F9,IF(F10<(F9*1.5),F10,(F9*1.5)))","v":0},{"$f":"IF(G10<(G9*1.1),G9,IF(G10<(G9*1.5),G10,(G9*1.5)))","v":0},{"$f":"IF(H10<(H9*1.1),H9,IF(H10<(H9*1.5),H10,(H9*1.5)))","v":0},{"$f":"IF(I10<(I9*1.1),I9,IF(I10<(I9*1.5),I10,(I9*1.5)))","v":0}]
[null,"Fall SPE Price",null,"N/A",null,{"$f":"IF(F10>(F9*0.9),F9,IF(F10>(F9*0.5),F10,F9*0.5))","v":0},{"$f":"IF(G10>(G9*0.9),G9,IF(G10>(G9*0.5),G10,G9*0.5))","v":0},{"$f":"IF(H10>(H9*0.9),H9,IF(H10>(H9*0.5),H10,H9*0.5))","v":0},{"$f":"IF(I10>(I9*0.9),I9,IF(I10>(I9*0.5),I10,I9*0.5))","v":0}]
[]
[null,"Harvested Production ",null,null,null,null,null,null,null,null,"The formulas below are necessary to calculate the addition of $50 if the crop is corn"]
[null,"Production Shortfall",null,{"$f":"IF(ISBLANK(D23),0,IF(D23>0.999,0,D16-(D16*D23)))","v":0},null,{"$f":"IF(ISBLANK(F23),0,IF(F23>0.999,0,F16-(F16*F23)))","v":0},{"$f":"IF(ISBLANK(G23),0,IF(G23>0.999,0,G16-(G16*G23)))","v":0},{"$f":"IF(ISBLANK(H23),0,IF(H23>0.999,0,H16-(H16*H23)))","v":0},{"$f":"IF(ISBLANK(I23),0,IF(I23>0.999,0,I16-(I16*I23)))","v":0}]
[null,null,null,null,null,null,null,null,null,null,null,"Dry","SPE","SPE","SPE","SPE"]
[null,"CI Payment on Shortfall",null,{"$f":"D24","v":0},null,{"$f":"F24","v":0},{"$f":"G24","v":0},{"$f":"H24","v":0},{"$f":"I24","v":0},null,null,{"$f":"D23","v":0},{"$f":"G23","v":0},{"$f":"H23","v":0},{"$f":"H23","v":0},{"$f":"I23","v":0}]
[null,"VPB Payment on Shortfall",null,{"$f":"D24*(D20-D9)","v":0},null,{"$f":"F24*(F20-F9)","v":0},{"$f":"G24*(G20-G9)","v":0},{"$f":"H24*(H20-H9)","v":0},{"$f":"I24*(I20-I9)","v":0},null,{"$f":"(((D15*D12)/100)*D20)+('Properties (Data)'!$E$8)","v":50},{"$f":"$K$27*D14*(1-D23)-D26","v":0},{"$f":"IFERROR($K$28*F14*(1-F23)-F26,0)","v":0},{"$f":"IFERROR($K$29*G14*(1-G23)-G26,0)","v":0},{"$f":"IFERROR($K$30*H14*(1-H23)-H26,0)","v":0},{"$f":"IFERROR($K$31*I14*(1-I23)-I26,0)","v":0}]
[null,"SPE Payment with 10% Deductible",null,"N/A",null,{"$f":"IF(F10=\"\",0,IF(F23=\"\",0,IF(F9=0,0,IF(F21<F9,((F9*0.9)-F21))/F9*F16*MIN(F23,1))))","v":0},{"$f":"IF(G10=\"\",0,IF(G23=\"\",0,IF(G9=0,0,IF(G21<G9,((G9*0.9)-G21))/G9*G16*MIN(G23,1))))","v":0},{"$f":"IF(H10=\"\",0,IF(H23=\"\",0,IF(H9=0,0,IF(H21<H9,((H9*0.9)-H21))/H9*H16*MIN(H23,1))))","v":0},{"$f":"IF(I10=\"\",0,IF(I23=\"\",0,IF(I9=0,0,IF(I21<I9,((I9*0.9)-I21))/I9*I16*MIN(I23,1))))","v":0},null,{"$f":"(((F15*F12)/100)*F20)+('Properties (Data)'!$E$8)","v":50}]
[null,"Total Payments",null,{"$f":"SUM(D26:D27)","v":0},null,{"$f":"SUM(F26:F28)","v":0},{"$f":"SUM(G26:G28)","v":0},{"$f":"SUM(H26:H28)","v":0},{"$f":"SUM(I26:I28)","v":0},null,{"$f":"(((G15*G12)/100)*G20)+('Properties (Data)'!E8)","v":50}]
[null,null,null,null,null,null,null,null,null,null,{"$f":"(((H15*H12)/100)*H20)+('Properties (Data)'!E8)","v":50}]
[null,"Benefit from Insurance",null,{"$f":"SUM(D29-D18)","v":0},null,{"$f":"SUM(F29-F18)","v":0},{"$f":"SUM(G29-G18)","v":0},{"$f":"SUM(H29-H18)","v":0},{"$f":"SUM(I29-I18)","v":0},null,{"$f":"(((I15*I12)/100)*I20)+('Properties (Data)'!E8)","v":50}]
[]
[]
[null,null,{"$f":"Premium_Costs","v":"Premium Costs do not include hail endorsement or producer discounts or surcharges."}]
[]
[null,"DISCLAIMER:",{"$f":"Disclaimer","v":"The calculations from these worksheets are ESTIMATES. These amounts are not to be used for billing or payment of claims. "}]
[]
["Hide here and after"]
[]
[]
[]
[]
[null,"newcov",null,{"$f":"IF(ISBLANK(D14),0,(D16/D20))","v":0},null,{"$f":"IF(ISBLANK(D14),0,F16/F20)","v":0},{"$f":"IF(ISBLANK(D14),0,(G16/G20))","v":0},{"$f":"IF(ISBLANK(D14),0,(H16/H20))","v":0},{"$f":"IF(ISBLANK(D14),0,(I16/I20))","v":0}]
[null,"prod cov",null,{"$f":"IF(ISBLANK(D14),0,(D15*D12*D14*0.01))","v":0},null,{"$f":"IF(ISBLANK(D14),0,(F15*F12*F14*0.01))","v":0},{"$f":"IF(ISBLANK(D14),0,(G15*G12*G14*0.01))","v":0},{"$f":"IF(ISBLANK(D14),0,(H15*H12*H14*0.01))","v":0},{"$f":"IF(ISBLANK(D14),0,(I15*I12*I14*0.01))","v":0}]
[null,"adj prod",null,{"$f":"IF(ISBLANK(D23),0,(D44*D23))","v":0},null,{"$f":"F44*F23","v":0},{"$f":"G44*G23","v":0},{"$f":"H44*H23","v":0},{"$f":"I44*I23","v":0}]
[null,"shortfall",null,{"$f":"IF(D44-D45<0,0,D44-D45)","v":0},null,{"$f":"IF(F44-F45<0,0,F44-F45)","v":0},{"$f":"IF(G44-G45<0,0,G44-G45)","v":0},{"$f":"IF(H44-H45<0,0,H44-H45)","v":0},{"$f":"IF(I44-I45<0,0,I44-I45)","v":0}]
[]
[null,null,null,"3BarleyProxy(Corn)80"]
[null,null,null,{"$f":"D11&D7&D12","v":"80"},null,{"$f":"F11&F7&F12","v":"080"},{"$f":"G11&G7&G12","v":"080"},{"$f":"H11&H7&H12","v":"080"},{"$f":"I11&I7&I12","v":"080"}]
[null,null,null,{"$f":"VLOOKUP(D49,Dry_Silage_Greenfeed_Data,5,FALSE)","v":{"$error":"#N/A"}},null,{"$f":"VLOOKUP(D49,Dry_Silage_Greenfeed_Data,6,FALSE)","v":{"$error":"#N/A"}},{"$f":"VLOOKUP(D49,Dry_Silage_Greenfeed_Data,6,FALSE)","v":{"$error":"#N/A"}},{"$f":"VLOOKUP(D49,Dry_Silage_Greenfeed_Data,6,FALSE)","v":{"$error":"#N/A"}},{"$f":"VLOOKUP(D49,Dry_Silage_Greenfeed_Data,6,FALSE)","v":{"$error":"#N/A"}}]

{"sheet":"Irrigated Crop","index":3,"n_rows":47,"n_cols":15,"rows_kept":47,"cut":false,"hidden":false,"merged":[[38,2,38,8],[0,1,0,8],[36,2,36,8],[4,5,4,8],[5,5,5,8]]}
[null,{"$f":"Title & \" - Irrigated Crop\"","v":"Impact of Spring Price Endorsement (SPE)  Estimate Worksheet - Irrigated Crop"},null,null,null,null,null,null,null,null,null,null,null,"VOLUME_MEASURE_UID"]
[]
[null,{"$f":"Instructions","v":"Complete the colored boxes to compare specific examples."},null,null,null,null,null,null,null,null,null,"AG_PROD_USE_Conversion ",null,1,"Bushel"]
[null,null,null,null,null,null,null,null,null,null,null,{"$f":"VLOOKUP(D7,Irr_Ag_Prod_Volume,4,FALSE)","v":{"$error":"#N/A"}},null,1923,"Pound"]
[null,"Irrigated Stubble",null,"Crop Only",null,"Crop Insurance with SPE option"]
[null,"Unit of Measure that is applicable",null,null,null,"Comparison",null,null,null,null,null,"Price expressed in $ per"]
[null,"Crop",null,null,null,{"$f":"IF(ISBLANK(D7),\"\",D7)","v":""},{"$f":"IF(ISBLANK(D7),\"\",D7)","v":""},{"$f":"IF(ISBLANK(D7),\"\",D7)","v":""},{"$f":"IF(ISBLANK(D7),\"\",D7)","v":""}]
[null,null,null,{"$f":"IF(L4=N3,L6& \" \" & O3,L6 & \" \" & O4)","v":{"$error":"#N/A"}}]
[null,"Spring Insurance Price",null,{"$f":"IF(ISBLANK(D7),0,HLOOKUP(D7,'Irr Crop Normals (data)'!C8:AQ11,4,FALSE))*1","v":0},null,{"$f":"IF(ISBLANK(D7),0,HLOOKUP(D7,'Irr Crop Normals (data)'!C8:AQ11,4,FALSE))*1","v":0},{"$f":"IF(ISBLANK(D7),0,HLOOKUP(D7,'Irr Crop Normals (data)'!C8:AQ11,4,FALSE))*1","v":0},{"$f":"IF(ISBLANK(D7),0,HLOOKUP(D7,'Irr Crop Normals (data)'!C8:AQ11,4,FALSE))*1","v":0},{"$f":"IF(ISBLANK(D7),0,HLOOKUP(D7,'Irr Crop Normals (data)'!C8:AQ11,4,FALSE))*1","v":0}]
[null,"Fall Market Price"]
[null,"Risk Area",null,null,null,{"$f":"+$D$11","v":0},{"$f":"+$D$11","v":0},{"$f":"+$D$11","v":0},{"$f":"+$D$11","v":0}]
[null,"Coverage Level",null,null,null,{"$f":"+$D$12","v":0},{"$f":"+$D$12","v":0},{"$f":"+$D$12","v":0},{"$f":"+$D$12","v":0}]
[null,"Individual Normal /ac",null,null,null,{"$f":"+$D$13","v":0},{"$f":"+$D$13","v":0},{"$f":"+$D$13","v":0},{"$f":"+$D$13","v":0}]
[null,"RA Normal Yield /ac",null,{"$f":"IF(ISBLANK(D11),0,HLOOKUP(D7,Irr_Crop_Normals,D11+4,TRUE))","v":0},null,{"$f":"$D$14","v":0},{"$f":"$D$14","v":0},{"$f":"$D$14","v":0},{"$f":"$D$14","v":0}]
[null,"Acres Insured",null,null,null,{"$f":"$D$15","v":0},{"$f":"$D$15","v":0},{"$f":"$D$15","v":0},{"$f":"$D$15","v":0}]
[null,"Final Yield /ac",null,{"$f":"IF(D13=\"\",(D14*D12),D13*D12)/100","v":0},null,{"$f":"$D16","v":0},0,0,0,null,"Hide here and after"]
[null,"Production Coverage ",null,{"$f":"IF(ISBLANK(D15),0,(D16*D15))","v":0},null,0,0,0,0]
[]
[null,"$ Coverage on Production",null,{"$f":"+D17*D9","v":0},null,{"$f":"+F17*F9","v":0},{"$f":"+G17*G9","v":0},{"$f":"+H17*H9","v":0},{"$f":"+I17*I9","v":0}]
[]
[null,"Premium Cost",null,{"$f":"IFERROR(VLOOKUP(D46,'Irrigated Crop Rates (data)'!$A$2:$F$820,5,FALSE)*D17*D9*0.01,0)","v":0},null,{"$f":"IFERROR(VLOOKUP(F46,'Irrigated Crop Rates (data)'!$A$2:$F$820,6,FALSE)*F17*F9*0.01,0)","v":0},{"$f":"IFERROR(VLOOKUP(G46,'Irrigated Crop Rates (data)'!$A$2:$F$820,6,FALSE)*G17*G9*0.01,0)","v":0},{"$f":"IFERROR(VLOOKUP(H46,'Irrigated Crop Rates (data)'!$A$2:$F$820,6,FALSE)*H17*H9*0.01,0)","v":0},{"$f":"IFERROR(VLOOKUP(I46,'Irrigated Crop Rates (data)'!$A$2:$F$820,6,FALSE)*I17*I9*0.01,0)","v":0}]
[]
[null,"Fall VPB Price",null,{"$f":"+IF(D10<(D9*1.1),D9,IF(D10<(D9*1.5),D10,(D9*1.5)))","v":0},null,{"$f":"+IF(F10<(F9*1.1),F9,IF(F10<(F9*1.5),F10,(F9*1.5)))","v":0},{"$f":"+IF(G10<(G9*1.1),G9,IF(G10<(G9*1.5),G10,(G9*1.5)))","v":0},{"$f":"+IF(H10<(H9*1.1),H9,IF(H10<(H9*1.5),H10,(H9*1.5)))","v":0},{"$f":"+IF(I10<(I9*1.1),I9,IF(I10<(I9*1.5),I10,(I9*1.5)))","v":0}]
[null,"Fall SPE Price",null,"N/A",null,{"$f":"+IF(F10>(F9*0.9),F9,IF(F10>(F9*0.5),F10,F9*0.5))","v":0},{"$f":"+IF(G10>(G9*0.9),G9,IF(G10>(G9*0.5),G10,G9*0.5))","v":0},{"$f":"+IF(H10>(H9*0.9),H9,IF(H10>(H9*0.5),H10,H9*0.5))","v":0},{"$f":"+IF(I10>(I9*0.9),I9,IF(I10>(I9*0.5),I10,I9*0.5))","v":0}]
[]
[null,"Harvested Production "]
[null,"Production Shortfall",null,{"$f":"IF(ISBLANK(D26),0,IF(D17-D26<0,0,D17-D26))","v":0},null,{"$f":"IF(ISBLANK(F26),0,IF(F17-F26<0,0,F17-F26))","v":0},{"$f":"IF(ISBLANK(G26),0,IF(G17-G26<0,0,G17-G26))","v":0},{"$f":"IF(ISBLANK(H26),0,IF(H17-H26<0,0,H17-H26))","v":0},{"$f":"IF(ISBLANK(I26),0,IF(I17-I26<0,0,I17-I26))","v":0}]
[]
[null,"CI Payment on Shortfall",null,{"$f":"+D27*D9","v":0},null,{"$f":"+F27*F9","v":0},{"$f":"+G27*G9","v":0},{"$f":"+H27*H9","v":0},{"$f":"+I27*I9","v":0}]
[null,"VPB Payment on Shortfall",null,{"$f":"+D27*(D23-D9)","v":0},null,{"$f":"+F27*(F23-F9)","v":0},{"$f":"+G27*(G23-G9)","v":0},{"$f":"+H27*(H23-H9)","v":0},{"$f":"+I27*(I23-I9)","v":0}]
[null,"SPE Payment with 10% Deductible",null,"N/A",null,{"$f":"IF(F10=\"\",0,IF(F26=\"\",0,IF(F24<F9,((F9*0.9-F24))*MIN(F26,F17),0)))","v":0},{"$f":"IF(G10=\"\",0,IF(G26=\"\",0,IF(G24<G9,((G9*0.9-G24))*MIN(G26,G17),0)))","v":0},{"$f":"IF(H10=\"\",0,IF(H26=\"\",0,IF(H24<H9,((H9*0.9-H24))*MIN(H26,H17),0)))","v":0},{"$f":"IF(I10=\"\",0,IF(I26=\"\",0,IF(I24<I9,((I9*0.9-I24))*MIN(I26,I17),0)))","v":0}]
[null,"Total Payments",null,{"$f":"SUM(D29:D30)","v":0},null,{"$f":"SUM(F29:F31)","v":0},{"$f":"SUM(G29:G31)","v":0},{"$f":"SUM(H29:H31)","v":0},{"$f":"SUM(I29:I31)","v":0}]
[]
[null,"Benefit from Insurance",null,{"$f":"SUM(D32-D21)","v":0},null,{"$f":"SUM(F32-F21)","v":0},{"$f":"SUM(G32-G21)","v":0},{"$f":"SUM(H32-H21)","v":0},{"$f":"SUM(I32-I21)","v":0}]
[null,"Est Revenue from Market",null,{"$f":"MIN(D26,D17)*D10","v":0},null,{"$f":"MIN(F26,F17)*F10","v":0},{"$f":"MIN(G26,G17)*G10","v":0},{"$f":"MIN(H26,H17)*H10","v":0},{"$f":"MIN(I26,I17)*I10","v":0}]
[]
[null,null,{"$f":"Premium_Costs","v":"Premium Costs do not include hail endorsement or producer discounts or surcharges."}]
[]
[null,"DISCLAIMER:",{"$f":"Disclaimer","v":"The calculations from these worksheets are ESTIMATES. These amounts are not to be used for billing or payment of claims. "}]
[]
["Hide here and after"]
[]
[]
[]
[]
[null,null,null,{"$f":"+D11&D7&D12","v":""},null,{"$f":"+F11&F7&F12","v":"00"},{"$f":"+G11&G7&G12","v":"00"},{"$f":"+H11&H7&H12","v":"00"},{"$f":"+I11&I7&I12","v":"00"}]
[null,null,null,{"$f":"VLOOKUP(D46,Irr_Crop,5,FALSE)","v":{"$error":"#N/A"}},null,{"$f":"+VLOOKUP(F46,Irr_Crop,6,FALSE)","v":{"$error":"#N/A"}},{"$f":"+VLOOKUP(G46,Irr_Crop,6,FALSE)","v":{"$error":"#N/A"}},{"$f":"+VLOOKUP(H46,Irr_Crop,6,FALSE)","v":{"$error":"#N/A"}},{"$f":"+VLOOKUP(I46,Irr_Crop,6,FALSE)","v":{"$error":"#N/A"}}]

{"sheet":"Irrigated Silage Greenfeed","index":4,"n_rows":50,"n_cols":16,"rows_kept":50,"cut":false,"hidden":false,"merged":[[0,1,0,8],[4,5,4,8],[32,2,32,8],[34,2,34,8],[5,5,5,8]]}
[null,{"$f":"Title & \" - Irrigated Silage/Greenfeed\"","v":"Impact of Spring Price Endorsement (SPE)  Estimate Worksheet - Irrigated Silage/Greenfeed"},null,null,null,null,null,null,null,null,null,null,null,"VOLUME_MEASURE_UID"]
[]
[null,{"$f":"Instructions","v":"Complete the colored boxes to compare specific examples."},null,null,null,null,null,null,null,null,null,null,null,1,"Bushel"]
[null,null,null,null,null,null,null,null,null,null,null,null,null,1923,"Pound"]
[null,"Irrigated Stubble",null,"Area Based Irrigated",null,"Area Based Insurance with SPE option"]
[null,null,null,"Silage/Greenfeed",null,"Silage/Greenfeed",null,null,null,null,null,"AG_PROD_USE_Conversion "]
[null,"Crop",null,null,null,{"$f":"IF(ISBLANK(D7),\"\",D7)","v":""},{"$f":"IF(ISBLANK(D7),\"\",D7)","v":""},{"$f":"IF(ISBLANK(D7),\"\",D7)","v":""},{"$f":"IF(ISBLANK(D7),\"\",D7)","v":""},null,null,{"$f":"VLOOKUP(E7,Ag_to_volume,4,FALSE)","v":{"$error":"#N/A"}}]
[null,null,null,"Price expressed in $ per Bushel"]
[null,"Spring Insurance Price",null,{"$f":"IF(ISBLANK(D7),0,LOOKUP(D7,'Irr Silage Normals (data)'!$B$4:$C$4,'Irr Silage Normals (data)'!$B$6:$E$6)*1)","v":0},null,{"$f":"IF(ISBLANK(D7),0,LOOKUP(F7,'Irr Silage Normals (data)'!$B$4:$C$4,'Irr Silage Normals (data)'!$B$6:$E$6)*1)","v":0},{"$f":"IF(ISBLANK(D7),0,LOOKUP(G7,'Irr Silage Normals (data)'!$B$4:$C$4,'Irr Silage Normals (data)'!$B$6:$E$6)*1)","v":0},{"$f":"IF(ISBLANK(D7),0,LOOKUP(H7,'Irr Silage Normals (data)'!$B$4:$C$4,'Irr Silage Normals (data)'!$B$6:$E$6)*1)","v":0},{"$f":"IF(ISBLANK(D7),0,LOOKUP(I7,'Irr Silage Normals (data)'!$B$4:$C$4,'Irr Silage Normals (data)'!$B$6:$E$6)*1)","v":0},null,null,"Price expressed in $ per"]
[null,"Fall Market Price"]
[null,"Risk Area",null,null,null,{"$f":"D11","v":0},{"$f":"D11","v":0},{"$f":"D11","v":0},{"$f":"D11","v":0}]
[null,"Coverage Level",null,80,null,80,80,80,80]
[]
[null,"Acres Insured",null,null,null,{"$f":"D14","v":0},{"$f":"D14","v":0},{"$f":"D14","v":0},{"$f":"D14","v":0}]
[null,"RA Normal Yield /ac",null,{"$f":"IF(ISBLANK(D11),0,HLOOKUP(D7,'Irr Silage Normals (data)'!$B$4:$D$15,D11+3,FALSE))","v":0},null,{"$f":"IF(ISBLANK(D7),0,HLOOKUP(F7,'Irr Silage Normals (data)'!$B$4:$D$15,F11+3,FALSE))","v":0},{"$f":"IF(ISBLANK(D7),0,HLOOKUP(G7,'Irr Silage Normals (data)'!$B$4:$D$15,G11+3,FALSE))","v":0},{"$f":"IF(ISBLANK(D7),0,HLOOKUP(H7,'Irr Silage Normals (data)'!$B$4:$D$15,H11+3,FALSE))","v":0},{"$f":"IF(ISBLANK(D7),0,HLOOKUP(I7,'Irr Silage Normals (data)'!$B$4:$D$15,I11+3,FALSE))","v":0}]
[null,"$ Coverage on Production",null,{"$f":"IF(D7='Irr Silage Normals (data)'!C4,D43*D9+D14*50,(D43*D9))","v":0},null,{"$f":"IF(F7='Irr Silage Normals (data)'!C4,(F43*F9+F14*50),F43*F9)","v":0},{"$f":"+IF(G7='Irr Silage Normals (data)'!C4,G43*G9+G14*50,(G43*G9))","v":0},{"$f":"+IF(H7='Irr Silage Normals (data)'!C4,H43*H9+H14*50,(H43*H9))","v":0},{"$f":"IF(I7='Irr Silage Normals (data)'!C4,I43*I9+I14*50,(I43*I9))","v":0}]
[]
[null,"Premium Cost",null,{"$f":"IFERROR(VLOOKUP(D47,Irr_Silage_Rates,5,FALSE)*D16*0.01,0)","v":0},null,{"$f":"IFERROR(VLOOKUP(F47,Irr_Silage_Rates,6,FALSE)*F16*0.01,0)","v":0},{"$f":"IFERROR(VLOOKUP(G47,Irr_Silage_Rates,6,FALSE)*G16*0.01,0)","v":0},{"$f":"IFERROR(VLOOKUP(H47,Irr_Silage_Rates,6,FALSE)*H16*0.01,0)","v":0},{"$f":"IFERROR(VLOOKUP(I47,Irr_Silage_Rates,6,FALSE)*I16*0.01,0)","v":0}]
[]
[null,"Fall VPB Price",null,{"$f":"IF(D10<(D9*1.1),D9,IF(D10<(D9*1.5),D10,(D9*1.5)))","v":0},null,{"$f":"IF(F10<(F9*1.1),F9,IF(F10<(F9*1.5),F10,(F9*1.5)))","v":0},{"$f":"IF(G10<(G9*1.1),G9,IF(G10<(G9*1.5),G10,(G9*1.5)))","v":0},{"$f":"IF(H10<(H9*1.1),H9,IF(H10<(H9*1.5),H10,(H9*1.5)))","v":0},{"$f":"IF(I10<(I9*1.1),I9,IF(I10<(I9*1.5),I10,(I9*1.5)))","v":0}]
[null,"Fall SPE Price",null,"N/A",null,{"$f":"IF(F10>(F9*0.9),F9,IF(F10>(F9*0.5),F10,F9*0.5))","v":0},{"$f":"IF(G10>(G9*0.9),G9,IF(G10>(G9*0.5),G10,G9*0.5))","v":0},{"$f":"IF(H10>(H9*0.9),H9,IF(H10>(H9*0.5),H10,H9*0.5))","v":0},{"$f":"IF(I10>(I9*0.9),I9,IF(I10>(I9*0.5),I10,I9*0.5))","v":0}]
[]
[null,"Harvested Production ",null,null,null,null,null,null,null,null,null,"Dry","SPE","SPE","SPE","SPE"]
[null,"Production Shortfall",null,{"$f":"IF(ISBLANK(D23),0,IF(D23>0.999,0,D16-(D16*D23)))","v":0},null,{"$f":"IF(ISBLANK(F23),0,IF(F23>0.999,0,F16-(F16*F23)))","v":0},{"$f":"IF(ISBLANK(G23),0,IF(G23>0.999,0,G16-(G16*G23)))","v":0},{"$f":"IF(ISBLANK(H23),0,IF(H23>0.999,0,H16-(H16*H23)))","v":0},{"$f":"IF(ISBLANK(I23),0,IF(I23>0.999,0,I16-(I16*I23)))","v":0},null,null,{"$f":"D25","v":0},{"$f":"G25","v":0},{"$f":"H25","v":0},{"$f":"H25","v":0},{"$f":"I25","v":0}]
[null,null,null,null,null,null,null,null,null,null,{"$f":"IF(ISBLANK(D11),0,(((D$15*D$12)/100)*D$20)+('Properties (Data)'!$E$8))","v":0},{"$f":"$K25*D14*(1-D23)-D26","v":0},{"$f":"$K26*F14*(1-F23)-F26","v":0},{"$f":"$K27*G14*(1-G23)-G26","v":0},{"$f":"$K28*H14*(1-H23)-H26","v":0},{"$f":"$K29*I14*(1-I23)-I26","v":0}]
[null,"CI Payment on Shortfall",null,{"$f":"D24","v":0},null,{"$f":"F24","v":0},{"$f":"G24","v":0},{"$f":"H24","v":0},{"$f":"I24","v":0},null,{"$f":"(((F$15*F$12)/100)*F$20)+('Properties (Data)'!$E$8)","v":50}]
[null,"VPB Payment on Shortfall",null,{"$f":"IF(D20=0,0,IF(D7='Irr Silage Normals (data)'!C4,L25,SUM(D26*((D20-D9)/D9))))","v":0},null,{"$f":"IF(F20=0,0,IF(F7='Irr Silage Normals (data)'!C4,M25,SUM(F26*((F20-F9)/F9))))","v":0},{"$f":"IF(G20=0,0,IF(G7='Irr Silage Normals (data)'!C4,N25,SUM(G26*((G20-G9)/G9))))","v":0},{"$f":"IF(H20=0,0,IF(H7='Irr Silage Normals (data)'!C4,O25,SUM(H26*((H20-H9)/H9))))","v":0},{"$f":"IF(I20=0,0,IF(I7='Irr Silage Normals (data)'!C4,P25,SUM(I26*((I20-I9)/I9))))","v":0},null,{"$f":"(((G$15*G$12)/100)*G$20)+('Properties (Data)'!$E$8)","v":50}]
[null,"SPE Payment with 10% Deductible",null,"N/A",null,{"$f":"IF(F10=0,0,IF(F23=\"\",0,IF(F21<F9,((F9*0.9)-F21))/F9*F16*MIN(F23,1)))","v":0},{"$f":"IF(G10=0,0,IF(G23=\"\",0,IF(G9=0,0,IF(G21<G9,((G9*0.9)-G21))/G9*G16*MIN(G23,1))))","v":0},{"$f":"IF(H10=0,0,IF(H23=\"\",0,IF(H9=0,0,IF(H21<H9,((H9*0.9)-H21))/H9*H16*MIN(H23,1))))","v":0},{"$f":"IF(I10=0,0,IF(I23=\"\",0,IF(I9=0,0,IF(I21<I9,((I9*0.9)-I21))/I9*I16*MIN(I23,1))))","v":0},null,{"$f":"(((H$15*H$12)/100)*H$20)+('Properties (Data)'!$E$8)","v":50}]
[null,"Total Payments",null,{"$f":"SUM(D26:D27)","v":0},null,{"$f":"SUM(F26:F28)","v":0},{"$f":"SUM(G26:G28)","v":0},{"$f":"SUM(H26:H28)","v":0},{"$f":"SUM(I26:I28)","v":0},null,{"$f":"(((I$15*I$12)/100)*I$20)+('Properties (Data)'!$E$8)","v":50}]
[]
[null,"Benefit from Insurance",null,{"$f":"SUM(D29-D18)","v":0},null,{"$f":"SUM(F29-F18)","v":0},{"$f":"SUM(G29-G18)","v":0},{"$f":"SUM(H29-H18)","v":0},{"$f":"SUM(I29-I18)","v":0}]
[]
[null,null,{"$f":"Premium_Costs","v":"Premium Costs do not include hail endorsement or producer discounts or surcharges."}]
[]
[null,"DISCLAIMER:",{"$f":"Disclaimer","v":"The calculations from these worksheets are ESTIMATES. These amounts are not to be used for billing or payment of claims. "}]
[]
[null,"Hide here and after"]
[]
[]
[]
[]
[null,null,"newcov",null,null,{"$f":"F16/F20","v":{"$error":"#DIV/0!"}},{"$f":"G16/G20","v":{"$error":"#DIV/0!"}},{"$f":"H16/H20","v":{"$error":"#DIV/0!"}},{"$f":"I16/I20","v":{"$error":"#DIV/0!"}}]
[null,null,"prod cov",{"$f":"+D15*D12*D14*0.01","v":0},null,{"$f":"+F15*F12*F14*0.01","v":0},{"$f":"+G15*G12*G14*0.01","v":0},{"$f":"+H15*H12*H14*0.01","v":0},{"$f":"+I15*I12*I14*0.01","v":0}]
[null,null,"adj prod",null,null,{"$f":"+F43*F23","v":0},{"$f":"+G43*G23","v":0},{"$f":"+H43*H23","v":0},{"$f":"+I43*I23","v":0}]
[null,null,"shortfall",null,null,{"$f":"IF(+F43-F44<0,0,F43-F44)","v":0},{"$f":"IF(+G43-G44<0,0,G43-G44)","v":0},{"$f":"IF(+H43-H44<0,0,H43-H44)","v":0},{"$f":"IF(+I43-I44<0,0,I43-I44)","v":0}]
[]
[null,null,null,{"$f":"+D11&D7&D12","v":"80"},"","080","080","080","080"]
[null,null,null,{"$f":"+VLOOKUP(D47,'Irr Silage Rates (data)'!$A$2:$F$375,5,FALSE)","v":{"$error":"#N/A"}},null,{"$f":"+VLOOKUP(F47,'Irr Silage Rates (data)'!$A$2:$F$375,5,FALSE)","v":{"$error":"#N/A"}},{"$f":"+VLOOKUP(G47,'Irr Silage Rates (data)'!$A$2:$F$375,5,FALSE)","v":{"$error":"#N/A"}},{"$f":"+VLOOKUP(H47,'Irr Silage Rates (data)'!$A$2:$F$375,5,FALSE)","v":{"$error":"#N/A"}},{"$f":"+VLOOKUP(I47,'Irr Silage Rates (data)'!$A$2:$F$375,5,FALSE)","v":{"$error":"#N/A"}}]
[]
[null,null,null,"                                                                                "]

{"sheet":"Corn Heat Unit","index":5,"n_rows":38,"n_cols":12,"rows_kept":38,"cut":false,"hidden":false,"merged":[[36,4,36,5],[0,1,0,9],[32,2,32,9],[30,2,30,9],[4,3,4,4],[4,6,4,9],[34,2,35,9]]}
[null,{"$f":"Title & \" - Corn Heat Unit\"","v":"Impact of Spring Price Endorsement (SPE)  Estimate Worksheet - Corn Heat Unit"},null,null,null,null,null,null,null,null,null,"Hide here and after"]
[]
[null,{"$f":"Instructions","v":"Complete the colored boxes to compare specific examples."}]
[]
[null,null,null,"Corn Heat Unit",null,null,"Corn Heat Unit Insurance with SPE option"]
[]
[null,"Crop",null,"Corn (Grain)","Corn (Silage)",null,"Corn (Grain)","Corn (Grain)","Corn (Silage)","Corn (Silage)"]
[null,null,null,"Price expressed in $ per Bushel"]
[null,"Spring Insurance Price",null,{"$f":"VALUE('CHU Normals (data)'!B7)","v":5.5882950619792728},{"$f":"VALUE('CHU Normals (data)'!C7)","v":4.876168012337839},null,{"$f":"LOOKUP(G7,'CHU Normals (data)'!$B$4:$E$4,'CHU Normals (data)'!$B$7:$E$7)*1","v":5.5882950619792728},{"$f":"+LOOKUP(H7,'CHU Normals (data)'!$B$4:$E$4,'CHU Normals (data)'!$B$7:$E$7)*1","v":5.5882950619792728},{"$f":"+LOOKUP(I7,'CHU Normals (data)'!$B$4:$E$4,'CHU Normals (data)'!$B$7:$E$7)*1","v":4.876168012337839},{"$f":"+LOOKUP(J7,'CHU Normals (data)'!$B$4:$E$4,'CHU Normals (data)'!$B$7:$E$7)*1","v":4.876168012337839}]
[null,"Fall Market Price"]
[null,"Record Dollar Coverage",null,null,null,null,{"$f":"D11","v":0},{"$f":"D11","v":0},{"$f":"E11","v":0},{"$f":"E11","v":0}]
[]
[]
[null,"Acres Insured"]
[null,"Total $ Coverage",null,{"$f":"D11*D14","v":0},{"$f":"E11*E14","v":0},null,0,0,0,0]
[]
[null,"Premium Cost",null,{"$f":"VLOOKUP(D7,CHU_Rates,5,TRUE)*D11*D14*0.01","v":0},{"$f":"VLOOKUP(E7,CHU_Rates,5,TRUE)*E11*E14*0.01","v":0},null,{"$f":"VLOOKUP(G7,CHU_Rates,6,FALSE)*G11*G14*0.01","v":0},{"$f":"VLOOKUP(H7,CHU_Rates,6,FALSE)*H11*H14*0.01","v":0},{"$f":"VLOOKUP(I7,CHU_Rates,6,FALSE)*I11*I14*0.01","v":0},{"$f":"VLOOKUP(J7,CHU_Rates,6,FALSE)*J11*J14*0.01","v":0}]
[null,"Fall VPB Price",null,{"$f":"+IF(D10<(D9*1.1),D9,IF(D10<(D9*1.5),D10,(D9*1.5)))","v":5.5882950619792728},{"$f":"+IF(E10<(E9*1.1),E9,IF(E10<(E9*1.5),E10,(E9*1.5)))","v":4.876168012337839},null,{"$f":"+IF(G10<(G9*1.1),G9,IF(G10<(G9*1.5),G10,(G9*1.5)))","v":5.5882950619792728},{"$f":"+IF(H10<(H9*1.1),H9,IF(H10<(H9*1.5),H10,(H9*1.5)))","v":5.5882950619792728},{"$f":"+IF(I10<(I9*1.1),I9,IF(I10<(I9*1.5),I10,(I9*1.5)))","v":4.876168012337839},{"$f":"+IF(J10<(J9*1.1),J9,IF(J10<(J9*1.5),J10,(J9*1.5)))","v":4.876168012337839}]
[null,"Fall SPE Price",null,"N/A","N/A",null,{"$f":"+IF(G10>(G9*0.9),G9,IF(G10>(G9*0.5),G10,G9*0.5))","v":2.7941475309896364},{"$f":"+IF(H10>(H9*0.9),H9,IF(H10>(H9*0.5),H10,H9*0.5))","v":2.7941475309896364},{"$f":"+IF(I10>(I9*0.9),I9,IF(I10>(I9*0.5),I10,I9*0.5))","v":2.4380840061689195},{"$f":"+IF(J10>(J9*0.9),J9,IF(J10>(J9*0.5),J10,J9*0.5))","v":2.4380840061689195}]
[]
[null,"Harvest Claim Rate",null,null,null,null,null,null,null,null,5]
[null,"Deemed Shortfall",null,{"$f":"IF(D21=\"\",0,D11*D21*D14)","v":0},{"$f":"IF(E21=\"\",0,E11*E21*E14)","v":0},null,{"$f":"IF(G21=\"\",0,G11*G21*G14)","v":0},{"$f":"IF(H21=\"\",0,H11*H21*H14)","v":0},{"$f":"IF(I21=\"\",0,I11*I21*I14)","v":0},{"$f":"IF(J21=\"\",0,J11*J21*J14)","v":0}]
[]
[null,"CI Payment on Shortfall",null,{"$f":"D22","v":0},{"$f":"E22","v":0},null,0,0,0,0]
[null,"VPB Payment on Shortfall",null,{"$f":"D24*((D18-D9)/D9)","v":0},{"$f":"E24*((E18-E9)/E9)","v":0},null,{"$f":"G24*((G18-G9)/G9)","v":0},{"$f":"H24*((H18-H9)/H9)","v":0},{"$f":"I24*((I18-I9)/I9)","v":0},{"$f":"J24*((J18-J9)/J9)","v":0}]
[null,"SPE Payment with 10% Deductible",null,"N/A","N/A",null,{"$f":"IF(G10=\"\",0,IF(G21=\"\",0,IF(G9=G19,0,IF(G19<G9,((G9*0.9-G19))*MIN((G11/G9),(G11/G9)*(1-G21))*G14))))","v":0},{"$f":"IF(H10=\"\",0,IF(H21=\"\",0,IF(H9=H19,0,IF(H19<H9,((H9*0.9-H19))*MIN((H11/H9),(H11/H9)*(1-H21))*H14))))","v":0},{"$f":"IF(I10=\"\",0,IF(I21=\"\",0,IF(I9=I19,0,IF(I19<I9,((I9*0.9-I19))*MIN((I11/I9),(I11/I9)*(1-I21))*I14))))","v":0},{"$f":"IF(J10=\"\",0,IF(J21=\"\",0,IF(J9=J19,0,IF(J19<J9,((J9*0.9-J19))*MIN((J11/J9),(J11/J9)*(1-J21))*J14))))","v":0}]
[null,"Total Payments",null,{"$f":"SUM(D24+D25)","v":0},{"$f":"SUM(E24+E25)","v":0},null,{"$f":"SUM(G24:G26)","v":0},{"$f":"SUM(H24:H26)","v":0},{"$f":"SUM(I24:I26)","v":0},{"$f":"SUM(J24:J26)","v":0}]
[]
[null,"Benefit from Insurance",null,{"$f":"SUM(D27-D17)","v":0},{"$f":"SUM(E27-E17)","v":0},null,{"$f":"SUM(G27-G17)","v":0},{"$f":"SUM(H27-H17)","v":0},{"$f":"SUM(I27-I17)","v":0},{"$f":"SUM(J27-J17)","v":0}]
[]
[null,null,"Premium Rates based on Lethbridge weather station @ Low CHU threshold."]
[]
[null,null,{"$f":"Premium_Costs","v":"Premium Costs do not include hail endorsement or producer discounts or surcharges."}]
[]
[null,"DISCLAIMER:",{"$f":"Disclaimer","v":"The calculations from these worksheets are ESTIMATES. These amounts are not to be used for billing or payment of claims. "}]
[]
[]
["Hide here and after"]

{"sheet":"CHU Dollar Coverage (data)","index":6,"n_rows":37,"n_cols":5,"rows_kept":37,"cut":false,"hidden":true,"merged":[]}
["Grain Corn","Corn Silage"]
[100,100,null,2020,"No change required"]
[125,125]
[150,150]
[175,175]
[200,200]
[225,225]
[250,250]
[275,275]
[300,300]
[325,325]
[350,350]
[375,375]
[400,400]
[425,425]
[450,450]
[475,475]
[500,500]
[525,525]
[null,550]
[null,575]
[null,600]
[null,625]
[null,650]
[null,675]
[null,700]
[null,725]
[null,750]
[null,775]
[null,800]
[null,825]
[null,850]
[null,875]
[null,900]
[null,925]
[null,950]
[null,975]

{"sheet":"CHU Normals (data)","index":7,"n_rows":14,"n_cols":20,"rows_kept":14,"cut":false,"hidden":true,"merged":[[7,7,11,9],[6,19,16,19]]}
["a","b","c","d","e",null,null,"Crop","AG_PROD_UID","AG_PROD_USE_UID","Price/kg","Conversion rate","Price per bushel",null,null,null,null,null,null,"2020-03-09"]
[null,null,null,null,null,null,null,{"$f":"C4","v":"Corn (Silage)"},12324,4475,0.215,4.4091999999999999E-2,{"$f":"K2/L2","v":4.876168012337839},"Silage uses the barley conversion factor",null,null,null,null,null,"Ilyas Ali"]
[null,null,null,"normal lookup table",null,null,null,{"$f":"B4","v":"Corn (Grain)"},12282,477,0.22,3.9368E-2,{"$f":"K3/L3","v":5.5882950619792728},null,null,null,null,null,null,"change required"]
[null,"Corn (Grain)","Corn (Silage)",null,"2018",null,null,null,null,null,null,null,null,null,null,null,null,null,null,"Done 2020"]
["AG_PROD_UID",12282,12324,null,null,null,null,null,null,null,null,null,null,null,null,null,null,null,null,"TING4"]
["AG_PROD_USE_UID",null,null,null,null,null,null,null,null,null,null,null,null,null,null,null,null,null,null,"Query"]
["Spring Price",{"$f":"M3","v":5.5882950619792728},{"$f":"M2","v":4.876168012337839},null,null,null,null,"The price per kg is retrieved from the AG_PROD_USE_PRICE_OPTION ",null,null,null,null,null,null,null,null,null,null,null,"select * from AG_PROD_USE_PRICE_OPTION   \nwhere CROP_YEAR = 2020\nAnd PRICE_OPTION_UID = 4\nAnd PRICE_TYPE_UID = 2\nAnd AG_PROD_USE_UID in (477,4475)"]
["1",null,null,null,null,null,null,"CROP_YEAR = 2019 \nAnd PRICE_OPTION_UID = 4\nAnd PRICE_TYPE_UID = 2\nAnd AG_PROD_USE_UID in (477,4475)\n"]
["2"]
["3"]
["4"]
["5"]
["6"]
["7"]

{"sheet":"CHU Rates (data)","index":8,"n_rows":20,"n_cols":15,"rows_kept":20,"cut":false,"hidden":true,"merged":[[4,7,4,8]]}
["Column1","ra","crop","cl","p rem","prem+","Column2","Prem","Prem+","* CHU Data Rate",null,null,null,"Barley and Corn Silage rate always same"]
["Corn (Grain)",1,"corn",80,{"$f":"'Rates (CHU & SPE) (data)'!I5","v":1.62},{"$f":"'Rates (CHU & SPE) (data)'!I5+'Rates (CHU & SPE) (data)'!N5","v":4.09},null,"Farm_75 (I5)","Total(I5+N5)","LethBridge","PNP Data CHU Rate Sheet (CHUDATA.XLSX)"]
["Corn (Silage)",1,"conr",80,{"$f":"'Rates (CHU & SPE) (data)'!I12","v":1.06},{"$f":"'Rates (CHU & SPE) (data)'!I13+'Rates (CHU & SPE) (data)'!N13","v":3.76},null,"Farm_75 (I13)","Total(I13+N13)"]
[]
[null,null,null,null,null,null,null,"Note : Get value from as above"]
[null,null,null,null,null,null,null,null,null,"The base Corn (Grain) Prem Rate is range “I4” (19003 Lethbridge farm_75) on the Rates sheet"]
[null,null,null,null,null,null,null,null,null,"The Corn (Grain) Prem+Rate  is range “N4” (19003 Lethbridge Producer SPE) + range “I4” (19003 Lethbridge farm_75) on the Rates sheet"]
[null,null,null,null,null,null,null,null,null,"The base Corn (Silage) Premium Rate is range “I12” (29003 Lethbridge farm_75) on the Rates sheet"]
[null,null,null,null,null,null,null,null,null,"The Corn (Silage) Prem+Rate  is range “N12” (29003 Producer SPE) + range “I12” (29003 Lethbridge farm_75)  on the Rates sheet"]
[null,null,null,null,null,null,null,null,null,"Then the CHU Rates are manually input into the CHU Normals sheet in SPEData."]
[]
[]
[]
[]
[]
[]
[]
[null,null,null,null,null,null,null,null,null,null,null,null,"Change History"]
[null,null,null,null,null,null,null,null,null,null,null,null,"Dated 09 Mar 2020","Ilyas Ali","Prem and Prem + rate change"]
[null,null,null,null,null,null,null,null,null,null,null,null,"2020-03-26","Martine","Updated Prem+ data"]

{"sheet":"Dry Crop Normals (data)","index":9,"n_rows":72,"n_cols":49,"rows_kept":72,"cut":false,"hidden":true,"merged":[[13,47,14,47],[13,46,14,46],[13,45,14,45]]}
["F1","F2","F3","F4","F5","F6","F7","F8","F9","F10","F11","F12","F13","F14","F15","F16","F17","F18","F19","F20","F21","F22","F23","F24","F25","F26","F27","F28","F29","F30","F31","F32","F33","F34","F35","F36","F37","F38","F39","F40","F41","F42","F43","Column45"]
[]
[]
[]
[]
["60",null,"Crop1","Crop2","Crop3","Crop4","Crop5","Crop6","Crop7","Crop8","Crop9","Crop10","Crop11","Crop12","Crop13","Crop14","Crop15","Crop16","Crop17","Crop18","Crop19","Crop20","Crop21","Crop22","Crop23","Crop24","Crop25","Crop26","Crop27","Crop28","Crop29","Crop30","Crop31","Crop32","Crop33","Crop34","Crop35","Crop36","Crop37","Crop38","Crop39","Crop40","Crop41"]
["70"]
["80",null,"Barley","Barley Malting","CanarySeed","Canola-Argentine","Canola-Polish","Canola-Argentine Specialty Oil","Chickpeas-Desi","Chickpeas-Kabuli","FabaBean","Flax","Lentils-Green","Lentils-Red","MixedGrain","Mustard-Brown","Mustard-Oriental","Mustard-Yellow","Oats","Peas,Field","Rye-Fall","Rye-Spring","Safflower","Sunflower Confectionary","Sunflower Oilseed(Sunflower)","Triticale-Spring","Triticale-Winter","Wheat-CanadaPrairieSpring","Wheat-Durum","Wheat-Durum High Protein","Wheat-ExtraStrong","Wheat-HardRedSpring","Wheat-HardRedWinter","Wheat-HardRedSpring High Protein","Wheat-NorthernHardRed","Wheat-SoftWhiteSpring","Wheat-SpecialPurpose","Wheat-SoftWhiteSpring Industrial"]
[null,"AG_PROD_UID",12267,12267,12269,12388,12389,12388,13559,13558,12408,12383,18898,18897,12272,12392,12393,12394,12273,12411,12286,12287,12386,12387,12387,12288,12289,13571,12290,12290,13572,12291,12292,12291,19127,12294,19126,12294]
[null,"AG_PROD_USE_UID",442,7139,446,752,754,12978,3464,3463,788,738,23056,23054,452,759,761,763,456,808,483,485,746,750,749,487,489,3477,491,3903,3479,493,495,3853,23731,499,23725,13734]
[null,"Spring Price",{"$f":"VLOOKUP(C10,Ag_Prod_Use_Price,5,FALSE)","v":4.876168012337839},{"$f":"VLOOKUP(D10,Ag_Prod_Use_Price,5,FALSE)","v":5.7833620611448788},0.25401433366597115,10.205933049079199,10.205933049079199,11.816202485711694,0.19958269073754875,0.18597478000544315,0.10205933049079198,13.590062742906497,0.24040642293386555,0.19051075024947833,4.1911984831853113,13.721309988206476,13.721309988206476,17.463485439535518,3.4405162634133641,6.9399085564990202,4.6993674905377603,4.6993674905377603,0.29937403610632313,0.32885784269255192,0.23587045268983034,4.3636192093593733,4.3636192093593733,5.5791421728717614,6.6677552797735684,6.8038319181362947,5.8512954495972131,5.8512954495972131,5.1709122577835842,6.3956020030481167,5.1709122577835842,4.8987589810581316,5.0348356194208579,4.8987589810581316]
["RA","1",51.940376000000001,51.940376000000001,1302.9186,27.557500000000001,18.650915999999999,27.557500000000001,970.024,1254.4174,1942.2526,17.045911,1016.3206,1097.8908000000001,60.526839999999993,24.91198,22.486920000000001,19.135928,49.791946000000003,39.022128000000002,34.170555999999998,27.793102000000001,"0","0","0",28.617299999999997,27.981359999999999,45.452328000000001,43.394663999999999,43.394663999999999,42.512808,41.924903999999998,46.260695999999996,41.924903999999998,41.373744000000002,40.859327999999998,45.783023999999997,"0",null,null,null,null,null,null,null,"Modication History"]
[null,"2",59.039187999999996,59.039187999999996,1038.3666000000001,35.846795999999998,23.368759999999998,35.846795999999998,"0","0",1611.5626,22.675391999999999,1331.5784000000001,1437.3992000000001,73.45393,23.368759999999998,21.340527999999999,18.739100000000001,55.007733000000002,39.022128000000002,51.610137000000002,31.926636999999999,1025.1390000000001,844.36180000000002,667.99380000000008,56.429075999999995,56.937827999999996,46.958832000000001,47.289527999999997,47.289527999999997,40.675607999999997,43.137456,53.976935999999995,43.137456,43.284431999999995,52.727640000000001,47.693711999999998,"0",null,null,null,null,null,null,null,"2020-03-10","Ilyas Ali","Update Price (SPE_Dry_Crop_Extract.SQL)","Completed"]
[null,"3",58.642359999999996,58.642359999999996,1038.3666000000001,33.730379999999997,21.82554,33.730379999999997,"0","0","0",21.179445999999999,1331.5784000000001,1437.3992000000001,56.017389999999999,26.102464000000001,25.220624000000001,21.164159999999999,54.147396999999998,39.022128000000002,49.720520999999998,27.320698,1025.1390000000001,844.36180000000002,667.99380000000008,48.543419999999998,50.112071999999998,47.326271999999996,45.195119999999996,45.195119999999996,41.336999999999996,41.006304,47.950919999999996,41.006304,40.822583999999999,49.861607999999997,47.693711999999998,"0",null,null,null,null,null,null,null,"2020-03-24","Martine W","Put a lookup formula for the price so the correct price is displayed for the commodity."]
[null,"4",45.282483999999997,45.282483999999997,1038.3666000000001,28.262971999999998,18.871375999999998,28.262971999999998,"0","0","0",14.132752999999999,1016.3206,1097.8908000000001,34.822975,16.181764000000001,16.269947999999999,12.918956,40.059395000000002,39.022128000000002,34.564225999999998,17.518315000000001,1025.1390000000001,844.36180000000002,667.99380000000008,37.181291999999999,40.318595999999999,36.597023999999998,35.935631999999998,35.935631999999998,30.387287999999998,32.922623999999999,39.4998,32.922623999999999,33.069600000000001,37.552368000000001,35.604936000000002,"0"]
[null,"5",63.316111999999997,63.316111999999997,1302.9186,37.919119999999999,25.485175999999999,37.919119999999999,"0","0",1942.2526,30.588159000000001,1252.2128,1369.0566000000001,57.821169999999995,24.471059999999998,24.91198,22.619195999999999,65.708162000000002,43.541640000000001,57.633288,45.66572,"0","0","0",53.673335999999992,56.556263999999992,62.097359999999995,54.050424,54.050424,50.486255999999997,46.297440000000002,54.711815999999999,46.297440000000002,47.877431999999999,57.357383999999996,62.244335999999997,"0"]
[null,"6",65.300252,65.300252,1302.9186,37.169556,23.060116000000001,37.169556,"0","0",1942.2526,14.447689,1252.2128,1369.0566000000001,56.017389999999999,0,0,0,75.763339000000002,43.541640000000001,48.618245000000002,41.256616000000001,"0","0","0",70.377359999999996,77.07592799999999,74.921015999999995,46.407671999999998,46.407671999999998,62.134104000000001,61.656431999999995,41.851416,61.656431999999995,73.267535999999993,"0",74.222880000000004,"0"]
[null,"7",78.748311999999999,78.748311999999999,1302.9186,43.254252000000001,24.779703999999999,43.254252000000001,"0","0",1942.2526,29.170946999999998,1252.2128,1369.0566000000001,75.658549999999991,27.248856,27.248856,23.986048,81.947003999999993,53.976935999999995,63.262768999999999,51.177099999999996,"0","0","0",78.30541199999999,75.295295999999993,75.655895999999998,47.399760000000001,47.399760000000001,62.722007999999995,66.469895999999991,58.129007999999999,66.469895999999991,73.598231999999996,"0",74.774039999999999,78.301463999999996]
[null,"8",70.679475999999994,70.679475999999994,1302.9186,37.213647999999999,23.545127999999998,37.213647999999999,"0","0",1942.2526,28.344239999999999,1252.2128,1369.0566000000001,67.441329999999994,28.659800000000001,28.351156,22.001908,66.353414000000001,53.976935999999995,67.750607000000002,33.580050999999997,"0","0","0",60.456695999999994,67.409639999999996,66.910823999999991,61.913640000000001,61.913640000000001,49.824863999999998,52.764384,59.15784,52.764384,56.769480000000001,"0",67.131287999999998,65.808503999999999]
[null,"9",45.194299999999998,45.194299999999998,1038.3666000000001,29.100719999999999,17.372247999999999,29.100719999999999,"0","0",1611.5626,16.022369000000001,956.79640000000006,1027.3436000000002,39.432634999999998,17.548615999999999,18.915468000000001,13.315783999999999,41.672525,39.022128000000002,37.949787999999998,22.242355,"0","0","0",31.542623999999996,37.732439999999997,45.562559999999998,34.502615999999996,34.502615999999996,35.825400000000002,32.114255999999997,38.470967999999999,32.114255999999997,32.224488000000001,36.964464,44.607216000000001,"0"]
[null,"10",67.637128000000004,67.637128000000004,1302.9186,44.003816,31.393504,44.003816,"0","0",1942.2526,22.793492999999998,1252.2128,1369.0566000000001,69.595844999999997,"0","0","0",62.858299000000002,43.541640000000001,40.941679999999998,33.776885999999998,"0","0","0",62.618891999999995,68.427143999999998,75.949848000000003,"0","0",61.178759999999997,57.541103999999997,45.599303999999997,57.541103999999997,73.634975999999995,"0",75.472176000000005,76.501007999999999]
[null,"11",76.279160000000005,76.279160000000005,1302.9186,48.016188,28.527524,48.016188,"0","0",1942.2526,34.564225999999998,1252.2128,1369.0566000000001,73.55413999999999,0,0,0,80.871583999999999,53.976935999999995,66.254660999999999,37.516750999999999,"0","0","0",70.928507999999994,70.886111999999997,71.540567999999993,"0","0",57.504359999999998,61.766663999999999,56.365296000000001,61.766663999999999,66.433151999999993,"0",71.099639999999994,72.863351999999992]
[null,"12",65.476619999999997,65.476619999999997,1100.0954000000002,37.522292,21.957816000000001,37.522292,"0","0",1942.2526,24.604375000000001,868.61240000000009,1027.3436000000002,61.779464999999995,19.576847999999998,19.444572000000001,17.416339999999998,62.320588999999998,43.541640000000001,47.791537999999996,31.651067999999999,"0","0","0",53.970107999999996,53.970107999999996,55.997855999999999,41.373744000000002,41.373744000000002,44.276519999999998,46.775112,48.061152,46.775112,48.906264,"0",55.961112,55.777391999999999]
[null,"13",62.522455999999998,62.522455999999998,1100.0954000000002,36.81682,20.458687999999999,36.81682,"0","0",1942.2526,23.620200000000001,868.61240000000009,1027.3436000000002,53.261614999999999,20.458687999999999,20.502780000000001,17.989536000000001,64.955367999999993,43.541640000000001,38.776494999999997,27.832469,"0","0","0",50.239259999999994,50.875199999999992,54.381119999999996,"0","0",41.373744000000002,46.481159999999996,44.64396,46.481159999999996,47.656967999999999,"0",53.315543999999996,54.454608]
[null,"14",62.037444000000001,62.037444000000001,1170.6426000000001,35.097231999999998,21.781448000000001,35.097231999999998,"0","0",1611.5626,15.7468,1252.2128,1369.0566000000001,65.53734,"0","0","0",64.202573999999998,43.541640000000001,33.540683999999999,27.478165999999998,"0","0","0",55.920323999999994,59.100023999999998,64.008048000000002,"0","0",52.029503999999996,49.824863999999998,38.617944000000001,49.824863999999998,61.362479999999998,"0",63.640608,"0"]
[null,"15",66.843472000000006,66.843472000000006,1170.6426000000001,40.7851,22.001908,40.7851,"0","0",1942.2526,19.014261000000001,1252.2128,1369.0566000000001,57.119699999999995,"0","0","0",71.730513999999999,43.541640000000001,36.690044,24.879943999999998,"0","0","0",55.114799999999995,60.583883999999998,65.992223999999993,"0","0",54.748559999999998,54.270887999999999,45.415583999999996,54.270887999999999,62.354568,"0",65.110367999999994,65.955479999999994]
[null,"16",54.321343999999996,54.321343999999996,1170.6426000000001,31.922608,20.326412000000001,31.922608,"0","0",1611.5626,16.849076,1252.2128,1369.0566000000001,42.739564999999999,"0","0","0",70.171154999999999,43.541640000000001,35.194097999999997,24.879943999999998,"0","0","0",41.378495999999998,43.837463999999997,54.270887999999999,"0","0",40.491887999999996,42.990479999999998,41.190024000000001,42.990479999999998,52.690895999999995,"0",53.242055999999998,56.071343999999996]
[null,"17",55.952748,55.952748,1170.6426000000001,31.261227999999999,17.989536000000001,31.261227999999999,"0","0",1611.5626,18.738692,1252.2128,1369.0566000000001,54.965184999999998,"0","0","0",59.201870999999997,43.541640000000001,37.398649999999996,32.241573000000002,"0","0","0",47.949875999999996,52.401455999999996,48.943007999999999,"0","0",38.801664000000002,43.835591999999998,39.940728,43.835591999999998,43.027223999999997,"0",48.979751999999998,"0"]
[null,"18",56.966864000000001,56.966864000000001,1170.6426000000001,31.040768,21.605080000000001,31.040768,"0","0",1611.5626,17.164012,1252.2128,1369.0566000000001,64.83587,"0","0","0",73.451185999999993,43.541640000000001,41.492818,30.509425,"0","0","0",52.104683999999992,57.065015999999993,52.948104000000001,"0","0",42.145367999999998,47.179296000000001,40.602119999999999,47.179296000000001,46.738368000000001,"0",52.801127999999999,"0"]
[null,"19",66.005724000000001,66.005724000000001,1170.6426000000001,36.464084,20.9437,36.464084,"0","0",1611.5626,21.415648000000001,1252.2128,1369.0566000000001,66.589545000000001,"0","0","0",74.634147999999996,43.541640000000001,34.131188999999999,30.863727999999998,"0","0","0",55.411571999999992,62.194931999999994,57.651336000000001,"0","0",44.239775999999999,49.935096000000001,38.654688,49.935096000000001,49.530912000000001,"0",57.761567999999997,"0"]
[null,"20",64.242043999999993,64.242043999999993,1170.6426000000001,33.950839999999999,20.370504,33.950839999999999,"0","0",1611.5626,19.407931000000001,1252.2128,1369.0566000000001,65.236710000000002,"0","0","0",62.320588999999998,43.541640000000001,36.060172000000001,30.470057999999998,"0","0","0",54.266879999999993,58.040123999999992,61.766663999999999,"0","0",47.877431999999999,48.612311999999996,35.090519999999998,48.612311999999996,49.604399999999998,"0",61.766663999999999,"0"]
[null,"21",53.704056000000001,53.704056000000001,1170.6426000000001,28.659800000000001,16.666775999999999,28.659800000000001,"0","0",1611.5626,14.841358999999999,1252.2128,1369.0566000000001,52.810669999999995,"0","0","0",65.761932999999999,43.541640000000001,38.225357000000002,31.099930000000001,"0","0","0",47.101955999999994,51.341555999999997,54.528095999999998,"0","0",45.048144000000001,44.790936000000002,36.780743999999999,44.790936000000002,45.415583999999996,"0",54.307631999999998,"0"]
[null,"22",56.790495999999997,56.790495999999997,1170.6426000000001,29.541640000000001,17.724983999999999,29.541640000000001,"0","0",1611.5626,15.313763,1252.2128,1369.0566000000001,60.727259999999994,"0","0","0",73.504957000000005,43.541640000000001,31.532966999999999,33.068280000000001,"0","0","0",49.264151999999996,51.426347999999997,51.184391999999995,"0","0",40.822583999999999,43.578384,32.261232,43.578384,45.525815999999999,"0",51.221136000000001,"0"]
[null,null,"Barley"]
[null,null,"Barley Malting"]
[null,null,"CanarySeed"]
[null,null,"Canola-Argentine"]
[null,null,"Canola-Polish"]
[null,null,"Canola-Argentine Specialty Oil"]
[null,null,"Chickpeas-Desi"]
[null,null,"Chickpeas-Kabuli"]
[null,null,"FabaBean"]
[null,null,"Flax"]
[null,null,"Lentils-Green"]
[null,null,"Lentils-Red"]
[null,null,"MixedGrain"]
[null,null,"Mustard-Brown"]
[null,null,"Mustard-Oriental"]
[null,null,"Mustard-Yellow"]
[null,null,"Oats"]
[null,null,"Peas,Field"]
[null,null,"Rye-Fall"]
[null,null,"Rye-Spring"]
[null,null,"Safflower"]
[null,null,"Sunflower Confectionary"]
[null,null,"Sunflower Oilseed(Sunflower)"]
[null,null,"Triticale-Spring"]
[null,null,"Triticale-Winter"]
[null,null,"Wheat-CanadaPrairieSpring"]
[null,null,"Wheat-Durum"]
[null,null,"Wheat-Durum High Protein"]
[null,null,"Wheat-ExtraStrong"]
[null,null,"Wheat-HardRedSpring"]
[null,null,"Wheat-HardRedWinter"]
[null,null,"Wheat-HardRedSpring High Protein"]
[null,null,"Wheat-NorthernHardRed"]
[null,null,"Wheat-SoftWhiteSpring"]
[null,null,"Wheat-SpecialPurpose"]
[null,null,"Wheat-SoftWhiteSpring Industrial"]
[null,null,"0"]
[null,null,"0"]
[null,null,"0"]

{"sheet":"Dry Crop Rates (data)","index":10,"n_rows":1782,"n_cols":12,"rows_kept":1782,"cut":false,"hidden":true,"merged":[]}
["ID","CROP","RA","CL","p rem","prem+"]
["1Barley60","Barley",1,60,2.2200000000000002,4.76,null,null,"Modication History"]
["1Barley Malting60","Barley Malting",1,60,2.2200000000000002,4.76,null,null,"2020-03-10","Ilyas Ali","Update Price (spe_dry_crop_extract.sql )","Completed"]
["1CanarySeed60","CanarySeed",1,60,2.23,5.86]
["1Canola-Argentine60","Canola-Argentine",1,60,2.96,5.34]
["1Canola-Argentine Specialty Oil60","Canola-Argentine Specialty Oil",1,60,3.12,5.5]
["1Canola-Polish60","Canola-Polish",1,60,5.0599999999999996,7.41]
["1Chickpeas-Desi60","Chickpeas-Desi",1,60,9.3000000000000007,11.66]
["1Chickpeas-Kabuli60","Chickpeas-Kabuli",1,60,5.88,8.25]
["1FabaBean60","FabaBean",1,60,3.55,6.62]
["1Flax60","Flax",1,60,7.14,9.67]
["1Lentils-Green60","Lentils-Green",1,60,5.77,8.34]
["1Lentils-Red60","Lentils-Red",1,60,5.31,7.88]
["1MixedGrain60","MixedGrain",1,60,3,5.55]
["1Mustard-Brown60","Mustard-Brown",1,60,5.04,8.1]
["1Mustard-Oriental60","Mustard-Oriental",1,60,5.45,8.51]
["1Mustard-Yellow60","Mustard-Yellow",1,60,5.17,8.25]
["1Oats60","Oats",1,60,2.21,4.76]
["1Peas,Field60","Peas,Field",1,60,3.94,6.92]
["1Rye-Fall60","Rye-Fall",1,60,5.82,8.32]
["1Rye-Spring60","Rye-Spring",1,60,4.28,6.79]
["1Triticale-Spring60","Triticale-Spring",1,60,5.88,8.42]
["1Triticale-Winter60","Triticale-Winter",1,60,5.17,7.71]
["1Wheat-CanadaPrairieSpring60","Wheat-CanadaPrairieSpring",1,60,4.1900000000000004,7.8]
["1Wheat-Durum60","Wheat-Durum",1,60,4.34,8.2100000000000009]
["1Wheat-Durum High Protein60","Wheat-Durum High Protein",1,60,4.5599999999999996,8.43]
["1Wheat-ExtraStrong60","Wheat-ExtraStrong",1,60,5.16,8.7899999999999991]
["1Wheat-HardRedSpring60","Wheat-HardRedSpring",1,60,2.58,6.29]
["1Wheat-HardRedSpring High Protein60","Wheat-HardRedSpring High Protein",1,60,3.16,6.87]
["1Wheat-HardRedWinter60","Wheat-HardRedWinter",1,60,2.1800000000000002,5.77]
["1Wheat-NorthernHardRed60","Wheat-NorthernHardRed",1,60,2.58,6.29]
["1Wheat-SoftWhiteSpring60","Wheat-SoftWhiteSpring",1,60,4.5999999999999996,8.25]
["1Wheat-SpecialPurpose60","Wheat-SpecialPurpose",1,60,4.1900000000000004,7.8]
["1Barley70","Barley",1,70,3.02,5.5]
["1Barley Malting70","Barley Malting",1,70,3.02,5.5]
["1CanarySeed70","CanarySeed",1,70,3.29,6.84]
["1Canola-Argentine70","Canola-Argentine",1,70,3.97,6.29]
["1Canola-Argentine Specialty Oil70","Canola-Argentine Specialty Oil",1,70,4.1900000000000004,6.51]
["1Canola-Polish70","Canola-Polish",1,70,6.89,9.1999999999999993]
["1Chickpeas-Desi70","Chickpeas-Desi",1,70,12.34,14.66]
["1Chickpeas-Kabuli70","Chickpeas-Kabuli",1,70,7.75,10.07]
["1FabaBean70","FabaBean",1,70,4.99,7.99]
["1Flax70","Flax",1,70,10.050000000000001,12.52]
["1Lentils-Green70","Lentils-Green",1,70,7.61,10.1]
["1Lentils-Red70","Lentils-Red",1,70,6.99,9.48]
["1MixedGrain70","MixedGrain",1,70,4.1399999999999997,6.62]
["1Mustard-Brown70","Mustard-Brown",1,70,7.06,10.07]
["1Mustard-Oriental70","Mustard-Oriental",1,70,7.66,10.67]
["1Mustard-Yellow70","Mustard-Yellow",1,70,7.26,10.28]
["1Oats70","Oats",1,70,2.94,5.42]
["1Peas,Field70","Peas,Field",1,70,5.34,8.2899999999999991]
["1Rye-Fall70","Rye-Fall",1,70,8.1999999999999993,10.65]
["1Rye-Spring70","Rye-Spring",1,70,6.05,8.51]
["1Triticale-Spring70","Triticale-Spring",1,70,8.41,10.88]
["1Triticale-Winter70","Triticale-Winter",1,70,7.38,9.85]
["1Wheat-CanadaPrairieSpring70","Wheat-CanadaPrairieSpring",1,70,5.96,9.51]
["1Wheat-Durum70","Wheat-Durum",1,70,6.51,10.210000000000001]
["1Wheat-Durum High Protein70","Wheat-Durum High Protein",1,70,6.76,10.46]
["1Wheat-ExtraStrong70","Wheat-ExtraStrong",1,70,7.37,10.93]
["1Wheat-HardRedSpring70","Wheat-HardRedSpring",1,70,3.58,7.18]
["1Wheat-HardRedSpring High Protein70","Wheat-HardRedSpring High Protein",1,70,4.21,7.81]
["1Wheat-HardRedWinter70","Wheat-HardRedWinter",1,70,2.91,6.44]
["1Wheat-NorthernHardRed70","Wheat-NorthernHardRed",1,70,3.57,7.17]
["1Wheat-SoftWhiteSpring70","Wheat-SoftWhiteSpring",1,70,6.61,10.18]
["1Wheat-SpecialPurpose70","Wheat-SpecialPurpose",1,70,5.96,9.51]
["1Barley80","Barley",1,80,4.04,6.42]
["1Barley Malting80","Barley Malting",1,80,4.04,6.42]
["1Canola-Argentine80","Canola-Argentine",1,80,5.24,7.49]
["1Canola-Argentine Specialty Oil80","Canola-Argentine Specialty Oil",1,80,5.53,7.78]
["1Canola-Polish80","Canola-Polish",1,80,9.19,11.44]
["1Chickpeas-Desi80","Chickpeas-Desi",1,80,16.13,18.38]
["1Chickpeas-Kabuli80","Chickpeas-Kabuli",1,80,10.1,12.35]
["1FabaBean80","FabaBean",1,80,6.79,9.68]
["1Flax80","Flax",1,80,13.62,16]
["1Lentils-Green80","Lentils-Green",1,80,9.92,12.3]
["1Lentils-Red80","Lentils-Red",1,80,9.09,11.47]
["1MixedGrain80","MixedGrain",1,80,5.6,7.98]
["1Mustard-Brown80","Mustard-Brown",1,80,9.6300000000000008,12.56]
["1Mustard-Oriental80","Mustard-Oriental",1,80,10.46,13.39]
["1Mustard-Yellow80","Mustard-Yellow",1,80,9.91,12.84]
["1Oats80","Oats",1,80,3.86,6.24]
["1Peas,Field80","Peas,Field",1,80,7.11,10]
["1Rye-Fall80","Rye-Fall",1,80,11.16,13.54]
["1Rye-Spring80","Rye-Spring",1,80,8.2899999999999991,10.67]
["1Triticale-Spring80","Triticale-Spring",1,80,11.6,13.98]
["1Triticale-Winter80","Triticale-Winter",1,80,10.15,12.53]
["1Wheat-CanadaPrairieSpring80","Wheat-CanadaPrairieSpring",1,80,8.1999999999999993,11.65]
["1Wheat-Durum80","Wheat-Durum",1,80,9.3000000000000007,12.75]
["1Wheat-Durum High Protein80","Wheat-Durum High Protein",1,80,9.6,13.05]
["1Wheat-ExtraStrong80","Wheat-ExtraStrong",1,80,10.18,13.63]
["1Wheat-HardRedSpring80","Wheat-HardRedSpring",1,80,4.84,8.2899999999999991]
["1Wheat-HardRedSpring High Protein80","Wheat-HardRedSpring High Protein",1,80,5.56,9.01]
["1Wheat-HardRedWinter80","Wheat-HardRedWinter",1,80,3.85,7.3]
["1Wheat-NorthernHardRed80","Wheat-NorthernHardRed",1,80,4.83,8.2799999999999994]
["1Wheat-SoftWhiteSpring80","Wheat-SoftWhiteSpring",1,80,9.1999999999999993,12.65]
["1Wheat-SpecialPurpose80","Wheat-SpecialPurpose",1,80,8.2100000000000009,11.66]
["2Barley60","Barley",2,60,2.4500000000000002,4.99]
["2Barley Malting60","Barley Malting",2,60,2.4500000000000002,4.99]
["2CanarySeed60","CanarySeed",2,60,6.71,10.47]
["2Canola-Argentine60","Canola-Argentine",2,60,4.03,6.45]
["2Canola-Argentine Specialty Oil60","Canola-Argentine Specialty Oil",2,60,4.25,6.67]
["2Canola-Polish60","Canola-Polish",2,60,4.37,6.75]
["2FabaBean60","FabaBean",2,60,7.46,10.61]
["2Flax60","Flax",2,60,4.37,6.98]
["2Lentils-Green60","Lentils-Green",2,60,3.83,6.39]
["2Lentils-Red60","Lentils-Red",2,60,3.52,6.08]
["2MixedGrain60","MixedGrain",2,60,4.0199999999999996,6.56]
["2Mustard-Brown60","Mustard-Brown",2,60,4.1900000000000004,7.35]
["2Mustard-Oriental60","Mustard-Oriental",2,60,5.19,8.33]
["2Mustard-Yellow60","Mustard-Yellow",2,60,3.05,6.13]
["2Oats60","Oats",2,60,3.17,5.68]
["2Peas,Field60","Peas,Field",2,60,3.94,6.92]
["2Rye-Fall60","Rye-Fall",2,60,2.2599999999999998,4.7699999999999996]
["2Rye-Spring60","Rye-Spring",2,60,6.21,8.82]
["2Safflower60","Safflower",2,60,5.17,7.54]
["2Sunflower Confectionary60","Sunflower Confectionary",2,60,3.87,6.21]
["2Sunflower Oilseed(Sunflower)60","Sunflower Oilseed(Sunflower)",2,60,3.58,5.94]
["2Triticale-Spring60","Triticale-Spring",2,60,2.86,5.39]
["2Triticale-Winter60","Triticale-Winter",2,60,2.72,5.22]
["2Wheat-CanadaPrairieSpring60","Wheat-CanadaPrairieSpring",2,60,3.69,7.37]
["2Wheat-Durum60","Wheat-Durum",2,60,2.54,6.24]
["2Wheat-Durum High Protein60","Wheat-Durum High Protein",2,60,2.54,6.24]
["2Wheat-ExtraStrong60","Wheat-ExtraStrong",2,60,4.26,7.93]
["2Wheat-HardRedSpring60","Wheat-HardRedSpring",2,60,2.0499999999999998,5.72]
["2Wheat-HardRedSpring High Protein60","Wheat-HardRedSpring High Protein",2,60,2.0499999999999998,5.72]
["2Wheat-HardRedWinter60","Wheat-HardRedWinter",2,60,2.0499999999999998,5.68]
["2Wheat-NorthernHardRed60","Wheat-NorthernHardRed",2,60,2.14,5.81]
["2Wheat-SoftWhiteSpring60","Wheat-SoftWhiteSpring",2,60,2.0099999999999998,5.65]
["2Wheat-SpecialPurpose60","Wheat-SpecialPurpose",2,60,3.61,7.29]
["2Barley70","Barley",2,70,3.38,5.85]
["2Barley Malting70","Barley Malting",2,70,3.38,5.85]
["2CanarySeed70","CanarySeed",2,70,9.6300000000000008,13.26]
["2Canola-Argentine70","Canola-Argentine",2,70,5.44,7.79]
["2Canola-Argentine Specialty Oil70","Canola-Argentine Specialty Oil",2,70,5.74,8.09]
["2Canola-Polish70","Canola-Polish",2,70,5.9,8.23]
["2FabaBean70","FabaBean",2,70,10.75,13.79]
["2Flax70","Flax",2,70,5.99,8.51]
["2Lentils-Green70","Lentils-Green",2,70,5.22,7.71]
["2Lentils-Red70","Lentils-Red",2,70,4.78,7.27]
["2MixedGrain70","MixedGrain",2,70,5.67,8.15]
["2Mustard-Brown70","Mustard-Brown",2,70,5.85,8.92]
["2Mustard-Oriental70","Mustard-Oriental",2,70,7.28,10.33]
["2Mustard-Yellow70","Mustard-Yellow",2,70,4.22,7.24]
["2Oats70","Oats",2,70,4.28,6.74]
["2Peas,Field70","Peas,Field",2,70,5.34,8.2899999999999991]
["2Rye-Fall70","Rye-Fall",2,70,3.11,5.56]
["2Rye-Spring70","Rye-Spring",2,70,8.5500000000000007,11.07]
["2Safflower70","Safflower",2,70,6.65,8.9700000000000006]
["2Sunflower Confectionary70","Sunflower Confectionary",2,70,5.28,7.59]
["2Sunflower Oilseed(Sunflower)70","Sunflower Oilseed(Sunflower)",2,70,4.8,7.12]
["2Triticale-Spring70","Triticale-Spring",2,70,4.04,6.51]
["2Triticale-Winter70","Triticale-Winter",2,70,3.84,6.29]
["2Wheat-CanadaPrairieSpring70","Wheat-CanadaPrairieSpring",2,70,5.22,8.8000000000000007]
["2Wheat-Durum70","Wheat-Durum",2,70,3.53,7.13]
["2Wheat-Durum High Protein70","Wheat-Durum High Protein",2,70,3.53,7.13]
["2Wheat-ExtraStrong70","Wheat-ExtraStrong",2,70,6.06,9.64]
["2Wheat-HardRedSpring70","Wheat-HardRedSpring",2,70,2.83,6.41]
["2Wheat-HardRedSpring High Protein70","Wheat-HardRedSpring High Protein",2,70,2.83,6.41]
["2Wheat-HardRedWinter70","Wheat-HardRedWinter",2,70,2.73,6.29]
["2Wheat-NorthernHardRed70","Wheat-NorthernHardRed",2,70,2.96,6.54]
["2Wheat-SoftWhiteSpring70","Wheat-SoftWhiteSpring",2,70,2.83,6.39]
["2Wheat-SpecialPurpose70","Wheat-SpecialPurpose",2,70,5.1100000000000003,8.69]
["2Barley80","Barley",2,80,4.57,6.95]
["2Barley Malting80","Barley Malting",2,80,4.57,6.95]
["2Canola-Argentine80","Canola-Argentine",2,80,7.19,9.44]
["2Canola-Argentine Specialty Oil80","Canola-Argentine Specialty Oil",2,80,7.59,9.84]
["2Canola-Polish80","Canola-Polish",2,80,7.81,10.06]
["2FabaBean80","FabaBean",2,80,14.86,17.75]
["2Flax80","Flax",2,80,7.98,10.36]
["2Lentils-Green80","Lentils-Green",2,80,6.93,9.31]
["2Lentils-Red80","Lentils-Red",2,80,6.34,8.7200000000000006]
["2MixedGrain80","MixedGrain",2,80,7.76,10.14]
["2Mustard-Brown80","Mustard-Brown",2,80,7.96,10.89]
["2Mustard-Oriental80","Mustard-Oriental",2,80,9.93,12.86]
["2Mustard-Yellow80","Mustard-Yellow",2,80,5.71,8.64]
["2Oats80","Oats",2,80,5.65,8.0299999999999994]
["2Peas,Field80","Peas,Field",2,80,7.11,10]
["2Rye-Fall80","Rye-Fall",2,80,4.1900000000000004,6.57]
["2Rye-Spring80","Rye-Spring",2,80,11.54,13.92]
["2Safflower80","Safflower",2,80,8.4,10.65]
["2Sunflower Confectionary80","Sunflower Confectionary",2,80,7.08,9.33]
["2Sunflower Oilseed(Sunflower)80","Sunflower Oilseed(Sunflower)",2,80,6.33,8.58]
["2Triticale-Spring80","Triticale-Spring",2,80,5.55,7.93]
["2Triticale-Winter80","Triticale-Winter",2,80,5.26,7.64]
["2Wheat-CanadaPrairieSpring80","Wheat-CanadaPrairieSpring",2,80,7.18,10.63]
["2Wheat-Durum80","Wheat-Durum",2,80,4.79,8.24]
["2Wheat-Durum High Protein80","Wheat-Durum High Protein",2,80,4.79,8.24]
["2Wheat-ExtraStrong80","Wheat-ExtraStrong",2,80,8.35,11.8]
["2Wheat-HardRedSpring80","Wheat-HardRedSpring",2,80,3.83,7.28]
["2Wheat-HardRedSpring High Protein80","Wheat-HardRedSpring High Protein",2,80,3.83,7.28]
["2Wheat-HardRedWinter80","Wheat-HardRedWinter",2,80,3.6,7.05]
["2Wheat-NorthernHardRed80","Wheat-NorthernHardRed",2,80,4.01,7.46]
["2Wheat-SoftWhiteSpring80","Wheat-SoftWhiteSpring",2,80,3.92,7.37]
["2Wheat-SpecialPurpose80","Wheat-SpecialPurpose",2,80,7.03,10.48]
["3Barley60","Barley",3,60,2.92,5.47]
["3Barley Malting60","Barley Malting",3,60,2.92,5.47]
["3CanarySeed60","CanarySeed",3,60,6.71,10.47]
["3Canola-Argentine60","Canola-Argentine",3,60,3.47,5.86]
["3Canola-Argentine Specialty Oil60","Canola-Argentine Specialty Oil",3,60,3.66,6.05]
["3Canola-Polish60","Canola-Polish",3,60,4.9800000000000004,7.34]
["3Flax60","Flax",3,60,3.88,6.49]
["3Lentils-Green60","Lentils-Green",3,60,3.83,6.39]
["3Lentils-Red60","Lentils-Red",3,60,3.52,6.08]
["3MixedGrain60","MixedGrain",3,60,3.6,6.12]
["3Mustard-Brown60","Mustard-Brown",3,60,2.99,6.12]
["3Mustard-Oriental60","Mustard-Oriental",3,60,3.42,6.47]
["3Mustard-Yellow60","Mustard-Yellow",3,60,2.61,5.66]
["3Oats60","Oats",3,60,3.16,5.67]
["3Peas,Field60","Peas,Field",3,60,3.94,6.92]
["3Rye-Fall60","Rye-Fall",3,60,3.9,6.45]
["3Rye-Spring60","Rye-Spring",3,60,4.45,7]
["3Safflower60","Safflower",3,60,5.17,7.54]
["3Sunflower Confectionary60","Sunflower Confectionary",3,60,3.87,6.21]
["3Sunflower Oilseed(Sunflower)60","Sunflower Oilseed(Sunflower)",3,60,3.58,5.94]
["3Triticale-Spring60","Triticale-Spring",3,60,2.99,5.5]
["3Triticale-Winter60","Triticale-Winter",3,60,3.59,6.12]
["3Wheat-CanadaPrairieSpring60","Wheat-CanadaPrairieSpring",3,60,4.59,8.2899999999999991]
["3Wheat-Durum60","Wheat-Durum",3,60,2.99,6.65]
["3Wheat-Durum High Protein60","Wheat-Durum High Protein",3,60,2.99,6.65]
["3Wheat-ExtraStrong60","Wheat-ExtraStrong",3,60,4.87,8.5299999999999994]
["3Wheat-HardRedSpring60","Wheat-HardRedSpring",3,60,2.2999999999999998,5.94]
["3Wheat-HardRedSpring High Protein60","Wheat-HardRedSpring High Protein",3,60,2.2999999999999998,5.94]
["3Wheat-HardRedWinter60","Wheat-HardRedWinter",3,60,2.0099999999999998,5.62]
["3Wheat-NorthernHardRed60","Wheat-NorthernHardRed",3,60,2.25,5.89]
["3Wheat-SoftWhiteSpring60","Wheat-SoftWhiteSpring",3,60,2.5299999999999998,6.13]
["3Wheat-SpecialPurpose60","Wheat-SpecialPurpose",3,60,4.6500000000000004,8.35]
["3Barley70","Barley",3,70,4.03,6.51]
["3Barley Malting70","Barley Malting",3,70,4.03,6.51]
["3CanarySeed70","CanarySeed",3,70,9.6300000000000008,13.26]
["3Canola-Argentine70","Canola-Argentine",3,70,4.63,6.96]
["3Canola-Argentine Specialty Oil70","Canola-Argentine Specialty Oil",3,70,4.88,7.21]
["3Canola-Polish70","Canola-Polish",3,70,6.71,9.02]
["3Flax70","Flax",3,70,5.4,7.91]
["3Lentils-Green70","Lentils-Green",3,70,5.22,7.71]
["3Lentils-Red70","Lentils-Red",3,70,4.78,7.27]
["3MixedGrain70","MixedGrain",3,70,4.96,7.42]
["3Mustard-Brown70","Mustard-Brown",3,70,4.0999999999999996,7.15]
["3Mustard-Oriental70","Mustard-Oriental",3,70,4.72,7.72]
["3Mustard-Yellow70","Mustard-Yellow",3,70,3.58,6.6]
["3Oats70","Oats",3,70,4.1500000000000004,6.61]
["3Peas,Field70","Peas,Field",3,70,5.34,8.2899999999999991]
["3Rye-Fall70","Rye-Fall",3,70,5.44,7.92]
["3Rye-Spring70","Rye-Spring",3,70,6.27,8.75]
["3Safflower70","Safflower",3,70,6.65,8.9700000000000006]
["3Sunflower Confectionary70","Sunflower Confectionary",3,70,5.28,7.59]
["3Sunflower Oilseed(Sunflower)70","Sunflower Oilseed(Sunflower)",3,70,4.8,7.12]
["3Triticale-Spring70","Triticale-Spring",3,70,4.25,6.71]
["3Triticale-Winter70","Triticale-Winter",3,70,5.14,7.61]
["3Wheat-CanadaPrairieSpring70","Wheat-CanadaPrairieSpring",3,70,6.53,10.130000000000001]
["3Wheat-Durum70","Wheat-Durum",3,70,4.16,7.73]
["3Wheat-Durum High Protein70","Wheat-Durum High Protein",3,70,4.16,7.73]
["3Wheat-ExtraStrong70","Wheat-ExtraStrong",3,70,6.94,10.51]
["3Wheat-HardRedSpring70","Wheat-HardRedSpring",3,70,3.22,6.78]
["3Wheat-HardRedSpring High Protein70","Wheat-HardRedSpring High Protein",3,70,3.22,6.78]
["3Wheat-HardRedWinter70","Wheat-HardRedWinter",3,70,2.71,6.26]
["3Wheat-NorthernHardRed70","Wheat-NorthernHardRed",3,70,3.14,6.7]
["3Wheat-SoftWhiteSpring70","Wheat-SoftWhiteSpring",3,70,3.56,7.1]
["3Wheat-SpecialPurpose70","Wheat-SpecialPurpose",3,70,6.63,10.23]
["3Barley80","Barley",3,80,5.41,7.79]
["3Barley Malting80","Barley Malting",3,80,5.41,7.79]
["3Canola-Argentine80","Canola-Argentine",3,80,6.08,8.33]
["3Canola-Argentine Specialty Oil80","Canola-Argentine Specialty Oil",3,80,6.41,8.66]
["3Canola-Polish80","Canola-Polish",3,80,8.86,11.11]
["3Flax80","Flax",3,80,7.3,9.68]
["3Lentils-Green80","Lentils-Green",3,80,6.93,9.31]
["3Lentils-Red80","Lentils-Red",3,80,6.34,8.7200000000000006]
["3MixedGrain80","MixedGrain",3,80,6.68,9.06]
["3Mustard-Brown80","Mustard-Brown",3,80,5.54,8.4700000000000006]
["3Mustard-Oriental80","Mustard-Oriental",3,80,6.38,9.31]
["3Mustard-Yellow80","Mustard-Yellow",3,80,4.8099999999999996,7.79]
["3Oats80","Oats",3,80,5.39,7.77]
["3Peas,Field80","Peas,Field",3,80,7.11,10]
["3Rye-Fall80","Rye-Fall",3,80,7.38,9.76]
["3Rye-Spring80","Rye-Spring",3,80,8.57,10.95]
["3Safflower80","Safflower",3,80,8.4,10.65]
["3Sunflower Confectionary80","Sunflower Confectionary",3,80,7.08,9.33]
["3Sunflower Oilseed(Sunflower)80","Sunflower Oilseed(Sunflower)",3,80,6.33,8.58]
["3Triticale-Spring80","Triticale-Spring",3,80,5.85,8.23]
["3Triticale-Winter80","Triticale-Winter",3,80,7.09,9.4700000000000006]
["3Wheat-CanadaPrairieSpring80","Wheat-CanadaPrairieSpring",3,80,8.93,12.38]
["3Wheat-Durum80","Wheat-Durum",3,80,5.62,9.07]
["3Wheat-Durum High Protein80","Wheat-Durum High Protein",3,80,5.62,9.07]
["3Wheat-ExtraStrong80","Wheat-ExtraStrong",3,80,9.5,12.95]
["3Wheat-HardRedSpring80","Wheat-HardRedSpring",3,80,4.3899999999999997,7.84]
["3Wheat-HardRedSpring High Protein80","Wheat-HardRedSpring High Protein",3,80,4.3899999999999997,7.84]
["3Wheat-HardRedWinter80","Wheat-HardRedWinter",3,80,3.62,7.07]
["3Wheat-NorthernHardRed80","Wheat-NorthernHardRed",3,80,4.28,7.73]
["3Wheat-SoftWhiteSpring80","Wheat-SoftWhiteSpring",3,80,4.88,8.33]
["3Wheat-SpecialPurpose80","Wheat-SpecialPurpose",3,80,9.06,12.51]
["4Barley60","Barley",4,60,5.38,7.96]
["4Barley Malting60","Barley Malting",4,60,5.38,7.96]
["4CanarySeed60","CanarySeed",4,60,6.71,10.47]
["4Canola-Argentine60","Canola-Argentine",4,60,7.13,9.65]
["4Canola-Argentine Specialty Oil60","Canola-Argentine Specialty Oil",4,60,7.52,10.039999999999999]
["4Canola-Polish60","Canola-Polish",4,60,11.59,14.06]
["4Flax60","Flax",4,60,4.7699999999999996,7.35]
["4Lentils-Green60","Lentils-Green",4,60,5.77,8.34]
["4Lentils-Red60","Lentils-Red",4,60,5.31,7.88]
["4MixedGrain60","MixedGrain",4,60,8.49,11.12]
["4Mustard-Brown60","Mustard-Brown",4,60,5.96,9.25]
["4Mustard-Oriental60","Mustard-Oriental",4,60,7.87,11.16]
["4Mustard-Yellow60","Mustard-Yellow",4,60,8,11.23]
["4Oats60","Oats",4,60,8.94,11.51]
["4Peas,Field60","Peas,Field",4,60,3.94,6.92]
["4Rye-Fall60","Rye-Fall",4,60,4.47,7]
["4Rye-Spring60","Rye-Spring",4,60,7.64,10.210000000000001]
["4Safflower60","Safflower",4,60,5.17,7.54]
["4Sunflower Confectionary60","Sunflower Confectionary",4,60,3.87,6.21]
["4Sunflower Oilseed(Sunflower)60","Sunflower Oilseed(Sunflower)",4,60,3.58,5.94]
["4Triticale-Spring60","Triticale-Spring",4,60,4.04,6.56]
["4Triticale-Winter60","Triticale-Winter",4,60,6.88,9.43]
["4Wheat-CanadaPrairieSpring60","Wheat-CanadaPrairieSpring",4,60,8.19,11.87]
["4Wheat-Durum60","Wheat-Durum",4,60,3.97,7.71]
["4Wheat-Durum High Protein60","Wheat-Durum High Protein",4,60,3.97,7.71]
["4Wheat-ExtraStrong60","Wheat-ExtraStrong",4,60,7.83,11.51]
["4Wheat-HardRedSpring60","Wheat-HardRedSpring",4,60,3.68,7.4]
["4Wheat-HardRedSpring High Protein60","Wheat-HardRedSpring High Protein",4,60,3.68,7.4]
["4Wheat-HardRedWinter60","Wheat-HardRedWinter",4,60,2.8,6.45]
["4Wheat-NorthernHardRed60","Wheat-NorthernHardRed",4,60,3.91,7.63]
["4Wheat-SoftWhiteSpring60","Wheat-SoftWhiteSpring",4,60,4.38,8.0500000000000007]
["4Wheat-SpecialPurpose60","Wheat-SpecialPurpose",4,60,8.2799999999999994,11.96]
["4Barley70","Barley",4,70,7.21,9.7100000000000009]
["4Barley Malting70","Barley Malting",4,70,7.21,9.7100000000000009]
["4CanarySeed70","CanarySeed",4,70,9.6300000000000008,13.26]
["4Canola-Argentine70","Canola-Argentine",4,70,9.48,11.89]
["4Canola-Argentine Specialty Oil70","Canola-Argentine Specialty Oil",4,70,10,12.41]
["4Canola-Polish70","Canola-Polish",4,70,15.49,17.87]
["4Flax70","Flax",4,70,6.4,8.9]
["4Lentils-Green70","Lentils-Green",4,70,7.61,10.1]
["4Lentils-Red70","Lentils-Red",4,70,6.99,9.48]
["4MixedGrain70","MixedGrain",4,70,11.3,13.83]
["4Mustard-Brown70","Mustard-Brown",4,70,8.56,11.7]
["4Mustard-Oriental70","Mustard-Oriental",4,70,11.36,14.5]
["4Mustard-Yellow70","Mustard-Yellow",4,70,11.48,14.59]
["4Oats70","Oats",4,70,11.7,14.2]
["4Peas,Field70","Peas,Field",4,70,5.34,8.2899999999999991]
["4Rye-Fall70","Rye-Fall",4,70,6.18,8.65]
["4Rye-Spring70","Rye-Spring",4,70,10.1,12.59]
["4Safflower70","Safflower",4,70,6.65,8.9700000000000006]
["4Sunflower Confectionary70","Sunflower Confectionary",4,70,5.28,7.59]
["4Sunflower Oilseed(Sunflower)70","Sunflower Oilseed(Sunflower)",4,70,4.8,7.12]
["4Triticale-Spring70","Triticale-Spring",4,70,5.43,7.9]
["4Triticale-Winter70","Triticale-Winter",4,70,9.39,11.87]
["4Wheat-CanadaPrairieSpring70","Wheat-CanadaPrairieSpring",4,70,11.11,14.7]
["4Wheat-Durum70","Wheat-Durum",4,70,5.42,9.0399999999999991]
["4Wheat-Durum High Protein70","Wheat-Durum High Protein",4,70,5.42,9.0399999999999991]
["4Wheat-ExtraStrong70","Wheat-ExtraStrong",4,70,10.62,14.21]
["4Wheat-HardRedSpring70","Wheat-HardRedSpring",4,70,5.01,8.6199999999999992]
["4Wheat-HardRedSpring High Protein70","Wheat-HardRedSpring High Protein",4,70,5.01,8.6199999999999992]
["4Wheat-HardRedWinter70","Wheat-HardRedWinter",4,70,3.83,7.4]
["4Wheat-NorthernHardRed70","Wheat-NorthernHardRed",4,70,5.32,8.93]
["4Wheat-SoftWhiteSpring70","Wheat-SoftWhiteSpring",4,70,6,9.58]
["4Wheat-SpecialPurpose70","Wheat-SpecialPurpose",4,70,11.24,14.83]
["4Barley80","Barley",4,80,9.49,11.87]
["4Barley Malting80","Barley Malting",4,80,9.49,11.87]
["4Canola-Argentine80","Canola-Argentine",4,80,12.34,14.59]
["4Canola-Argentine Specialty Oil80","Canola-Argentine Specialty Oil",4,80,13.02,15.27]
["4Canola-Polish80","Canola-Polish",4,80,20.23,22.48]
["4Flax80","Flax",4,80,8.3800000000000008,10.76]
["4Lentils-Green80","Lentils-Green",4,80,9.92,12.3]
["4Lentils-Red80","Lentils-Red",4,80,9.09,11.47]
["4MixedGrain80","MixedGrain",4,80,14.77,17.149999999999999]
["4Mustard-Brown80","Mustard-Brown",4,80,11.83,14.76]
["4Mustard-Oriental80","Mustard-Oriental",4,80,15.74,18.670000000000002]
["4Mustard-Yellow80","Mustard-Yellow",4,80,15.83,18.760000000000002]
["4Oats80","Oats",4,80,15.15,17.53]
["4Peas,Field80","Peas,Field",4,80,7.11,10]
["4Rye-Fall80","Rye-Fall",4,80,8.32,10.7]
["4Rye-Spring80","Rye-Spring",4,80,13.16,15.54]
["4Safflower80","Safflower",4,80,8.4,10.65]
["4Sunflower Confectionary80","Sunflower Confectionary",4,80,7.08,9.33]
["4Sunflower Oilseed(Sunflower)80","Sunflower Oilseed(Sunflower)",4,80,6.33,8.58]
["4Triticale-Spring80","Triticale-Spring",4,80,7.17,9.5500000000000007]
["4Triticale-Winter80","Triticale-Winter",4,80,12.51,14.89]
["4Wheat-CanadaPrairieSpring80","Wheat-CanadaPrairieSpring",4,80,14.81,18.260000000000002]
["4Wheat-Durum80","Wheat-Durum",4,80,7.22,10.67]
["4Wheat-Durum High Protein80","Wheat-Durum High Protein",4,80,7.22,10.67]
["4Wheat-ExtraStrong80","Wheat-ExtraStrong",4,80,14.15,17.600000000000001]
["4Wheat-HardRedSpring80","Wheat-HardRedSpring",4,80,6.67,10.119999999999999]
["4Wheat-HardRedSpring High Protein80","Wheat-HardRedSpring High Protein",4,80,6.67,10.119999999999999]
["4Wheat-HardRedWinter80","Wheat-HardRedWinter",4,80,5.15,8.6]
["4Wheat-NorthernHardRed80","Wheat-NorthernHardRed",4,80,7.1,10.55]
["4Wheat-SoftWhiteSpring80","Wheat-SoftWhiteSpring",4,80,7.99,11.44]
["4Wheat-SpecialPurpose80","Wheat-SpecialPurpose",4,80,14.98,18.43]
["5Barley60","Barley",5,60,1.77,4.2699999999999996]
["5Barley Malting60","Barley Malting",5,60,1.77,4.2699999999999996]
["5CanarySeed60","CanarySeed",5,60,2.23,5.86]
["5Canola-Argentine60","Canola-Argentine",5,60,3.04,5.43]
["5Canola-Argentine Specialty Oil60","Canola-Argentine Specialty Oil",5,60,3.21,5.6]
["5Canola-Polish60","Canola-Polish",5,60,3.5,5.86]
["5FabaBean60","FabaBean",5,60,3.55,6.62]
["5Flax60","Flax",5,60,3.71,6.28]
["5Lentils-Green60","Lentils-Green",5,60,7.22,9.7899999999999991]
["5Lentils-Red60","Lentils-Red",5,60,6.64,9.2100000000000009]
["5MixedGrain60","MixedGrain",5,60,3.38,5.93]
["5Mustard-Brown60","Mustard-Brown",5,60,3.26,6.35]
["5Mustard-Oriental60","Mustard-Oriental",5,60,2.92,6.02]
["5Mustard-Yellow60","Mustard-Yellow",5,60,2.15,5.2]
["5Oats60","Oats",5,60,2.9,5.43]
["5Peas,Field60","Peas,Field",5,60,3.23,6.24]
["5Rye-Fall60","Rye-Fall",5,60,1.71,4.21]
["5Rye-Spring60","Rye-Spring",5,60,4.7300000000000004,7.21]
["5Triticale-Spring60","Triticale-Spring",5,60,1.46,3.98]
["5Triticale-Winter60","Triticale-Winter",5,60,2.27,4.75]
["5Wheat-CanadaPrairieSpring60","Wheat-CanadaPrairieSpring",5,60,2.71,6.32]
["5Wheat-Durum60","Wheat-Durum",5,60,2.82,6.47]
["5Wheat-Durum High Protein60","Wheat-Durum High Protein",5,60,2.96,6.61]
["5Wheat-ExtraStrong60","Wheat-ExtraStrong",5,60,4.03,7.62]
["5Wheat-HardRedSpring60","Wheat-HardRedSpring",5,60,1.6,5.21]
["5Wheat-HardRedSpring High Protein60","Wheat-HardRedSpring High Protein",5,60,1.94,5.55]
["5Wheat-HardRedWinter60","Wheat-HardRedWinter",5,60,1.57,5.13]
["5Wheat-NorthernHardRed60","Wheat-NorthernHardRed",5,60,1.81,5.42]
["5Wheat-SoftWhiteSpring60","Wheat-SoftWhiteSpring",5,60,1.67,5.33]
["5Wheat-SpecialPurpose60","Wheat-SpecialPurpose",5,60,2.81,6.42]
["5Barley70","Barley",5,70,2.5099999999999998,4.96]
["5Barley Malting70","Barley Malting",5,70,2.5099999999999998,4.96]
["5CanarySeed70","CanarySeed",5,70,3.29,6.84]
["5Canola-Argentine70","Canola-Argentine",5,70,4.3,6.64]
["5Canola-Argentine Specialty Oil70","Canola-Argentine Specialty Oil",5,70,4.54,6.88]
["5Canola-Polish70","Canola-Polish",5,70,4.9800000000000004,7.3]
["5FabaBean70","FabaBean",5,70,4.99,7.99]
["5Flax70","Flax",5,70,5.3,7.79]
["5Lentils-Green70","Lentils-Green",5,70,9.86,12.35]
["5Lentils-Red70","Lentils-Red",5,70,9.0500000000000007,11.54]
["5MixedGrain70","MixedGrain",5,70,4.6500000000000004,7.13]
["5Mustard-Brown70","Mustard-Brown",5,70,4.75,7.77]
["5Mustard-Oriental70","Mustard-Oriental",5,70,4.2300000000000004,7.26]
["5Mustard-Yellow70","Mustard-Yellow",5,70,3.05,6.05]
["5Oats70","Oats",5,70,3.98,6.45]
["5Peas,Field70","Peas,Field",5,70,4.43,7.39]
["5Rye-Fall70","Rye-Fall",5,70,2.34,4.8099999999999996]
["5Rye-Spring70","Rye-Spring",5,70,6.4,8.84]
["5Triticale-Spring70","Triticale-Spring",5,70,2.1,4.59]
["5Triticale-Winter70","Triticale-Winter",5,70,3.36,5.8]
["5Wheat-CanadaPrairieSpring70","Wheat-CanadaPrairieSpring",5,70,3.9,7.44]
["5Wheat-Durum70","Wheat-Durum",5,70,4.1399999999999997,7.71]
["5Wheat-Durum High Protein70","Wheat-Durum High Protein",5,70,4.3,7.87]
["5Wheat-ExtraStrong70","Wheat-ExtraStrong",5,70,5.86,9.39]
["5Wheat-HardRedSpring70","Wheat-HardRedSpring",5,70,2.31,5.87]
["5Wheat-HardRedSpring High Protein70","Wheat-HardRedSpring High Protein",5,70,2.69,6.25]
["5Wheat-HardRedWinter70","Wheat-HardRedWinter",5,70,2.0699999999999998,5.59]
["5Wheat-NorthernHardRed70","Wheat-NorthernHardRed",5,70,2.6,6.16]
["5Wheat-SoftWhiteSpring70","Wheat-SoftWhiteSpring",5,70,2.41,5.99]
["5Wheat-SpecialPurpose70","Wheat-SpecialPurpose",5,70,4.03,7.57]
["5Barley80","Barley",5,80,3.5,5.88]
["5Barley Malting80","Barley Malting",5,80,3.5,5.88]
["5Canola-Argentine80","Canola-Argentine",5,80,5.92,8.17]
["5Canola-Argentine Specialty Oil80","Canola-Argentine Specialty Oil",5,80,6.25,8.5]
["5Canola-Polish80","Canola-Polish",5,80,6.86,9.11]
["5FabaBean80","FabaBean",5,80,6.79,9.68]
["5Flax80","Flax",5,80,7.34,9.7200000000000006]
["5Lentils-Green80","Lentils-Green",5,80,13.14,15.52]
["5Lentils-Red80","Lentils-Red",5,80,12.05,14.43]
["5MixedGrain80","MixedGrain",5,80,6.26,8.64]
["5Mustard-Brown80","Mustard-Brown",5,80,6.63,9.56]
["5Mustard-Oriental80","Mustard-Oriental",5,80,5.9,8.83]
["5Mustard-Yellow80","Mustard-Yellow",5,80,4.2,7.13]
["5Oats80","Oats",5,80,5.36,7.74]
["5Peas,Field80","Peas,Field",5,80,5.95,8.84]
["5Rye-Fall80","Rye-Fall",5,80,3.15,5.59]
["5Rye-Spring80","Rye-Spring",5,80,8.5299999999999994,10.91]
["5Triticale-Spring80","Triticale-Spring",5,80,2.95,5.4]
["5Triticale-Winter80","Triticale-Winter",5,80,4.8099999999999996,7.19]
["5Wheat-CanadaPrairieSpring80","Wheat-CanadaPrairieSpring",5,80,5.44,8.89]
["5Wheat-Durum80","Wheat-Durum",5,80,5.86,9.31]
["5Wheat-Durum High Protein80","Wheat-Durum High Protein",5,80,6.05,9.5]
["5Wheat-ExtraStrong80","Wheat-ExtraStrong",5,80,8.25,11.7]
["5Wheat-HardRedSpring80","Wheat-HardRedSpring",5,80,3.26,6.74]
["5Wheat-HardRedSpring High Protein80","Wheat-HardRedSpring High Protein",5,80,3.71,7.19]
["5Wheat-HardRedWinter80","Wheat-HardRedWinter",5,80,2.72,6.18]
["5Wheat-NorthernHardRed80","Wheat-NorthernHardRed",5,80,3.67,7.15]
["5Wheat-SoftWhiteSpring80","Wheat-SoftWhiteSpring",5,80,3.4,6.85]
["5Wheat-SpecialPurpose80","Wheat-SpecialPurpose",5,80,5.63,9.08]
["6Barley60","Barley",6,60,2.6,5.09]
["6Barley Malting60","Barley Malting",6,60,2.6,5.09]
["6CanarySeed60","CanarySeed",6,60,2.23,5.86]
["6Canola-Argentine60","Canola-Argentine",6,60,3.39,5.81]
["6Canola-Argentine Specialty Oil60","Canola-Argentine Specialty Oil",6,60,3.58,6]
["6Canola-Polish60","Canola-Polish",6,60,4.5,6.88]
["6FabaBean60","FabaBean",6,60,3.55,6.62]
["6Flax60","Flax",6,60,5.88,8.4]
["6Lentils-Green60","Lentils-Green",6,60,7.22,9.7899999999999991]
["6Lentils-Red60","Lentils-Red",6,60,6.64,9.2100000000000009]
["6MixedGrain60","MixedGrain",6,60,3.96,6.52]
["6Oats60","Oats",6,60,3.7,6.2]
["6Peas,Field60","Peas,Field",6,60,3.23,6.24]
["6Rye-Fall60","Rye-Fall",6,60,2.44,4.93]
["6Rye-Spring60","Rye-Spring",6,60,3.32,5.78]
["6Triticale-Spring60","Triticale-Spring",6,60,4.5999999999999996,7.09]
["6Triticale-Winter60","Triticale-Winter",6,60,3.62,6.1]
["6Wheat-CanadaPrairieSpring60","Wheat-CanadaPrairieSpring",6,60,2.71,6.32]
["6Wheat-Durum60","Wheat-Durum",6,60,3.49,7.07]
["6Wheat-Durum High Protein60","Wheat-Durum High Protein",6,60,3.67,7.25]
["6Wheat-ExtraStrong60","Wheat-ExtraStrong",6,60,2.72,6.33]
["6Wheat-HardRedSpring60","Wheat-HardRedSpring",6,60,1.85,5.47]
["6Wheat-HardRedSpring High Protein60","Wheat-HardRedSpring High Protein",6,60,2.2599999999999998,5.88]
["6Wheat-HardRedWinter60","Wheat-HardRedWinter",6,60,2.21,5.79]
["6Wheat-NorthernHardRed60","Wheat-NorthernHardRed",6,60,2.5,6.12]
["6Wheat-SpecialPurpose60","Wheat-SpecialPurpose",6,60,2.73,6.34]
["6Barley70","Barley",6,70,3.81,6.25]
["6Barley Malting70","Barley Malting",6,70,3.81,6.25]
["6CanarySeed70","CanarySeed",6,70,3.29,6.84]
["6Canola-Argentine70","Canola-Argentine",6,70,4.66,7.01]
["6Canola-Argentine Specialty Oil70","Canola-Argentine Specialty Oil",6,70,4.92,7.27]
["6Canola-Polish70","Canola-Polish",6,70,6.23,8.56]
["6FabaBean70","FabaBean",6,70,4.99,7.99]
["6Flax70","Flax",6,70,8.18,10.64]
["6Lentils-Green70","Lentils-Green",6,70,9.86,12.35]
["6Lentils-Red70","Lentils-Red",6,70,9.0500000000000007,11.54]
["6MixedGrain70","MixedGrain",6,70,5.53,8.02]
["6Oats70","Oats",6,70,5.16,7.61]
["6Peas,Field70","Peas,Field",6,70,4.43,7.39]
["6Rye-Fall70","Rye-Fall",6,70,3.51,5.96]
["6Rye-Spring70","Rye-Spring",6,70,4.55,6.98]
["6Triticale-Spring70","Triticale-Spring",6,70,6.76,9.2100000000000009]
["6Triticale-Winter70","Triticale-Winter",6,70,5.29,7.73]
["6Wheat-CanadaPrairieSpring70","Wheat-CanadaPrairieSpring",6,70,3.96,7.52]
["6Wheat-Durum70","Wheat-Durum",6,70,5.08,8.61]
["6Wheat-Durum High Protein70","Wheat-Durum High Protein",6,70,5.28,8.81]
["6Wheat-ExtraStrong70","Wheat-ExtraStrong",6,70,3.99,7.55]
["6Wheat-HardRedSpring70","Wheat-HardRedSpring",6,70,2.62,6.19]
["6Wheat-HardRedSpring High Protein70","Wheat-HardRedSpring High Protein",6,70,3.07,6.64]
["6Wheat-HardRedWinter70","Wheat-HardRedWinter",6,70,2.98,6.5]
["6Wheat-NorthernHardRed70","Wheat-NorthernHardRed",6,70,3.63,7.2]
["6Wheat-SpecialPurpose70","Wheat-SpecialPurpose",6,70,4,7.56]
["6Barley80","Barley",6,80,5.41,7.79]
["6Barley Malting80","Barley Malting",6,80,5.41,7.79]
["6Canola-Argentine80","Canola-Argentine",6,80,6.26,8.51]
["6Canola-Argentine Specialty Oil80","Canola-Argentine Specialty Oil",6,80,6.6,8.85]
["6Canola-Polish80","Canola-Polish",6,80,8.42,10.67]
["6FabaBean80","FabaBean",6,80,6.79,9.68]
["6Flax80","Flax",6,80,11.09,13.47]
["6Lentils-Green80","Lentils-Green",6,80,13.14,15.52]
["6Lentils-Red80","Lentils-Red",6,80,12.05,14.43]
["6MixedGrain80","MixedGrain",6,80,7.54,9.92]
["6Oats80","Oats",6,80,7.01,9.39]
["6Peas,Field80","Peas,Field",6,80,5.95,8.84]
["6Rye-Fall80","Rye-Fall",6,80,4.91,7.3]
["6Rye-Spring80","Rye-Spring",6,80,6.14,8.52]
["6Triticale-Spring80","Triticale-Spring",6,80,9.58,11.96]
["6Triticale-Winter80","Triticale-Winter",6,80,7.46,9.84]
["6Wheat-CanadaPrairieSpring80","Wheat-CanadaPrairieSpring",6,80,5.63,9.1199999999999992]
["6Wheat-Durum80","Wheat-Durum",6,80,7.14,10.59]
["6Wheat-Durum High Protein80","Wheat-Durum High Protein",6,80,7.37,10.82]
["6Wheat-ExtraStrong80","Wheat-ExtraStrong",6,80,5.68,9.17]
["6Wheat-HardRedSpring80","Wheat-HardRedSpring",6,80,3.62,7.13]
["6Wheat-HardRedSpring High Protein80","Wheat-HardRedSpring High Protein",6,80,4.1399999999999997,7.65]
["6Wheat-HardRedWinter80","Wheat-HardRedWinter",6,80,3.99,7.44]
["6Wheat-NorthernHardRed80","Wheat-NorthernHardRed",6,80,5.15,8.66]
["6Wheat-SpecialPurpose80","Wheat-SpecialPurpose",6,80,5.69,9.18]
["7Barley60","Barley",7,60,1.25,3.81]
["7Barley Malting60","Barley Malting",7,60,1.25,3.81]
["7CanarySeed60","CanarySeed",7,60,2.23,5.86]
["7Canola-Argentine60","Canola-Argentine",7,60,2.0499999999999998,4.41]
["7Canola-Argentine Specialty Oil60","Canola-Argentine Specialty Oil",7,60,2.16,4.5199999999999996]
["7Canola-Polish60","Canola-Polish",7,60,2.54,4.88]
["7FabaBean60","FabaBean",7,60,3.55,6.62]
["7Flax60","Flax",7,60,4.22,6.83]
["7Lentils-Green60","Lentils-Green",7,60,7.22,9.7899999999999991]
["7Lentils-Red60","Lentils-Red",7,60,6.64,9.2100000000000009]
["7MixedGrain60","MixedGrain",7,60,1.71,4.2300000000000004]
["7Mustard-Brown60","Mustard-Brown",7,60,2.83,5.92]
["7Mustard-Oriental60","Mustard-Oriental",7,60,2.83,5.92]
["7Mustard-Yellow60","Mustard-Yellow",7,60,2.83,5.9]
["7Oats60","Oats",7,60,2.15,4.63]
["7Peas,Field60","Peas,Field",7,60,2.84,5.84]
["7Rye-Fall60","Rye-Fall",7,60,1.5,4.0599999999999996]
["7Rye-Spring60","Rye-Spring",7,60,3.07,5.57]
["7Triticale-Spring60","Triticale-Spring",7,60,1.77,4.34]
["7Triticale-Winter60","Triticale-Winter",7,60,2.5099999999999998,5.0599999999999996]
["7Wheat-CanadaPrairieSpring60","Wheat-CanadaPrairieSpring",7,60,1.74,5.44]
["7Wheat-Durum60","Wheat-Durum",7,60,1.71,5.38]
["7Wheat-Durum High Protein60","Wheat-Durum High Protein",7,60,1.79,5.46]
["7Wheat-ExtraStrong60","Wheat-ExtraStrong",7,60,1.81,5.5]
["7Wheat-HardRedSpring60","Wheat-HardRedSpring",7,60,1.45,5.12]
["7Wheat-HardRedSpring High Protein60","Wheat-HardRedSpring High Protein",7,60,1.76,5.43]
["7Wheat-HardRedWinter60","Wheat-HardRedWinter",7,60,1.38,4.99]
["7Wheat-NorthernHardRed60","Wheat-NorthernHardRed",7,60,1.62,5.29]
["7Wheat-SoftWhiteSpring Industrial60","Wheat-SoftWhiteSpring Industrial",7,60,1.36,5.0199999999999996]
["7Wheat-SpecialPurpose60","Wheat-SpecialPurpose",7,60,1.75,5.45]
["7Barley70","Barley",7,70,1.79,4.33]
["7Barley Malting70","Barley Malting",7,70,1.79,4.33]
["7CanarySeed70","CanarySeed",7,70,3.29,6.84]
["7Canola-Argentine70","Canola-Argentine",7,70,2.88,5.2]
["7Canola-Argentine Specialty Oil70","Canola-Argentine Specialty Oil",7,70,3.04,5.36]
["7Canola-Polish70","Canola-Polish",7,70,3.61,5.91]
["7FabaBean70","FabaBean",7,70,4.99,7.99]
["7Flax70","Flax",7,70,6.3,8.82]
["7Lentils-Green70","Lentils-Green",7,70,9.86,12.35]
["7Lentils-Red70","Lentils-Red",7,70,9.0500000000000007,11.54]
["7MixedGrain70","MixedGrain",7,70,2.4700000000000002,4.96]
["7Mustard-Brown70","Mustard-Brown",7,70,4.17,7.2]
["7Mustard-Oriental70","Mustard-Oriental",7,70,4.17,7.2]
["7Mustard-Yellow70","Mustard-Yellow",7,70,4.18,7.2]
["7Oats70","Oats",7,70,3.11,5.55]
["7Peas,Field70","Peas,Field",7,70,3.87,6.83]
["7Rye-Fall70","Rye-Fall",7,70,2.11,4.6500000000000004]
["7Rye-Spring70","Rye-Spring",7,70,4.22,6.7]
["7Triticale-Spring70","Triticale-Spring",7,70,2.61,5.17]
["7Triticale-Winter70","Triticale-Winter",7,70,3.77,6.3]
["7Wheat-CanadaPrairieSpring70","Wheat-CanadaPrairieSpring",7,70,2.56,6.23]
["7Wheat-Durum70","Wheat-Durum",7,70,2.4900000000000002,6.12]
["7Wheat-Durum High Protein70","Wheat-Durum High Protein",7,70,2.58,6.21]
["7Wheat-ExtraStrong70","Wheat-ExtraStrong",7,70,2.66,6.32]
["7Wheat-HardRedSpring70","Wheat-HardRedSpring",7,70,2.1,5.74]
["7Wheat-HardRedSpring High Protein70","Wheat-HardRedSpring High Protein",7,70,2.4500000000000002,6.09]
["7Wheat-HardRedWinter70","Wheat-HardRedWinter",7,70,1.8,5.38]
["7Wheat-NorthernHardRed70","Wheat-NorthernHardRed",7,70,2.36,6]
["7Wheat-SoftWhiteSpring Industrial70","Wheat-SoftWhiteSpring Industrial",7,70,1.95,5.53]
["7Wheat-SpecialPurpose70","Wheat-SpecialPurpose",7,70,2.57,6.24]
["7Barley80","Barley",7,80,2.5499999999999998,5.0599999999999996]
["7Barley Malting80","Barley Malting",7,80,2.5499999999999998,5.0599999999999996]
["7Canola-Argentine80","Canola-Argentine",7,80,3.98,6.23]
["7Canola-Argentine Specialty Oil80","Canola-Argentine Specialty Oil",7,80,4.2,6.45]
["7Canola-Polish80","Canola-Polish",7,80,5.03,7.28]
["7FabaBean80","FabaBean",7,80,6.79,9.68]
["7Flax80","Flax",7,80,9.1,11.48]
["7Lentils-Green80","Lentils-Green",7,80,13.14,15.52]
["7Lentils-Red80","Lentils-Red",7,80,12.05,14.43]
["7MixedGrain80","MixedGrain",7,80,3.52,5.97]
["7Mustard-Brown80","Mustard-Brown",7,80,5.97,8.9]
["7Mustard-Oriental80","Mustard-Oriental",7,80,5.97,8.9]
["7Mustard-Yellow80","Mustard-Yellow",7,80,5.98,8.91]
["7Oats80","Oats",7,80,4.37,6.76]
["7Peas,Field80","Peas,Field",7,80,5.19,8.11]
["7Rye-Fall80","Rye-Fall",7,80,2.93,5.45]
["7Rye-Spring80","Rye-Spring",7,80,5.73,8.18]
["7Triticale-Spring80","Triticale-Spring",7,80,3.76,6.3]
["7Triticale-Winter80","Triticale-Winter",7,80,5.5,8]
["7Wheat-CanadaPrairieSpring80","Wheat-CanadaPrairieSpring",7,80,3.66,7.28]
["7Wheat-Durum80","Wheat-Durum",7,80,3.57,7.14]
["7Wheat-Durum High Protein80","Wheat-Durum High Protein",7,80,3.68,7.25]
["7Wheat-ExtraStrong80","Wheat-ExtraStrong",7,80,3.81,7.42]
["7Wheat-HardRedSpring80","Wheat-HardRedSpring",7,80,2.99,6.57]
["7Wheat-HardRedSpring High Protein80","Wheat-HardRedSpring High Protein",7,80,3.4,6.98]
["7Wheat-HardRedWinter80","Wheat-HardRedWinter",7,80,2.4,5.93]
["7Wheat-NorthernHardRed80","Wheat-NorthernHardRed",7,80,3.37,6.95]
["7Wheat-SoftWhiteSpring Industrial80","Wheat-SoftWhiteSpring Industrial",7,80,2.76,6.21]
["7Wheat-SpecialPurpose80","Wheat-SpecialPurpose",7,80,3.68,7.3]
["8Barley60","Barley",8,60,1.78,4.28]
["8Barley Malting60","Barley Malting",8,60,1.78,4.28]
["8CanarySeed60","CanarySeed",8,60,2.23,5.86]
["8Canola-Argentine60","Canola-Argentine",8,60,2.27,4.63]
["8Canola-Argentine Specialty Oil60","Canola-Argentine Specialty Oil",8,60,2.39,4.75]
["8Canola-Polish60","Canola-Polish",8,60,3.2,5.53]
["8FabaBean60","FabaBean",8,60,3.55,6.62]
["8Flax60","Flax",8,60,3.08,5.64]
["8Lentils-Green60","Lentils-Green",8,60,7.22,9.7899999999999991]
["8Lentils-Red60","Lentils-Red",8,60,6.64,9.2100000000000009]
["8MixedGrain60","MixedGrain",8,60,3.4,5.93]
["8Mustard-Brown60","Mustard-Brown",8,60,3.04,6.2]
["8Mustard-Oriental60","Mustard-Oriental",8,60,4.33,7.5]
["8Mustard-Yellow60","Mustard-Yellow",8,60,2.73,5.85]
["8Oats60","Oats",8,60,3.13,5.63]
["8Peas,Field60","Peas,Field",8,60,2.84,5.84]
["8Rye-Fall60","Rye-Fall",8,60,1.94,4.4800000000000004]
["8Rye-Spring60","Rye-Spring",8,60,4.26,6.71]
["8Triticale-Spring60","Triticale-Spring",8,60,1.9,4.41]
["8Triticale-Winter60","Triticale-Winter",8,60,2.98,5.49]
["8Wheat-CanadaPrairieSpring60","Wheat-CanadaPrairieSpring",8,60,2.82,6.4]
["8Wheat-Durum60","Wheat-Durum",8,60,2.4500000000000002,6.05]
["8Wheat-Durum High Protein60","Wheat-Durum High Protein",8,60,2.57,6.17]
["8Wheat-ExtraStrong60","Wheat-ExtraStrong",8,60,3.47,7.07]
["8Wheat-HardRedSpring60","Wheat-HardRedSpring",8,60,1.63,5.26]
["8Wheat-HardRedSpring High Protein60","Wheat-HardRedSpring High Protein",8,60,1.98,5.61]
["8Wheat-HardRedWinter60","Wheat-HardRedWinter",8,60,2.4,6.03]
["8Wheat-NorthernHardRed60","Wheat-NorthernHardRed",8,60,1.95,5.58]
["8Wheat-SoftWhiteSpring Industrial60","Wheat-SoftWhiteSpring Industrial",8,60,2.16,5.82]
["8Wheat-SpecialPurpose60","Wheat-SpecialPurpose",8,60,3,6.58]
["8Barley70","Barley",8,70,2.56,5.0199999999999996]
["8Barley Malting70","Barley Malting",8,70,2.56,5.0199999999999996]
["8CanarySeed70","CanarySeed",8,70,3.29,6.84]
["8Canola-Argentine70","Canola-Argentine",8,70,3.18,5.49]
["8Canola-Argentine Specialty Oil70","Canola-Argentine Specialty Oil",8,70,3.35,5.66]
["8Canola-Polish70","Canola-Polish",8,70,4.57,6.87]
["8FabaBean70","FabaBean",8,70,4.99,7.99]
["8Flax70","Flax",8,70,4.4000000000000004,6.89]
["8Lentils-Green70","Lentils-Green",8,70,9.86,12.35]
["8Lentils-Red70","Lentils-Red",8,70,9.0500000000000007,11.54]
["8MixedGrain70","MixedGrain",8,70,4.91,7.38]
["8Mustard-Brown70","Mustard-Brown",8,70,4.67,7.73]
["8Mustard-Oriental70","Mustard-Oriental",8,70,6.72,9.7899999999999991]
["8Mustard-Yellow70","Mustard-Yellow",8,70,4.07,7.11]
["8Oats70","Oats",8,70,4.49,6.94]
["8Peas,Field70","Peas,Field",8,70,3.87,6.83]
["8Rye-Fall70","Rye-Fall",8,70,2.72,5.24]
["8Rye-Spring70","Rye-Spring",8,70,5.73,8.16]
["8Triticale-Spring70","Triticale-Spring",8,70,2.77,5.25]
["8Triticale-Winter70","Triticale-Winter",8,70,4.46,6.94]
["8Wheat-CanadaPrairieSpring70","Wheat-CanadaPrairieSpring",8,70,4.1100000000000003,7.64]
["8Wheat-Durum70","Wheat-Durum",8,70,3.54,7.08]
["8Wheat-Durum High Protein70","Wheat-Durum High Protein",8,70,3.68,7.22]
["8Wheat-ExtraStrong70","Wheat-ExtraStrong",8,70,5.09,8.65]
["8Wheat-HardRedSpring70","Wheat-HardRedSpring",8,70,2.35,5.94]
["8Wheat-HardRedSpring High Protein70","Wheat-HardRedSpring High Protein",8,70,2.74,6.33]
["8Wheat-HardRedWinter70","Wheat-HardRedWinter",8,70,3.24,6.8]
["8Wheat-NorthernHardRed70","Wheat-NorthernHardRed",8,70,2.84,6.43]
["8Wheat-SoftWhiteSpring Industrial70","Wheat-SoftWhiteSpring Industrial",8,70,3.1,6.68]
["8Wheat-SpecialPurpose70","Wheat-SpecialPurpose",8,70,4.37,7.9]
["8Barley80","Barley",8,80,3.62,6.03]
["8Barley Malting80","Barley Malting",8,80,3.62,6.03]
["8Canola-Argentine80","Canola-Argentine",8,80,4.3899999999999997,6.64]
["8Canola-Argentine Specialty Oil80","Canola-Argentine Specialty Oil",8,80,4.63,6.88]
["8Canola-Polish80","Canola-Polish",8,80,6.35,8.6]
["8FabaBean80","FabaBean",8,80,6.79,9.68]
["8Flax80","Flax",8,80,6.1,8.48]
["8Lentils-Green80","Lentils-Green",8,80,13.14,15.52]
["8Lentils-Red80","Lentils-Red",8,80,12.05,14.43]
["8MixedGrain80","MixedGrain",8,80,6.87,9.25]
["8Mustard-Brown80","Mustard-Brown",8,80,6.74,9.67]
["8Mustard-Oriental80","Mustard-Oriental",8,80,9.7799999999999994,12.71]
["8Mustard-Yellow80","Mustard-Yellow",8,80,5.77,8.6999999999999993]
["8Oats80","Oats",8,80,6.24,8.6199999999999992]
["8Peas,Field80","Peas,Field",8,80,5.19,8.11]
["8Rye-Fall80","Rye-Fall",8,80,3.78,6.27]
["8Rye-Spring80","Rye-Spring",8,80,7.63,10.01]
["8Triticale-Spring80","Triticale-Spring",8,80,3.94,6.37]
["8Triticale-Winter80","Triticale-Winter",8,80,6.42,8.86]
["8Wheat-CanadaPrairieSpring80","Wheat-CanadaPrairieSpring",8,80,5.8,9.25]
["8Wheat-Durum80","Wheat-Durum",8,80,4.97,8.42]
["8Wheat-Durum High Protein80","Wheat-Durum High Protein",8,80,5.13,8.58]
["8Wheat-ExtraStrong80","Wheat-ExtraStrong",8,80,7.22,10.71]
["8Wheat-HardRedSpring80","Wheat-HardRedSpring",8,80,3.32,6.84]
["8Wheat-HardRedSpring High Protein80","Wheat-HardRedSpring High Protein",8,80,3.78,7.3]
["8Wheat-HardRedWinter80","Wheat-HardRedWinter",8,80,4.33,7.78]
["8Wheat-NorthernHardRed80","Wheat-NorthernHardRed",8,80,4.03,7.55]
["8Wheat-SoftWhiteSpring Industrial80","Wheat-SoftWhiteSpring Industrial",8,80,4.3499999999999996,7.8]
["8Wheat-SpecialPurpose80","Wheat-SpecialPurpose",8,80,6.18,9.6300000000000008]
["9Barley60","Barley",9,60,4.3499999999999996,6.9]
["9Barley Malting60","Barley Malting",9,60,4.3499999999999996,6.9]
["9CanarySeed60","CanarySeed",9,60,6.71,10.47]
["9Canola-Argentine60","Canola-Argentine",9,60,5.0999999999999996,7.53]
["9Canola-Argentine Specialty Oil60","Canola-Argentine Specialty Oil",9,60,5.38,7.81]
["9Canola-Polish60","Canola-Polish",9,60,7.88,10.28]
["9FabaBean60","FabaBean",9,60,7.46,10.61]
["9Flax60","Flax",9,60,5.69,8.3000000000000007]
["9Lentils-Green60","Lentils-Green",9,60,8.32,10.91]
["9Lentils-Red60","Lentils-Red",9,60,7.64,10.23]
["9MixedGrain60","MixedGrain",9,60,7.4,10.050000000000001]
["9Mustard-Brown60","Mustard-Brown",9,60,5.83,8.94]
["9Mustard-Oriental60","Mustard-Oriental",9,60,4.91,8.0299999999999994]
["9Mustard-Yellow60","Mustard-Yellow",9,60,4.91,8.02]
["9Oats60","Oats",9,60,6.6,9.17]
["9Peas,Field60","Peas,Field",9,60,3.94,6.92]
["9Rye-Fall60","Rye-Fall",9,60,4.66,7.2]
["9Rye-Spring60","Rye-Spring",9,60,6.87,9.42]
["9Triticale-Spring60","Triticale-Spring",9,60,5.99,8.5299999999999994]
["9Triticale-Winter60","Triticale-Winter",9,60,6.73,9.2799999999999994]
["9Wheat-CanadaPrairieSpring60","Wheat-CanadaPrairieSpring",9,60,5.34,9.01]
["9Wheat-Durum60","Wheat-Durum",9,60,3.98,7.72]
["9Wheat-Durum High Protein60","Wheat-Durum High Protein",9,60,4.05,7.79]
["9Wheat-ExtraStrong60","Wheat-ExtraStrong",9,60,6.88,10.52]
["9Wheat-HardRedSpring60","Wheat-HardRedSpring",9,60,3.23,6.89]
["9Wheat-HardRedSpring High Protein60","Wheat-HardRedSpring High Protein",9,60,3.46,7.12]
["9Wheat-HardRedWinter60","Wheat-HardRedWinter",9,60,3.28,6.93]
["9Wheat-NorthernHardRed60","Wheat-NorthernHardRed",9,60,3.29,6.95]
["9Wheat-SoftWhiteSpring60","Wheat-SoftWhiteSpring",9,60,3.95,7.61]
["9Wheat-SpecialPurpose60","Wheat-SpecialPurpose",9,60,5.4,9.07]
["9Barley70","Barley",9,70,6.16,8.64]
["9Barley Malting70","Barley Malting",9,70,6.16,8.64]
["9CanarySeed70","CanarySeed",9,70,9.6300000000000008,13.26]
["9Canola-Argentine70","Canola-Argentine",9,70,6.96,9.32]
["9Canola-Argentine Specialty Oil70","Canola-Argentine Specialty Oil",9,70,7.34,9.6999999999999993]
["9Canola-Polish70","Canola-Polish",9,70,10.84,13.18]
["9FabaBean70","FabaBean",9,70,10.75,13.79]
["9Flax70","Flax",9,70,7.81,10.32]
["9Lentils-Green70","Lentils-Green",9,70,11.47,13.97]
["9Lentils-Red70","Lentils-Red",9,70,10.52,13.02]
["9MixedGrain70","MixedGrain",9,70,10.35,12.89]
["9Mustard-Brown70","Mustard-Brown",9,70,8.5399999999999991,11.58]
["9Mustard-Oriental70","Mustard-Oriental",9,70,7.17,10.210000000000001]
["9Mustard-Yellow70","Mustard-Yellow",9,70,7.03,10.07]
["9Oats70","Oats",9,70,9.0299999999999994,11.52]
["9Peas,Field70","Peas,Field",9,70,5.34,8.2899999999999991]
["9Rye-Fall70","Rye-Fall",9,70,6.17,8.65]
["9Rye-Spring70","Rye-Spring",9,70,9.32,11.81]
["9Triticale-Spring70","Triticale-Spring",9,70,8.48,10.95]
["9Triticale-Winter70","Triticale-Winter",9,70,9.5500000000000007,12.03]
["9Wheat-CanadaPrairieSpring70","Wheat-CanadaPrairieSpring",9,70,7.27,10.85]
["9Wheat-Durum70","Wheat-Durum",9,70,5.44,9.06]
["9Wheat-Durum High Protein70","Wheat-Durum High Protein",9,70,5.5,9.1199999999999992]
["9Wheat-ExtraStrong70","Wheat-ExtraStrong",9,70,9.41,12.97]
["9Wheat-HardRedSpring70","Wheat-HardRedSpring",9,70,4.59,8.17]
["9Wheat-HardRedSpring High Protein70","Wheat-HardRedSpring High Protein",9,70,4.79,8.3699999999999992]
["9Wheat-HardRedWinter70","Wheat-HardRedWinter",9,70,4.38,7.95]
["9Wheat-NorthernHardRed70","Wheat-NorthernHardRed",9,70,4.66,8.24]
["9Wheat-SoftWhiteSpring70","Wheat-SoftWhiteSpring",9,70,5.55,9.1199999999999992]
["9Wheat-SpecialPurpose70","Wheat-SpecialPurpose",9,70,7.36,10.94]
["9Barley80","Barley",9,80,8.44,10.82]
["9Barley Malting80","Barley Malting",9,80,8.44,10.82]
["9Canola-Argentine80","Canola-Argentine",9,80,9.2899999999999991,11.54]
["9Canola-Argentine Specialty Oil80","Canola-Argentine Specialty Oil",9,80,9.8000000000000007,12.05]
["9Canola-Polish80","Canola-Polish",9,80,14.53,16.78]
["9FabaBean80","FabaBean",9,80,14.86,17.75]
["9Flax80","Flax",9,80,10.44,12.82]
["9Lentils-Green80","Lentils-Green",9,80,15.32,17.7]
["9Lentils-Red80","Lentils-Red",9,80,14.05,16.43]
["9MixedGrain80","MixedGrain",9,80,14.04,16.420000000000002]
["9Mustard-Brown80","Mustard-Brown",9,80,11.99,14.92]
["9Mustard-Oriental80","Mustard-Oriental",9,80,10.039999999999999,12.97]
["9Mustard-Yellow80","Mustard-Yellow",9,80,9.6999999999999993,12.63]
["9Oats80","Oats",9,80,12.08,14.46]
["9Peas,Field80","Peas,Field",9,80,7.11,10]
["9Rye-Fall80","Rye-Fall",9,80,8.07,10.45]
["9Rye-Spring80","Rye-Spring",9,80,12.42,14.8]
["9Triticale-Spring80","Triticale-Spring",9,80,11.61,13.99]
["9Triticale-Winter80","Triticale-Winter",9,80,13.1,15.48]
["9Wheat-CanadaPrairieSpring80","Wheat-CanadaPrairieSpring",9,80,9.7100000000000009,13.16]
["9Wheat-Durum80","Wheat-Durum",9,80,7.28,10.73]
["9Wheat-Durum High Protein80","Wheat-Durum High Protein",9,80,7.34,10.79]
["9Wheat-ExtraStrong80","Wheat-ExtraStrong",9,80,12.62,16.07]
["9Wheat-HardRedSpring80","Wheat-HardRedSpring",9,80,6.33,9.7799999999999994]
["9Wheat-HardRedSpring High Protein80","Wheat-HardRedSpring High Protein",9,80,6.52,9.9700000000000006]
["9Wheat-HardRedWinter80","Wheat-HardRedWinter",9,80,5.75,9.1999999999999993]
["9Wheat-NorthernHardRed80","Wheat-NorthernHardRed",9,80,6.42,9.8699999999999992]
["9Wheat-SoftWhiteSpring80","Wheat-SoftWhiteSpring",9,80,7.54,10.99]
["9Wheat-SpecialPurpose80","Wheat-SpecialPurpose",9,80,9.83,13.28]
["10Barley60","Barley",10,60,3.19,5.68]
["10Barley Malting60","Barley Malting",10,60,3.19,5.68]
["10CanarySeed60","CanarySeed",10,60,2.23,5.86]
["10Canola-Argentine60","Canola-Argentine",10,60,2.31,4.66]
["10Canola-Argentine Specialty Oil60","Canola-Argentine Specialty Oil",10,60,2.44,4.79]
["10Canola-Polish60","Canola-Polish",10,60,4.3499999999999996,6.68]
["10FabaBean60","FabaBean",10,60,3.55,6.62]
["10Flax60","Flax",10,60,8.6300000000000008,11.23]
["10Lentils-Green60","Lentils-Green",10,60,7.22,9.7899999999999991]
["10Lentils-Red60","Lentils-Red",10,60,6.64,9.2100000000000009]
["10MixedGrain60","MixedGrain",10,60,3.12,5.63]
["10Oats60","Oats",10,60,3.84,6.33]
["10Peas,Field60","Peas,Field",10,60,3.23,6.24]
["10Rye-Fall60","Rye-Fall",10,60,3.77,6.31]
["10Rye-Spring60","Rye-Spring",10,60,3.9,6.38]
["10Triticale-Spring60","Triticale-Spring",10,60,1.91,4.4000000000000004]
["10Triticale-Winter60","Triticale-Winter",10,60,5.17,7.66]
["10Wheat-CanadaPrairieSpring60","Wheat-CanadaPrairieSpring",10,60,2.68,6.33]
["10Wheat-ExtraStrong60","Wheat-ExtraStrong",10,60,3.27,6.92]
["10Wheat-HardRedSpring60","Wheat-HardRedSpring",10,60,2.65,6.24]
["10Wheat-HardRedSpring High Protein60","Wheat-HardRedSpring High Protein",10,60,3.23,6.82]
["10Wheat-HardRedWinter60","Wheat-HardRedWinter",10,60,2.96,6.54]
["10Wheat-NorthernHardRed60","Wheat-NorthernHardRed",10,60,2.63,6.22]
["10Wheat-SoftWhiteSpring Industrial60","Wheat-SoftWhiteSpring Industrial",10,60,1.69,5.35]
["10Wheat-SpecialPurpose60","Wheat-SpecialPurpose",10,60,2.64,6.29]
["10Barley70","Barley",10,70,4.6100000000000003,7.05]
["10Barley Malting70","Barley Malting",10,70,4.6100000000000003,7.05]
["10CanarySeed70","CanarySeed",10,70,3.29,6.84]
["10Canola-Argentine70","Canola-Argentine",10,70,3.11,5.42]
["10Canola-Argentine Specialty Oil70","Canola-Argentine Specialty Oil",10,70,3.28,5.59]
["10Canola-Polish70","Canola-Polish",10,70,6,8.3000000000000007]
["10FabaBean70","FabaBean",10,70,4.99,7.99]
["10Flax70","Flax",10,70,12.31,14.81]
["10Lentils-Green70","Lentils-Green",10,70,9.86,12.35]
["10Lentils-Red70","Lentils-Red",10,70,9.0500000000000007,11.54]
["10MixedGrain70","MixedGrain",10,70,4.4400000000000004,6.9]
["10Oats70","Oats",10,70,5.49,7.94]
["10Peas,Field70","Peas,Field",10,70,4.43,7.39]
["10Rye-Fall70","Rye-Fall",10,70,5.53,8.01]
["10Rye-Spring70","Rye-Spring",10,70,5.38,7.82]
["10Triticale-Spring70","Triticale-Spring",10,70,2.72,5.17]
["10Triticale-Winter70","Triticale-Winter",10,70,7.64,10.09]
["10Wheat-CanadaPrairieSpring70","Wheat-CanadaPrairieSpring",10,70,3.88,7.5]
["10Wheat-ExtraStrong70","Wheat-ExtraStrong",10,70,4.78,8.39]
["10Wheat-HardRedSpring70","Wheat-HardRedSpring",10,70,3.83,7.36]
["10Wheat-HardRedSpring High Protein70","Wheat-HardRedSpring High Protein",10,70,4.4800000000000004,8.01]
["10Wheat-HardRedWinter70","Wheat-HardRedWinter",10,70,4.0599999999999996,7.58]
["10Wheat-NorthernHardRed70","Wheat-NorthernHardRed",10,70,3.8,7.33]
["10Wheat-SoftWhiteSpring Industrial70","Wheat-SoftWhiteSpring Industrial",10,70,2.4500000000000002,6.03]
["10Wheat-SpecialPurpose70","Wheat-SpecialPurpose",10,70,3.82,7.44]
["10Barley80","Barley",10,80,6.45,8.83]
["10Barley Malting80","Barley Malting",10,80,6.45,8.83]
["10Canola-Argentine80","Canola-Argentine",10,80,4.1399999999999997,6.39]
["10Canola-Argentine Specialty Oil80","Canola-Argentine Specialty Oil",10,80,4.37,6.62]
["10Canola-Polish80","Canola-Polish",10,80,8.09,10.34]
["10FabaBean80","FabaBean",10,80,6.79,9.68]
["10Flax80","Flax",10,80,16.97,19.350000000000001]
["10Lentils-Green80","Lentils-Green",10,80,13.14,15.52]
["10Lentils-Red80","Lentils-Red",10,80,12.05,14.43]
["10MixedGrain80","MixedGrain",10,80,6.12,8.5]
["10Oats80","Oats",10,80,7.6,9.98]
["10Peas,Field80","Peas,Field",10,80,5.95,8.84]
["10Rye-Fall80","Rye-Fall",10,80,7.81,10.19]
["10Rye-Spring80","Rye-Spring",10,80,7.28,9.66]
["10Triticale-Spring80","Triticale-Spring",10,80,3.77,6.15]
["10Triticale-Winter80","Triticale-Winter",10,80,10.84,13.22]
["10Wheat-CanadaPrairieSpring80","Wheat-CanadaPrairieSpring",10,80,5.46,9.0299999999999994]
["10Wheat-ExtraStrong80","Wheat-ExtraStrong",10,80,6.77,10.32]
["10Wheat-HardRedSpring80","Wheat-HardRedSpring",10,80,5.36,8.81]
["10Wheat-HardRedSpring High Protein80","Wheat-HardRedSpring High Protein",10,80,6.12,9.57]
["10Wheat-HardRedWinter80","Wheat-HardRedWinter",10,80,5.46,8.91]
["10Wheat-NorthernHardRed80","Wheat-NorthernHardRed",10,80,5.34,8.7899999999999991]
["10Wheat-SoftWhiteSpring Industrial80","Wheat-SoftWhiteSpring Industrial",10,80,3.47,6.92]
["10Wheat-SpecialPurpose80","Wheat-SpecialPurpose",10,80,5.38,8.9499999999999993]
["11Barley60","Barley",11,60,1.95,4.46]
["11Barley Malting60","Barley Malting",11,60,1.95,4.46]
["11CanarySeed60","CanarySeed",11,60,2.23,5.86]
["11Canola-Argentine60","Canola-Argentine",11,60,1.78,4.1100000000000003]
["11Canola-Argentine Specialty Oil60","Canola-Argentine Specialty Oil",11,60,1.88,4.21]
["11Canola-Polish60","Canola-Polish",11,60,2.57,4.93]
["11FabaBean60","FabaBean",11,60,3.55,6.62]
["11Flax60","Flax",11,60,5.52,8.0299999999999994]
["11Lentils-Green60","Lentils-Green",11,60,7.22,9.7899999999999991]
["11Lentils-Red60","Lentils-Red",11,60,6.64,9.2100000000000009]
["11MixedGrain60","MixedGrain",11,60,2.48,4.97]
["11Oats60","Oats",11,60,3.02,5.5]
["11Peas,Field60","Peas,Field",11,60,2.84,5.84]
["11Rye-Fall60","Rye-Fall",11,60,2.29,4.8]
["11Rye-Spring60","Rye-Spring",11,60,2.73,5.22]
["11Triticale-Spring60","Triticale-Spring",11,60,2.0499999999999998,4.58]
["11Triticale-Winter60","Triticale-Winter",11,60,2.34,4.84]
["11Wheat-CanadaPrairieSpring60","Wheat-CanadaPrairieSpring",11,60,2.41,6.08]
["11Wheat-ExtraStrong60","Wheat-ExtraStrong",11,60,2.98,6.65]
["11Wheat-HardRedSpring60","Wheat-HardRedSpring",11,60,1.82,5.45]
["11Wheat-HardRedSpring High Protein60","Wheat-HardRedSpring High Protein",11,60,1.94,5.57]
["11Wheat-HardRedWinter60","Wheat-HardRedWinter",11,60,1.38,4.97]
["11Wheat-NorthernHardRed60","Wheat-NorthernHardRed",11,60,2.1800000000000002,5.81]
["11Wheat-SoftWhiteSpring Industrial60","Wheat-SoftWhiteSpring Industrial",11,60,1.51,5.17]
["11Wheat-SpecialPurpose60","Wheat-SpecialPurpose",11,60,2.39,6.06]
["11Barley70","Barley",11,70,2.83,5.31]
["11Barley Malting70","Barley Malting",11,70,2.83,5.31]
["11CanarySeed70","CanarySeed",11,70,3.29,6.84]
["11Canola-Argentine70","Canola-Argentine",11,70,2.4700000000000002,4.7699999999999996]
["11Canola-Argentine Specialty Oil70","Canola-Argentine Specialty Oil",11,70,2.61,4.91]
["11Canola-Polish70","Canola-Polish",11,70,3.64,5.97]
["11FabaBean70","FabaBean",11,70,4.99,7.99]
["11Flax70","Flax",11,70,8.11,10.57]
["11Lentils-Green70","Lentils-Green",11,70,9.86,12.35]
["11Lentils-Red70","Lentils-Red",11,70,9.0500000000000007,11.54]
["11MixedGrain70","MixedGrain",11,70,3.6,6.05]
["11Oats70","Oats",11,70,4.41,6.85]
["11Peas,Field70","Peas,Field",11,70,3.87,6.83]
["11Rye-Fall70","Rye-Fall",11,70,3.32,5.8]
["11Rye-Spring70","Rye-Spring",11,70,3.74,6.21]
["11Triticale-Spring70","Triticale-Spring",11,70,3.01,5.52]
["11Triticale-Winter70","Triticale-Winter",11,70,3.46,5.93]
["11Wheat-CanadaPrairieSpring70","Wheat-CanadaPrairieSpring",11,70,3.58,7.22]
["11Wheat-ExtraStrong70","Wheat-ExtraStrong",11,70,4.4800000000000004,8.11]
["11Wheat-HardRedSpring70","Wheat-HardRedSpring",11,70,2.64,6.22]
["11Wheat-HardRedSpring High Protein70","Wheat-HardRedSpring High Protein",11,70,2.75,6.33]
["11Wheat-HardRedWinter70","Wheat-HardRedWinter",11,70,1.81,5.37]
["11Wheat-NorthernHardRed70","Wheat-NorthernHardRed",11,70,3.21,6.79]
["11Wheat-SoftWhiteSpring Industrial70","Wheat-SoftWhiteSpring Industrial",11,70,2.17,5.75]
["11Wheat-SpecialPurpose70","Wheat-SpecialPurpose",11,70,3.54,7.18]
["11Barley80","Barley",11,80,4.0199999999999996,6.46]
["11Barley Malting80","Barley Malting",11,80,4.0199999999999996,6.46]
["11Canola-Argentine80","Canola-Argentine",11,80,3.38,5.63]
["11Canola-Argentine Specialty Oil80","Canola-Argentine Specialty Oil",11,80,3.57,5.82]
["11Canola-Polish80","Canola-Polish",11,80,5.03,7.33]
["11FabaBean80","FabaBean",11,80,6.79,9.68]
["11Flax80","Flax",11,80,11.54,13.92]
["11Lentils-Green80","Lentils-Green",11,80,13.14,15.52]
["11Lentils-Red80","Lentils-Red",11,80,12.05,14.43]
["11MixedGrain80","MixedGrain",11,80,5.0599999999999996,7.46]
["11Oats80","Oats",11,80,6.23,8.61]
["11Peas,Field80","Peas,Field",11,80,5.19,8.11]
["11Rye-Fall80","Rye-Fall",11,80,4.7,7.14]
["11Rye-Spring80","Rye-Spring",11,80,5.08,7.51]
["11Triticale-Spring80","Triticale-Spring",11,80,4.29,6.76]
["11Triticale-Winter80","Triticale-Winter",11,80,4.96,7.38]
["11Wheat-CanadaPrairieSpring80","Wheat-CanadaPrairieSpring",11,80,5.12,8.7100000000000009]
["11Wheat-ExtraStrong80","Wheat-ExtraStrong",11,80,6.45,10.02]
["11Wheat-HardRedSpring80","Wheat-HardRedSpring",11,80,3.75,7.26]
["11Wheat-HardRedSpring High Protein80","Wheat-HardRedSpring High Protein",11,80,3.85,7.36]
["11Wheat-HardRedWinter80","Wheat-HardRedWinter",11,80,2.39,5.89]
["11Wheat-NorthernHardRed80","Wheat-NorthernHardRed",11,80,4.59,8.1]
["11Wheat-SoftWhiteSpring Industrial80","Wheat-SoftWhiteSpring Industrial",11,80,3.06,6.51]
["11Wheat-SpecialPurpose80","Wheat-SpecialPurpose",11,80,5.07,8.66]
["12Barley60","Barley",12,60,2.11,4.62]
["12Barley Malting60","Barley Malting",12,60,2.11,4.62]
["12CanarySeed60","CanarySeed",12,60,4.5999999999999996,8.2100000000000009]
["12Canola-Argentine60","Canola-Argentine",12,60,1.99,4.33]
["12Canola-Argentine Specialty Oil60","Canola-Argentine Specialty Oil",12,60,2.1,4.4400000000000004]
["12Canola-Polish60","Canola-Polish",12,60,2.5499999999999998,4.92]
["12FabaBean60","FabaBean",12,60,3.55,6.62]
["12Flax60","Flax",12,60,3.4,5.92]
["12Lentils-Green60","Lentils-Green",12,60,7.26,9.89]
["12Lentils-Red60","Lentils-Red",12,60,6.07,8.6999999999999993]
["12MixedGrain60","MixedGrain",12,60,3.49,6.04]
["12Mustard-Brown60","Mustard-Brown",12,60,2.5099999999999998,5.58]
["12Mustard-Oriental60","Mustard-Oriental",12,60,2.6,5.67]
["12Mustard-Yellow60","Mustard-Yellow",12,60,5.16,8.27]
["12Oats60","Oats",12,60,3.24,5.74]
["12Peas,Field60","Peas,Field",12,60,3.23,6.24]
["12Rye-Fall60","Rye-Fall",12,60,2.64,5.12]
["12Rye-Spring60","Rye-Spring",12,60,4.38,6.84]
["12Triticale-Spring60","Triticale-Spring",12,60,3.19,5.7]
["12Triticale-Winter60","Triticale-Winter",12,60,3.31,5.82]
["12Wheat-CanadaPrairieSpring60","Wheat-CanadaPrairieSpring",12,60,2.16,5.8]
["12Wheat-Durum60","Wheat-Durum",12,60,2.73,6.36]
["12Wheat-Durum High Protein60","Wheat-Durum High Protein",12,60,2.77,6.4]
["12Wheat-ExtraStrong60","Wheat-ExtraStrong",12,60,2.94,6.6]
["12Wheat-HardRedSpring60","Wheat-HardRedSpring",12,60,1.5,5.18]
["12Wheat-HardRedSpring High Protein60","Wheat-HardRedSpring High Protein",12,60,1.59,5.27]
["12Wheat-HardRedWinter60","Wheat-HardRedWinter",12,60,2.13,5.7]
["12Wheat-NorthernHardRed60","Wheat-NorthernHardRed",12,60,1.59,5.27]
["12Wheat-SoftWhiteSpring Industrial60","Wheat-SoftWhiteSpring Industrial",12,60,1.99,5.65]
["12Wheat-SpecialPurpose60","Wheat-SpecialPurpose",12,60,2.13,5.77]
["12Barley70","Barley",12,70,3.09,5.57]
["12Barley Malting70","Barley Malting",12,70,3.09,5.57]
["12CanarySeed70","CanarySeed",12,70,7,10.54]
["12Canola-Argentine70","Canola-Argentine",12,70,2.78,5.09]
["12Canola-Argentine Specialty Oil70","Canola-Argentine Specialty Oil",12,70,2.93,5.24]
["12Canola-Polish70","Canola-Polish",12,70,3.62,5.97]
["12FabaBean70","FabaBean",12,70,4.99,7.99]
["12Flax70","Flax",12,70,4.88,7.34]
["12Lentils-Green70","Lentils-Green",12,70,10.48,13]
["12Lentils-Red70","Lentils-Red",12,70,8.73,11.25]
["12MixedGrain70","MixedGrain",12,70,5.0599999999999996,7.54]
["12Mustard-Brown70","Mustard-Brown",12,70,3.72,6.73]
["12Mustard-Oriental70","Mustard-Oriental",12,70,3.86,6.87]
["12Mustard-Yellow70","Mustard-Yellow",12,70,7.77,10.81]
["12Oats70","Oats",12,70,4.68,7.13]
["12Peas,Field70","Peas,Field",12,70,4.43,7.39]
["12Rye-Fall70","Rye-Fall",12,70,3.68,6.13]
["12Rye-Spring70","Rye-Spring",12,70,5.9,8.33]
["12Triticale-Spring70","Triticale-Spring",12,70,4.83,7.29]
["12Triticale-Winter70","Triticale-Winter",12,70,5.03,7.51]
["12Wheat-CanadaPrairieSpring70","Wheat-CanadaPrairieSpring",12,70,3.11,6.71]
["12Wheat-Durum70","Wheat-Durum",12,70,3.99,7.55]
["12Wheat-Durum High Protein70","Wheat-Durum High Protein",12,70,4.03,7.59]
["12Wheat-ExtraStrong70","Wheat-ExtraStrong",12,70,4.3099999999999996,7.93]
["12Wheat-HardRedSpring70","Wheat-HardRedSpring",12,70,2.17,5.82]
["12Wheat-HardRedSpring High Protein70","Wheat-HardRedSpring High Protein",12,70,2.2599999999999998,5.91]
["12Wheat-HardRedWinter70","Wheat-HardRedWinter",12,70,2.84,6.36]
["12Wheat-NorthernHardRed70","Wheat-NorthernHardRed",12,70,2.31,5.96]
["12Wheat-SoftWhiteSpring Industrial70","Wheat-SoftWhiteSpring Industrial",12,70,2.85,6.43]
["12Wheat-SpecialPurpose70","Wheat-SpecialPurpose",12,70,3.07,6.67]
["12Barley80","Barley",12,80,4.3899999999999997,6.83]
["12Barley Malting80","Barley Malting",12,80,4.3899999999999997,6.83]
["12Canola-Argentine80","Canola-Argentine",12,80,3.82,6.09]
["12Canola-Argentine Specialty Oil80","Canola-Argentine Specialty Oil",12,80,4.03,6.3]
["12Canola-Polish80","Canola-Polish",12,80,5.0199999999999996,7.34]
["12FabaBean80","FabaBean",12,80,6.79,9.68]
["12Flax80","Flax",12,80,6.82,9.1999999999999993]
["12Lentils-Green80","Lentils-Green",12,80,14.44,16.82]
["12Lentils-Red80","Lentils-Red",12,80,12.01,14.39]
["12MixedGrain80","MixedGrain",12,80,7.09,9.4700000000000006]
["12Mustard-Brown80","Mustard-Brown",12,80,5.28,8.2100000000000009]
["12Mustard-Oriental80","Mustard-Oriental",12,80,5.49,8.42]
["12Mustard-Yellow80","Mustard-Yellow",12,80,11.11,14.04]
["12Oats80","Oats",12,80,6.54,8.92]
["12Peas,Field80","Peas,Field",12,80,5.95,8.84]
["12Rye-Fall80","Rye-Fall",12,80,5.03,7.43]
["12Rye-Spring80","Rye-Spring",12,80,7.84,10.220000000000001]
["12Triticale-Spring80","Triticale-Spring",12,80,7.03,9.42]
["12Triticale-Winter80","Triticale-Winter",12,80,7.31,9.75]
["12Wheat-CanadaPrairieSpring80","Wheat-CanadaPrairieSpring",12,80,4.38,7.92]
["12Wheat-Durum80","Wheat-Durum",12,80,5.62,9.07]
["12Wheat-Durum High Protein80","Wheat-Durum High Protein",12,80,5.66,9.11]
["12Wheat-ExtraStrong80","Wheat-ExtraStrong",12,80,6.12,9.69]
["12Wheat-HardRedSpring80","Wheat-HardRedSpring",12,80,3.09,6.69]
["12Wheat-HardRedSpring High Protein80","Wheat-HardRedSpring High Protein",12,80,3.17,6.77]
["12Wheat-HardRedWinter80","Wheat-HardRedWinter",12,80,3.75,7.2]
["12Wheat-NorthernHardRed80","Wheat-NorthernHardRed",12,80,3.28,6.88]
["12Wheat-SoftWhiteSpring Industrial80","Wheat-SoftWhiteSpring Industrial",12,80,4.01,7.46]
["12Wheat-SpecialPurpose80","Wheat-SpecialPurpose",12,80,4.32,7.86]
["13Barley60","Barley",13,60,2.46,4.97]
["13Barley Malting60","Barley Malting",13,60,2.46,4.97]
["13CanarySeed60","CanarySeed",13,60,4.5999999999999996,8.2100000000000009]
["13Canola-Argentine60","Canola-Argentine",13,60,2.41,4.78]
["13Canola-Argentine Specialty Oil60","Canola-Argentine Specialty Oil",13,60,2.54,4.91]
["13Canola-Polish60","Canola-Polish",13,60,3.32,5.66]
["13FabaBean60","FabaBean",13,60,3.55,6.62]
["13Flax60","Flax",13,60,4.1100000000000003,6.66]
["13Lentils-Green60","Lentils-Green",13,60,7.26,9.89]
["13Lentils-Red60","Lentils-Red",13,60,6.07,8.6999999999999993]
["13MixedGrain60","MixedGrain",13,60,4.05,6.65]
["13Mustard-Brown60","Mustard-Brown",13,60,4.3099999999999996,7.4]
["13Mustard-Oriental60","Mustard-Oriental",13,60,3.76,6.84]
["13Mustard-Yellow60","Mustard-Yellow",13,60,4.34,7.41]
["13Oats60","Oats",13,60,3.31,5.85]
["13Peas,Field60","Peas,Field",13,60,3.23,6.24]
["13Rye-Fall60","Rye-Fall",13,60,4.91,7.45]
["13Rye-Spring60","Rye-Spring",13,60,4.76,7.3]
["13Triticale-Spring60","Triticale-Spring",13,60,3.55,6.08]
["13Triticale-Winter60","Triticale-Winter",13,60,4.22,6.71]
["13Wheat-CanadaPrairieSpring60","Wheat-CanadaPrairieSpring",13,60,2.5099999999999998,6.12]
["13Wheat-ExtraStrong60","Wheat-ExtraStrong",13,60,4.1399999999999997,7.73]
["13Wheat-HardRedSpring60","Wheat-HardRedSpring",13,60,1.91,5.51]
["13Wheat-HardRedSpring High Protein60","Wheat-HardRedSpring High Protein",13,60,2.0299999999999998,5.63]
["13Wheat-HardRedWinter60","Wheat-HardRedWinter",13,60,3.85,7.49]
["13Wheat-NorthernHardRed60","Wheat-NorthernHardRed",13,60,2,5.6]
["13Wheat-SoftWhiteSpring Industrial60","Wheat-SoftWhiteSpring Industrial",13,60,2.97,6.63]
["13Wheat-SpecialPurpose60","Wheat-SpecialPurpose",13,60,2.54,6.15]
["13Barley70","Barley",13,70,3.54,6]
["13Barley Malting70","Barley Malting",13,70,3.54,6]
["13CanarySeed70","CanarySeed",13,70,7,10.54]
["13Canola-Argentine70","Canola-Argentine",13,70,3.35,5.67]
["13Canola-Argentine Specialty Oil70","Canola-Argentine Specialty Oil",13,70,3.53,5.85]
["13Canola-Polish70","Canola-Polish",13,70,4.67,6.97]
["13FabaBean70","FabaBean",13,70,4.99,7.99]
["13Flax70","Flax",13,70,5.86,8.34]
["13Lentils-Green70","Lentils-Green",13,70,10.48,13]
["13Lentils-Red70","Lentils-Red",13,70,8.73,11.25]
["13MixedGrain70","MixedGrain",13,70,5.87,8.3800000000000008]
["13Mustard-Brown70","Mustard-Brown",13,70,6.27,9.2899999999999991]
["13Mustard-Oriental70","Mustard-Oriental",13,70,5.45,8.4700000000000006]
["13Mustard-Yellow70","Mustard-Yellow",13,70,6.33,9.35]
["13Oats70","Oats",13,70,4.62,7.09]
["13Peas,Field70","Peas,Field",13,70,4.43,7.39]
["13Rye-Fall70","Rye-Fall",13,70,7.16,9.64]
["13Rye-Spring70","Rye-Spring",13,70,6.58,9.06]
["13Triticale-Spring70","Triticale-Spring",13,70,5.23,7.7]
["13Triticale-Winter70","Triticale-Winter",13,70,6.3,8.75]
["13Wheat-CanadaPrairieSpring70","Wheat-CanadaPrairieSpring",13,70,3.52,7.07]
["13Wheat-ExtraStrong70","Wheat-ExtraStrong",13,70,5.91,9.44]
["13Wheat-HardRedSpring70","Wheat-HardRedSpring",13,70,2.77,6.31]
["13Wheat-HardRedSpring High Protein70","Wheat-HardRedSpring High Protein",13,70,2.88,6.42]
["13Wheat-HardRedWinter70","Wheat-HardRedWinter",13,70,5.38,8.94]
["13Wheat-NorthernHardRed70","Wheat-NorthernHardRed",13,70,2.89,6.43]
["13Wheat-SoftWhiteSpring Industrial70","Wheat-SoftWhiteSpring Industrial",13,70,4.1900000000000004,7.77]
["13Wheat-SpecialPurpose70","Wheat-SpecialPurpose",13,70,3.55,7.1]
["13Barley80","Barley",13,80,4.95,7.33]
["13Barley Malting80","Barley Malting",13,80,4.95,7.33]
["13Canola-Argentine80","Canola-Argentine",13,80,4.54,6.79]
["13Canola-Argentine Specialty Oil80","Canola-Argentine Specialty Oil",13,80,4.79,7.04]
["13Canola-Polish80","Canola-Polish",13,80,6.38,8.64]
["13FabaBean80","FabaBean",13,80,6.79,9.68]
["13Flax80","Flax",13,80,8.09,10.47]
["13Lentils-Green80","Lentils-Green",13,80,14.44,16.82]
["13Lentils-Red80","Lentils-Red",13,80,12.01,14.39]
["13MixedGrain80","MixedGrain",13,80,8.18,10.56]
["13Mustard-Brown80","Mustard-Brown",13,80,8.81,11.74]
["13Mustard-Oriental80","Mustard-Oriental",13,80,7.64,10.57]
["13Mustard-Yellow80","Mustard-Yellow",13,80,8.89,11.82]
["13Oats80","Oats",13,80,6.29,8.67]
["13Peas,Field80","Peas,Field",13,80,5.95,8.84]
["13Rye-Fall80","Rye-Fall",13,80,10.1,12.48]
["13Rye-Spring80","Rye-Spring",13,80,8.92,11.3]
["13Triticale-Spring80","Triticale-Spring",13,80,7.41,9.7899999999999991]
["13Triticale-Winter80","Triticale-Winter",13,80,9.0299999999999994,11.41]
["13Wheat-CanadaPrairieSpring80","Wheat-CanadaPrairieSpring",13,80,4.82,8.27]
["13Wheat-ExtraStrong80","Wheat-ExtraStrong",13,80,8.18,11.63]
["13Wheat-HardRedSpring80","Wheat-HardRedSpring",13,80,3.92,7.37]
["13Wheat-HardRedSpring High Protein80","Wheat-HardRedSpring High Protein",13,80,4.03,7.48]
["13Wheat-HardRedWinter80","Wheat-HardRedWinter",13,80,7.38,10.83]
["13Wheat-NorthernHardRed80","Wheat-NorthernHardRed",13,80,4.0599999999999996,7.51]
["13Wheat-SoftWhiteSpring Industrial80","Wheat-SoftWhiteSpring Industrial",13,80,5.76,9.2100000000000009]
["13Wheat-SpecialPurpose80","Wheat-SpecialPurpose",13,80,4.87,8.32]
["14Barley60","Barley",14,60,4.2699999999999996,6.78]
["14Barley Malting60","Barley Malting",14,60,4.2699999999999996,6.78]
["14CanarySeed60","CanarySeed",14,60,4.5599999999999996,8.31]
["14Canola-Argentine60","Canola-Argentine",14,60,2.91,5.29]
["14Canola-Argentine Specialty Oil60","Canola-Argentine Specialty Oil",14,60,3.07,5.45]
["14Canola-Polish60","Canola-Polish",14,60,4.18,6.53]
["14FabaBean60","FabaBean",14,60,7.46,10.61]
["14Flax60","Flax",14,60,6.35,8.89]
["14Lentils-Green60","Lentils-Green",14,60,7.22,9.7899999999999991]
["14Lentils-Red60","Lentils-Red",14,60,6.64,9.2100000000000009]
["14MixedGrain60","MixedGrain",14,60,2.77,5.26]
["14Oats60","Oats",14,60,3.28,5.76]
["14Peas,Field60","Peas,Field",14,60,3.23,6.24]
["14Rye-Fall60","Rye-Fall",14,60,4.26,6.79]
["14Rye-Spring60","Rye-Spring",14,60,3.23,5.7]
["14Triticale-Spring60","Triticale-Spring",14,60,3.32,5.81]
["14Triticale-Winter60","Triticale-Winter",14,60,3.77,6.27]
["14Wheat-CanadaPrairieSpring60","Wheat-CanadaPrairieSpring",14,60,3.53,7.12]
["14Wheat-ExtraStrong60","Wheat-ExtraStrong",14,60,3.4,6.99]
["14Wheat-HardRedSpring60","Wheat-HardRedSpring",14,60,3.5,7.2]
["14Wheat-HardRedSpring High Protein60","Wheat-HardRedSpring High Protein",14,60,4.26,7.96]
["14Wheat-HardRedWinter60","Wheat-HardRedWinter",14,60,2.75,6.32]
["14Wheat-NorthernHardRed60","Wheat-NorthernHardRed",14,60,3.49,7.19]
["14Wheat-SpecialPurpose60","Wheat-SpecialPurpose",14,60,3.24,6.83]
["14Barley70","Barley",14,70,6.16,8.6199999999999992]
["14Barley Malting70","Barley Malting",14,70,6.16,8.6199999999999992]
["14CanarySeed70","CanarySeed",14,70,6.73,10.36]
["14Canola-Argentine70","Canola-Argentine",14,70,3.89,6.22]
["14Canola-Argentine Specialty Oil70","Canola-Argentine Specialty Oil",14,70,4.0999999999999996,6.43]
["14Canola-Polish70","Canola-Polish",14,70,5.66,7.97]
["14FabaBean70","FabaBean",14,70,10.75,13.79]
["14Flax70","Flax",14,70,8.9,11.38]
["14Lentils-Green70","Lentils-Green",14,70,9.86,12.35]
["14Lentils-Red70","Lentils-Red",14,70,9.0500000000000007,11.54]
["14MixedGrain70","MixedGrain",14,70,3.84,6.29]
["14Oats70","Oats",14,70,4.62,7.06]
["14Peas,Field70","Peas,Field",14,70,4.43,7.39]
["14Rye-Fall70","Rye-Fall",14,70,6.37,8.84]
["14Rye-Spring70","Rye-Spring",14,70,4.47,6.9]
["14Triticale-Spring70","Triticale-Spring",14,70,4.92,7.37]
["14Triticale-Winter70","Triticale-Winter",14,70,5.61,8.06]
["14Wheat-CanadaPrairieSpring70","Wheat-CanadaPrairieSpring",14,70,5.25,8.7799999999999994]
["14Wheat-ExtraStrong70","Wheat-ExtraStrong",14,70,5.0599999999999996,8.59]
["14Wheat-HardRedSpring70","Wheat-HardRedSpring",14,70,5.18,8.7799999999999994]
["14Wheat-HardRedSpring High Protein70","Wheat-HardRedSpring High Protein",14,70,6.04,9.64]
["14Wheat-HardRedWinter70","Wheat-HardRedWinter",14,70,3.78,7.3]
["14Wheat-NorthernHardRed70","Wheat-NorthernHardRed",14,70,5.19,8.7899999999999991]
["14Wheat-SpecialPurpose70","Wheat-SpecialPurpose",14,70,4.8099999999999996,8.34]
["14Barley80","Barley",14,80,8.59,10.97]
["14Barley Malting80","Barley Malting",14,80,8.59,10.97]
["14Canola-Argentine80","Canola-Argentine",14,80,5.14,7.39]
["14Canola-Argentine Specialty Oil80","Canola-Argentine Specialty Oil",14,80,5.42,7.67]
["14Canola-Polish80","Canola-Polish",14,80,7.53,9.7799999999999994]
["14FabaBean80","FabaBean",14,80,14.86,17.75]
["14Flax80","Flax",14,80,12.14,14.52]
["14Lentils-Green80","Lentils-Green",14,80,13.14,15.52]
["14Lentils-Red80","Lentils-Red",14,80,12.05,14.43]
["14MixedGrain80","MixedGrain",14,80,5.23,7.61]
["14Oats80","Oats",14,80,6.33,8.7100000000000009]
["14Peas,Field80","Peas,Field",14,80,5.95,8.84]
["14Rye-Fall80","Rye-Fall",14,80,9.16,11.54]
["14Rye-Spring80","Rye-Spring",14,80,6.11,8.49]
["14Triticale-Spring80","Triticale-Spring",14,80,7.02,9.4]
["14Triticale-Winter80","Triticale-Winter",14,80,8.02,10.4]
["14Wheat-CanadaPrairieSpring80","Wheat-CanadaPrairieSpring",14,80,7.52,10.97]
["14Wheat-ExtraStrong80","Wheat-ExtraStrong",14,80,7.25,10.7]
["14Wheat-HardRedSpring80","Wheat-HardRedSpring",14,80,7.39,10.84]
["14Wheat-HardRedSpring High Protein80","Wheat-HardRedSpring High Protein",14,80,8.42,11.87]
["14Wheat-HardRedWinter80","Wheat-HardRedWinter",14,80,5.12,8.57]
["14Wheat-NorthernHardRed80","Wheat-NorthernHardRed",14,80,7.43,10.88]
["14Wheat-SpecialPurpose80","Wheat-SpecialPurpose",14,80,6.89,10.34]
["15Barley60","Barley",15,60,2.5,4.99]
["15Barley Malting60","Barley Malting",15,60,2.5,4.99]
["15CanarySeed60","CanarySeed",15,60,4.5599999999999996,8.31]
["15Canola-Argentine60","Canola-Argentine",15,60,2.56,4.93]
["15Canola-Argentine Specialty Oil60","Canola-Argentine Specialty Oil",15,60,2.7,5.07]
["15Canola-Polish60","Canola-Polish",15,60,3.93,6.27]
["15FabaBean60","FabaBean",15,60,3.55,6.62]
["15Flax60","Flax",15,60,5.05,7.63]
["15Lentils-Green60","Lentils-Green",15,60,7.22,9.7899999999999991]
["15Lentils-Red60","Lentils-Red",15,60,6.64,9.2100000000000009]
["15MixedGrain60","MixedGrain",15,60,3.27,5.82]
["15Oats60","Oats",15,60,3.55,6.07]
["15Peas,Field60","Peas,Field",15,60,3.23,6.24]
["15Rye-Fall60","Rye-Fall",15,60,2.61,5.0999999999999996]
["15Rye-Spring60","Rye-Spring",15,60,4.59,7.06]
["15Triticale-Spring60","Triticale-Spring",15,60,2.33,4.8099999999999996]
["15Triticale-Winter60","Triticale-Winter",15,60,4.16,6.67]
["15Wheat-CanadaPrairieSpring60","Wheat-CanadaPrairieSpring",15,60,3.62,7.25]
["15Wheat-ExtraStrong60","Wheat-ExtraStrong",15,60,4.26,7.87]
["15Wheat-HardRedSpring60","Wheat-HardRedSpring",15,60,2.4,6.02]
["15Wheat-HardRedSpring High Protein60","Wheat-HardRedSpring High Protein",15,60,2.92,6.54]
["15Wheat-HardRedWinter60","Wheat-HardRedWinter",15,60,4,7.62]
["15Wheat-NorthernHardRed60","Wheat-NorthernHardRed",15,60,3.46,7.08]
["15Wheat-SoftWhiteSpring Industrial60","Wheat-SoftWhiteSpring Industrial",15,60,3.49,7.15]
["15Wheat-SpecialPurpose60","Wheat-SpecialPurpose",15,60,3.56,7.19]
["15Barley70","Barley",15,70,3.63,6.07]
["15Barley Malting70","Barley Malting",15,70,3.63,6.07]
["15CanarySeed70","CanarySeed",15,70,6.73,10.36]
["15Canola-Argentine70","Canola-Argentine",15,70,3.5,5.82]
["15Canola-Argentine Specialty Oil70","Canola-Argentine Specialty Oil",15,70,3.69,6.01]
["15Canola-Polish70","Canola-Polish",15,70,5.45,7.76]
["15FabaBean70","FabaBean",15,70,4.99,7.99]
["15Flax70","Flax",15,70,7.19,9.69]
["15Lentils-Green70","Lentils-Green",15,70,9.86,12.35]
["15Lentils-Red70","Lentils-Red",15,70,9.0500000000000007,11.54]
["15MixedGrain70","MixedGrain",15,70,4.68,7.16]
["15Oats70","Oats",15,70,5.01,7.47]
["15Peas,Field70","Peas,Field",15,70,4.43,7.39]
["15Rye-Fall70","Rye-Fall",15,70,3.73,6.17]
["15Rye-Spring70","Rye-Spring",15,70,6.33,8.76]
["15Triticale-Spring70","Triticale-Spring",15,70,3.3,5.74]
["15Triticale-Winter70","Triticale-Winter",15,70,6.09,8.5399999999999991]
["15Wheat-CanadaPrairieSpring70","Wheat-CanadaPrairieSpring",15,70,5.0599999999999996,8.61]
["15Wheat-ExtraStrong70","Wheat-ExtraStrong",15,70,5.99,9.5299999999999994]
["15Wheat-HardRedSpring70","Wheat-HardRedSpring",15,70,3.45,7]
["15Wheat-HardRedSpring High Protein70","Wheat-HardRedSpring High Protein",15,70,4.03,7.58]
["15Wheat-HardRedWinter70","Wheat-HardRedWinter",15,70,5.52,9.06]
["15Wheat-NorthernHardRed70","Wheat-NorthernHardRed",15,70,4.9000000000000004,8.4499999999999993]
["15Wheat-SoftWhiteSpring Industrial70","Wheat-SoftWhiteSpring Industrial",15,70,4.88,8.4600000000000009]
["15Wheat-SpecialPurpose70","Wheat-SpecialPurpose",15,70,4.9800000000000004,8.5299999999999994]
["15Barley80","Barley",15,80,5.08,7.46]
["15Barley Malting80","Barley Malting",15,80,5.08,7.46]
["15Canola-Argentine80","Canola-Argentine",15,80,4.68,6.93]
["15Canola-Argentine Specialty Oil80","Canola-Argentine Specialty Oil",15,80,4.9400000000000004,7.19]
["15Canola-Polish80","Canola-Polish",15,80,7.37,9.6199999999999992]
["15FabaBean80","FabaBean",15,80,6.79,9.68]
["15Flax80","Flax",15,80,9.8800000000000008,12.26]
["15Lentils-Green80","Lentils-Green",15,80,13.14,15.52]
["15Lentils-Red80","Lentils-Red",15,80,12.05,14.43]
["15MixedGrain80","MixedGrain",15,80,6.48,8.86]
["15Oats80","Oats",15,80,6.86,9.24]
["15Peas,Field80","Peas,Field",15,80,5.95,8.84]
["15Rye-Fall80","Rye-Fall",15,80,5.18,7.56]
["15Rye-Spring80","Rye-Spring",15,80,8.56,10.94]
["15Triticale-Spring80","Triticale-Spring",15,80,4.55,6.93]
["15Triticale-Winter80","Triticale-Winter",15,80,8.57,10.95]
["15Wheat-CanadaPrairieSpring80","Wheat-CanadaPrairieSpring",15,80,6.91,10.36]
["15Wheat-ExtraStrong80","Wheat-ExtraStrong",15,80,8.19,11.64]
["15Wheat-HardRedSpring80","Wheat-HardRedSpring",15,80,4.8099999999999996,8.26]
["15Wheat-HardRedSpring High Protein80","Wheat-HardRedSpring High Protein",15,80,5.49,8.94]
["15Wheat-HardRedWinter80","Wheat-HardRedWinter",15,80,7.48,10.93]
["15Wheat-NorthernHardRed80","Wheat-NorthernHardRed",15,80,6.74,10.19]
["15Wheat-SoftWhiteSpring Industrial80","Wheat-SoftWhiteSpring Industrial",15,80,6.65,10.1]
["15Wheat-SpecialPurpose80","Wheat-SpecialPurpose",15,80,6.79,10.24]
["16Barley60","Barley",16,60,4.07,6.59]
["16Barley Malting60","Barley Malting",16,60,4.07,6.59]
["16CanarySeed60","CanarySeed",16,60,4.5599999999999996,8.31]
["16Canola-Argentine60","Canola-Argentine",16,60,3.71,6.14]
["16Canola-Argentine Specialty Oil60","Canola-Argentine Specialty Oil",16,60,3.91,6.34]
["16Canola-Polish60","Canola-Polish",16,60,7.7,10.09]
["16FabaBean60","FabaBean",16,60,7.46,10.61]
["16Flax60","Flax",16,60,5.27,7.79]
["16Lentils-Green60","Lentils-Green",16,60,7.22,9.7899999999999991]
["16Lentils-Red60","Lentils-Red",16,60,6.64,9.2100000000000009]
["16MixedGrain60","MixedGrain",16,60,4.2699999999999996,6.79]
["16Oats60","Oats",16,60,3.36,5.89]
["16Peas,Field60","Peas,Field",16,60,3.23,6.24]
["16Rye-Fall60","Rye-Fall",16,60,3.34,5.82]
["16Rye-Spring60","Rye-Spring",16,60,4.62,7.1]
["16Triticale-Spring60","Triticale-Spring",16,60,5.01,7.53]
["16Triticale-Winter60","Triticale-Winter",16,60,4.9400000000000004,7.47]
["16Wheat-CanadaPrairieSpring60","Wheat-CanadaPrairieSpring",16,60,4.03,7.67]
["16Wheat-ExtraStrong60","Wheat-ExtraStrong",16,60,6.23,9.86]
["16Wheat-HardRedSpring60","Wheat-HardRedSpring",16,60,4.75,8.5]
["16Wheat-HardRedSpring High Protein60","Wheat-HardRedSpring High Protein",16,60,5.81,9.56]
["16Wheat-HardRedWinter60","Wheat-HardRedWinter",16,60,4.84,8.4499999999999993]
["16Wheat-NorthernHardRed60","Wheat-NorthernHardRed",16,60,4.26,8.01]
["16Wheat-SoftWhiteSpring Industrial60","Wheat-SoftWhiteSpring Industrial",16,60,4.0199999999999996,7.68]
["16Wheat-SpecialPurpose60","Wheat-SpecialPurpose",16,60,4.16,7.8]
["16Barley70","Barley",16,70,5.8,8.26]
["16Barley Malting70","Barley Malting",16,70,5.8,8.26]
["16CanarySeed70","CanarySeed",16,70,6.73,10.36]
["16Canola-Argentine70","Canola-Argentine",16,70,5.03,7.39]
["16Canola-Argentine Specialty Oil70","Canola-Argentine Specialty Oil",16,70,5.31,7.67]
["16Canola-Polish70","Canola-Polish",16,70,10.59,12.92]
["16FabaBean70","FabaBean",16,70,10.75,13.79]
["16Flax70","Flax",16,70,7.52,9.98]
["16Lentils-Green70","Lentils-Green",16,70,9.86,12.35]
["16Lentils-Red70","Lentils-Red",16,70,9.0500000000000007,11.54]
["16MixedGrain70","MixedGrain",16,70,6.09,8.5500000000000007]
["16Oats70","Oats",16,70,4.67,7.14]
["16Peas,Field70","Peas,Field",16,70,4.43,7.39]
["16Rye-Fall70","Rye-Fall",16,70,4.84,7.28]
["16Rye-Spring70","Rye-Spring",16,70,6.39,8.83]
["16Triticale-Spring70","Triticale-Spring",16,70,7.21,9.68]
["16Triticale-Winter70","Triticale-Winter",16,70,7.17,9.64]
["16Wheat-CanadaPrairieSpring70","Wheat-CanadaPrairieSpring",16,70,5.68,9.24]
["16Wheat-ExtraStrong70","Wheat-ExtraStrong",16,70,8.8699999999999992,12.43]
["16Wheat-HardRedSpring70","Wheat-HardRedSpring",16,70,6.85,10.48]
["16Wheat-HardRedSpring High Protein70","Wheat-HardRedSpring High Protein",16,70,8.0299999999999994,11.66]
["16Wheat-HardRedWinter70","Wheat-HardRedWinter",16,70,6.65,10.199999999999999]
["16Wheat-NorthernHardRed70","Wheat-NorthernHardRed",16,70,6.03,9.66]
["16Wheat-SoftWhiteSpring Industrial70","Wheat-SoftWhiteSpring Industrial",16,70,5.64,9.2200000000000006]
["16Wheat-SpecialPurpose70","Wheat-SpecialPurpose",16,70,5.87,9.43]
["16Barley80","Barley",16,80,8,10.38]
["16Barley Malting80","Barley Malting",16,80,8,10.38]
["16Canola-Argentine80","Canola-Argentine",16,80,6.72,8.9700000000000006]
["16Canola-Argentine Specialty Oil80","Canola-Argentine Specialty Oil",16,80,7.09,9.34]
["16Canola-Polish80","Canola-Polish",16,80,14.26,16.510000000000002]
["16FabaBean80","FabaBean",16,80,14.86,17.75]
["16Flax80","Flax",16,80,10.39,12.77]
["16Lentils-Green80","Lentils-Green",16,80,13.14,15.52]
["16Lentils-Red80","Lentils-Red",16,80,12.05,14.43]
["16MixedGrain80","MixedGrain",16,80,8.39,10.77]
["16Oats80","Oats",16,80,6.33,8.7100000000000009]
["16Peas,Field80","Peas,Field",16,80,5.95,8.84]
["16Rye-Fall80","Rye-Fall",16,80,6.8,9.18]
["16Rye-Spring80","Rye-Spring",16,80,8.66,11.04]
["16Triticale-Spring80","Triticale-Spring",16,80,10.01,12.39]
["16Triticale-Winter80","Triticale-Winter",16,80,10.01,12.39]
["16Wheat-CanadaPrairieSpring80","Wheat-CanadaPrairieSpring",16,80,7.79,11.24]
["16Wheat-ExtraStrong80","Wheat-ExtraStrong",16,80,12.23,15.68]
["16Wheat-HardRedSpring80","Wheat-HardRedSpring",16,80,9.5399999999999991,12.99]
["16Wheat-HardRedSpring High Protein80","Wheat-HardRedSpring High Protein",16,80,10.91,14.36]
["16Wheat-HardRedWinter80","Wheat-HardRedWinter",16,80,8.9499999999999993,12.4]
["16Wheat-NorthernHardRed80","Wheat-NorthernHardRed",16,80,8.2899999999999991,11.74]
["16Wheat-SoftWhiteSpring Industrial80","Wheat-SoftWhiteSpring Industrial",16,80,7.71,11.16]
["16Wheat-SpecialPurpose80","Wheat-SpecialPurpose",16,80,8.0500000000000007,11.5]
["17Barley60","Barley",17,60,3.75,6.31]
["17Barley Malting60","Barley Malting",17,60,3.75,6.31]
["17CanarySeed60","CanarySeed",17,60,4.5599999999999996,8.31]
["17Canola-Argentine60","Canola-Argentine",17,60,4.46,6.92]
["17Canola-Argentine Specialty Oil60","Canola-Argentine Specialty Oil",17,60,4.71,7.17]
["17Canola-Polish60","Canola-Polish",17,60,7.07,9.48]
["17FabaBean60","FabaBean",17,60,7.46,10.61]
["17Flax60","Flax",17,60,6.3,8.85]
["17Lentils-Green60","Lentils-Green",17,60,7.22,9.7899999999999991]
["17Lentils-Red60","Lentils-Red",17,60,6.64,9.2100000000000009]
["17MixedGrain60","MixedGrain",17,60,5.19,7.8]
["17Oats60","Oats",17,60,3.93,6.48]
["17Peas,Field60","Peas,Field",17,60,3.23,6.24]
["17Rye-Fall60","Rye-Fall",17,60,6.59,9.07]
["17Rye-Spring60","Rye-Spring",17,60,6.61,9.09]
["17Triticale-Spring60","Triticale-Spring",17,60,5.46,7.97]
["17Triticale-Winter60","Triticale-Winter",17,60,5.55,8.07]
["17Wheat-CanadaPrairieSpring60","Wheat-CanadaPrairieSpring",17,60,4.24,7.92]
["17Wheat-ExtraStrong60","Wheat-ExtraStrong",17,60,6.12,9.81]
["17Wheat-HardRedSpring60","Wheat-HardRedSpring",17,60,3.82,7.54]
["17Wheat-HardRedSpring High Protein60","Wheat-HardRedSpring High Protein",17,60,4.6900000000000004,8.41]
["17Wheat-HardRedWinter60","Wheat-HardRedWinter",17,60,6.53,10.15]
["17Wheat-NorthernHardRed60","Wheat-NorthernHardRed",17,60,3.96,7.68]
["17Wheat-SpecialPurpose60","Wheat-SpecialPurpose",17,60,4.09,7.77]
["17Barley70","Barley",17,70,5.27,7.75]
["17Barley Malting70","Barley Malting",17,70,5.27,7.75]
["17CanarySeed70","CanarySeed",17,70,6.73,10.36]
["17Canola-Argentine70","Canola-Argentine",17,70,5.99,8.36]
["17Canola-Argentine Specialty Oil70","Canola-Argentine Specialty Oil",17,70,6.32,8.69]
["17Canola-Polish70","Canola-Polish",17,70,9.58,11.93]
["17FabaBean70","FabaBean",17,70,10.75,13.79]
["17Flax70","Flax",17,70,8.86,11.34]
["17Lentils-Green70","Lentils-Green",17,70,9.86,12.35]
["17Lentils-Red70","Lentils-Red",17,70,9.0500000000000007,11.54]
["17MixedGrain70","MixedGrain",17,70,7.37,9.89]
["17Oats70","Oats",17,70,5.4,7.88]
["17Peas,Field70","Peas,Field",17,70,4.43,7.39]
["17Rye-Fall70","Rye-Fall",17,70,9.2899999999999991,11.73]
["17Rye-Spring70","Rye-Spring",17,70,8.94,11.38]
["17Triticale-Spring70","Triticale-Spring",17,70,7.78,10.23]
["17Triticale-Winter70","Triticale-Winter",17,70,7.89,10.35]
["17Wheat-CanadaPrairieSpring70","Wheat-CanadaPrairieSpring",17,70,5.98,9.56]
["17Wheat-ExtraStrong70","Wheat-ExtraStrong",17,70,8.7100000000000009,12.3]
["17Wheat-HardRedSpring70","Wheat-HardRedSpring",17,70,5.37,8.98]
["17Wheat-HardRedSpring High Protein70","Wheat-HardRedSpring High Protein",17,70,6.32,9.93]
["17Wheat-HardRedWinter70","Wheat-HardRedWinter",17,70,8.84,12.39]
["17Wheat-NorthernHardRed70","Wheat-NorthernHardRed",17,70,5.57,9.18]
["17Wheat-SpecialPurpose70","Wheat-SpecialPurpose",17,70,5.76,9.34]
["17Barley80","Barley",17,80,7.2,9.58]
["17Barley Malting80","Barley Malting",17,80,7.2,9.58]
["17Canola-Argentine80","Canola-Argentine",17,80,7.9,10.15]
["17Canola-Argentine Specialty Oil80","Canola-Argentine Specialty Oil",17,80,8.33,10.58]
["17Canola-Polish80","Canola-Polish",17,80,12.68,14.93]
["17FabaBean80","FabaBean",17,80,14.86,17.75]
["17Flax80","Flax",17,80,12.08,14.46]
["17Lentils-Green80","Lentils-Green",17,80,13.14,15.52]
["17Lentils-Red80","Lentils-Red",17,80,12.05,14.43]
["17MixedGrain80","MixedGrain",17,80,10.19,12.57]
["17Oats80","Oats",17,80,7.25,9.6300000000000008]
["17Peas,Field80","Peas,Field",17,80,5.95,8.84]
["17Rye-Fall80","Rye-Fall",17,80,12.64,15.02]
["17Rye-Spring80","Rye-Spring",17,80,11.82,14.2]
["17Triticale-Spring80","Triticale-Spring",17,80,10.71,13.09]
["17Triticale-Winter80","Triticale-Winter",17,80,10.88,13.26]
["17Wheat-CanadaPrairieSpring80","Wheat-CanadaPrairieSpring",17,80,8.17,11.62]
["17Wheat-ExtraStrong80","Wheat-ExtraStrong",17,80,11.95,15.4]
["17Wheat-HardRedSpring80","Wheat-HardRedSpring",17,80,7.36,10.81]
["17Wheat-HardRedSpring High Protein80","Wheat-HardRedSpring High Protein",17,80,8.4499999999999993,11.9]
["17Wheat-HardRedWinter80","Wheat-HardRedWinter",17,80,11.76,15.21]
["17Wheat-NorthernHardRed80","Wheat-NorthernHardRed",17,80,7.64,11.09]
["17Wheat-SpecialPurpose80","Wheat-SpecialPurpose",17,80,7.87,11.32]
["18Barley60","Barley",18,60,3.56,6.12]
["18Barley Malting60","Barley Malting",18,60,3.56,6.12]
["18CanarySeed60","CanarySeed",18,60,4.5599999999999996,8.31]
["18Canola-Argentine60","Canola-Argentine",18,60,4.3600000000000003,6.78]
["18Canola-Argentine Specialty Oil60","Canola-Argentine Specialty Oil",18,60,4.5999999999999996,7.02]
["18Canola-Polish60","Canola-Polish",18,60,5.97,8.35]
["18FabaBean60","FabaBean",18,60,7.46,10.61]
["18Flax60","Flax",18,60,5.88,8.42]
["18Lentils-Green60","Lentils-Green",18,60,7.22,9.7899999999999991]
["18Lentils-Red60","Lentils-Red",18,60,6.64,9.2100000000000009]
["18MixedGrain60","MixedGrain",18,60,4.6500000000000004,7.23]
["18Oats60","Oats",18,60,4.5199999999999996,7.06]
["18Peas,Field60","Peas,Field",18,60,3.23,6.24]
["18Rye-Fall60","Rye-Fall",18,60,2.64,5.0999999999999996]
["18Rye-Spring60","Rye-Spring",18,60,6.04,8.5]
["18Triticale-Spring60","Triticale-Spring",18,60,3.8,6.3]
["18Triticale-Winter60","Triticale-Winter",18,60,5.45,7.98]
["18Wheat-CanadaPrairieSpring60","Wheat-CanadaPrairieSpring",18,60,3.44,7.12]
["18Wheat-ExtraStrong60","Wheat-ExtraStrong",18,60,4.4400000000000004,8.11]
["18Wheat-HardRedSpring60","Wheat-HardRedSpring",18,60,2.64,6.32]
["18Wheat-HardRedSpring High Protein60","Wheat-HardRedSpring High Protein",18,60,3.23,6.91]
["18Wheat-HardRedWinter60","Wheat-HardRedWinter",18,60,3.68,7.37]
["18Wheat-NorthernHardRed60","Wheat-NorthernHardRed",18,60,2.75,6.43]
["18Wheat-SpecialPurpose60","Wheat-SpecialPurpose",18,60,3.66,7.34]
["18Barley70","Barley",18,70,5.03,7.51]
["18Barley Malting70","Barley Malting",18,70,5.03,7.51]
["18CanarySeed70","CanarySeed",18,70,6.73,10.36]
["18Canola-Argentine70","Canola-Argentine",18,70,5.76,8.11]
["18Canola-Argentine Specialty Oil70","Canola-Argentine Specialty Oil",18,70,6.08,8.43]
["18Canola-Polish70","Canola-Polish",18,70,7.95,10.28]
["18FabaBean70","FabaBean",18,70,10.75,13.79]
["18Flax70","Flax",18,70,8.23,10.7]
["18Lentils-Green70","Lentils-Green",18,70,9.86,12.35]
["18Lentils-Red70","Lentils-Red",18,70,9.0500000000000007,11.54]
["18MixedGrain70","MixedGrain",18,70,6.66,9.16]
["18Oats70","Oats",18,70,6.46,8.93]
["18Peas,Field70","Peas,Field",18,70,4.43,7.39]
["18Rye-Fall70","Rye-Fall",18,70,3.68,6.11]
["18Rye-Spring70","Rye-Spring",18,70,8.24,10.67]
["18Triticale-Spring70","Triticale-Spring",18,70,5.48,7.93]
["18Triticale-Winter70","Triticale-Winter",18,70,7.94,10.41]
["18Wheat-CanadaPrairieSpring70","Wheat-CanadaPrairieSpring",18,70,4.91,8.49]
["18Wheat-ExtraStrong70","Wheat-ExtraStrong",18,70,6.37,9.9499999999999993]
["18Wheat-HardRedSpring70","Wheat-HardRedSpring",18,70,3.75,7.33]
["18Wheat-HardRedSpring High Protein70","Wheat-HardRedSpring High Protein",18,70,4.3899999999999997,7.97]
["18Wheat-HardRedWinter70","Wheat-HardRedWinter",18,70,5,8.59]
["18Wheat-NorthernHardRed70","Wheat-NorthernHardRed",18,70,3.91,7.49]
["18Wheat-SpecialPurpose70","Wheat-SpecialPurpose",18,70,5.22,8.8000000000000007]
["18Barley80","Barley",18,80,6.91,9.2899999999999991]
["18Barley Malting80","Barley Malting",18,80,6.91,9.2899999999999991]
["18Canola-Argentine80","Canola-Argentine",18,80,7.51,9.76]
["18Canola-Argentine Specialty Oil80","Canola-Argentine Specialty Oil",18,80,7.92,10.17]
["18Canola-Polish80","Canola-Polish",18,80,10.41,12.66]
["18FabaBean80","FabaBean",18,80,14.86,17.75]
["18Flax80","Flax",18,80,11.18,13.56]
["18Lentils-Green80","Lentils-Green",18,80,13.14,15.52]
["18Lentils-Red80","Lentils-Red",18,80,12.05,14.43]
["18MixedGrain80","MixedGrain",18,80,9.25,11.63]
["18Oats80","Oats",18,80,8.93,11.31]
["18Peas,Field80","Peas,Field",18,80,5.95,8.84]
["18Rye-Fall80","Rye-Fall",18,80,4.97,7.35]
["18Rye-Spring80","Rye-Spring",18,80,10.96,13.34]
["18Triticale-Spring80","Triticale-Spring",18,80,7.62,10]
["18Triticale-Winter80","Triticale-Winter",18,80,11.11,13.49]
["18Wheat-CanadaPrairieSpring80","Wheat-CanadaPrairieSpring",18,80,6.78,10.23]
["18Wheat-ExtraStrong80","Wheat-ExtraStrong",18,80,8.84,12.29]
["18Wheat-HardRedSpring80","Wheat-HardRedSpring",18,80,5.18,8.6300000000000008]
["18Wheat-HardRedSpring High Protein80","Wheat-HardRedSpring High Protein",18,80,5.93,9.3800000000000008]
["18Wheat-HardRedWinter80","Wheat-HardRedWinter",18,80,6.67,10.119999999999999]
["18Wheat-NorthernHardRed80","Wheat-NorthernHardRed",18,80,5.4,8.85]
["18Wheat-SpecialPurpose80","Wheat-SpecialPurpose",18,80,7.22,10.67]
["19Barley60","Barley",19,60,2.44,4.93]
["19Barley Malting60","Barley Malting",19,60,2.44,4.93]
["19CanarySeed60","CanarySeed",19,60,4.5599999999999996,8.31]
["19Canola-Argentine60","Canola-Argentine",19,60,2.8,5.18]
["19Canola-Argentine Specialty Oil60","Canola-Argentine Specialty Oil",19,60,2.95,5.33]
["19Canola-Polish60","Canola-Polish",19,60,3.39,5.74]
["19FabaBean60","FabaBean",19,60,7.46,10.61]
["19Flax60","Flax",19,60,5.09,7.64]
["19Lentils-Green60","Lentils-Green",19,60,7.22,9.7899999999999991]
["19Lentils-Red60","Lentils-Red",19,60,6.64,9.2100000000000009]
["19MixedGrain60","MixedGrain",19,60,4.8099999999999996,7.37]
["19Oats60","Oats",19,60,3.97,6.48]
["19Peas,Field60","Peas,Field",19,60,3.23,6.24]
["19Rye-Fall60","Rye-Fall",19,60,2.56,5.0599999999999996]
["19Rye-Spring60","Rye-Spring",19,60,4.8899999999999997,7.37]
["19Triticale-Spring60","Triticale-Spring",19,60,2.5299999999999998,5.01]
["19Triticale-Winter60","Triticale-Winter",19,60,3.05,5.53]
["19Wheat-CanadaPrairieSpring60","Wheat-CanadaPrairieSpring",19,60,2.99,6.6]
["19Wheat-ExtraStrong60","Wheat-ExtraStrong",19,60,3.87,7.49]
["19Wheat-HardRedSpring60","Wheat-HardRedSpring",19,60,2.23,5.88]
["19Wheat-HardRedSpring High Protein60","Wheat-HardRedSpring High Protein",19,60,2.71,6.36]
["19Wheat-HardRedWinter60","Wheat-HardRedWinter",19,60,2.74,6.35]
["19Wheat-NorthernHardRed60","Wheat-NorthernHardRed",19,60,2.2799999999999998,5.93]
["19Wheat-SpecialPurpose60","Wheat-SpecialPurpose",19,60,2.99,6.6]
["19Barley70","Barley",19,70,3.53,5.98]
["19Barley Malting70","Barley Malting",19,70,3.53,5.98]
["19CanarySeed70","CanarySeed",19,70,6.73,10.36]
["19Canola-Argentine70","Canola-Argentine",19,70,3.83,6.16]
["19Canola-Argentine Specialty Oil70","Canola-Argentine Specialty Oil",19,70,4.04,6.37]
["19Canola-Polish70","Canola-Polish",19,70,4.66,6.97]
["19FabaBean70","FabaBean",19,70,10.75,13.79]
["19Flax70","Flax",19,70,7.02,9.5]
["19Lentils-Green70","Lentils-Green",19,70,9.86,12.35]
["19Lentils-Red70","Lentils-Red",19,70,9.0500000000000007,11.54]
["19MixedGrain70","MixedGrain",19,70,7.16,9.65]
["19Oats70","Oats",19,70,5.59,8.0500000000000007]
["19Peas,Field70","Peas,Field",19,70,4.43,7.39]
["19Rye-Fall70","Rye-Fall",19,70,3.62,6.07]
["19Rye-Spring70","Rye-Spring",19,70,6.72,9.18]
["19Triticale-Spring70","Triticale-Spring",19,70,3.7,6.14]
["19Triticale-Winter70","Triticale-Winter",19,70,4.51,6.95]
["19Wheat-CanadaPrairieSpring70","Wheat-CanadaPrairieSpring",19,70,4.3099999999999996,7.86]
["19Wheat-ExtraStrong70","Wheat-ExtraStrong",19,70,5.63,9.18]
["19Wheat-HardRedSpring70","Wheat-HardRedSpring",19,70,3.23,6.8]
["19Wheat-HardRedSpring High Protein70","Wheat-HardRedSpring High Protein",19,70,3.77,7.34]
["19Wheat-HardRedWinter70","Wheat-HardRedWinter",19,70,3.71,7.25]
["19Wheat-NorthernHardRed70","Wheat-NorthernHardRed",19,70,3.31,6.88]
["19Wheat-SpecialPurpose70","Wheat-SpecialPurpose",19,70,4.3099999999999996,7.86]
["19Barley80","Barley",19,80,4.96,7.34]
["19Barley Malting80","Barley Malting",19,80,4.96,7.34]
["19Canola-Argentine80","Canola-Argentine",19,80,5.14,7.39]
["19Canola-Argentine Specialty Oil80","Canola-Argentine Specialty Oil",19,80,5.42,7.67]
["19Canola-Polish80","Canola-Polish",19,80,6.28,8.5299999999999994]
["19FabaBean80","FabaBean",19,80,14.86,17.75]
["19Flax80","Flax",19,80,9.44,11.82]
["19Lentils-Green80","Lentils-Green",19,80,13.14,15.52]
["19Lentils-Red80","Lentils-Red",19,80,12.05,14.43]
["19MixedGrain80","MixedGrain",19,80,10.25,12.63]
["19Oats80","Oats",19,80,7.66,10.039999999999999]
["19Peas,Field80","Peas,Field",19,80,5.95,8.84]
["19Rye-Fall80","Rye-Fall",19,80,4.9800000000000004,7.36]
["19Rye-Spring80","Rye-Spring",19,80,9.0399999999999991,11.46]
["19Triticale-Spring80","Triticale-Spring",19,80,5.24,7.63]
["19Triticale-Winter80","Triticale-Winter",19,80,6.41,8.7899999999999991]
["19Wheat-CanadaPrairieSpring80","Wheat-CanadaPrairieSpring",19,80,6.02,9.4700000000000006]
["19Wheat-ExtraStrong80","Wheat-ExtraStrong",19,80,7.9,11.35]
["19Wheat-HardRedSpring80","Wheat-HardRedSpring",19,80,4.55,8]
["19Wheat-HardRedSpring High Protein80","Wheat-HardRedSpring High Protein",19,80,5.19,8.64]
["19Wheat-HardRedWinter80","Wheat-HardRedWinter",19,80,4.96,8.41]
["19Wheat-NorthernHardRed80","Wheat-NorthernHardRed",19,80,4.66,8.11]
["19Wheat-SpecialPurpose80","Wheat-SpecialPurpose",19,80,6.02,9.4700000000000006]
["20Barley60","Barley",20,60,2.96,5.5]
["20Barley Malting60","Barley Malting",20,60,2.96,5.5]
["20CanarySeed60","CanarySeed",20,60,4.5599999999999996,8.31]
["20Canola-Argentine60","Canola-Argentine",20,60,3.98,6.41]
["20Canola-Argentine Specialty Oil60","Canola-Argentine Specialty Oil",20,60,4.2,6.63]
["20Canola-Polish60","Canola-Polish",20,60,7.83,10.220000000000001]
["20FabaBean60","FabaBean",20,60,7.46,10.61]
["20Flax60","Flax",20,60,5.29,7.85]
["20Lentils-Green60","Lentils-Green",20,60,7.22,9.7899999999999991]
["20Lentils-Red60","Lentils-Red",20,60,6.64,9.2100000000000009]
["20MixedGrain60","MixedGrain",20,60,3.92,6.43]
["20Oats60","Oats",20,60,3.93,6.45]
["20Peas,Field60","Peas,Field",20,60,3.23,6.24]
["20Rye-Fall60","Rye-Fall",20,60,5.05,7.57]
["20Rye-Spring60","Rye-Spring",20,60,5.24,7.71]
["20Triticale-Spring60","Triticale-Spring",20,60,4.34,6.85]
["20Triticale-Winter60","Triticale-Winter",20,60,4.5599999999999996,7.07]
["20Wheat-CanadaPrairieSpring60","Wheat-CanadaPrairieSpring",20,60,2.41,6.01]
["20Wheat-ExtraStrong60","Wheat-ExtraStrong",20,60,3.6,7.2]
["20Wheat-HardRedSpring60","Wheat-HardRedSpring",20,60,2.74,6.43]
["20Wheat-HardRedSpring High Protein60","Wheat-HardRedSpring High Protein",20,60,3.34,7.03]
["20Wheat-HardRedWinter60","Wheat-HardRedWinter",20,60,5.75,9.42]
["20Wheat-NorthernHardRed60","Wheat-NorthernHardRed",20,60,2.76,6.45]
["20Wheat-SpecialPurpose60","Wheat-SpecialPurpose",20,60,2.5299999999999998,6.13]
["20Barley70","Barley",20,70,4.1500000000000004,6.63]
["20Barley Malting70","Barley Malting",20,70,4.1500000000000004,6.63]
["20CanarySeed70","CanarySeed",20,70,6.73,10.36]
["20Canola-Argentine70","Canola-Argentine",20,70,5.35,7.71]
["20Canola-Argentine Specialty Oil70","Canola-Argentine Specialty Oil",20,70,5.64,8]
["20Canola-Polish70","Canola-Polish",20,70,10.66,12.99]
["20FabaBean70","FabaBean",20,70,10.75,13.79]
["20Flax70","Flax",20,70,7.39,9.8800000000000008]
["20Lentils-Green70","Lentils-Green",20,70,9.86,12.35]
["20Lentils-Red70","Lentils-Red",20,70,9.0500000000000007,11.54]
["20MixedGrain70","MixedGrain",20,70,5.57,8.0299999999999994]
["20Oats70","Oats",20,70,5.35,7.82]
["20Peas,Field70","Peas,Field",20,70,4.43,7.39]
["20Rye-Fall70","Rye-Fall",20,70,7.31,9.77]
["20Rye-Spring70","Rye-Spring",20,70,7.21,9.65]
["20Triticale-Spring70","Triticale-Spring",20,70,6.35,8.81]
["20Triticale-Winter70","Triticale-Winter",20,70,6.68,9.14]
["20Wheat-CanadaPrairieSpring70","Wheat-CanadaPrairieSpring",20,70,3.42,6.96]
["20Wheat-ExtraStrong70","Wheat-ExtraStrong",20,70,5.2,8.74]
["20Wheat-HardRedSpring70","Wheat-HardRedSpring",20,70,3.94,7.53]
["20Wheat-HardRedSpring High Protein70","Wheat-HardRedSpring High Protein",20,70,4.6100000000000003,8.1999999999999993]
["20Wheat-HardRedWinter70","Wheat-HardRedWinter",20,70,7.79,11.37]
["20Wheat-NorthernHardRed70","Wheat-NorthernHardRed",20,70,3.96,7.55]
["20Wheat-SpecialPurpose70","Wheat-SpecialPurpose",20,70,3.61,7.15]
["20Barley80","Barley",20,80,5.68,8.06]
["20Barley Malting80","Barley Malting",20,80,5.68,8.06]
["20Canola-Argentine80","Canola-Argentine",20,80,7.07,9.32]
["20Canola-Argentine Specialty Oil80","Canola-Argentine Specialty Oil",20,80,7.46,9.7100000000000009]
["20Canola-Polish80","Canola-Polish",20,80,14.19,16.440000000000001]
["20FabaBean80","FabaBean",20,80,14.86,17.75]
["20Flax80","Flax",20,80,10.01,12.39]
["20Lentils-Green80","Lentils-Green",20,80,13.14,15.52]
["20Lentils-Red80","Lentils-Red",20,80,12.05,14.43]
["20MixedGrain80","MixedGrain",20,80,7.72,10.1]
["20Oats80","Oats",20,80,7.15,9.5299999999999994]
["20Peas,Field80","Peas,Field",20,80,5.95,8.84]
["20Rye-Fall80","Rye-Fall",20,80,10.19,12.57]
["20Rye-Spring80","Rye-Spring",20,80,9.6999999999999993,12.08]
["20Triticale-Spring80","Triticale-Spring",20,80,8.91,11.29]
["20Triticale-Winter80","Triticale-Winter",20,80,9.3800000000000008,11.76]
["20Wheat-CanadaPrairieSpring80","Wheat-CanadaPrairieSpring",20,80,4.7300000000000004,8.18]
["20Wheat-ExtraStrong80","Wheat-ExtraStrong",20,80,7.26,10.71]
["20Wheat-HardRedSpring80","Wheat-HardRedSpring",20,80,5.48,8.93]
["20Wheat-HardRedSpring High Protein80","Wheat-HardRedSpring High Protein",20,80,6.26,9.7100000000000009]
["20Wheat-HardRedWinter80","Wheat-HardRedWinter",20,80,10.39,13.84]
["20Wheat-NorthernHardRed80","Wheat-NorthernHardRed",20,80,5.5,8.9499999999999993]
["20Wheat-SpecialPurpose80","Wheat-SpecialPurpose",20,80,5,8.4499999999999993]
["21Barley60","Barley",21,60,4.09,6.63]
["21Barley Malting60","Barley Malting",21,60,4.09,6.63]
["21CanarySeed60","CanarySeed",21,60,4.5599999999999996,8.31]
["21Canola-Argentine60","Canola-Argentine",21,60,4.78,7.21]
["21Canola-Argentine Specialty Oil60","Canola-Argentine Specialty Oil",21,60,5.04,7.47]
["21Canola-Polish60","Canola-Polish",21,60,5.55,7.94]
["21FabaBean60","FabaBean",21,60,7.46,10.61]
["21Flax60","Flax",21,60,8.19,10.8]
["21Lentils-Green60","Lentils-Green",21,60,7.22,9.7899999999999991]
["21Lentils-Red60","Lentils-Red",21,60,6.64,9.2100000000000009]
["21MixedGrain60","MixedGrain",21,60,5.12,7.7]
["21Oats60","Oats",21,60,6.1,8.64]
["21Peas,Field60","Peas,Field",21,60,3.23,6.24]
["21Rye-Fall60","Rye-Fall",21,60,5.08,7.57]
["21Rye-Spring60","Rye-Spring",21,60,5.93,8.41]
["21Triticale-Spring60","Triticale-Spring",21,60,4.32,6.85]
["21Triticale-Winter60","Triticale-Winter",21,60,4.92,7.45]
["21Wheat-CanadaPrairieSpring60","Wheat-CanadaPrairieSpring",21,60,4.18,7.83]
["21Wheat-ExtraStrong60","Wheat-ExtraStrong",21,60,6.71,10.38]
["21Wheat-HardRedSpring60","Wheat-HardRedSpring",21,60,4.0599999999999996,7.8]
["21Wheat-HardRedSpring High Protein60","Wheat-HardRedSpring High Protein",21,60,4.96,8.6999999999999993]
["21Wheat-HardRedWinter60","Wheat-HardRedWinter",21,60,4.41,8.08]
["21Wheat-NorthernHardRed60","Wheat-NorthernHardRed",21,60,4.17,7.91]
["21Wheat-SpecialPurpose60","Wheat-SpecialPurpose",21,60,4.1900000000000004,7.84]
["21Barley70","Barley",21,70,5.81,8.2899999999999991]
["21Barley Malting70","Barley Malting",21,70,5.81,8.2899999999999991]
["21CanarySeed70","CanarySeed",21,70,6.73,10.36]
["21Canola-Argentine70","Canola-Argentine",21,70,6.37,8.73]
["21Canola-Argentine Specialty Oil70","Canola-Argentine Specialty Oil",21,70,6.72,9.08]
["21Canola-Polish70","Canola-Polish",21,70,7.43,9.76]
["21FabaBean70","FabaBean",21,70,10.75,13.79]
["21Flax70","Flax",21,70,11.34,13.86]
["21Lentils-Green70","Lentils-Green",21,70,9.86,12.35]
["21Lentils-Red70","Lentils-Red",21,70,9.0500000000000007,11.54]
["21MixedGrain70","MixedGrain",21,70,7.36,9.86]
["21Oats70","Oats",21,70,8.3699999999999992,10.85]
["21Peas,Field70","Peas,Field",21,70,4.43,7.39]
["21Rye-Fall70","Rye-Fall",21,70,7.27,9.7200000000000006]
["21Rye-Spring70","Rye-Spring",21,70,8.14,10.58]
["21Triticale-Spring70","Triticale-Spring",21,70,6.26,8.73]
["21Triticale-Winter70","Triticale-Winter",21,70,7.15,9.6199999999999992]
["21Wheat-CanadaPrairieSpring70","Wheat-CanadaPrairieSpring",21,70,6.06,9.6300000000000008]
["21Wheat-ExtraStrong70","Wheat-ExtraStrong",21,70,9.81,13.39]
["21Wheat-HardRedSpring70","Wheat-HardRedSpring",21,70,5.87,9.49]
["21Wheat-HardRedSpring High Protein70","Wheat-HardRedSpring High Protein",21,70,6.87,10.49]
["21Wheat-HardRedWinter70","Wheat-HardRedWinter",21,70,6.03,9.61]
["21Wheat-NorthernHardRed70","Wheat-NorthernHardRed",21,70,6.04,9.66]
["21Wheat-SpecialPurpose70","Wheat-SpecialPurpose",21,70,6.06,9.6300000000000008]
["21Barley80","Barley",21,80,8.01,10.39]
["21Barley Malting80","Barley Malting",21,80,8.01,10.39]
["21Canola-Argentine80","Canola-Argentine",21,80,8.39,10.64]
["21Canola-Argentine Specialty Oil80","Canola-Argentine Specialty Oil",21,80,8.85,11.1]
["21Canola-Polish80","Canola-Polish",21,80,9.7899999999999991,12.04]
["21FabaBean80","FabaBean",21,80,14.86,17.75]
["21Flax80","Flax",21,80,15.35,17.73]
["21Lentils-Green80","Lentils-Green",21,80,13.14,15.52]
["21Lentils-Red80","Lentils-Red",21,80,12.05,14.43]
["21MixedGrain80","MixedGrain",21,80,10.26,12.64]
["21Oats80","Oats",21,80,11.22,13.6]
["21Peas,Field80","Peas,Field",21,80,5.95,8.84]
["21Rye-Fall80","Rye-Fall",21,80,10.01,12.39]
["21Rye-Spring80","Rye-Spring",21,80,10.88,13.26]
["21Triticale-Spring80","Triticale-Spring",21,80,8.73,11.11]
["21Triticale-Winter80","Triticale-Winter",21,80,9.99,12.37]
["21Wheat-CanadaPrairieSpring80","Wheat-CanadaPrairieSpring",21,80,8.43,11.88]
["21Wheat-ExtraStrong80","Wheat-ExtraStrong",21,80,13.73,17.18]
["21Wheat-HardRedSpring80","Wheat-HardRedSpring",21,80,8.17,11.62]
["21Wheat-HardRedSpring High Protein80","Wheat-HardRedSpring High Protein",21,80,9.34,12.79]
["21Wheat-HardRedWinter80","Wheat-HardRedWinter",21,80,8.08,11.53]
["21Wheat-NorthernHardRed80","Wheat-NorthernHardRed",21,80,8.41,11.86]
["21Wheat-SpecialPurpose80","Wheat-SpecialPurpose",21,80,8.44,11.89]
["22Barley60","Barley",22,60,2.94,5.47]
["22Barley Malting60","Barley Malting",22,60,2.94,5.47]
["22CanarySeed60","CanarySeed",22,60,4.5599999999999996,8.31]
["22Canola-Argentine60","Canola-Argentine",22,60,3.43,5.85]
["22Canola-Argentine Specialty Oil60","Canola-Argentine Specialty Oil",22,60,3.62,6.04]
["22Canola-Polish60","Canola-Polish",22,60,4.7699999999999996,7.15]
["22FabaBean60","FabaBean",22,60,7.46,10.61]
["22Flax60","Flax",22,60,5.64,8.3000000000000007]
["22Lentils-Green60","Lentils-Green",22,60,7.22,9.7899999999999991]
["22Lentils-Red60","Lentils-Red",22,60,6.64,9.2100000000000009]
["22MixedGrain60","MixedGrain",22,60,4.0599999999999996,6.59]
["22Oats60","Oats",22,60,2.9,5.38]
["22Peas,Field60","Peas,Field",22,60,3.23,6.24]
["22Rye-Fall60","Rye-Fall",22,60,4.4400000000000004,6.95]
["22Rye-Spring60","Rye-Spring",22,60,4.95,7.41]
["22Triticale-Spring60","Triticale-Spring",22,60,4.0199999999999996,6.53]
["22Triticale-Winter60","Triticale-Winter",22,60,4.16,6.67]
["22Wheat-CanadaPrairieSpring60","Wheat-CanadaPrairieSpring",22,60,3.64,7.31]
["22Wheat-ExtraStrong60","Wheat-ExtraStrong",22,60,5.34,9]
["22Wheat-HardRedSpring60","Wheat-HardRedSpring",22,60,2.83,6.49]
["22Wheat-HardRedSpring High Protein60","Wheat-HardRedSpring High Protein",22,60,3.44,7.1]
["22Wheat-HardRedWinter60","Wheat-HardRedWinter",22,60,3.94,7.56]
["22Wheat-NorthernHardRed60","Wheat-NorthernHardRed",22,60,3.25,6.91]
["22Wheat-SpecialPurpose60","Wheat-SpecialPurpose",22,60,3.81,7.48]
["22Barley70","Barley",22,70,4.25,6.72]
["22Barley Malting70","Barley Malting",22,70,4.25,6.72]
["22CanarySeed70","CanarySeed",22,70,6.73,10.36]
["22Canola-Argentine70","Canola-Argentine",22,70,4.7,7.05]
["22Canola-Argentine Specialty Oil70","Canola-Argentine Specialty Oil",22,70,4.96,7.31]
["22Canola-Polish70","Canola-Polish",22,70,6.59,8.92]
["22FabaBean70","FabaBean",22,70,10.75,13.79]
["22Flax70","Flax",22,70,7.73,10.28]
["22Lentils-Green70","Lentils-Green",22,70,9.86,12.35]
["22Lentils-Red70","Lentils-Red",22,70,9.0500000000000007,11.54]
["22MixedGrain70","MixedGrain",22,70,6.01,8.48]
["22Oats70","Oats",22,70,4,6.44]
["22Peas,Field70","Peas,Field",22,70,4.43,7.39]
["22Rye-Fall70","Rye-Fall",22,70,6.41,8.8699999999999992]
["22Rye-Spring70","Rye-Spring",22,70,6.8,9.23]
["22Triticale-Spring70","Triticale-Spring",22,70,5.93,8.39]
["22Triticale-Winter70","Triticale-Winter",22,70,6.15,8.61]
["22Wheat-CanadaPrairieSpring70","Wheat-CanadaPrairieSpring",22,70,5.23,8.81]
["22Wheat-ExtraStrong70","Wheat-ExtraStrong",22,70,7.75,11.32]
["22Wheat-HardRedSpring70","Wheat-HardRedSpring",22,70,4.1100000000000003,7.68]
["22Wheat-HardRedSpring High Protein70","Wheat-HardRedSpring High Protein",22,70,4.8,8.3699999999999992]
["22Wheat-HardRedWinter70","Wheat-HardRedWinter",22,70,5.43,8.98]
["22Wheat-NorthernHardRed70","Wheat-NorthernHardRed",22,70,4.71,8.2799999999999994]
["22Wheat-SpecialPurpose70","Wheat-SpecialPurpose",22,70,5.49,9.07]
["22Barley80","Barley",22,80,5.93,8.31]
["22Barley Malting80","Barley Malting",22,80,5.93,8.31]
["22Canola-Argentine80","Canola-Argentine",22,80,6.34,8.59]
["22Canola-Argentine Specialty Oil80","Canola-Argentine Specialty Oil",22,80,6.69,8.94]
["22Canola-Polish80","Canola-Polish",22,80,8.94,11.19]
["22FabaBean80","FabaBean",22,80,14.86,17.75]
["22Flax80","Flax",22,80,10.35,12.73]
["22Lentils-Green80","Lentils-Green",22,80,13.14,15.52]
["22Lentils-Red80","Lentils-Red",22,80,12.05,14.43]
["22MixedGrain80","MixedGrain",22,80,8.5399999999999991,10.92]
["22Oats80","Oats",22,80,5.39,7.77]
["22Peas,Field80","Peas,Field",22,80,5.95,8.84]
["22Rye-Fall80","Rye-Fall",22,80,8.93,11.31]
["22Rye-Spring80","Rye-Spring",22,80,9.15,11.53]
["22Triticale-Spring80","Triticale-Spring",22,80,8.3800000000000008,10.76]
["22Triticale-Winter80","Triticale-Winter",22,80,8.69,11.07]
["22Wheat-CanadaPrairieSpring80","Wheat-CanadaPrairieSpring",22,80,7.25,10.7]
["22Wheat-ExtraStrong80","Wheat-ExtraStrong",22,80,10.79,14.24]
["22Wheat-HardRedSpring80","Wheat-HardRedSpring",22,80,5.76,9.2100000000000009]
["22Wheat-HardRedSpring High Protein80","Wheat-HardRedSpring High Protein",22,80,6.57,10.02]
["22Wheat-HardRedWinter80","Wheat-HardRedWinter",22,80,7.32,10.77]
["22Wheat-NorthernHardRed80","Wheat-NorthernHardRed",22,80,6.58,10.029999999999999]
["22Wheat-SpecialPurpose80","Wheat-SpecialPurpose",22,80,7.61,11.06]

{"sheet":"Dry Silage Normals (data)","index":11,"n_rows":25,"n_cols":12,"rows_kept":25,"cut":false,"hidden":true,"merged":[]}
["a","b","c","d","e"]
[null,"BarleyProxy","BarleyProxy(Corn)","LOM(Barley)","LOM(Corn)"]
["spring Price",{"$f":"+'Dry Crop Normals (data)'!C11","v":4.876168012337839},{"$f":"+Table_Query_from_Excel_Files5[[#This Row],[b]]","v":4.876168012337839},{"$f":"+Table_Query_from_Excel_Files5[[#This Row],[b]]","v":4.876168012337839},{"$f":"+Table_Query_from_Excel_Files5[[#This Row],[b]]","v":4.876168012337839},null,null,null,"Modication History"]
["1",{"$f":"+'Dry Crop Normals (data)'!C12","v":51.940376000000001},{"$f":"Table_Query_from_Excel_Files5[[#This Row],[b]]","v":51.940376000000001},{"$f":"+Table_Query_from_Excel_Files5[[#This Row],[b]]","v":51.940376000000001},{"$f":"+Table_Query_from_Excel_Files5[[#This Row],[b]]","v":51.940376000000001},null,{"$f":"IF(Table_Query_from_Excel_Files5[[#This Row],[b]]=Table_Query_from_Excel_Files5[[#This Row],[c]],\"\",1)","v":""},{"$f":"IF(Table_Query_from_Excel_Files5[[#This Row],[c]]=Table_Query_from_Excel_Files5[[#This Row],[d]],\"\",2)","v":""},"2020-03-10","Ilyas Ali","Update Price (Barley Fallow - provided by business )","Completed"]
["2",{"$f":"+'Dry Crop Normals (data)'!C13","v":59.039187999999996},{"$f":"Table_Query_from_Excel_Files5[[#This Row],[b]]","v":59.039187999999996},{"$f":"+Table_Query_from_Excel_Files5[[#This Row],[b]]","v":59.039187999999996},{"$f":"+Table_Query_from_Excel_Files5[[#This Row],[b]]","v":59.039187999999996},null,{"$f":"IF(Table_Query_from_Excel_Files5[[#This Row],[b]]=Table_Query_from_Excel_Files5[[#This Row],[c]],\"\",1)","v":""},{"$f":"IF(Table_Query_from_Excel_Files5[[#This Row],[c]]=Table_Query_from_Excel_Files5[[#This Row],[d]],\"\",2)","v":""},null,null,"Future - This sheet auto populates Barley data from  'Dry Crop Normal'Data'"]
["3",{"$f":"+'Dry Crop Normals (data)'!C14","v":58.642359999999996},{"$f":"Table_Query_from_Excel_Files5[[#This Row],[b]]","v":58.642359999999996},{"$f":"+Table_Query_from_Excel_Files5[[#This Row],[b]]","v":58.642359999999996},{"$f":"+Table_Query_from_Excel_Files5[[#This Row],[b]]","v":58.642359999999996},null,{"$f":"IF(Table_Query_from_Excel_Files5[[#This Row],[b]]=Table_Query_from_Excel_Files5[[#This Row],[c]],\"\",1)","v":""},{"$f":"IF(Table_Query_from_Excel_Files5[[#This Row],[c]]=Table_Query_from_Excel_Files5[[#This Row],[d]],\"\",2)","v":""}]
["4",{"$f":"+'Dry Crop Normals (data)'!C15","v":45.282483999999997},{"$f":"Table_Query_from_Excel_Files5[[#This Row],[b]]","v":45.282483999999997},{"$f":"+Table_Query_from_Excel_Files5[[#This Row],[b]]","v":45.282483999999997},{"$f":"+Table_Query_from_Excel_Files5[[#This Row],[b]]","v":45.282483999999997},null,{"$f":"IF(Table_Query_from_Excel_Files5[[#This Row],[b]]=Table_Query_from_Excel_Files5[[#This Row],[c]],\"\",1)","v":""},{"$f":"IF(Table_Query_from_Excel_Files5[[#This Row],[c]]=Table_Query_from_Excel_Files5[[#This Row],[d]],\"\",2)","v":""}]
["5",{"$f":"+'Dry Crop Normals (data)'!C16","v":63.316111999999997},{"$f":"Table_Query_from_Excel_Files5[[#This Row],[b]]","v":63.316111999999997},{"$f":"+Table_Query_from_Excel_Files5[[#This Row],[b]]","v":63.316111999999997},{"$f":"+Table_Query_from_Excel_Files5[[#This Row],[b]]","v":63.316111999999997},null,{"$f":"IF(Table_Query_from_Excel_Files5[[#This Row],[b]]=Table_Query_from_Excel_Files5[[#This Row],[c]],\"\",1)","v":""},{"$f":"IF(Table_Query_from_Excel_Files5[[#This Row],[c]]=Table_Query_from_Excel_Files5[[#This Row],[d]],\"\",2)","v":""}]
["6",{"$f":"+'Dry Crop Normals (data)'!C17","v":65.300252},{"$f":"Table_Query_from_Excel_Files5[[#This Row],[b]]","v":65.300252},{"$f":"+Table_Query_from_Excel_Files5[[#This Row],[b]]","v":65.300252},{"$f":"+Table_Query_from_Excel_Files5[[#This Row],[b]]","v":65.300252},null,{"$f":"IF(Table_Query_from_Excel_Files5[[#This Row],[b]]=Table_Query_from_Excel_Files5[[#This Row],[c]],\"\",1)","v":""},{"$f":"IF(Table_Query_from_Excel_Files5[[#This Row],[c]]=Table_Query_from_Excel_Files5[[#This Row],[d]],\"\",2)","v":""}]
["7",{"$f":"+'Dry Crop Normals (data)'!C18","v":78.748311999999999},{"$f":"Table_Query_from_Excel_Files5[[#This Row],[b]]","v":78.748311999999999},{"$f":"+Table_Query_from_Excel_Files5[[#This Row],[b]]","v":78.748311999999999},{"$f":"+Table_Query_from_Excel_Files5[[#This Row],[b]]","v":78.748311999999999},null,{"$f":"IF(Table_Query_from_Excel_Files5[[#This Row],[b]]=Table_Query_from_Excel_Files5[[#This Row],[c]],\"\",1)","v":""},{"$f":"IF(Table_Query_from_Excel_Files5[[#This Row],[c]]=Table_Query_from_Excel_Files5[[#This Row],[d]],\"\",2)","v":""}]
["8",{"$f":"+'Dry Crop Normals (data)'!C19","v":70.679475999999994},{"$f":"Table_Query_from_Excel_Files5[[#This Row],[b]]","v":70.679475999999994},{"$f":"+Table_Query_from_Excel_Files5[[#This Row],[b]]","v":70.679475999999994},{"$f":"+Table_Query_from_Excel_Files5[[#This Row],[b]]","v":70.679475999999994},null,{"$f":"IF(Table_Query_from_Excel_Files5[[#This Row],[b]]=Table_Query_from_Excel_Files5[[#This Row],[c]],\"\",1)","v":""},{"$f":"IF(Table_Query_from_Excel_Files5[[#This Row],[c]]=Table_Query_from_Excel_Files5[[#This Row],[d]],\"\",2)","v":""},{"$f":"IF(Table_Query_from_Excel_Files5[[#This Row],[d]]=Table_Query_from_Excel_Files5[[#This Row],[e]],\"\",3)","v":""}]
["9",{"$f":"+'Dry Crop Normals (data)'!C20","v":45.194299999999998},{"$f":"Table_Query_from_Excel_Files5[[#This Row],[b]]","v":45.194299999999998},{"$f":"+Table_Query_from_Excel_Files5[[#This Row],[b]]","v":45.194299999999998},{"$f":"+Table_Query_from_Excel_Files5[[#This Row],[b]]","v":45.194299999999998},null,{"$f":"IF(Table_Query_from_Excel_Files5[[#This Row],[b]]=Table_Query_from_Excel_Files5[[#This Row],[c]],\"\",1)","v":""},{"$f":"IF(Table_Query_from_Excel_Files5[[#This Row],[c]]=Table_Query_from_Excel_Files5[[#This Row],[d]],\"\",2)","v":""},{"$f":"IF(Table_Query_from_Excel_Files5[[#This Row],[d]]=Table_Query_from_Excel_Files5[[#This Row],[e]],\"\",3)","v":""}]
["10",{"$f":"+'Dry Crop Normals (data)'!C21","v":67.637128000000004},{"$f":"Table_Query_from_Excel_Files5[[#This Row],[b]]","v":67.637128000000004},{"$f":"+Table_Query_from_Excel_Files5[[#This Row],[b]]","v":67.637128000000004},{"$f":"+Table_Query_from_Excel_Files5[[#This Row],[b]]","v":67.637128000000004},null,{"$f":"IF(Table_Query_from_Excel_Files5[[#This Row],[b]]=Table_Query_from_Excel_Files5[[#This Row],[c]],\"\",1)","v":""},{"$f":"IF(Table_Query_from_Excel_Files5[[#This Row],[c]]=Table_Query_from_Excel_Files5[[#This Row],[d]],\"\",2)","v":""},{"$f":"IF(Table_Query_from_Excel_Files5[[#This Row],[d]]=Table_Query_from_Excel_Files5[[#This Row],[e]],\"\",3)","v":""}]
["11",{"$f":"+'Dry Crop Normals (data)'!C22","v":76.279160000000005},{"$f":"Table_Query_from_Excel_Files5[[#This Row],[b]]","v":76.279160000000005},{"$f":"+Table_Query_from_Excel_Files5[[#This Row],[b]]","v":76.279160000000005},{"$f":"+Table_Query_from_Excel_Files5[[#This Row],[b]]","v":76.279160000000005},null,{"$f":"IF(Table_Query_from_Excel_Files5[[#This Row],[b]]=Table_Query_from_Excel_Files5[[#This Row],[c]],\"\",1)","v":""},{"$f":"IF(Table_Query_from_Excel_Files5[[#This Row],[c]]=Table_Query_from_Excel_Files5[[#This Row],[d]],\"\",2)","v":""},{"$f":"IF(Table_Query_from_Excel_Files5[[#This Row],[d]]=Table_Query_from_Excel_Files5[[#This Row],[e]],\"\",3)","v":""}]
["12",{"$f":"+'Dry Crop Normals (data)'!C23","v":65.476619999999997},{"$f":"Table_Query_from_Excel_Files5[[#This Row],[b]]","v":65.476619999999997},{"$f":"+Table_Query_from_Excel_Files5[[#This Row],[b]]","v":65.476619999999997},{"$f":"+Table_Query_from_Excel_Files5[[#This Row],[b]]","v":65.476619999999997},null,{"$f":"IF(Table_Query_from_Excel_Files5[[#This Row],[b]]=Table_Query_from_Excel_Files5[[#This Row],[c]],\"\",1)","v":""},{"$f":"IF(Table_Query_from_Excel_Files5[[#This Row],[c]]=Table_Query_from_Excel_Files5[[#This Row],[d]],\"\",2)","v":""},{"$f":"IF(Table_Query_from_Excel_Files5[[#This Row],[d]]=Table_Query_from_Excel_Files5[[#This Row],[e]],\"\",3)","v":""}]
["13",{"$f":"+'Dry Crop Normals (data)'!C24","v":62.522455999999998},{"$f":"Table_Query_from_Excel_Files5[[#This Row],[b]]","v":62.522455999999998},{"$f":"+Table_Query_from_Excel_Files5[[#This Row],[b]]","v":62.522455999999998},{"$f":"+Table_Query_from_Excel_Files5[[#This Row],[b]]","v":62.522455999999998},null,{"$f":"IF(Table_Query_from_Excel_Files5[[#This Row],[b]]=Table_Query_from_Excel_Files5[[#This Row],[c]],\"\",1)","v":""},{"$f":"IF(Table_Query_from_Excel_Files5[[#This Row],[c]]=Table_Query_from_Excel_Files5[[#This Row],[d]],\"\",2)","v":""},{"$f":"IF(Table_Query_from_Excel_Files5[[#This Row],[d]]=Table_Query_from_Excel_Files5[[#This Row],[e]],\"\",3)","v":""}]
["14",{"$f":"+'Dry Crop Normals (data)'!C25","v":62.037444000000001},{"$f":"Table_Query_from_Excel_Files5[[#This Row],[b]]","v":62.037444000000001},{"$f":"+Table_Query_from_Excel_Files5[[#This Row],[b]]","v":62.037444000000001},{"$f":"+Table_Query_from_Excel_Files5[[#This Row],[b]]","v":62.037444000000001},null,{"$f":"IF(Table_Query_from_Excel_Files5[[#This Row],[b]]=Table_Query_from_Excel_Files5[[#This Row],[c]],\"\",1)","v":""},{"$f":"IF(Table_Query_from_Excel_Files5[[#This Row],[c]]=Table_Query_from_Excel_Files5[[#This Row],[d]],\"\",2)","v":""},{"$f":"IF(Table_Query_from_Excel_Files5[[#This Row],[d]]=Table_Query_from_Excel_Files5[[#This Row],[e]],\"\",3)","v":""}]
["15",{"$f":"+'Dry Crop Normals (data)'!C26","v":66.843472000000006},{"$f":"Table_Query_from_Excel_Files5[[#This Row],[b]]","v":66.843472000000006},{"$f":"+Table_Query_from_Excel_Files5[[#This Row],[b]]","v":66.843472000000006},{"$f":"+Table_Query_from_Excel_Files5[[#This Row],[b]]","v":66.843472000000006},null,{"$f":"IF(Table_Query_from_Excel_Files5[[#This Row],[b]]=Table_Query_from_Excel_Files5[[#This Row],[c]],\"\",1)","v":""},{"$f":"IF(Table_Query_from_Excel_Files5[[#This Row],[c]]=Table_Query_from_Excel_Files5[[#This Row],[d]],\"\",2)","v":""},{"$f":"IF(Table_Query_from_Excel_Files5[[#This Row],[d]]=Table_Query_from_Excel_Files5[[#This Row],[e]],\"\",3)","v":""}]
["16",{"$f":"+'Dry Crop Normals (data)'!C27","v":54.321343999999996},{"$f":"Table_Query_from_Excel_Files5[[#This Row],[b]]","v":54.321343999999996},{"$f":"+Table_Query_from_Excel_Files5[[#This Row],[b]]","v":54.321343999999996},{"$f":"+Table_Query_from_Excel_Files5[[#This Row],[b]]","v":54.321343999999996},null,{"$f":"IF(Table_Query_from_Excel_Files5[[#This Row],[b]]=Table_Query_from_Excel_Files5[[#This Row],[c]],\"\",1)","v":""},{"$f":"IF(Table_Query_from_Excel_Files5[[#This Row],[c]]=Table_Query_from_Excel_Files5[[#This Row],[d]],\"\",2)","v":""},{"$f":"IF(Table_Query_from_Excel_Files5[[#This Row],[d]]=Table_Query_from_Excel_Files5[[#This Row],[e]],\"\",3)","v":""}]
["17",{"$f":"+'Dry Crop Normals (data)'!C28","v":55.952748},{"$f":"Table_Query_from_Excel_Files5[[#This Row],[b]]","v":55.952748},{"$f":"+Table_Query_from_Excel_Files5[[#This Row],[b]]","v":55.952748},{"$f":"+Table_Query_from_Excel_Files5[[#This Row],[b]]","v":55.952748},null,{"$f":"IF(Table_Query_from_Excel_Files5[[#This Row],[b]]=Table_Query_from_Excel_Files5[[#This Row],[c]],\"\",1)","v":""},{"$f":"IF(Table_Query_from_Excel_Files5[[#This Row],[c]]=Table_Query_from_Excel_Files5[[#This Row],[d]],\"\",2)","v":""},{"$f":"IF(Table_Query_from_Excel_Files5[[#This Row],[d]]=Table_Query_from_Excel_Files5[[#This Row],[e]],\"\",3)","v":""}]
["18",{"$f":"+'Dry Crop Normals (data)'!C29","v":56.966864000000001},{"$f":"Table_Query_from_Excel_Files5[[#This Row],[b]]","v":56.966864000000001},{"$f":"+Table_Query_from_Excel_Files5[[#This Row],[b]]","v":56.966864000000001},{"$f":"+Table_Query_from_Excel_Files5[[#This Row],[b]]","v":56.966864000000001},null,{"$f":"IF(Table_Query_from_Excel_Files5[[#This Row],[b]]=Table_Query_from_Excel_Files5[[#This Row],[c]],\"\",1)","v":""},{"$f":"IF(Table_Query_from_Excel_Files5[[#This Row],[c]]=Table_Query_from_Excel_Files5[[#This Row],[d]],\"\",2)","v":""},{"$f":"IF(Table_Query_from_Excel_Files5[[#This Row],[d]]=Table_Query_from_Excel_Files5[[#This Row],[e]],\"\",3)","v":""}]
["19",{"$f":"+'Dry Crop Normals (data)'!C30","v":66.005724000000001},{"$f":"Table_Query_from_Excel_Files5[[#This Row],[b]]","v":66.005724000000001},{"$f":"+Table_Query_from_Excel_Files5[[#This Row],[b]]","v":66.005724000000001},{"$f":"+Table_Query_from_Excel_Files5[[#This Row],[b]]","v":66.005724000000001},null,{"$f":"IF(Table_Query_from_Excel_Files5[[#This Row],[b]]=Table_Query_from_Excel_Files5[[#This Row],[c]],\"\",1)","v":""},{"$f":"IF(Table_Query_from_Excel_Files5[[#This Row],[c]]=Table_Query_from_Excel_Files5[[#This Row],[d]],\"\",2)","v":""},{"$f":"IF(Table_Query_from_Excel_Files5[[#This Row],[d]]=Table_Query_from_Excel_Files5[[#This Row],[e]],\"\",3)","v":""}]
["20",{"$f":"+'Dry Crop Normals (data)'!C31","v":64.242043999999993},{"$f":"Table_Query_from_Excel_Files5[[#This Row],[b]]","v":64.242043999999993},{"$f":"+Table_Query_from_Excel_Files5[[#This Row],[b]]","v":64.242043999999993},{"$f":"+Table_Query_from_Excel_Files5[[#This Row],[b]]","v":64.242043999999993},null,{"$f":"IF(Table_Query_from_Excel_Files5[[#This Row],[b]]=Table_Query_from_Excel_Files5[[#This Row],[c]],\"\",1)","v":""},{"$f":"IF(Table_Query_from_Excel_Files5[[#This Row],[c]]=Table_Query_from_Excel_Files5[[#This Row],[d]],\"\",2)","v":""},{"$f":"IF(Table_Query_from_Excel_Files5[[#This Row],[d]]=Table_Query_from_Excel_Files5[[#This Row],[e]],\"\",3)","v":""}]
["21",{"$f":"+'Dry Crop Normals (data)'!C32","v":53.704056000000001},{"$f":"Table_Query_from_Excel_Files5[[#This Row],[b]]","v":53.704056000000001},{"$f":"+Table_Query_from_Excel_Files5[[#This Row],[b]]","v":53.704056000000001},{"$f":"+Table_Query_from_Excel_Files5[[#This Row],[b]]","v":53.704056000000001},null,{"$f":"IF(Table_Query_from_Excel_Files5[[#This Row],[b]]=Table_Query_from_Excel_Files5[[#This Row],[c]],\"\",1)","v":""},{"$f":"IF(Table_Query_from_Excel_Files5[[#This Row],[c]]=Table_Query_from_Excel_Files5[[#This Row],[d]],\"\",2)","v":""},{"$f":"IF(Table_Query_from_Excel_Files5[[#This Row],[d]]=Table_Query_from_Excel_Files5[[#This Row],[e]],\"\",3)","v":""}]
["22",{"$f":"+'Dry Crop Normals (data)'!C33","v":56.790495999999997},{"$f":"Table_Query_from_Excel_Files5[[#This Row],[b]]","v":56.790495999999997},{"$f":"+Table_Query_from_Excel_Files5[[#This Row],[b]]","v":56.790495999999997},{"$f":"+Table_Query_from_Excel_Files5[[#This Row],[b]]","v":56.790495999999997},null,{"$f":"IF(Table_Query_from_Excel_Files5[[#This Row],[b]]=Table_Query_from_Excel_Files5[[#This Row],[c]],\"\",1)","v":""},{"$f":"IF(Table_Query_from_Excel_Files5[[#This Row],[c]]=Table_Query_from_Excel_Files5[[#This Row],[d]],\"\",2)","v":""},{"$f":"IF(Table_Query_from_Excel_Files5[[#This Row],[d]]=Table_Query_from_Excel_Files5[[#This Row],[e]],\"\",3)","v":""}]

{"sheet":"Dry Silage Rates (data)","index":12,"n_rows":89,"n_cols":16,"rows_kept":89,"cut":false,"hidden":true,"merged":[]}
["ID","CROP","RA","CL","p rem","prem+"]
["1BarleyProxy80","BarleyProxy",1,80,3.22,5.6,null,null,null,null,null,null,"Modication History"]
["1BarleyProxy(Corn)80","BarleyProxy(Corn)",1,80,3.22,5.6,null,null,null,null,null,null,"2020-03-10","Ilyas Ali","Update Price (SPE_dry_SilageGreenfeed_extract )","Completed"]
["1LOM(Barley)80","LOM(Barley)",1,80,3.22,5.6]
["1LOM(Corn)80","LOM(Corn)",1,80,3.22,5.6]
["2BarleyProxy80","BarleyProxy",2,80,3.75,6.13]
["2BarleyProxy(Corn)80","BarleyProxy(Corn)",2,80,3.75,6.13]
["2LOM(Barley)80","LOM(Barley)",2,80,3.75,6.13]
["2LOM(Corn)80","LOM(Corn)",2,80,3.75,6.13]
["3BarleyProxy80","BarleyProxy",3,80,4.34,6.72]
["3BarleyProxy(Corn)80","BarleyProxy(Corn)",3,80,4.34,6.72]
["3LOM(Barley)80","LOM(Barley)",3,80,4.34,6.72]
["3LOM(Corn)80","LOM(Corn)",3,80,4.34,6.72]
["4BarleyProxy80","BarleyProxy",4,80,8.84,11.22]
["4BarleyProxy(Corn)80","BarleyProxy(Corn)",4,80,8.84,11.22]
["4LOM(Barley)80","LOM(Barley)",4,80,8.84,11.22]
["4LOM(Corn)80","LOM(Corn)",4,80,8.84,11.22]
["5BarleyProxy80","BarleyProxy",5,80,2.7,5.17]
["5BarleyProxy(Corn)80","BarleyProxy(Corn)",5,80,2.7,5.17]
["5LOM(Barley)80","LOM(Barley)",5,80,2.7,5.17]
["5LOM(Corn)80","LOM(Corn)",5,80,2.7,5.17]
["6BarleyProxy80","BarleyProxy",6,80,3.9,6.39]
["6BarleyProxy(Corn)80","BarleyProxy(Corn)",6,80,3.9,6.39]
["6LOM(Barley)80","LOM(Barley)",6,80,3.9,6.39]
["6LOM(Corn)80","LOM(Corn)",6,80,3.9,6.39]
["7BarleyProxy80","BarleyProxy",7,80,1.38,3.96]
["7BarleyProxy(Corn)80","BarleyProxy(Corn)",7,80,1.38,3.96]
["7LOM(Barley)80","LOM(Barley)",7,80,1.38,3.96]
["7LOM(Corn)80","LOM(Corn)",7,80,1.38,3.96]
["8BarleyProxy80","BarleyProxy",8,80,2.75,5.26]
["8BarleyProxy(Corn)80","BarleyProxy(Corn)",8,80,2.75,5.26]
["8LOM(Barley)80","LOM(Barley)",8,80,2.75,5.26]
["8LOM(Corn)80","LOM(Corn)",8,80,2.75,5.26]
["9BarleyProxy80","BarleyProxy",9,80,7.07,9.4499999999999993]
["9BarleyProxy(Corn)80","BarleyProxy(Corn)",9,80,7.07,9.4499999999999993]
["9LOM(Barley)80","LOM(Barley)",9,80,7.07,9.4499999999999993]
["9LOM(Corn)80","LOM(Corn)",9,80,7.07,9.4499999999999993]
["10BarleyProxy80","BarleyProxy",10,80,4.4800000000000004,6.94]
["10BarleyProxy(Corn)80","BarleyProxy(Corn)",10,80,4.4800000000000004,6.94]
["10LOM(Barley)80","LOM(Barley)",10,80,4.4800000000000004,6.94]
["10LOM(Corn)80","LOM(Corn)",10,80,4.4800000000000004,6.94]
["11BarleyProxy80","BarleyProxy",11,80,2.59,5.12]
["11BarleyProxy(Corn)80","BarleyProxy(Corn)",11,80,2.59,5.12]
["11LOM(Barley)80","LOM(Barley)",11,80,2.59,5.12]
["11LOM(Corn)80","LOM(Corn)",11,80,2.59,5.12]
["12BarleyProxy80","BarleyProxy",12,80,3.1,5.63]
["12BarleyProxy(Corn)80","BarleyProxy(Corn)",12,80,3.1,5.63]
["12LOM(Barley)80","LOM(Barley)",12,80,3.1,5.63]
["12LOM(Corn)80","LOM(Corn)",12,80,3.1,5.63]
["13BarleyProxy80","BarleyProxy",13,80,3.76,6.18]
["13BarleyProxy(Corn)80","BarleyProxy(Corn)",13,80,3.76,6.18]
["13LOM(Barley)80","LOM(Barley)",13,80,3.76,6.18]
["13LOM(Corn)80","LOM(Corn)",13,80,3.76,6.18]
["14BarleyProxy80","BarleyProxy",14,80,7.71,10.09]
["14BarleyProxy(Corn)80","BarleyProxy(Corn)",14,80,7.71,10.09]
["14LOM(Barley)80","LOM(Barley)",14,80,7.71,10.09]
["14LOM(Corn)80","LOM(Corn)",14,80,7.71,10.09]
["15BarleyProxy80","BarleyProxy",15,80,3.33,5.79]
["15BarleyProxy(Corn)80","BarleyProxy(Corn)",15,80,3.33,5.79]
["15LOM(Barley)80","LOM(Barley)",15,80,3.33,5.79]
["15LOM(Corn)80","LOM(Corn)",15,80,3.33,5.79]
["16BarleyProxy80","BarleyProxy",16,80,6.85,9.23]
["16BarleyProxy(Corn)80","BarleyProxy(Corn)",16,80,6.85,9.23]
["16LOM(Barley)80","LOM(Barley)",16,80,6.85,9.23]
["16LOM(Corn)80","LOM(Corn)",16,80,6.85,9.23]
["17BarleyProxy80","BarleyProxy",17,80,6.17,8.5500000000000007]
["17BarleyProxy(Corn)80","BarleyProxy(Corn)",17,80,6.17,8.5500000000000007]
["17LOM(Barley)80","LOM(Barley)",17,80,6.17,8.5500000000000007]
["17LOM(Corn)80","LOM(Corn)",17,80,6.17,8.5500000000000007]
["18BarleyProxy80","BarleyProxy",18,80,5.99,8.3699999999999992]
["18BarleyProxy(Corn)80","BarleyProxy(Corn)",18,80,5.99,8.3699999999999992]
["18LOM(Barley)80","LOM(Barley)",18,80,5.99,8.3699999999999992]
["18LOM(Corn)80","LOM(Corn)",18,80,5.99,8.3699999999999992]
["19BarleyProxy80","BarleyProxy",19,80,3.63,6.09]
["19BarleyProxy(Corn)80","BarleyProxy(Corn)",19,80,3.63,6.09]
["19LOM(Barley)80","LOM(Barley)",19,80,3.63,6.09]
["19LOM(Corn)80","LOM(Corn)",19,80,3.63,6.09]
["20BarleyProxy80","BarleyProxy",20,80,4.0999999999999996,6.48]
["20BarleyProxy(Corn)80","BarleyProxy(Corn)",20,80,4.0999999999999996,6.48]
["20LOM(Barley)80","LOM(Barley)",20,80,4.0999999999999996,6.48]
["20LOM(Corn)80","LOM(Corn)",20,80,4.0999999999999996,6.48]
["21BarleyProxy80","BarleyProxy",21,80,6.56,8.94]
["21BarleyProxy(Corn)80","BarleyProxy(Corn)",21,80,6.56,8.94]
["21LOM(Barley)80","LOM(Barley)",21,80,6.56,8.94]
["21LOM(Corn)80","LOM(Corn)",21,80,6.56,8.94]
["22BarleyProxy80","BarleyProxy",22,80,4.2699999999999996,6.65]
["22BarleyProxy(Corn)80","BarleyProxy(Corn)",22,80,4.2699999999999996,6.65]
["22LOM(Barley)80","LOM(Barley)",22,80,4.2699999999999996,6.65]
["22LOM(Corn)80","LOM(Corn)",22,80,4.2699999999999996,6.65]

{"sheet":"Irrigated Crop Rates (data)","index":13,"n_rows":706,"n_cols":13,"rows_kept":706,"cut":false,"hidden":true,"merged":[]}
["ID","CROP","RA","CL","p rem","prem+"]
["2Barley Malting80","Barley Malting",2,80,2.02,4.49,null,null,null,"Modication History"]
["9Barley Malting70","Barley Malting",9,70,3.94,6.39,null,null,null,"2020-03-10","Ilyas Ali","Update Price (spe_Irrigated_crop_extract.sql )","Completed"]
["1Barley Malting60","Barley Malting",1,60,1.35,3.88]
["22Barley80","Barley",22,80,4.74,7.19]
["9Barley80","Barley",9,80,9.65,14.52]
["4Corn(Grain)60","Corn(Grain)",4,60,1.82,4.28]
["2MixedGrain70","MixedGrain",2,70,1.63,4.18]
["1MixedGrain60","MixedGrain",1,60,2.0699999999999998,4.6100000000000003]
["3Oats80","Oats",3,80,2.17,4.68]
["22Oats60","Oats",22,60,2.3199999999999998,4.82]
["2Rye-Fall80","Rye-Fall",2,80,3.97,6.35]
["3Rye-Fall70","Rye-Fall",3,70,3.31,5.76]
["9Rye-Fall60","Rye-Fall",9,60,2.84,5.33]
["4Rye-Fall60","Rye-Fall",4,60,1.85,4.34]
["3Rye-Fall60","Rye-Fall",3,60,2.2200000000000002,4.71]
["2Rye-Spring70","Rye-Spring",2,70,4.67,7.11]
["2Rye-Spring60","Rye-Spring",2,60,3.1,5.59]
["9Triticale-Spring80","Triticale-Spring",9,80,7.71,10.09]
["1Triticale-Winter80","Triticale-Winter",1,80,7.71,10.09]
["3Triticale-Winter70","Triticale-Winter",3,70,2.67,5.1100000000000003]
["2Triticale-Winter70","Triticale-Winter",2,70,1.95,4.3899999999999997]
["4Wheat-Durum High Protein80","Wheat-Durum High Protein",4,80,2.71,6.34]
["9Wheat-Durum High Protein60","Wheat-Durum High Protein",9,60,2.97,6.66]
["5Wheat-Durum80","Wheat-Durum",5,80,6.52,9.9700000000000006]
["4Wheat-Durum70","Wheat-Durum",4,70,1.88,5.56]
["9Wheat-Durum60","Wheat-Durum",9,60,2.93,6.62]
["4Wheat-Durum60","Wheat-Durum",4,60,1.3,5.01]
["1Wheat-Durum60","Wheat-Durum",1,60,2.66,6.28]
["8Wheat-HardRedSpring High Protein60","Wheat-HardRedSpring High Protein",8,60,1.92,5.6]
["3Wheat-HardRedSpring High Protein60","Wheat-HardRedSpring High Protein",3,60,0.91,4.6100000000000003]
["4Wheat-HardRedSpring High Protein80","Wheat-HardRedSpring High Protein",4,80,1.34,4.97]
["3Wheat-HardRedSpring80","Wheat-HardRedSpring",3,80,1.65,5.28]
["22Wheat-HardRedSpring70","Wheat-HardRedSpring",22,70,3.29,6.91]
["4Wheat-HardRedSpring60","Wheat-HardRedSpring",4,60,0.77,4.47]
["3Wheat-HardRedSpring60","Wheat-HardRedSpring",3,60,0.91,4.6100000000000003]
["9Wheat-HardRedWinter70","Wheat-HardRedWinter",9,70,6.49,10.029999999999999]
["4Wheat-SoftWhiteSpring80","Wheat-SoftWhiteSpring",4,80,2.82,6.31]
["5Wheat-SoftWhiteSpring70","Wheat-SoftWhiteSpring",5,70,1.31,4.9400000000000004]
["3Wheat-SoftWhiteSpring70","Wheat-SoftWhiteSpring",3,70,1.27,4.95]
["3Wheat-SoftWhiteSpring60","Wheat-SoftWhiteSpring",3,60,0.9,4.6100000000000003]
["5Flax70","Flax",5,70,2.62,5.13]
["4Safflower60","Safflower",4,60,4.6100000000000003,6.96]
["2Sunflower Oilseed(Sunflower)70","Sunflower Oilseed(Sunflower)",2,70,3.63,5.98]
["4Sunflower Confectionary80","Sunflower Confectionary",4,80,3.52,5.85]
["9Sunflower Confectionary70","Sunflower Confectionary",9,70,2.5499999999999998,4.91]
["4Canola-Argentine Specialty Oil80","Canola-Argentine Specialty Oil",4,80,3.13,5.39]
["3Canola-Argentine Specialty Oil80","Canola-Argentine Specialty Oil",3,80,2.42,4.74]
["8Canola-Argentine Specialty Oil60","Canola-Argentine Specialty Oil",8,60,2.0299999999999998,4.3899999999999997]
["5Canola-Argentine80","Canola-Argentine",5,80,3.23,5.48]
["8Canola-Argentine70","Canola-Argentine",8,70,2.8,5.12]
["5Canola-Argentine70","Canola-Argentine",5,70,2.29,4.6100000000000003]
["8Canola-Argentine60","Canola-Argentine",8,60,1.92,4.28]
["4Canola-Polish80","Canola-Polish",4,80,4.6500000000000004,6.96]
["8Canola-Polish70","Canola-Polish",8,70,4.04,6.36]
["5Mustard-Brown70","Mustard-Brown",5,70,6.88,9.91]
["9Mustard-Brown60","Mustard-Brown",9,60,4.4400000000000004,7.52]
["2Mustard-Brown60","Mustard-Brown",2,60,5.19,8.3000000000000007]
["9Mustard-Oriental70","Mustard-Oriental",9,70,6.35,9.3800000000000008]
["3Mustard-Oriental70","Mustard-Oriental",3,70,5.57,8.59]
["3Mustard-Oriental60","Mustard-Oriental",3,60,3.85,6.92]
["9Mustard-Yellow80","Mustard-Yellow",9,80,8.9700000000000006,11.9]
["2Mustard-Yellow80","Mustard-Yellow",2,80,5.33,8.26]
["1Mustard-Yellow70","Mustard-Yellow",1,70,6.35,9.3800000000000008]
["4Mustard-Yellow60","Mustard-Yellow",4,60,2.76,5.81]
["1Mustard-Yellow60","Mustard-Yellow",1,60,4.4400000000000004,7.52]
["1FabaBean60","FabaBean",1,60,5.52,8.58]
["4Peas,Field70","Peas,Field",4,70,2.65,5.62]
["5Peas,Field60","Peas,Field",5,60,1.83,4.8499999999999996]
["4Peas,Field60","Peas,Field",4,60,1.83,4.8499999999999996]
["4Beans,Dry-GreatNorthern60","Beans,Dry-GreatNorthern",4,60,1.99,4.3099999999999996]
["4Beans,Dry-Pinto80","Beans,Dry-Pinto",4,80,3.86,6.11]
["3Beans,Dry-SmallRed70","Beans,Dry-SmallRed",3,70,3.26,5.55]
["2Beans,Dry-SmallRed60","Beans,Dry-SmallRed",2,60,2.37,4.6900000000000004]
["8Wheat-CanadaPrairieSpring80","Wheat-CanadaPrairieSpring",8,80,3.28,6.95]
["1Wheat-CanadaPrairieSpring70","Wheat-CanadaPrairieSpring",1,70,5.33,8.91]
["8Wheat-CanadaPrairieSpring60","Wheat-CanadaPrairieSpring",8,60,1.5,5.23]
["2Wheat-CanadaPrairieSpring60","Wheat-CanadaPrairieSpring",2,60,1.71,5.4]
["9Wheat-ExtraStrong80","Wheat-ExtraStrong",9,80,7.17,10.62]
["4Wheat-ExtraStrong80","Wheat-ExtraStrong",4,80,2.2000000000000002,5.9]
["2Wheat-ExtraStrong80","Wheat-ExtraStrong",2,80,4.26,7.84]
["3Wheat-ExtraStrong60","Wheat-ExtraStrong",3,60,1.07,4.82]
["4Beans,Dry-Yellow80","Beans,Dry-Yellow",4,80,8.18,10.43]
["9Beans,Dry-Yellow60","Beans,Dry-Yellow",9,60,4.3099999999999996,6.66]
["4Lentils-Red80","Lentils-Red",4,80,9.2200000000000006,11.6]
["5Lentils-Red70","Lentils-Red",5,70,6.81,9.2899999999999991]
["4Lentils-Green70","Lentils-Green",4,70,7.67,10.15]
["2Wheat-SpecialPurpose80","Wheat-SpecialPurpose",2,80,3.73,7.32]
["3Wheat-NorthernHardRed80","Wheat-NorthernHardRed",3,80,1.95,5.58]
["4Wheat-NorthernHardRed70","Wheat-NorthernHardRed",4,70,1.37,5.05]
["2Wheat-NorthernHardRed70","Wheat-NorthernHardRed",2,70,1.76,5.37]
["3Barley Malting70","Barley Malting",3,70,1.47,4.0199999999999996]
["9Barley Malting60","Barley Malting",9,60,2.52,5.0199999999999996]
["8Barley Malting80","Barley Malting",8,80,2.84,5.3]
["3Barley80","Barley",3,80,3.53,8.6199999999999992]
["8Barley70","Barley",8,70,1.94,4.4400000000000004]
["22Barley60","Barley",22,60,2.35,4.88]
["9Barley60","Barley",9,60,2.52,5.0199999999999996]
["8Barley60","Barley",8,60,1.32,3.85]
["2Barley60","Barley",2,60,1.01,3.55]
["1Corn(Grain)80","Corn(Grain)",1,80,4.83,7.17]
["3Corn(Grain)70","Corn(Grain)",3,70,2.75,5.17]
["3Corn(Grain)60","Corn(Grain)",3,60,1.82,4.28]
["9MixedGrain80","MixedGrain",9,80,5.44,7.89]
["5MixedGrain80","MixedGrain",5,80,1.42,3.92]
["4MixedGrain70","MixedGrain",4,70,0.9,3.49]
["2MixedGrain60","MixedGrain",2,60,1.1399999999999999,3.71]
["22Oats70","Oats",22,70,3.2,5.7]
["8Oats70","Oats",8,70,2.83,5.38]
["2Oats70","Oats",2,70,0.76,3.3]
["4Triticale-Spring70","Triticale-Spring",4,70,1.7,4.1500000000000004]
["3Triticale-Spring70","Triticale-Spring",3,70,2.02,4.46]
["1Triticale-Spring60","Triticale-Spring",1,60,3.39,5.88]
["5Triticale-Winter70","Triticale-Winter",5,70,3.47,5.95]
["9Wheat-Durum High Protein80","Wheat-Durum High Protein",9,80,6.79,10.24]
["2Wheat-Durum High Protein80","Wheat-Durum High Protein",2,80,3.42,6.93]
["4Wheat-Durum High Protein70","Wheat-Durum High Protein",4,70,1.88,5.56]
["1Wheat-Durum High Protein60","Wheat-Durum High Protein",1,60,2.79,6.41]
["3Wheat-Durum70","Wheat-Durum",3,70,2.2799999999999998,5.89]
["5Wheat-Durum60","Wheat-Durum",5,60,2.84,6.44]
["2Wheat-HardRedSpring High Protein80","Wheat-HardRedSpring High Protein",2,80,1.84,5.39]
["5Wheat-HardRedSpring High Protein70","Wheat-HardRedSpring High Protein",5,70,2.29,5.93]
["8Wheat-HardRedSpring High Protein80","Wheat-HardRedSpring High Protein",8,80,3.98,7.56]
["5Wheat-HardRedSpring High Protein80","Wheat-HardRedSpring High Protein",5,80,3.26,6.84]
["9Wheat-HardRedSpring80","Wheat-HardRedSpring",9,80,3.88,7.33]
["5Wheat-HardRedSpring80","Wheat-HardRedSpring",5,80,2.87,6.45]
["2Wheat-HardRedSpring80","Wheat-HardRedSpring",2,80,1.84,5.39]
["5Wheat-HardRedSpring70","Wheat-HardRedSpring",5,70,1.97,5.61]
["2Wheat-HardRedSpring60","Wheat-HardRedSpring",2,60,1.01,4.66]
["4Wheat-HardRedWinter80","Wheat-HardRedWinter",4,80,1.73,5.2]
["3Wheat-HardRedWinter80","Wheat-HardRedWinter",3,80,2.29,5.78]
["2Wheat-HardRedWinter70","Wheat-HardRedWinter",2,70,1.03,4.62]
["9Flax80","Flax",9,80,6.16,8.5399999999999991]
["8Flax70","Flax",8,70,3.23,5.74]
["3Sunflower Oilseed(Sunflower)70","Sunflower Oilseed(Sunflower)",3,70,3.63,5.98]
["5Canola-Argentine Specialty Oil80","Canola-Argentine Specialty Oil",5,80,3.41,5.66]
["3Canola-Argentine80","Canola-Argentine",3,80,2.29,4.6100000000000003]
["9Canola-Argentine70","Canola-Argentine",9,70,3.14,5.45]
["22Canola-Polish80","Canola-Polish",22,80,7.15,9.4499999999999993]
["9Canola-Polish80","Canola-Polish",9,80,5.25,7.55]
["9Canola-Polish70","Canola-Polish",9,70,3.65,5.99]
["1Canola-Polish70","Canola-Polish",1,70,3.12,5.49]
["22Canola-Polish60","Canola-Polish",22,60,3.82,6.2]
["9Canola-Polish60","Canola-Polish",9,60,2.46,4.83]
["3Canola-Polish60","Canola-Polish",3,60,1.64,4.05]
["3Mustard-Brown70","Mustard-Brown",3,70,5.48,8.5]
["2Mustard-Brown70","Mustard-Brown",2,70,7.34,10.38]
["1Mustard-Brown70","Mustard-Brown",1,70,6.35,9.3800000000000008]
["5Mustard-Oriental70","Mustard-Oriental",5,70,6.88,9.91]
["4Mustard-Yellow80","Mustard-Yellow",4,80,5.37,8.3000000000000007]
["5Mustard-Yellow70","Mustard-Yellow",5,70,6.61,9.6199999999999992]
["2Mustard-Yellow70","Mustard-Yellow",2,70,3.87,6.89]
["2Mustard-Yellow60","Mustard-Yellow",2,60,2.78,5.85]
["9FabaBean80","FabaBean",9,80,10.220000000000001,13.11]
["5FabaBean70","FabaBean",5,70,7.58,10.58]
["4FabaBean70","FabaBean",4,70,7.58,10.58]
["1Peas,Field80","Peas,Field",1,80,3.76,6.66]
["22Peas,Field70","Peas,Field",22,70,3.54,6.51]
["5Peas,Field70","Peas,Field",5,70,2.65,5.62]
["1Peas,Field70","Peas,Field",1,70,2.65,5.62]
["3Beans,Dry-Black/Others70","Beans,Dry-Black/Others",3,70,4.5199999999999996,6.83]
["9Beans,Dry-SmallRed60","Beans,Dry-SmallRed",9,60,2.37,4.6900000000000004]
["22Wheat-CanadaPrairieSpring80","Wheat-CanadaPrairieSpring",22,80,5.8,9.4]
["9Wheat-CanadaPrairieSpring80","Wheat-CanadaPrairieSpring",9,80,6.55,10]
["4Wheat-CanadaPrairieSpring80","Wheat-CanadaPrairieSpring",4,80,2.66,6.36]
["9Wheat-CanadaPrairieSpring70","Wheat-CanadaPrairieSpring",9,70,4.26,7.82]
["2Wheat-CanadaPrairieSpring70","Wheat-CanadaPrairieSpring",2,70,2.5499999999999998,6.2]
["5Wheat-CanadaPrairieSpring60","Wheat-CanadaPrairieSpring",5,60,1.62,5.35]
["5Wheat-ExtraStrong80","Wheat-ExtraStrong",5,80,2.9,6.57]
["5Wheat-ExtraStrong70","Wheat-ExtraStrong",5,70,1.98,5.68]
["2Wheat-ExtraStrong70","Wheat-ExtraStrong",2,70,2.89,6.53]
["1Wheat-ExtraStrong70","Wheat-ExtraStrong",1,70,5.58,9.16]
["9Wheat-ExtraStrong60","Wheat-ExtraStrong",9,60,2.92,6.56]
["2Beans,Dry-Yellow70","Beans,Dry-Yellow",2,70,6.03,8.34]
["3Lentils-Red80","Lentils-Red",3,80,9.2200000000000006,11.6]
["3Lentils-Green80","Lentils-Green",3,80,10.4,12.78]
["5Lentils-Green60","Lentils-Green",5,60,5.42,7.98]
["3Lentils-Green60","Lentils-Green",3,60,5.42,7.98]
["8Wheat-SpecialPurpose80","Wheat-SpecialPurpose",8,80,3.28,6.95]
["4Wheat-SpecialPurpose60","Wheat-SpecialPurpose",4,60,1.17,4.92]
["5Barley Malting60","Barley Malting",5,60,1.07,3.6]
["5Barley Malting80","Barley Malting",5,80,2.21,4.67]
["5Barley70","Barley",5,70,1.53,4.03]
["1Barley60","Barley",1,60,1.35,3.88]
["3Corn(Grain)80","Corn(Grain)",3,80,3.89,6.27]
["2Corn(Grain)80","Corn(Grain)",2,80,4.17,6.55]
["2Corn(Grain)60","Corn(Grain)",2,60,1.95,4.41]
["8MixedGrain80","MixedGrain",8,80,2.68,5.18]
["22Oats80","Oats",22,80,4.3099999999999996,6.81]
["4Oats70","Oats",4,70,0.96,3.5]
["3Oats70","Oats",3,70,1.56,4.0999999999999996]
["1Oats70","Oats",1,70,3.05,5.55]
["4Rye-Fall70","Rye-Fall",4,70,2.68,5.13]
["9Rye-Spring80","Rye-Spring",9,80,6.37,8.7799999999999994]
["9Rye-Spring70","Rye-Spring",9,70,4.32,6.78]
["5Rye-Spring70","Rye-Spring",5,70,3.26,5.77]
["3Rye-Spring70","Rye-Spring",3,70,4.25,6.72]
["9Triticale-Spring70","Triticale-Spring",9,70,5.3,7.74]
["5Triticale-Spring60","Triticale-Spring",5,60,2.2799999999999998,4.8]
["4Triticale-Winter80","Triticale-Winter",4,80,3.58,5.96]
["2Triticale-Winter80","Triticale-Winter",2,80,2.71,5.09]
["1Triticale-Winter70","Triticale-Winter",1,70,5.3,7.74]
["5Wheat-Durum High Protein80","Wheat-Durum High Protein",5,80,6.72,10.17]
["9Wheat-Durum High Protein70","Wheat-Durum High Protein",9,70,4.55,8.14]
["2Wheat-Durum High Protein70","Wheat-Durum High Protein",2,70,2.39,5.98]
["3Wheat-Durum High Protein60","Wheat-Durum High Protein",3,60,1.54,5.19]
["3Wheat-Durum80","Wheat-Durum",3,80,3.35,6.88]
["5Wheat-Durum70","Wheat-Durum",5,70,4.37,7.91]
["2Wheat-Durum60","Wheat-Durum",2,60,1.66,5.29]
["8Wheat-HardRedSpring High Protein70","Wheat-HardRedSpring High Protein",8,70,2.77,6.41]
["2Wheat-HardRedSpring High Protein70","Wheat-HardRedSpring High Protein",2,70,1.35,4.96]
["8Wheat-HardRedSpring80","Wheat-HardRedSpring",8,80,3.51,7.09]
["1Wheat-HardRedSpring70","Wheat-HardRedSpring",1,70,2.5,6.07]
["8Wheat-HardRedSpring60","Wheat-HardRedSpring",8,60,1.59,5.27]
["1Wheat-HardRedWinter70","Wheat-HardRedWinter",1,70,5.24,8.7799999999999994]
["5Wheat-SoftWhiteSpring80","Wheat-SoftWhiteSpring",5,80,1.89,5.45]
["3Wheat-SoftWhiteSpring80","Wheat-SoftWhiteSpring",3,80,1.85,5.48]
["4Wheat-SoftWhiteSpring60","Wheat-SoftWhiteSpring",4,60,1.33,4.96]
["2Wheat-SoftWhiteSpring60","Wheat-SoftWhiteSpring",2,60,0.85,4.54]
["1Wheat-SoftWhiteSpring60","Wheat-SoftWhiteSpring",1,60,1.54,5.22]
["9Flax60","Flax",9,60,2.71,5.22]
["4Flax60","Flax",4,60,1.45,3.94]
["2Safflower80","Safflower",2,80,8.5399999999999991,10.79]
["4Safflower70","Safflower",4,70,6.39,8.6999999999999993]
["2Safflower70","Safflower",2,70,6.39,8.6999999999999993]
["2Sunflower Confectionary80","Sunflower Confectionary",2,80,3.52,5.85]
["8Canola-Argentine Specialty Oil80","Canola-Argentine Specialty Oil",8,80,4.1900000000000004,6.44]
["4Canola-Argentine Specialty Oil70","Canola-Argentine Specialty Oil",4,70,2.2400000000000002,4.55]
["9Canola-Argentine Specialty Oil60","Canola-Argentine Specialty Oil",9,60,2.2599999999999998,4.5999999999999996]
["3Canola-Argentine Specialty Oil60","Canola-Argentine Specialty Oil",3,60,1.22,3.61]
["9Canola-Argentine60","Canola-Argentine",9,60,2.14,4.4800000000000004]
["5Canola-Polish80","Canola-Polish",5,80,5.8,8.06]
["22Canola-Polish70","Canola-Polish",22,70,5.27,7.62]
["1Canola-Polish60","Canola-Polish",1,60,2.12,4.51]
["4Mustard-Brown60","Mustard-Brown",4,60,4.17,7.21]
["1Mustard-Brown60","Mustard-Brown",1,60,4.4400000000000004,7.52]
["2Mustard-Oriental70","Mustard-Oriental",2,70,7.64,10.68]
["3Mustard-Yellow80","Mustard-Yellow",3,80,3.44,6.37]
["5FabaBean80","FabaBean",5,80,10.220000000000001,13.11]
["2FabaBean80","FabaBean",2,80,10.220000000000001,13.11]
["1FabaBean80","FabaBean",1,80,10.220000000000001,13.11]
["22Peas,Field80","Peas,Field",22,80,4.76,7.66]
["9Peas,Field60","Peas,Field",9,60,1.83,4.8499999999999996]
["1Peas,Field60","Peas,Field",1,60,1.83,4.8499999999999996]
["9Beans,Dry-GreatNorthern80","Beans,Dry-GreatNorthern",9,80,3.59,5.84]
["3Beans,Dry-GreatNorthern70","Beans,Dry-GreatNorthern",3,70,2.69,4.9800000000000004]
["2Beans,Dry-GreatNorthern70","Beans,Dry-GreatNorthern",2,70,2.69,4.9800000000000004]
["9Beans,Dry-GreatNorthern60","Beans,Dry-GreatNorthern",9,60,1.99,4.3099999999999996]
["4Beans,Dry-Pink80","Beans,Dry-Pink",4,80,4.12,6.38]
["3Beans,Dry-SmallRed80","Beans,Dry-SmallRed",3,80,4.3600000000000003,6.61]
["9Beans,Dry-SmallRed70","Beans,Dry-SmallRed",9,70,3.26,5.55]
["1Chickpeas-Kabuli60","Chickpeas-Kabuli",1,60,5.81,8.23]
["5Wheat-CanadaPrairieSpring80","Wheat-CanadaPrairieSpring",5,80,3.58,7.25]
["3Wheat-CanadaPrairieSpring70","Wheat-CanadaPrairieSpring",3,70,2.2599999999999998,5.98]
["22Wheat-CanadaPrairieSpring60","Wheat-CanadaPrairieSpring",22,60,2.91,6.63]
["3Wheat-CanadaPrairieSpring60","Wheat-CanadaPrairieSpring",3,60,1.48,5.22]
["1Wheat-ExtraStrong80","Wheat-ExtraStrong",1,80,8.6300000000000008,12.08]
["9Wheat-ExtraStrong70","Wheat-ExtraStrong",9,70,4.6500000000000004,8.2200000000000006]
["4Beans,Dry-Yellow60","Beans,Dry-Yellow",4,60,4.3099999999999996,6.66]
["9Lentils-Red80","Lentils-Red",9,80,9.2200000000000006,11.6]
["5Lentils-Red80","Lentils-Red",5,80,9.2200000000000006,11.6]
["4Lentils-Red70","Lentils-Red",4,70,6.81,9.2899999999999991]
["3Lentils-Red60","Lentils-Red",3,60,4.82,7.38]
["1Lentils-Red60","Lentils-Red",1,60,4.82,7.38]
["9Wheat-SpecialPurpose80","Wheat-SpecialPurpose",9,80,6.55,10]
["9Wheat-SpecialPurpose70","Wheat-SpecialPurpose",9,70,4.26,7.82]
["9Wheat-NorthernHardRed80","Wheat-NorthernHardRed",9,80,4.8600000000000003,8.31]
["5Wheat-NorthernHardRed80","Wheat-NorthernHardRed",5,80,2.95,6.53]
["1Wheat-NorthernHardRed70","Wheat-NorthernHardRed",1,70,2.65,6.22]
["4Wheat-NorthernHardRed60","Wheat-NorthernHardRed",4,60,0.98,4.68]
["1Wheat-NorthernHardRed60","Wheat-NorthernHardRed",1,60,1.83,5.48]
["4Barley Malting80","Barley Malting",4,80,1.91,4.4000000000000004]
["3Barley Malting80","Barley Malting",3,80,2.15,4.67]
["4Barley60","Barley",4,60,0.93,3.48]
["2MixedGrain80","MixedGrain",2,80,2.33,4.8499999999999996]
["3MixedGrain70","MixedGrain",3,70,1.1499999999999999,3.74]
["5MixedGrain60","MixedGrain",5,60,0.75,3.31]
["4Oats80","Oats",4,80,1.29,3.8]
["9Oats70","Oats",9,70,4.5999999999999996,7.08]
["8Oats60","Oats",8,60,1.89,4.46]
["1Oats60","Oats",1,60,2.04,4.57]
["9Rye-Spring60","Rye-Spring",9,60,2.83,5.33]
["5Rye-Spring60","Rye-Spring",5,60,2.09,4.63]
["3Triticale-Spring80","Triticale-Spring",3,80,2.85,5.23]
["5Triticale-Spring70","Triticale-Spring",5,70,3.48,5.97]
["3Triticale-Spring60","Triticale-Spring",3,60,1.42,3.9]
["9Triticale-Winter70","Triticale-Winter",9,70,5.3,7.74]
["4Triticale-Winter70","Triticale-Winter",4,70,2.5099999999999998,4.96]
["5Triticale-Winter60","Triticale-Winter",5,60,2.27,4.79]
["3Triticale-Winter60","Triticale-Winter",3,60,1.84,4.32]
["3Wheat-Durum High Protein80","Wheat-Durum High Protein",3,80,3.35,6.88]
["5Wheat-Durum High Protein70","Wheat-Durum High Protein",5,70,4.53,8.07]
["3Wheat-Durum High Protein70","Wheat-Durum High Protein",3,70,2.2799999999999998,5.89]
["4Wheat-Durum High Protein60","Wheat-Durum High Protein",4,60,1.3,5.01]
["2Wheat-Durum80","Wheat-Durum",2,80,3.42,6.93]
["9Wheat-Durum70","Wheat-Durum",9,70,4.51,8.1]
["1Wheat-Durum70","Wheat-Durum",1,70,4.09,7.65]
["3Wheat-HardRedSpring High Protein70","Wheat-HardRedSpring High Protein",3,70,1.22,4.8899999999999997]
["1Wheat-HardRedSpring High Protein70","Wheat-HardRedSpring High Protein",1,70,2.92,6.49]
["5Wheat-HardRedSpring60","Wheat-HardRedSpring",5,60,1.34,5.0199999999999996]
["9Wheat-HardRedWinter80","Wheat-HardRedWinter",9,80,9.3699999999999992,12.82]
["5Wheat-HardRedWinter80","Wheat-HardRedWinter",5,80,7.24,10.69]
["2Wheat-HardRedWinter80","Wheat-HardRedWinter",2,80,1.38,4.91]
["5Wheat-HardRedWinter70","Wheat-HardRedWinter",5,70,5.0599999999999996,8.64]
["4Wheat-HardRedWinter70","Wheat-HardRedWinter",4,70,1.27,4.82]
["9Wheat-HardRedWinter60","Wheat-HardRedWinter",9,60,4.34,7.95]
["5Wheat-HardRedWinter60","Wheat-HardRedWinter",5,60,3.43,7.1]
["9Wheat-SoftWhiteSpring80","Wheat-SoftWhiteSpring",9,80,3.64,7.28]
["1Wheat-SoftWhiteSpring70","Wheat-SoftWhiteSpring",1,70,2.33,5.96]
["1Flax70","Flax",1,70,3.71,6.19]
["4Sunflower Oilseed(Sunflower)60","Sunflower Oilseed(Sunflower)",4,60,2.73,5.09]
["4Sunflower Confectionary60","Sunflower Confectionary",4,60,1.83,4.21]
["9Canola-Argentine Specialty Oil70","Canola-Argentine Specialty Oil",9,70,3.31,5.62]
["4Canola-Argentine Specialty Oil60","Canola-Argentine Specialty Oil",4,60,1.57,3.92]
["2Canola-Argentine Specialty Oil60","Canola-Argentine Specialty Oil",2,60,1.54,3.89]
["1Canola-Argentine80","Canola-Argentine",1,80,2.84,5.13]
["1Canola-Argentine70","Canola-Argentine",1,70,2.02,4.3499999999999996]
["22Canola-Argentine60","Canola-Argentine",22,60,2.74,5.0999999999999996]
["2Canola-Argentine60","Canola-Argentine",2,60,1.46,3.81]
["2Canola-Polish80","Canola-Polish",2,80,5.88,8.19]
["1Mustard-Brown80","Mustard-Brown",1,80,8.9700000000000006,11.9]
["3Mustard-Brown60","Mustard-Brown",3,60,3.79,6.86]
["4Mustard-Oriental80","Mustard-Oriental",4,80,9.1300000000000008,12.06]
["3Mustard-Oriental80","Mustard-Oriental",3,80,7.88,10.81]
["9Mustard-Oriental60","Mustard-Oriental",9,60,4.4400000000000004,7.52]
["4Mustard-Oriental60","Mustard-Oriental",4,60,4.58,7.62]
["5Mustard-Yellow80","Mustard-Yellow",5,80,9.31,12.24]
["5Mustard-Yellow60","Mustard-Yellow",5,60,4.63,7.7]
["9FabaBean70","FabaBean",9,70,7.58,10.58]
["5Peas,Field80","Peas,Field",5,80,3.76,6.66]
["2Peas,Field80","Peas,Field",2,80,3.76,6.66]
["4Beans,Dry-Black/Others80","Beans,Dry-Black/Others",4,80,6.1,8.35]
["9Beans,Dry-Black/Others70","Beans,Dry-Black/Others",9,70,4.5199999999999996,6.83]
["4Beans,Dry-Black/Others70","Beans,Dry-Black/Others",4,70,4.5199999999999996,6.83]
["2Beans,Dry-Black/Others70","Beans,Dry-Black/Others",2,70,4.5199999999999996,6.83]
["4Beans,Dry-Black/Others60","Beans,Dry-Black/Others",4,60,3.25,5.6]
["2Beans,Dry-Black/Others60","Beans,Dry-Black/Others",2,60,3.25,5.6]
["3Beans,Dry-GreatNorthern60","Beans,Dry-GreatNorthern",3,60,1.99,4.3099999999999996]
["2Beans,Dry-Pink70","Beans,Dry-Pink",2,70,3.08,5.38]
["9Beans,Dry-SmallRed80","Beans,Dry-SmallRed",9,80,4.3600000000000003,6.61]
["4Beans,Dry-SmallRed60","Beans,Dry-SmallRed",4,60,2.37,4.6900000000000004]
["1Chickpeas-Desi80","Chickpeas-Desi",1,80,12.87,15.12]
["4Wheat-CanadaPrairieSpring70","Wheat-CanadaPrairieSpring",4,70,1.81,5.54]
["3Wheat-ExtraStrong70","Wheat-ExtraStrong",3,70,1.57,5.3]
["8Wheat-ExtraStrong60","Wheat-ExtraStrong",8,60,1.35,5.08]
["1Lentils-Red80","Lentils-Red",1,80,9.2200000000000006,11.6]
["4Lentils-Green80","Lentils-Green",4,80,10.4,12.78]
["1Lentils-Green60","Lentils-Green",1,60,5.42,7.98]
["5Wheat-SpecialPurpose80","Wheat-SpecialPurpose",5,80,3.31,6.98]
["1Wheat-SpecialPurpose80","Wheat-SpecialPurpose",1,80,8.23,11.68]
["1Wheat-SpecialPurpose70","Wheat-SpecialPurpose",1,70,5.33,8.91]
["8Wheat-SpecialPurpose60","Wheat-SpecialPurpose",8,60,1.5,5.23]
["9Wheat-NorthernHardRed60","Wheat-NorthernHardRed",9,60,2.19,5.84]
["8Wheat-NorthernHardRed60","Wheat-NorthernHardRed",8,60,1.59,5.27]
["5Wheat-NorthernHardRed60","Wheat-NorthernHardRed",5,60,1.37,5.05]
["5Barley Malting70","Barley Malting",5,70,1.53,4.03]
["2Barley Malting70","Barley Malting",2,70,1.42,3.93]
["8Barley Malting60","Barley Malting",8,60,1.32,3.85]
["8Barley80","Barley",8,80,4.6399999999999997,9.6300000000000008]
["5Barley80","Barley",5,80,3.62,8.6199999999999992]
["2Barley80","Barley",2,80,3.32,8.34]
["3Barley70","Barley",3,70,1.47,4.0199999999999996]
["9MixedGrain60","MixedGrain",9,60,2.2999999999999998,4.83]
["4MixedGrain60","MixedGrain",4,60,0.67,3.27]
["5Rye-Fall80","Rye-Fall",5,80,4.17,6.65]
["2Rye-Fall70","Rye-Fall",2,70,2.75,5.19]
["2Rye-Fall60","Rye-Fall",2,60,1.87,4.3499999999999996]
["4Rye-Spring80","Rye-Spring",4,80,6.78,9.16]
["1Rye-Spring80","Rye-Spring",1,80,6.37,8.7799999999999994]
["4Rye-Spring70","Rye-Spring",4,70,4.6500000000000004,7.09]
["4Rye-Spring60","Rye-Spring",4,60,3.11,5.59]
["1Triticale-Spring80","Triticale-Spring",1,80,7.41,9.7899999999999991]
["3Triticale-Winter80","Triticale-Winter",3,80,3.81,6.19]
["2Wheat-Durum High Protein60","Wheat-Durum High Protein",2,60,1.66,5.29]
["9Wheat-HardRedSpring High Protein80","Wheat-HardRedSpring High Protein",9,80,3.98,7.43]
["22Wheat-HardRedSpring80","Wheat-HardRedSpring",22,80,4.6100000000000003,8.15]
["9Wheat-HardRedSpring60","Wheat-HardRedSpring",9,60,1.87,5.52]
["1Wheat-HardRedWinter80","Wheat-HardRedWinter",1,80,7.53,10.98]
["4Wheat-HardRedWinter60","Wheat-HardRedWinter",4,60,0.95,4.55]
["9Wheat-SoftWhiteSpring70","Wheat-SoftWhiteSpring",9,70,2.4300000000000002,6.12]
["4Wheat-SoftWhiteSpring70","Wheat-SoftWhiteSpring",4,70,1.94,5.52]
["2Wheat-SoftWhiteSpring70","Wheat-SoftWhiteSpring",2,70,1.19,4.84]
["4Flax80","Flax",4,80,2.99,5.37]
["3Flax80","Flax",3,80,3.38,5.8]
["4Flax70","Flax",4,70,2.09,4.54]
["2Flax70","Flax",2,70,2.36,4.87]
["5Flax60","Flax",5,60,1.74,4.33]
["3Flax60","Flax",3,60,1.58,4.09]
["2Flax60","Flax",2,60,1.63,4.16]
["1Flax60","Flax",1,60,2.4300000000000002,4.95]
["3Safflower80","Safflower",3,80,8.5399999999999991,10.79]
["2Safflower60","Safflower",2,60,4.6100000000000003,6.96]
["4Sunflower Oilseed(Sunflower)80","Sunflower Oilseed(Sunflower)",4,80,4.76,7.08]
["3Sunflower Oilseed(Sunflower)60","Sunflower Oilseed(Sunflower)",3,60,2.73,5.09]
["3Sunflower Confectionary80","Sunflower Confectionary",3,80,3.52,5.85]
["2Canola-Argentine Specialty Oil80","Canola-Argentine Specialty Oil",2,80,3.02,5.28]
["3Canola-Argentine Specialty Oil70","Canola-Argentine Specialty Oil",3,70,1.72,4.08]
["2Canola-Argentine Specialty Oil70","Canola-Argentine Specialty Oil",2,70,2.16,4.47]
["9Canola-Argentine80","Canola-Argentine",9,80,4.51,6.76]
["8Canola-Argentine80","Canola-Argentine",8,80,3.97,6.22]
["2Canola-Argentine80","Canola-Argentine",2,80,2.86,5.12]
["4Canola-Polish70","Canola-Polish",4,70,3.26,5.61]
["2Mustard-Brown80","Mustard-Brown",2,80,10.24,13.17]
["4Mustard-Oriental70","Mustard-Oriental",4,70,6.5,9.5]
["5Mustard-Oriental60","Mustard-Oriental",5,60,4.8099999999999996,7.9]
["1Mustard-Oriental60","Mustard-Oriental",1,60,4.4400000000000004,7.52]
["1Mustard-Yellow80","Mustard-Yellow",1,80,8.9700000000000006,11.9]
["1FabaBean70","FabaBean",1,70,7.58,10.58]
["3FabaBean60","FabaBean",3,60,5.52,8.58]
["9Peas,Field80","Peas,Field",9,80,3.76,6.66]
["3Peas,Field80","Peas,Field",3,80,3.76,6.66]
["3Peas,Field70","Peas,Field",3,70,2.65,5.62]
["2Peas,Field70","Peas,Field",2,70,2.65,5.62]
["3Beans,Dry-GreatNorthern80","Beans,Dry-GreatNorthern",3,80,3.59,5.84]
["2Beans,Dry-GreatNorthern60","Beans,Dry-GreatNorthern",2,60,1.99,4.3099999999999996]
["9Beans,Dry-Pink80","Beans,Dry-Pink",9,80,4.12,6.38]
["3Beans,Dry-Pink80","Beans,Dry-Pink",3,80,4.12,6.38]
["9Beans,Dry-Pink70","Beans,Dry-Pink",9,70,3.08,5.38]
["9Beans,Dry-Pinto80","Beans,Dry-Pinto",9,80,3.86,6.11]
["3Beans,Dry-Pinto70","Beans,Dry-Pinto",3,70,2.89,5.19]
["2Beans,Dry-Pinto70","Beans,Dry-Pinto",2,70,2.89,5.19]
["4Beans,Dry-Pinto60","Beans,Dry-Pinto",4,60,2.12,4.45]
["3Beans,Dry-Pinto60","Beans,Dry-Pinto",3,60,2.12,4.45]
["4Beans,Dry-SmallRed80","Beans,Dry-SmallRed",4,80,4.3600000000000003,6.61]
["4Beans,Dry-SmallRed70","Beans,Dry-SmallRed",4,70,3.26,5.55]
["3Beans,Dry-SmallRed60","Beans,Dry-SmallRed",3,60,2.37,4.6900000000000004]
["1Chickpeas-Kabuli80","Chickpeas-Kabuli",1,80,11.19,13.44]
["1Chickpeas-Desi60","Chickpeas-Desi",1,60,6.66,9.06]
["2Wheat-CanadaPrairieSpring80","Wheat-CanadaPrairieSpring",2,80,3.75,7.34]
["22Wheat-CanadaPrairieSpring70","Wheat-CanadaPrairieSpring",22,70,4.18,7.85]
["5Wheat-CanadaPrairieSpring70","Wheat-CanadaPrairieSpring",5,70,2.42,6.13]
["2Wheat-ExtraStrong60","Wheat-ExtraStrong",2,60,1.92,5.6]
["3Beans,Dry-Yellow80","Beans,Dry-Yellow",3,80,8.18,10.43]
["2Beans,Dry-Yellow80","Beans,Dry-Yellow",2,80,8.18,10.43]
["3Beans,Dry-Yellow70","Beans,Dry-Yellow",3,70,6.03,8.34]
["2Beans,Dry-Yellow60","Beans,Dry-Yellow",2,60,4.3099999999999996,6.66]
["2Lentils-Red70","Lentils-Red",2,70,6.81,9.2899999999999991]
["5Lentils-Green80","Lentils-Green",5,80,10.4,12.78]
["1Lentils-Green70","Lentils-Green",1,70,7.67,10.15]
["9Lentils-Green60","Lentils-Green",9,60,5.42,7.98]
["3Wheat-SpecialPurpose80","Wheat-SpecialPurpose",3,80,3.33,7.02]
["4Wheat-SpecialPurpose70","Wheat-SpecialPurpose",4,70,1.71,5.44]
["9Wheat-SpecialPurpose60","Wheat-SpecialPurpose",9,60,2.68,6.31]
["1Wheat-SpecialPurpose60","Wheat-SpecialPurpose",1,60,3.32,6.98]
["1Wheat-NorthernHardRed80","Wheat-NorthernHardRed",1,80,3.78,7.23]
["3Wheat-NorthernHardRed70","Wheat-NorthernHardRed",3,70,1.4,5.07]
["8Barley Malting70","Barley Malting",8,70,1.94,4.4400000000000004]
["1Barley Malting70","Barley Malting",1,70,2.0299999999999998,4.5]
["4Barley Malting60","Barley Malting",4,60,0.93,3.48]
["1Barley80","Barley",1,80,4.91,9.75]
["9Barley70","Barley",9,70,3.94,6.39]
["2Barley70","Barley",2,70,1.42,3.93]
["1Barley70","Barley",1,70,2.0299999999999998,4.5]
["4Corn(Grain)70","Corn(Grain)",4,70,2.75,5.17]
["3MixedGrain80","MixedGrain",3,80,1.64,4.21]
["1MixedGrain80","MixedGrain",1,80,4.63,7.11]
["5MixedGrain70","MixedGrain",5,70,1.02,3.55]
["1MixedGrain70","MixedGrain",1,70,3.13,5.65]
["8MixedGrain60","MixedGrain",8,60,1.24,3.8]
["2Oats80","Oats",2,80,0.97,3.48]
["1Oats80","Oats",1,80,4.46,6.91]
["5Oats60","Oats",5,60,1.1000000000000001,3.67]
["9Rye-Fall80","Rye-Fall",9,80,6.37,8.75]
["1Rye-Fall80","Rye-Fall",1,80,6.37,8.75]
["5Rye-Spring80","Rye-Spring",5,80,4.95,7.41]
["2Rye-Spring80","Rye-Spring",2,80,6.83,9.2100000000000009]
["1Rye-Spring60","Rye-Spring",1,60,2.83,5.33]
["5Triticale-Spring80","Triticale-Spring",5,80,5.17,7.61]
["4Triticale-Spring60","Triticale-Spring",4,60,1.22,3.7]
["2Triticale-Spring60","Triticale-Spring",2,60,1.0900000000000001,3.57]
["5Wheat-Durum High Protein60","Wheat-Durum High Protein",5,60,2.98,6.58]
["4Wheat-Durum80","Wheat-Durum",4,80,2.71,6.34]
["2Wheat-Durum70","Wheat-Durum",2,70,2.39,5.98]
["3Wheat-Durum60","Wheat-Durum",3,60,1.54,5.19]
["5Wheat-HardRedSpring High Protein60","Wheat-HardRedSpring High Protein",5,60,1.62,5.3]
["2Wheat-HardRedSpring High Protein60","Wheat-HardRedSpring High Protein",2,60,1.01,4.66]
["1Wheat-HardRedSpring High Protein60","Wheat-HardRedSpring High Protein",1,60,2.1,5.75]
["1Wheat-HardRedSpring80","Wheat-HardRedSpring",1,80,3.56,7.01]
["8Wheat-HardRedSpring70","Wheat-HardRedSpring",8,70,2.39,6.03]
["4Wheat-HardRedSpring70","Wheat-HardRedSpring",4,70,1,4.68]
["5Wheat-SoftWhiteSpring60","Wheat-SoftWhiteSpring",5,60,0.92,4.59]
["3Sunflower Confectionary70","Sunflower Confectionary",3,70,2.5499999999999998,4.91]
["9Sunflower Confectionary60","Sunflower Confectionary",9,60,1.83,4.21]
["3Sunflower Confectionary60","Sunflower Confectionary",3,60,1.83,4.21]
["8Canola-Argentine Specialty Oil70","Canola-Argentine Specialty Oil",8,70,2.95,5.27]
["5Canola-Argentine Specialty Oil60","Canola-Argentine Specialty Oil",5,60,1.69,4.05]
["4Canola-Argentine80","Canola-Argentine",4,80,2.97,5.23]
["22Canola-Argentine70","Canola-Argentine",22,70,3.76,6.09]
["5Canola-Argentine60","Canola-Argentine",5,60,1.6,3.96]
["3Canola-Argentine60","Canola-Argentine",3,60,1.1599999999999999,3.55]
["3Canola-Polish80","Canola-Polish",3,80,3.43,5.79]
["3Canola-Polish70","Canola-Polish",3,70,2.4,4.79]
["2Canola-Polish70","Canola-Polish",2,70,4.1100000000000003,6.46]
["4Canola-Polish60","Canola-Polish",4,60,2.2200000000000002,4.5999999999999996]
["2Canola-Polish60","Canola-Polish",2,60,2.8,5.18]
["1Mustard-Oriental80","Mustard-Oriental",1,80,8.9700000000000006,11.9]
["2Mustard-Oriental60","Mustard-Oriental",2,60,5.4,8.52]
["3Mustard-Yellow70","Mustard-Yellow",3,70,2.4700000000000002,5.48]
["3FabaBean70","FabaBean",3,70,7.58,10.58]
["9FabaBean60","FabaBean",9,60,5.52,8.58]
["4Peas,Field80","Peas,Field",4,80,3.76,6.66]
["9Peas,Field70","Peas,Field",9,70,2.65,5.62]
["22Peas,Field60","Peas,Field",22,60,2.58,5.6]
["3Peas,Field60","Peas,Field",3,60,1.83,4.8499999999999996]
["2Peas,Field60","Peas,Field",2,60,1.83,4.8499999999999996]
["2Beans,Dry-Black/Others80","Beans,Dry-Black/Others",2,80,6.1,8.35]
["4Beans,Dry-GreatNorthern80","Beans,Dry-GreatNorthern",4,80,3.59,5.84]
["3Beans,Dry-Pinto80","Beans,Dry-Pinto",3,80,3.86,6.11]
["9Beans,Dry-Pinto70","Beans,Dry-Pinto",9,70,2.89,5.19]
["4Beans,Dry-Pinto70","Beans,Dry-Pinto",4,70,2.89,5.19]
["2Beans,Dry-SmallRed70","Beans,Dry-SmallRed",2,70,3.26,5.55]
["1Chickpeas-Desi70","Chickpeas-Desi",1,70,9.4700000000000006,11.81]
["8Wheat-CanadaPrairieSpring70","Wheat-CanadaPrairieSpring",8,70,2.23,5.94]
["4Wheat-CanadaPrairieSpring60","Wheat-CanadaPrairieSpring",4,60,1.23,4.9800000000000004]
["8Wheat-ExtraStrong80","Wheat-ExtraStrong",8,80,2.9,6.57]
["3Wheat-ExtraStrong80","Wheat-ExtraStrong",3,80,2.3199999999999998,6.01]
["8Wheat-ExtraStrong70","Wheat-ExtraStrong",8,70,1.98,5.68]
["4Wheat-ExtraStrong70","Wheat-ExtraStrong",4,70,1.52,5.25]
["5Wheat-ExtraStrong60","Wheat-ExtraStrong",5,60,1.35,5.08]
["1Wheat-ExtraStrong60","Wheat-ExtraStrong",1,60,3.47,7.14]
["2Lentils-Red80","Lentils-Red",2,80,9.2200000000000006,11.6]
["3Lentils-Red70","Lentils-Red",3,70,6.81,9.2899999999999991]
["1Lentils-Red70","Lentils-Red",1,70,6.81,9.2899999999999991]
["9Lentils-Red60","Lentils-Red",9,60,4.82,7.38]
["3Lentils-Green70","Lentils-Green",3,70,7.67,10.15]
["2Lentils-Green70","Lentils-Green",2,70,7.67,10.15]
["4Lentils-Green60","Lentils-Green",4,60,5.42,7.98]
["4Wheat-SpecialPurpose80","Wheat-SpecialPurpose",4,80,2.5,6.2]
["3Wheat-SpecialPurpose60","Wheat-SpecialPurpose",3,60,1.46,5.2]
["8Wheat-NorthernHardRed80","Wheat-NorthernHardRed",8,80,3.5,7.08]
["3Wheat-NorthernHardRed60","Wheat-NorthernHardRed",3,60,1.02,4.72]
["1Barley Malting80","Barley Malting",1,80,3.01,5.39]
["3Barley Malting60","Barley Malting",3,60,1.02,3.59]
["4Barley80","Barley",4,80,3.15,8.19]
["22Barley70","Barley",22,70,3.4,5.9]
["4Corn(Grain)80","Corn(Grain)",4,80,3.89,6.27]
["2Corn(Grain)70","Corn(Grain)",2,70,2.94,5.36]
["1Corn(Grain)70","Corn(Grain)",1,70,3.36,5.78]
["1Corn(Grain)60","Corn(Grain)",1,60,2.2799999999999998,4.75]
["9MixedGrain70","MixedGrain",9,70,3.59,6.09]
["8MixedGrain70","MixedGrain",8,70,1.83,4.3600000000000003]
["3MixedGrain60","MixedGrain",3,60,0.82,3.42]
["9Oats60","Oats",9,60,3.02,5.53]
["3Oats60","Oats",3,60,1.1200000000000001,3.68]
["2Oats60","Oats",2,60,0.63,3.18]
["4Rye-Fall80","Rye-Fall",4,80,3.85,6.25]
["5Rye-Fall70","Rye-Fall",5,70,2.77,5.3]
["3Rye-Spring80","Rye-Spring",3,80,6.24,8.66]
["1Rye-Spring70","Rye-Spring",1,70,4.32,6.78]
["3Rye-Spring60","Rye-Spring",3,60,2.82,5.33]
["2Triticale-Spring70","Triticale-Spring",2,70,1.48,3.92]
["9Triticale-Winter80","Triticale-Winter",9,80,7.71,10.09]
["9Triticale-Winter60","Triticale-Winter",9,60,3.53,6.01]
["4Triticale-Winter60","Triticale-Winter",4,60,1.74,4.2300000000000004]
["2Triticale-Winter60","Triticale-Winter",2,60,1.41,3.89]
["1Wheat-Durum High Protein80","Wheat-Durum High Protein",1,80,6.28,9.75]
["9Wheat-Durum80","Wheat-Durum",9,80,6.75,10.199999999999999]
["1Wheat-Durum80","Wheat-Durum",1,80,6.09,9.56]
["1Wheat-HardRedSpring High Protein80","Wheat-HardRedSpring High Protein",1,80,4.0599999999999996,7.51]
["4Wheat-HardRedSpring High Protein70","Wheat-HardRedSpring High Protein",4,70,1,4.68]
["9Wheat-HardRedSpring High Protein60","Wheat-HardRedSpring High Protein",9,60,1.99,5.64]
["4Wheat-HardRedSpring80","Wheat-HardRedSpring",4,80,1.34,4.97]
["22Wheat-HardRedSpring60","Wheat-HardRedSpring",22,60,2.2599999999999998,5.93]
["1Wheat-HardRedSpring60","Wheat-HardRedSpring",1,60,1.73,5.38]
["3Wheat-HardRedWinter60","Wheat-HardRedWinter",3,60,1.21,4.82]
["2Wheat-HardRedWinter60","Wheat-HardRedWinter",2,60,0.79,4.43]
["1Wheat-HardRedWinter60","Wheat-HardRedWinter",1,60,3.52,7.13]
["2Wheat-SoftWhiteSpring80","Wheat-SoftWhiteSpring",2,80,1.7,5.29]
["9Wheat-SoftWhiteSpring60","Wheat-SoftWhiteSpring",9,60,1.6,5.32]
["5Flax80","Flax",5,80,3.87,6.25]
["2Flax80","Flax",2,80,3.39,5.86]
["1Flax80","Flax",1,80,5.49,7.92]
["3Flax70","Flax",3,70,2.33,4.8099999999999996]
["8Flax60","Flax",8,60,2.12,4.71]
["4Safflower80","Safflower",4,80,8.5399999999999991,10.79]
["3Safflower60","Safflower",3,60,4.6100000000000003,6.96]
["2Sunflower Oilseed(Sunflower)60","Sunflower Oilseed(Sunflower)",2,60,2.73,5.09]
["4Sunflower Oilseed(Sunflower)70","Sunflower Oilseed(Sunflower)",4,70,3.63,5.98]
["2Sunflower Confectionary60","Sunflower Confectionary",2,60,1.83,4.21]
["2Sunflower Confectionary70","Sunflower Confectionary",2,70,2.5499999999999998,4.91]
["1Canola-Argentine Specialty Oil60","Canola-Argentine Specialty Oil",1,60,1.5,3.86]
["5Canola-Argentine Specialty Oil70","Canola-Argentine Specialty Oil",5,70,2.42,4.74]
["4Canola-Argentine70","Canola-Argentine",4,70,2.12,4.43]
["2Canola-Argentine70","Canola-Argentine",2,70,2.0499999999999998,4.3600000000000003]
["4Canola-Argentine60","Canola-Argentine",4,60,1.49,3.84]
["5Canola-Polish70","Canola-Polish",5,70,4.04,6.36]
["9Mustard-Brown80","Mustard-Brown",9,80,8.9700000000000006,11.9]
["9Mustard-Brown70","Mustard-Brown",9,70,6.35,9.3800000000000008]
["5Mustard-Brown60","Mustard-Brown",5,60,4.8099999999999996,7.9]
["5Mustard-Oriental80","Mustard-Oriental",5,80,9.6999999999999993,12.63]
["1Mustard-Oriental70","Mustard-Oriental",1,70,6.35,9.3800000000000008]
["9Mustard-Yellow60","Mustard-Yellow",9,60,4.4400000000000004,7.52]
["3Mustard-Yellow60","Mustard-Yellow",3,60,1.78,4.84]
["2FabaBean70","FabaBean",2,70,7.58,10.58]
["5FabaBean60","FabaBean",5,60,5.52,8.58]
["4FabaBean60","FabaBean",4,60,5.52,8.58]
["2FabaBean60","FabaBean",2,60,5.52,8.58]
["3Beans,Dry-Black/Others60","Beans,Dry-Black/Others",3,60,3.25,5.6]
["2Beans,Dry-Pink80","Beans,Dry-Pink",2,80,4.12,6.38]
["3Beans,Dry-Pink70","Beans,Dry-Pink",3,70,3.08,5.38]
["9Beans,Dry-Pink60","Beans,Dry-Pink",9,60,2.25,4.58]
["4Beans,Dry-Pink60","Beans,Dry-Pink",4,60,2.25,4.58]
["3Beans,Dry-Pink60","Beans,Dry-Pink",3,60,2.25,4.58]
["2Beans,Dry-Pinto60","Beans,Dry-Pinto",2,60,2.12,4.45]
["1Wheat-CanadaPrairieSpring80","Wheat-CanadaPrairieSpring",1,80,8.23,11.68]
["9Wheat-CanadaPrairieSpring60","Wheat-CanadaPrairieSpring",9,60,2.68,6.31]
["9Beans,Dry-Yellow80","Beans,Dry-Yellow",9,80,8.18,10.43]
["4Beans,Dry-Yellow70","Beans,Dry-Yellow",4,70,6.03,8.34]
["5Lentils-Red60","Lentils-Red",5,60,4.82,7.38]
["2Lentils-Red60","Lentils-Red",2,60,4.82,7.38]
["9Lentils-Green80","Lentils-Green",9,80,10.4,12.78]
["1Lentils-Green80","Lentils-Green",1,80,10.4,12.78]
["5Lentils-Green70","Lentils-Green",5,70,7.67,10.15]
["2Lentils-Green60","Lentils-Green",2,60,5.42,7.98]
["8Wheat-SpecialPurpose70","Wheat-SpecialPurpose",8,70,2.23,5.94]
["3Wheat-SpecialPurpose70","Wheat-SpecialPurpose",3,70,2.21,5.93]
["5Wheat-SpecialPurpose60","Wheat-SpecialPurpose",5,60,1.51,5.24]
["4Wheat-NorthernHardRed80","Wheat-NorthernHardRed",4,80,1.94,5.57]
["8Wheat-NorthernHardRed70","Wheat-NorthernHardRed",8,70,2.38,6.02]
["5Wheat-NorthernHardRed70","Wheat-NorthernHardRed",5,70,2.02,5.66]
["4Barley Malting70","Barley Malting",4,70,1.33,3.86]
["2Barley Malting60","Barley Malting",2,60,1.01,3.55]
["9Barley Malting80","Barley Malting",9,80,5.95,8.33]
["4Barley70","Barley",4,70,1.33,3.86]
["5Barley60","Barley",5,60,1.07,3.6]
["3Barley60","Barley",3,60,1.02,3.59]
["4MixedGrain80","MixedGrain",4,80,1.25,3.82]
["9Oats80","Oats",9,80,6.8,9.23]
["8Oats80","Oats",8,80,4.13,6.66]
["5Oats80","Oats",5,80,2.21,4.74]
["5Oats70","Oats",5,70,1.56,4.1100000000000003]
["4Oats60","Oats",4,60,0.75,3.31]
["3Rye-Fall80","Rye-Fall",3,80,4.83,7.22]
["9Rye-Fall70","Rye-Fall",9,70,4.32,6.77]
["1Rye-Fall70","Rye-Fall",1,70,4.32,6.77]
["5Rye-Fall60","Rye-Fall",5,60,1.79,4.34]
["1Rye-Fall60","Rye-Fall",1,60,2.84,5.33]
["4Triticale-Spring80","Triticale-Spring",4,80,2.38,4.7699999999999996]
["2Triticale-Spring80","Triticale-Spring",2,80,2.02,4.4000000000000004]
["1Triticale-Spring70","Triticale-Spring",1,70,5.09,7.54]
["9Triticale-Spring60","Triticale-Spring",9,60,3.53,6.01]
["5Triticale-Winter80","Triticale-Winter",5,80,5.15,7.58]
["1Triticale-Winter60","Triticale-Winter",1,60,3.53,6.01]
["1Wheat-Durum High Protein70","Wheat-Durum High Protein",1,70,4.24,7.8]
["9Wheat-HardRedSpring High Protein70","Wheat-HardRedSpring High Protein",9,70,2.83,6.4]
["4Wheat-HardRedSpring High Protein60","Wheat-HardRedSpring High Protein",4,60,0.77,4.47]
["3Wheat-HardRedSpring High Protein80","Wheat-HardRedSpring High Protein",3,80,1.65,5.28]
["9Wheat-HardRedSpring70","Wheat-HardRedSpring",9,70,2.72,6.29]
["3Wheat-HardRedSpring70","Wheat-HardRedSpring",3,70,1.22,4.8899999999999997]
["2Wheat-HardRedSpring70","Wheat-HardRedSpring",2,70,1.35,4.96]
["3Wheat-HardRedWinter70","Wheat-HardRedWinter",3,70,1.66,5.22]
["1Wheat-SoftWhiteSpring80","Wheat-SoftWhiteSpring",1,80,3.49,7.06]
["8Flax80","Flax",8,80,4.8,7.18]
["9Flax70","Flax",9,70,4.1500000000000004,6.61]
["3Safflower70","Safflower",3,70,6.39,8.6999999999999993]
["3Sunflower Oilseed(Sunflower)80","Sunflower Oilseed(Sunflower)",3,80,4.76,7.08]
["2Sunflower Oilseed(Sunflower)80","Sunflower Oilseed(Sunflower)",2,80,4.76,7.08]
["9Sunflower Confectionary80","Sunflower Confectionary",9,80,3.52,5.85]
["4Sunflower Confectionary70","Sunflower Confectionary",4,70,2.5499999999999998,4.91]
["9Canola-Argentine Specialty Oil80","Canola-Argentine Specialty Oil",9,80,4.76,7.01]
["1Canola-Argentine Specialty Oil80","Canola-Argentine Specialty Oil",1,80,3,5.29]
["1Canola-Argentine Specialty Oil70","Canola-Argentine Specialty Oil",1,70,2.13,4.46]
["22Canola-Argentine80","Canola-Argentine",22,80,5.07,7.34]
["3Canola-Argentine70","Canola-Argentine",3,70,1.63,3.99]
["1Canola-Argentine60","Canola-Argentine",1,60,1.42,3.78]
["8Canola-Polish80","Canola-Polish",8,80,5.8,8.06]
["1Canola-Polish80","Canola-Polish",1,80,4.47,6.8]
["8Canola-Polish60","Canola-Polish",8,60,2.72,5.07]
["5Canola-Polish60","Canola-Polish",5,60,2.72,5.07]
["5Mustard-Brown80","Mustard-Brown",5,80,9.6999999999999993,12.63]
["4Mustard-Brown80","Mustard-Brown",4,80,8.27,11.2]
["3Mustard-Brown80","Mustard-Brown",3,80,7.75,10.68]
["4Mustard-Brown70","Mustard-Brown",4,70,5.9,8.9]
["9Mustard-Oriental80","Mustard-Oriental",9,80,8.9700000000000006,11.9]
["2Mustard-Oriental80","Mustard-Oriental",2,80,10.67,13.6]
["9Mustard-Yellow70","Mustard-Yellow",9,70,6.35,9.3800000000000008]
["4Mustard-Yellow70","Mustard-Yellow",4,70,3.86,6.87]
["4FabaBean80","FabaBean",4,80,10.220000000000001,13.11]
["3FabaBean80","FabaBean",3,80,10.220000000000001,13.11]
["9Beans,Dry-Black/Others80","Beans,Dry-Black/Others",9,80,6.1,8.35]
["3Beans,Dry-Black/Others80","Beans,Dry-Black/Others",3,80,6.1,8.35]
["9Beans,Dry-Black/Others60","Beans,Dry-Black/Others",9,60,3.25,5.6]
["2Beans,Dry-GreatNorthern80","Beans,Dry-GreatNorthern",2,80,3.59,5.84]
["9Beans,Dry-GreatNorthern70","Beans,Dry-GreatNorthern",9,70,2.69,4.9800000000000004]
["4Beans,Dry-GreatNorthern70","Beans,Dry-GreatNorthern",4,70,2.69,4.9800000000000004]
["4Beans,Dry-Pink70","Beans,Dry-Pink",4,70,3.08,5.38]
["2Beans,Dry-Pink60","Beans,Dry-Pink",2,60,2.25,4.58]
["2Beans,Dry-Pinto80","Beans,Dry-Pinto",2,80,3.86,6.11]
["9Beans,Dry-Pinto60","Beans,Dry-Pinto",9,60,2.12,4.45]
["2Beans,Dry-SmallRed80","Beans,Dry-SmallRed",2,80,4.3600000000000003,6.61]
["1Chickpeas-Kabuli70","Chickpeas-Kabuli",1,70,8.24,10.58]
["3Wheat-CanadaPrairieSpring80","Wheat-CanadaPrairieSpring",3,80,3.4,7.09]
["1Wheat-CanadaPrairieSpring60","Wheat-CanadaPrairieSpring",1,60,3.32,6.98]
["4Wheat-ExtraStrong60","Wheat-ExtraStrong",4,60,1.05,4.8]
["9Beans,Dry-Yellow70","Beans,Dry-Yellow",9,70,6.03,8.34]
["3Beans,Dry-Yellow60","Beans,Dry-Yellow",3,60,4.3099999999999996,6.66]
["9Lentils-Red70","Lentils-Red",9,70,6.81,9.2899999999999991]
["4Lentils-Red60","Lentils-Red",4,60,4.82,7.38]
["2Lentils-Green80","Lentils-Green",2,80,10.4,12.78]
["9Lentils-Green70","Lentils-Green",9,70,7.67,10.15]
["5Wheat-SpecialPurpose70","Wheat-SpecialPurpose",5,70,2.25,5.96]
["2Wheat-SpecialPurpose70","Wheat-SpecialPurpose",2,70,2.54,6.19]
["2Wheat-SpecialPurpose60","Wheat-SpecialPurpose",2,60,1.7,5.39]
["2Wheat-NorthernHardRed80","Wheat-NorthernHardRed",2,80,2.46,6.01]
["9Wheat-NorthernHardRed70","Wheat-NorthernHardRed",9,70,3.3,6.87]
["2Wheat-NorthernHardRed60","Wheat-NorthernHardRed",2,60,1.26,4.91]

{"sheet":"Rates (CHU & SPE) (data)","index":14,"n_rows":27,"n_cols":19,"rows_kept":27,"cut":false,"hidden":true,"merged":[[0,5,0,12],[0,13,0,14],[23,5,23,12],[24,5,24,7],[24,8,24,9],[24,10,24,12]]}
[null,null,null,null,null,null,null,null,null,null,null,null,null,"SPE"]
["Lookup_ID","Station","Type ID","Group","Cov Option","farm_50","fed_50","prov_50","farm_75","fed_75","prov_75","tot_50","tot_75","Producer","Prov","Total","SPE Adj Fctr","SPE Full Rate"]
[{"$f":"(C3*10000)+(E3*100)+D3","v":19001},"Bow Island",1,1,90,0.85,0.83,0.55000000000000004,1.48,1.45,0.97,{"$f":"SUM(F3:H3)","v":2.23},{"$f":"SUM(I3:K3)","v":3.8999999999999995},{"$f":"ROUND(0.5*$Q3*$R$3,2)","v":2.4900000000000002},{"$f":"$N3","v":2.4900000000000002},{"$f":"$N3+$O3","v":4.9800000000000004},0.95499999999999996,5.21,"from Corn grain SPE"]
[19002,"Brooks",1,2,90,0.7,0.68,0.45,1.21,1.19,0.79,1.8299999999999998,3.19,{"$f":"ROUND(0.5*$Q4*$R$3,2)","v":2.5},{"$f":"$N4","v":2.5},{"$f":"$N4+$O4","v":5},0.96]
[19003,"Lethbridge",1,3,90,0.93,0.91,0.61,1.62,1.59,1.06,2.4500000000000002,4.2699999999999996,{"$f":"ROUND(0.5*$Q5*$R$3,2)","v":2.4700000000000002},{"$f":"$N5","v":2.4700000000000002},{"$f":"$N5+$O5","v":4.9400000000000004},0.94699999999999995]
[19004,"Patricia",1,4,90,0.77,0.75,0.5,1.34,1.31,0.87,2.02,3.5200000000000005,{"$f":"ROUND(0.5*$Q6*$R$3,2)","v":2.4900000000000002},{"$f":"$N6","v":2.4900000000000002},{"$f":"$N6+$O6","v":4.9800000000000004},0.95399999999999996]
[19501,"Bow Island",1,1,95,{"$f":"ROUND(F3*2.9,2)","v":2.4700000000000002},2.41,1.6,4.29,4.21,2.81,6.48,11.31,{"$f":"P7*0.5","v":2.4900000000000002},{"$f":"P7-N7","v":2.4900000000000002},{"$f":"P3","v":4.9800000000000004}]
[19502,"Brooks",1,2,95,2.0299999999999998,1.97,1.31,3.51,3.45,2.29,5.3100000000000005,9.25,2.5,2.5,{"$f":"P4","v":5}]
[19503,"Lethbridge",1,3,95,2.7,2.64,1.77,4.7,4.6100000000000003,3.07,7.1099999999999994,12.38,2.4700000000000002,2.4700000000000002,{"$f":"P5","v":4.9400000000000004}]
[19504,"Patricia",1,4,95,2.23,2.1800000000000002,1.45,3.89,3.8,2.52,5.86,10.209999999999999,2.4900000000000002,2.4900000000000002,{"$f":"P6","v":4.9800000000000004}]
[29001,"Bow Island",2,1,90,0.92,0.9,0.6,1.6,1.57,1.04,2.42,{"$f":"SUM(I11:K11)","v":4.21},{"$f":"ROUND(0.5*$Q11*$R$11,2)","v":2.56},{"$f":"$N11","v":2.56},{"$f":"$N11+$O11","v":5.12},0.96599999999999997,5.29,"from Barley SPE"]
[29002,"Brooks",2,2,90,0.61,0.6,0.4,1.06,1.04,0.69,1.6099999999999999,2.79,{"$f":"ROUND(0.5*$Q12*$R$11,2)","v":2.58},{"$f":"$N12","v":2.58},{"$f":"$N12+$O12","v":5.16},0.97399999999999998]
[29003,"Lethbridge",2,3,90,0.7,0.68,0.45,1.21,1.19,0.79,1.8299999999999998,3.19,{"$f":"ROUND(0.5*$Q13*$R$11,2)","v":2.5499999999999998},{"$f":"$N13","v":2.5499999999999998},{"$f":"$N13+$O13","v":5.0999999999999996},0.96499999999999997]
[29004,"Patricia",2,4,90,0.54,0.53,0.35,0.94,0.92,0.61,1.42,2.4699999999999998,{"$f":"ROUND(0.5*$Q14*$R$11,2)","v":2.56},{"$f":"$N14","v":2.56},{"$f":"$N14+$O14","v":5.12},0.96799999999999997]
[29501,"Bow Island",2,1,95,{"$f":"ROUND(F11*2.9,2)","v":2.67},2.61,1.74,4.6399999999999997,4.55,3.02,7.02,12.209999999999999,2.56,2.56,{"$f":"P11","v":5.12}]
[29502,"Brooks",2,2,95,1.77,1.74,1.1599999999999999,3.07,3.02,2,4.67,8.09,2.58,2.58,{"$f":"P12","v":5.16}]
[29503,"Lethbridge",2,3,95,2.0299999999999998,1.97,1.31,3.51,3.45,2.29,5.3100000000000005,9.25,2.5499999999999998,2.5499999999999998,{"$f":"P13","v":5.0999999999999996}]
[29504,"Patricia",2,4,95,1.57,1.54,1.02,2.73,2.67,1.77,4.1300000000000008,7.17,2.56,2.56,{"$f":"P14","v":5.12}]
["=(C15*10000)+(E15*100)+D15"]
["Grain Corn = 1 and Silage Corn = 2",null,null,null,null,"Inputs from 2020 CHU Premium Rates"]
["vpb_load_factor = 0.110",null,null,null,null,"Inputs from SPE full rate (Corn grain and Barley)"]
["90 to 95 coverage conversion factor = 2.9"]
["(Type x 10000) +(Cov Option x 100) + (Group)"]
[null,null,null,null,null,"Cost Sharing Structure"]
[null,null,null,null,null,"CHU",null,null,"SPE",null,"Hail Endors."]
[null,null,null,null,null,"Farm","Fed","Prov","Farm","Prov","Farm","Fed ","Prov"]
[null,null,null,null,null,{"$f":"F3/$L3","v":0.3811659192825112},{"$f":"G3/$L3","v":0.37219730941704032},{"$f":"H3/$L3","v":0.24663677130044845},{"$f":"N3/$P3","v":0.5},{"$f":"O3/$P3","v":0.5},{"$f":"(0.37/(0.37+0.31))","v":0.54411764705882359},{"$f":"(0.31/(0.37+0.31))*0.5","v":0.22794117647058826},{"$f":"$L$27","v":0.22794117647058826}]

{"sheet":"Prices Dry Crop (data)","index":15,"n_rows":37,"n_cols":12,"rows_kept":37,"cut":false,"hidden":true,"merged":[]}
["AG_PROD_UID","DESCRIPTION                   ","AG_PROD_USE_UID","     PRICE","VOLUME_MEASURE_UID","CONVERSION_FACTOR","CALCULATED_PRICE                                                                                                                                                                                                                                                                                                                                                                                                                                                                                                                                                                                                                                                                                                                                                                                                                                                                                                                                                                                                                                                                                                                                                                                                                                                                                                                                                                                                                                                                                                                                                                                                                                                                                                                                                                                                                                                                                                                                         "]
[12267,"Barley",442,0.215,1,4.4091999999999999E-2,{"$f":"(D2/F2)","v":4.876168012337839}]
[12267,"Barley Malting",7139,0.255,1,4.4091999999999999E-2,5.7833620611448788,null,"Modication History"]
[12269,"CanarySeed",446,0.56000000000000005,1923,2.2046000000000001,0.25401433366597115,"lb","2020-03-10","Ilyas Ali","Update Price (SPE_Prices_Irrigated_Crop.SQL )","Completed"]
[12388,"Canola-Argentine",752,0.45,1,4.4091999999999999E-2,10.205933049079199,null,"2020-03-24","Martine West","Update Price (SPE_Dry_Crop)","Completed"]
[12388,"Canola-Argentine Specialty Oil",12978,0.52100000000000002,1,4.4091999999999999E-2,11.816202485711694,null,"2020-03-25","Martine West","Update Wheat-Northern AG_PROD_USE_UID from pedigreed to commercial","Completed"]
[12389,"Canola-Polish",754,0.45,1,4.4091999999999999E-2,10.205933049079199,null,"2020-03-25","Martine West","Manually update items in Red Fill from bushel to lb to match Price List","Completed"]
[13559,"Chickpeas-Desi",3464,0.44,1923,2.2046000000000001,0.19958269073754875,"lb","2020-04-01","Martine West","Updated the conversion factor for Mustard to bushel as per direction from Nancy Smith","Completed"]
[13558,"Chickpeas-Kabuli",3463,0.41,1923,2.2046000000000001,0.18597478000544315,"lb"]
[12408,"FabaBean",788,0.22500000000000001,1923,2.2046000000000001,0.10205933049079198,"lb"]
[12383,"Flax",738,0.53500000000000003,1,3.9366999999999999E-2,13.590062742906497]
[18898,"Lentils-Green",23056,0.53,1923,2.2046000000000001,0.24040642293386555,"lb"]
[18897,"Lentils-Red",23054,0.42,1923,2.2046000000000001,0.19051075024947833,"lb"]
[12272,"MixedGrain",452,0.21,1,5.0104999999999997E-2,4.1911984831853113]
[12392,"Mustard-Brown",759,0.60499999999999998,1,4.4091999999999999E-2,13.721309988206476]
[12393,"Mustard-Oriental",761,0.60499999999999998,1,4.4091999999999999E-2,13.721309988206476]
[12394,"Mustard-Yellow",763,0.77,1,4.4091999999999999E-2,17.463485439535518]
[12273,"Oats",456,0.185,1,5.3770999999999999E-2,3.4405162634133641]
[12411,"Peas,Field",808,0.255,1,3.6743999999999999E-2,6.9399085564990202]
[12286,"Rye-Fall",483,0.185,1,3.9366999999999999E-2,4.6993674905377603]
[12287,"Rye-Spring",485,0.185,1,3.9366999999999999E-2,4.6993674905377603]
[12386,"Safflower",746,0.66,1923,2.2046000000000001,0.29937403610632313,"lb"]
[12387,"Sunflower Confectionary",750,0.72499999999999998,1923,2.2046000000000001,0.32885784269255192,"lb"]
[12387,"Sunflower Oilseed(Sunflower)",749,0.52,1923,2.2046000000000001,0.23587045268983034,"lb"]
[12288,"Triticale-Spring",487,0.185,1,4.2396000000000003E-2,4.3636192093593733]
[12289,"Triticale-Winter",489,0.185,1,4.2396000000000003E-2,4.3636192093593733]
[13571,"Wheat-CanadaPrairieSpring",3477,0.20499999999999999,1,3.6743999999999999E-2,5.5791421728717614]
[12290,"Wheat-Durum",491,0.245,1,3.6743999999999999E-2,6.6677552797735684]
[12290,"Wheat-Durum High Protein",3903,0.25,1,3.6743999999999999E-2,6.8038319181362947]
[13572,"Wheat-ExtraStrong",3479,0.215,1,3.6743999999999999E-2,5.8512954495972131]
[12291,"Wheat-HardRedSpring",493,0.215,1,3.6743999999999999E-2,5.8512954495972131]
[12291,"Wheat-HardRedSpring High Protein",3853,0.23499999999999999,1,3.6743999999999999E-2,6.3956020030481167]
[12292,"Wheat-HardRedWinter",495,0.19,1,3.6743999999999999E-2,5.1709122577835842]
[19253,"Wheat-NorthernHardRed",23731,0.19,1,3.6743999999999999E-2,5.1709122577835842]
[12294,"Wheat-SoftWhiteSpring",499,0.18,1,3.6743999999999999E-2,4.8987589810581316]
[12294,"Wheat-SoftWhiteSpring Industrial",13734,0.18,1,3.6743999999999999E-2,4.8987589810581316]
[19126,"Wheat-SpecialPurpose",23725,0.185,1,3.6743999999999999E-2,5.0348356194208579]

{"sheet":"Prices Irrigated Crop(data)","index":16,"n_rows":42,"n_cols":18,"rows_kept":42,"cut":false,"hidden":true,"merged":[]}
["AG_PROD_UID","DESCRIPTION                   ","AG_PROD_USE_UID","     PRICE","VOLUME_MEASURE_UID","CONVERSION_FACTOR","CALCULATED_PRICE                                                                                                                                                                                                                                                                                                                                                                                                                                                                                                                                                                                                                                                                                                                                                                                                                                                                                                                                                                                                                                                                                                                                                                                                                                                                                                                                                                                                                                                                                                                                                                                                                                                                                                                                                                                                                                                                                                                                         "]
[12267,"Barley",442,0.215,1,4.4091999999999999E-2,{"$f":"D2/F2","v":4.876168012337839}]
[12267,"Barley Malting",7139,0.255,1,4.4091999999999999E-2,{"$f":"D3/F3","v":5.7833620611448788},null,null,null,null,null,null,null,"Modication History"]
[12413,"Beans,Dry-Black/Others",810,0.7,1923,2.2046000000000001,0.31751791708246391,"lb",null,null,null,null,null,null,"2020-03-10","Ilyas Ali","Update Price (SPE_Prices_Irrigated_Crop.SQL )","Completed"]
[12414,"Beans,Dry-GreatNorthern",811,0.75,1923,2.2046000000000001,0.34019776830263992,"lb",null,null,null,null,null,null,"2020-03-25","Martine West","Manually update items in Red Fill from bushel to lb to match Price List","Completed"]
[12415,"Beans,Dry-Pink",812,0.8,1923,2.2046000000000001,0.36287761952281594,"lb"]
[12416,"Beans,Dry-Pinto",813,0.72,1923,2.2046000000000001,0.32658985757053433,"lb"]
[12417,"Beans,Dry-SmallRed",814,0.81,1923,2.2046000000000001,0.36741358976685112,"lb"]
[18741,"Beans,Dry-Yellow",22153,0.7,1923,2.2046000000000001,0.31751791708246391,"lb"]
[12388,"Canola-Argentine",752,0.45,1,4.4091999999999999E-2,10.205933049079199]
[12389,"Canola-Polish",754,0.45,1,4.4091999999999999E-2,10.205933049079199]
[12388,"Canola-ArgentineSpecialtyOil",12978,0.52100000000000002,1,4.4091999999999999E-2,11.816202485711694]
[13559,"Chickpeas-Desi",3464,0.44,1923,2.2046000000000001,0.19958269073754875,"lb"]
[13558,"Chickpeas-Kabuli",3463,0.41,1923,2.2046000000000001,0.18597478000544315,"lb"]
[12270,"Corn(Grain)",448,0.22,1,3.9368E-2,5.5882950619792728]
[12408,"FabaBean",788,0.22500000000000001,1923,2.2046000000000001,0.10205933049079198,"lb"]
[12383,"Flax",738,0.53500000000000003,1,3.9366999999999999E-2,13.590062742906497]
[18898,"Lentils-Green",23056,0.53,1923,2.2046000000000001,0.24040642293386555,"lb"]
[18897,"Lentils-Red",23054,0.42,1923,2.2046000000000001,0.19051075024947833,"lb"]
[12272,"MixedGrain",452,0.21,1,5.0104999999999997E-2,4.1911984831853113]
[12392,"Mustard-Brown",759,0.60499999999999998,1,4.4091999999999999E-2,13.721309988206476]
[12393,"Mustard-Oriental",761,0.60499999999999998,1,4.4091999999999999E-2,13.721309988206476]
[12394,"Mustard-Yellow",763,0.77,1,4.4091999999999999E-2,17.463485439535518]
[12273,"Oats",456,0.185,1,5.3770999999999999E-2,3.4405162634133641]
[12411,"Peas,Field",808,0.255,1,3.6743999999999999E-2,6.9399085564990202]
[12286,"Rye-Fall",483,0.185,1,3.9366999999999999E-2,4.6993674905377603]
[12287,"Rye-Spring",485,0.185,1,3.9366999999999999E-2,4.6993674905377603]
[12386,"Safflower",746,0.66,1923,2.2046000000000001,0.29937403610632313,"lb"]
[12387,"SunflowerConfectionary",750,0.72499999999999998,1923,2.2046000000000001,0.32885784269255192,"lb"]
[12387,"SunflowerOilseed(Sunflower)",749,0.52,1923,2.2046000000000001,0.23587045268983034,"lb"]
[12288,"Triticale-Spring",487,0.185,1,4.2396000000000003E-2,4.3636192093593733]
[12289,"Triticale-Winter",489,0.185,1,4.2396000000000003E-2,4.3636192093593733]
[13571,"Wheat-CanadaPrairieSpring",3477,0.20499999999999999,1,3.6743999999999999E-2,5.5791421728717614]
[12290,"Wheat-Durum",491,0.245,1,3.6743999999999999E-2,6.6677552797735684]
[12290,"Wheat-DurumHighProtein",3903,0.25,1,3.6743999999999999E-2,6.8038319181362947]
[13572,"Wheat-ExtraStrong",3479,0.215,1,3.6743999999999999E-2,5.8512954495972131]
[12291,"Wheat-HardRedSpring",493,0.215,1,3.6743999999999999E-2,5.8512954495972131]
[12291,"Wheat-HardRedSpringHighProtein",3853,0.23499999999999999,1,3.6743999999999999E-2,6.3956020030481167]
[12292,"Wheat-HardRedWinter",495,0.19,1,3.6743999999999999E-2,5.1709122577835842]
[19127,"Wheat-NorthernHardRed",23731,0.19,1,3.6743999999999999E-2,5.1709122577835842]
[12294,"Wheat-SoftWhiteSpring",499,0.18,1,3.6743999999999999E-2,4.8987589810581316]
[19126,"Wheat-SpecialPurpose",23725,0.185,1,3.6743999999999999E-2,5.0348356194208579]

{"sheet":"Irr Crop Normals (data)","index":17,"n_rows":64,"n_cols":53,"rows_kept":64,"cut":false,"hidden":true,"merged":[]}
["F1","F2","F3","F4","F5","F6","F7","F8","F9","F10","F11","F12","F13","F14","F15","F16","F17","F18","F19","F20","F21","F22","F23","F24","F25","F26","F27","F28","F29","F30","F31","F32","F33","F34","F35","F36","F37","F38","F39","F40","F41","F42","F43","F44","Column1","Column2","Column3"]
[]
[]
[]
[]
["60",null,"Crop1","Crop2","Crop3","Crop4","Crop5","Crop6","Crop7","Crop8","Crop9","Crop10","Crop11","Crop12","Crop13","Crop14","Crop15","Crop16","Crop17","Crop18","Crop19","Crop20","Crop21","Crop22","Crop23","Crop24","Crop25","Crop26","Crop27","Crop28","Crop29","Crop30","Crop31","Crop32","Crop33","Crop34","Crop35","Crop36","Crop37","Crop38","Crop39","Crop40","Crop41"]
["70",null,null,null,null,"normal lookup table"]
["80",null,"Barley","Barley Malting","Beans,Dry-Black/Others","Beans,Dry-GreatNorthern","Beans,Dry-Pink","Beans,Dry-Pinto","Beans,Dry-SmallRed","Beans,Dry-Yellow","Canola-Argentine","Canola-Polish","Canola-Argentine Specialty Oil","Chickpeas-Desi","Chickpeas-Kabuli","Corn(Grain)","FabaBean","Flax","Lentils-Green","Lentils-Red","MixedGrain","Mustard-Brown","Mustard-Oriental","Mustard-Yellow","Oats","Peas,Field","Rye-Fall","Rye-Spring","Safflower","Sunflower Confectionary","Sunflower Oilseed(Sunflower)","Triticale-Spring","Triticale-Winter","Wheat-CanadaPrairieSpring","Wheat-Durum","Wheat-Durum High Protein*","Wheat-ExtraStrong","Wheat-HardRedSpring","Wheat-HardRedSpring High Protein*","Wheat-HardRedWinter","Wheat-NorthernHardRed","Wheat-SoftWhiteSpring","Wheat-SpecialPurpose"]
[null,"AG_PROD_UID","12267","12267","12413","12414","12415","12416","12417","18741","12388","12389","12388","13559","13558","12270","12408","12383","18898","18897","12272","12392","12393","12394","12273","12411","12286","12287","12386","12387","12387","12288","12289","13571","12290","12290","13572","12291","12292","12292","19127","12294","19126"]
[null,"AG_PROD_USE_UID",442,7139,810,811,812,813,814,22153,752,754,12978,3464,3463,448,788,738,23056,23054,452,759,761,763,456,808,483,485,746,750,749,487,489,3477,491,3903,3479,493,3853,495,23731,499,23725]
[null,"Spring Price",{"$f":"VLOOKUP(C10, Irr_Price_Lookup,5,FALSE)","v":4.876168012337839},5.7833620611448788,0.31751791708246391,0.34019776830263992,0.36287761952281594,0.32658985757053433,0.36741358976685112,0.31751791708246391,10.205933049079199,10.205933049079199,11.816202485711694,0.19958269073754875,0.18597478000544315,5.5882950619792728,0.10205933049079198,13.590062742906497,0.24040642293386555,0.19051075024947833,4.1911984831853113,13.721309988206476,13.721309988206476,17.463485439535518,3.4405162634133641,6.9399085564990202,4.6993674905377603,4.6993674905377603,0.29937403610632313,0.32885784269255192,0.23587045268983034,4.3636192093593733,4.3636192093593733,5.5791421728717614,6.6677552797735684,6.8038319181362947,5.8512954495972131,5.8512954495972131,6.3956020030481167,5.1709122577835842,5.1709122577835842,4.8987589810581316,5.0348356194208579]
["RA","1",109.96544799999999,109.96544799999999,null,null,null,null,null,null,47.663451999999999,33.818564000000002,47.663451999999999,1067.0264,1402.1256000000001,53.068064,2696.2258000000002,31.375498999999998,1472.6728000000001,1620.3810000000001,112.83645999999999,31.040768,30.599847999999998,20.414596,83.452591999999996,49.420679999999997,82.749433999999994,76.962485000000001,null,null,null,86.233463999999998,91.74494399999999,69.887087999999991,85.72375199999999,85.72375199999999,67.535471999999999,63.677351999999999,63.677351999999999,96.563231999999999,63.603864000000002,93.366503999999992,69.997320000000002,null,null,null,null,null,null,"Modication History"]
[null,"2",113.492808,113.492808,2039.2550000000001,2105.393,1957.6848,1977.5262,2065.7102,2427.2646,52.998584000000001,34.127207999999996,52.998584000000001,null,null,109.876088,2696.2258000000002,50.507860999999998,1472.6728000000001,1620.3810000000001,137.939065,28.703892,28.307064,19.797308000000001,103.455404,49.420679999999997,95.779910999999998,93.732827,1265.4404,1554.2430000000002,1503.5372,105.31166399999999,101.02966799999999,87.671183999999997,87.891648000000004,87.891648000000004,83.702832000000001,77.456351999999995,77.456351999999995,96.085560000000001,80.763311999999999,101.85436799999999,87.120024000000001,null,null,null,null,null,null,"2020-03-10","Ilyas Ali","Update Price from excel Irrigated Sheet (Provide by Busines)","Completed"]
[null,"3",110.406368,110.406368,2039.2550000000001,2105.393,1957.6848,1977.5262,2065.7102,2427.2646,55.159092000000001,35.361784,55.159092000000001,null,null,118.73388800000001,2696.2258000000002,41.965221999999997,1472.6728000000001,1620.3810000000001,122.707145,42.063767999999996,41.534663999999999,26.675660000000001,98.723556000000002,49.420679999999997,89.599291999999991,82.828168000000005,1265.4404,1554.2430000000002,1503.5372,123.58433999999998,125.74653599999999,100.421352,99.502752000000001,99.502752000000001,96.967416,94.579055999999994,94.579055999999994,103.8018,95.901839999999993,101.78088,100.20088799999999]
[null,"4",101.058864,101.058864,2039.2550000000001,2105.393,1957.6848,1977.5262,2065.7102,2427.2646,53.483595999999999,35.405875999999999,53.483595999999999,null,null,118.73388800000001,2696.2258000000002,41.807753999999996,1472.6728000000001,1620.3810000000001,100.56073499999999,31.128951999999998,30.643940000000001,20.370504,100.766854,49.420679999999997,77.356155000000001,59.719738999999997,1265.4404,1554.2430000000002,1503.5372,96.323711999999986,110.01761999999999,85.870728,87.046536000000003,87.046536000000003,87.781415999999993,78.962856000000002,78.962856000000002,96.746951999999993,82.710743999999991,88.883735999999999,85.980959999999996]
[null,"5",95.106443999999996,95.106443999999996,null,null,null,null,null,null,48.633476000000002,30.688032,48.633476000000002,null,null,null,2696.2258000000002,29.52525,1472.6728000000001,1620.3810000000001,105.02007999999999,30.070744000000001,29.629823999999999,19.797308000000001,86.248683999999997,49.420679999999997,85.347656000000001,78.143495000000001,null,null,null,105.01489199999999,104.50613999999999,81.498192000000003,91.639535999999993,91.639535999999993,84.584688,77.382863999999998,77.382863999999998,116.698944,79.293551999999991,84.400967999999992,81.608423999999999]
[null,6]
[null,7]
[null,"8",95.767824000000005,95.767824000000005,null,null,null,null,null,null,38.404131999999997,26.455199999999998,38.404131999999997,null,null,null,null,30.194489000000001,null,null,104.01797999999999,null,null,null,84.259157000000002,null,null,null,null,null,null,null,null,85.72375199999999,null,null,84.621431999999999,76.978679999999997,76.978679999999997,null,80.322384,null,85.870728]
[null,"9",93.254580000000004,93.254580000000004,2039.2550000000001,2105.393,1957.6848,1977.5262,2065.7102,2427.2646,35.053139999999999,24.647427999999998,35.053139999999999,null,null,null,2696.2258000000002,30.942461999999999,1472.6728000000001,1620.3810000000001,102.81545999999999,31.128951999999998,30.599847999999998,20.458687999999999,80.226331999999999,49.420679999999997,69.364654000000002,55.743671999999997,null,1554.2430000000002,null,81.697091999999998,86.827007999999992,68.123375999999993,85.833984000000001,85.833984000000001,66.102456000000004,60.480623999999999,60.480623999999999,82.600511999999995,63.420144000000001,83.078183999999993,68.233608000000004]
[null,null,"Barley"]
[null,null,"Barley Malting"]
[null,null,"Beans,Dry-Black/Others"]
[null,null,"Beans,Dry-GreatNorthern"]
[null,null,"Beans,Dry-Pink"]
[null,null,"Beans,Dry-Pinto"]
[null,null,"Beans,Dry-SmallRed"]
[null,null,"Beans,Dry-Yellow"]
[null,null,"Canola-Argentine"]
[null,null,"Canola-Polish"]
[null,null,"Canola-Argentine Specialty Oil"]
[null,null,"Chickpeas-Desi"]
[null,null,"Chickpeas-Kabuli"]
[null,null,"Corn(Grain)"]
[null,null,"FabaBean"]
[null,null,"Flax"]
[null,null,"Lentils-Green"]
[null,null,"Lentils-Red"]
[null,null,"MixedGrain"]
[null,null,"Mustard-Brown"]
[null,null,"Mustard-Oriental"]
[null,null,"Mustard-Yellow"]
[null,null,"Oats"]
[null,null,"Peas,Field"]
[null,null,"Rye-Fall"]
[null,null,"Rye-Spring"]
[null,null,"Safflower"]
[null,null,"Sunflower Confectionary"]
[null,null,"Sunflower Oilseed(Sunflower)"]
[null,null,"Triticale-Spring"]
[null,null,"Triticale-Winter"]
[null,null,"Wheat-CanadaPrairieSpring"]
[null,null,"Wheat-Durum"]
[null,null,"Wheat-Durum High Protein*"]
[null,null,"Wheat-ExtraStrong"]
[null,null,"Wheat-HardRedSpring"]
[null,null,"Wheat-HardRedSpring High Protein*"]
[null,null,"Wheat-HardRedWinter"]
[null,null,"Wheat-NorthernHardRed"]
[null,null,"Wheat-SoftWhiteSpring"]
[null,null,"Wheat-SpecialPurpose"]
[null,null,"0",null,null,null,""]
[null,null,"0"]
[null,null,"0"]

{"sheet":"Irr Silage Normals (data)","index":18,"n_rows":15,"n_cols":16,"rows_kept":15,"cut":false,"hidden":true,"merged":[]}
["a","b","c","d","e","F6","F7"]
[null,"Crop39",null,null,null,null,null,null,null,null,null,null,"Modication History"]
[null,null,null,"normal lookup table",null,null,"This data come from the Irrigated data from Raymond for Barley.",null,null,null,null,null,"2020-03-10","Ilyas Ali",null,"Completed"]
[null,"BarleyProxy","BarleyProxy(Corn)",null,null,null,null,null,{"$f":"Table_Query_from_Excel_Files10[[#This Row],[b]]","v":"BarleyProxy"},null,null,null,"2020-03-25","Martine West","Updated the price from 4.08 to 4.88"]
[null,null,null,null,null,null,null,null,{"$f":"C4","v":"BarleyProxy(Corn)"}]
["Spring Price",4.88,4.88]
["1",109.96544799999999,{"$f":"Table_Query_from_Excel_Files10[[#This Row],[b]]","v":109.96544799999999}]
["2",113.492808,{"$f":"Table_Query_from_Excel_Files10[[#This Row],[b]]","v":113.492808}]
["3",110.406368,{"$f":"Table_Query_from_Excel_Files10[[#This Row],[b]]","v":110.406368}]
["4",101.058864,{"$f":"Table_Query_from_Excel_Files10[[#This Row],[b]]","v":101.058864}]
["5",95.106443999999996,{"$f":"Table_Query_from_Excel_Files10[[#This Row],[b]]","v":95.106443999999996}]
[6]
[7]
["8",95.767824000000005,{"$f":"Table_Query_from_Excel_Files10[[#This Row],[b]]","v":95.767824000000005}]
["9",93.254580000000004,{"$f":"Table_Query_from_Excel_Files10[[#This Row],[b]]","v":93.254580000000004}]

{"sheet":"Irr Silage Rates (data)","index":19,"n_rows":29,"n_cols":11,"rows_kept":29,"cut":false,"hidden":true,"merged":[]}
["ID","CROP","RA","CL","p rem","prem+"]
["1BarleyProxy80","BarleyProxy",1,80,1.9,4.3600000000000003,null,"Modication History"]
["1BarleyProxy(Corn)80","BarleyProxy(Corn)",1,80,1.9,4.3600000000000003,null,"2020-03-10","Ilyas Ali","Update Price (Dry_SilageGreenfeed_extract.sql)","Completed"]
["1LOM(Barley)80","LOM(Barley)",1,80,1.9,4.3600000000000003]
["1LOM(Corn)80","LOM(Corn)",1,80,1.9,4.3600000000000003]
["2BarleyProxy80","BarleyProxy",2,80,1.3,3.85]
["2BarleyProxy(Corn)80","BarleyProxy(Corn)",2,80,1.3,3.85]
["2LOM(Barley)80","LOM(Barley)",2,80,1.3,3.85]
["2LOM(Corn)80","LOM(Corn)",2,80,1.3,3.85]
["3BarleyProxy80","BarleyProxy",3,80,1.38,3.95]
["3BarleyProxy(Corn)80","BarleyProxy(Corn)",3,80,1.38,3.95]
["3LOM(Barley)80","LOM(Barley)",3,80,1.38,3.95]
["3LOM(Corn)80","LOM(Corn)",3,80,1.38,3.95]
["4BarleyProxy80","BarleyProxy",4,80,1.24,3.79]
["4BarleyProxy(Corn)80","BarleyProxy(Corn)",4,80,1.24,3.79]
["4LOM(Barley)80","LOM(Barley)",4,80,1.24,3.79]
["4LOM(Corn)80","LOM(Corn)",4,80,1.24,3.79]
["5BarleyProxy80","BarleyProxy",5,80,1.41,3.95]
["5BarleyProxy(Corn)80","BarleyProxy(Corn)",5,80,1.41,3.95]
["5LOM(Barley)80","LOM(Barley)",5,80,1.41,3.95]
["5LOM(Corn)80","LOM(Corn)",5,80,1.41,3.95]
["8BarleyProxy80","BarleyProxy",8,80,1.8,4.33]
["8BarleyProxy(Corn)80","BarleyProxy(Corn)",8,80,1.8,4.33]
["8LOM(Barley)80","LOM(Barley)",8,80,1.8,4.33]
["8LOM(Corn)80","LOM(Corn)",8,80,1.8,4.33]
["9BarleyProxy80","BarleyProxy",9,80,3.7,6.19]
["9BarleyProxy(Corn)80","BarleyProxy(Corn)",9,80,3.7,6.19]
["9LOM(Barley)80","LOM(Barley)",9,80,3.7,6.19]
["9LOM(Corn)80","LOM(Corn)",9,80,3.7,6.19]

{"sheet":"Properties (Data)","index":20,"n_rows":10,"n_cols":9,"rows_kept":10,"cut":false,"hidden":true,"merged":[[0,0,0,1],[0,3,0,4]]}
["Common Properties",null,null,"Local Properties"]
["Property","Value",null,"Property","Value","F3","F4"]
["Hail Factor",37,null,"CropYear",2020,null,null,"CropYear",2020]
["ReplyEmailAddress","Info@afsc.ca",null,"Corn Grain Producer Premium",2.4700000000000002,"19003 Lethbridge CHU Rates (data)","SPE"]
["LogoFile","CAP AFSC AB CAN bw.jpg",null,"Corn Silage Producer Premium",2.5499999999999998,"29003 Lethbridge CHU Rates (data)","SPE","Current Path","\\\\hs-committees.afsc.ca@SSL\\DavWWWRoot\\inlas\\Documents\\"]
["DataFilePath1","\\\\hs-committees.afsc.ca@SSL\\DavWWWRoot\\inlas\\Documents\\",null,"Corn Grain farm_75 Premium",4.7,"19003 Lethbridge CHU Rates (data)"]
["DataFilePath2","\\\\homestead.afsc.ca@SSL\\DavWWWRoot\\wrkres\\Documents",null,"Corn Silage farm_75 Premium",3.51,"29003 Lethbridge CHU Rates (data)"]
["CommonDataFile","ManualCalcCommonData",null,"VPB Shortfall on corn silage",50,"As per Carol Law April 10, 2018"]
["ModulePath","\\\\hs-committees.afsc.ca@SSL\\DavWWWRoot\\inlas\\Documents\\"]
["ModuleName","CalculatorMacros.code"]