{"text_format":"1","workbook":"xlsx","n_sheets":4,"sheets":["Notes","History Rate Chart","Data","Properties (data)"],"not_rendered":{"charts":1,"images":3,"macros":1,"external_links":0,"defined_names":8,"comments":0,"pivot_tables":0},"unopened":[],"bounds":{"document_bytes":16777216,"sheet_cells":100000,"rows_first":2000,"rows_last":500,"rows_between":2000,"halvings":0,"cell_chars":16384,"cell_head_chars":4096},"cells_cut":0,"cells_raw":0,"read":"whole","date_system":"1900"}

{"sheet":"Notes","index":0,"n_rows":4,"n_cols":11,"rows_kept":4,"cut":false,"hidden":false,"merged":[[1,1,1,11],[3,8,3,9],[2,10,3,11],[0,1,0,11]]}
[null,"Moisture Deficiency Insurance (MDI) Program"]
[]
[null,null,null,null,null,null,null,null,null,null,{"$f":"Crop_Year","v":2024}]
[null,null,null,null,null,null,null,null,"Crop Year"]

{"sheet":"History Rate Chart","index":1,"n_rows":53,"n_cols":28,"rows_kept":53,"cut":false,"hidden":false,"merged":[[40,1,40,2],[41,1,41,2],[40,3,40,6],[41,3,41,6],[42,1,42,2],[42,3,42,6],[6,26,7,26],[0,1,0,21],[1,1,1,21],[3,1,3,16],[38,1,38,21],[43,1,43,2],[43,3,43,6],[44,1,44,2],[44,3,44,6],[47,1,49,21],[40,7,40,10],[41,7,41,10],[42,7,42,10],[43,7,43,10],[44,7,44,10]]}
[null,"History of Moisture Deficiency Insurance (MDI) Payment Rates ",null,null,null,null,null,null,null,null,null,null,null,null,null,null,null,null,null,null,null,null,null,null,null,"Hide here and after"]
[null,{"$f":"\"Based on \" & Crop_Year &\" Moisture Normals\"","v":"Based on 2024 Moisture Normals"},null,null,null,null,null,null,null,null,null,null,null,null,null,null,null,null,null,null,null,null,null,null,null,null,null,"<hide>"]
[]
[null,"As calculated by the AFSC Actuarial Department"]
[]
[null,null,null,null,null,null,null,null,null,null,null,null,null,null,null,"Choose your weighting option."]
[null,"Choose up to three weather station locations."]
[]
[null,1]
[null,2]
[null,3]
[]
[]
[]
[]
[]
[null,null,"Payment Rate History"]
[null,null,{"$f":"Crop_Year-20","v":2004},{"$f":"Crop_Year-19","v":2005},{"$f":"Crop_Year-18","v":2006},{"$f":"Crop_Year-17","v":2007},{"$f":"Crop_Year-16","v":2008},{"$f":"Crop_Year-15","v":2009},{"$f":"Crop_Year-14","v":2010},{"$f":"Crop_Year-13","v":2011},{"$f":"Crop_Year-12","v":2012},{"$f":"Crop_Year-11","v":2013},{"$f":"Crop_Year-10","v":2014},{"$f":"Crop_Year-9","v":2015},{"$f":"Crop_Year-8","v":2016},{"$f":"Crop_Year-7","v":2017},{"$f":"Crop_Year-6","v":2018},{"$f":"Crop_Year-5","v":2019},{"$f":"Crop_Year-4","v":2020},{"$f":"Crop_Year-3","v":2021},{"$f":"Crop_Year-2","v":2022},{"$f":"Crop_Year-1","v":2023}]
[null,1,{"$f":"IFERROR(INDEX((OptA),Data!$E$1,1),0)","v":0},{"$f":"IFERROR(INDEX((OptA),Data!$E$1,2),0)","v":0},{"$f":"IFERROR(INDEX((OptA),Data!$E$1,3),0)","v":0},{"$f":"IFERROR(INDEX((OptA),Data!$E$1,4),0)","v":0},{"$f":"IFERROR(INDEX((OptA),Data!$E$1,5),0)","v":0},{"$f":"IFERROR(INDEX((OptA),Data!$E$1,6),0)","v":0},{"$f":"IFERROR(INDEX((OptA),Data!$E$1,7),0)","v":0},{"$f":"IFERROR(INDEX((OptA),Data!$E$1,8),0)","v":0},{"$f":"IFERROR(INDEX((OptA),Data!$E$1,9),0)","v":0},{"$f":"IFERROR(INDEX((OptA),Data!$E$1,10),0)","v":0},{"$f":"IFERROR(INDEX((OptA),Data!$E$1,11),0)","v":0},{"$f":"IFERROR(INDEX((OptA),Data!$E$1,12),0)","v":0},{"$f":"IFERROR(INDEX((OptA),Data!$E$1,13),0)","v":0},{"$f":"IFERROR(INDEX((OptA),Data!$E$1,14),0)","v":0},{"$f":"IFERROR(INDEX((OptA),Data!$E$1,15),0)","v":0},{"$f":"IFERROR(INDEX((OptA),Data!$E$1,16),0)","v":0},{"$f":"IFERROR(INDEX((OptA),Data!$E$1,17),0)","v":0},{"$f":"IFERROR(INDEX((OptA),Data!$E$1,18),0)","v":0},{"$f":"IFERROR(INDEX((OptA),Data!$E$1,19),0)","v":0},{"$f":"IFERROR(INDEX((OptA),Data!$E$1,20),0)","v":0}]
[null,2,{"$f":"IFERROR(INDEX((OptA),Data!$E$2,1),0)","v":0},{"$f":"IFERROR(INDEX((OptA),Data!$E$2,2),0)","v":0},{"$f":"IFERROR(INDEX((OptA),Data!$E$2,3),0)","v":0},{"$f":"IFERROR(INDEX((OptA),Data!$E$2,4),0)","v":0},{"$f":"IFERROR(INDEX((OptA),Data!$E$2,5),0)","v":0},{"$f":"IFERROR(INDEX((OptA),Data!$E$2,6),0)","v":0},{"$f":"IFERROR(INDEX((OptA),Data!$E$2,7),0)","v":0},{"$f":"IFERROR(INDEX((OptA),Data!$E$2,8),0)","v":0},{"$f":"IFERROR(INDEX((OptA),Data!$E$2,9),0)","v":0},{"$f":"IFERROR(INDEX((OptA),Data!$E$2,10),0)","v":0},{"$f":"IFERROR(INDEX((OptA),Data!$E$2,11),0)","v":0},{"$f":"IFERROR(INDEX((OptA),Data!$E$2,12),0)","v":0},{"$f":"IFERROR(INDEX((OptA),Data!$E$2,13),0)","v":0},{"$f":"IFERROR(INDEX((OptA),Data!$E$2,14),0)","v":0},{"$f":"IFERROR(INDEX((OptA),Data!$E$2,15),0)","v":0},{"$f":"IFERROR(INDEX((OptA),Data!$E$2,16),0)","v":0},{"$f":"IFERROR(INDEX((OptA),Data!$E$2,17),0)","v":0},{"$f":"IFERROR(INDEX((OptA),Data!$E$2,18),0)","v":0},{"$f":"IFERROR(INDEX((OptA),Data!$E$2,19),0)","v":0},{"$f":"IFERROR(INDEX((OptA),Data!$E$2,20),0)","v":0}]
[null,3,{"$f":"IFERROR(INDEX((OptA),Data!$E$3,1),0)","v":0},{"$f":"IFERROR(INDEX((OptA),Data!$E$3,2),0)","v":0},{"$f":"IFERROR(INDEX((OptA),Data!$E$3,3),0)","v":0},{"$f":"IFERROR(INDEX((OptA),Data!$E$3,4),0)","v":0},{"$f":"IFERROR(INDEX((OptA),Data!$E$3,5),0)","v":0},{"$f":"IFERROR(INDEX((OptA),Data!$E$3,6),0)","v":0},{"$f":"IFERROR(INDEX((OptA),Data!$E$3,7),0)","v":0},{"$f":"IFERROR(INDEX((OptA),Data!$E$3,8),0)","v":0},{"$f":"IFERROR(INDEX((OptA),Data!$E$3,9),0)","v":0},{"$f":"IFERROR(INDEX((OptA),Data!$E$3,10),0)","v":0},{"$f":"IFERROR(INDEX((OptA),Data!$E$3,11),0)","v":0},{"$f":"IFERROR(INDEX((OptA),Data!$E$3,12),0)","v":0},{"$f":"IFERROR(INDEX((OptA),Data!$E$3,13),0)","v":0},{"$f":"IFERROR(INDEX((OptA),Data!$E$3,14),0)","v":0},{"$f":"IFERROR(INDEX((OptA),Data!$E$3,15),0)","v":0},{"$f":"IFERROR(INDEX((OptA),Data!$E$3,16),0)","v":0},{"$f":"IFERROR(INDEX((OptA),Data!$E$3,17),0)","v":0},{"$f":"IFERROR(INDEX((OptA),Data!$E$3,18),0)","v":0},{"$f":"IFERROR(INDEX((OptA),Data!$E$3,19),0)","v":0},{"$f":"IFERROR(INDEX((OptA),Data!$E$3,20),0)","v":0}]
[null,"Average",{"$f":"IFERROR(SUM(C19:C21)/Data!$E$4,0)","v":0},{"$f":"IFERROR(SUM(D19:D21)/Data!$E$4,0)","v":0},{"$f":"IFERROR(SUM(E19:E21)/Data!$E$4,0)","v":0},{"$f":"IFERROR(SUM(F19:F21)/Data!$E$4,0)","v":0},{"$f":"IFERROR(SUM(G19:G21)/Data!$E$4,0)","v":0},{"$f":"IFERROR(SUM(H19:H21)/Data!$E$4,0)","v":0},{"$f":"IFERROR(SUM(I19:I21)/Data!$E$4,0)","v":0},{"$f":"IFERROR(SUM(J19:J21)/Data!$E$4,0)","v":0},{"$f":"IFERROR(SUM(K19:K21)/Data!$E$4,0)","v":0},{"$f":"IFERROR(SUM(L19:L21)/Data!$E$4,0)","v":0},{"$f":"IFERROR(SUM(M19:M21)/Data!$E$4,0)","v":0},{"$f":"IFERROR(SUM(N19:N21)/Data!$E$4,0)","v":0},{"$f":"IFERROR(SUM(O19:O21)/Data!$E$4,0)","v":0},{"$f":"IFERROR(SUM(P19:P21)/Data!$E$4,0)","v":0},{"$f":"IFERROR(SUM(Q19:Q21)/Data!$E$4,0)","v":0},{"$f":"IFERROR(SUM(R19:R21)/Data!$E$4,0)","v":0},{"$f":"IFERROR(SUM(S19:S21)/Data!$E$4,0)","v":0},{"$f":"IFERROR(SUM(T19:T21)/Data!$E$4,0)","v":0},{"$f":"IFERROR(SUM(U19:U21)/Data!$E$4,0)","v":0},{"$f":"IFERROR(SUM(V19:V21)/Data!$E$4,0)","v":0}]
[]
[]
[]
[]
[]
[]
[]
[]
[]
[]
[]
[]
[]
[]
[]
[null,"Note:"]
[null,"Payment rates reflected in this calculator do not reflect actual payment rates but utilize the precipitation data to determine payment rates based on current payment rate methodology. "]
[]
[null,null,null,"2022 prior coverage splits",null,null,null,"2023 onwards coverage splits"]
[null,"A Short",null,"60/40",null,null,null,"40/40/20/0"]
[null,"B Short",null,"55/45",null,null,null,"40/30/30/0"]
[null,"C Long",null,"60/40",null,null,null,"30/30/20/20"]
[null,"D Long",null,"50/50",null,null,null,"25/25/25/25"]
[]
[null,"DISCLAIMER:"]
[null,"Not all weather stations have a complete moisture history. In these cases, moisture is estimated from neighboring stations. This calculator is for your convenience and is intended for information purposes, based on selected coverage options and weather stations."]
[]
[]
[]
[]
[null,"Hide here and after"]

{"sheet":"Data","index":2,"n_rows":1045,"n_cols":49,"rows_kept":1045,"cut":false,"hidden":true,"merged":[]}
[{"$f":"IF(B1=2,\"A\",IF(B1=3,\"B\",IF(B1=4,\"C\",IF(B1=5,\"D\",\"\"))))","v":"A"},2,{"$f":"B1-1","v":1},1,{"$f":"MATCH(G1,$AA$6:$AA$1045,0)","v":{"$error":"#VALUE!"}},{"$f":"INDEX($AC$5:$AC$264,D1-1)","v":{"$error":"#VALUE!"}},{"$f":"F1&$A$1","v":{"$error":"#VALUE!"}},null,null,null,null,null,null,null,null,null,null,null,null,null,null,null,null,null,null,null,null,null,null,null,null,null,null,null,null,null,null,null,null,null,null,null,null,null,null,"Note:  If you add or removed rows you need to update the named ranges for OptA, OptB, OptC, OptD"]
[null,null,null,1,{"$f":"MATCH(G2,$AA$6:$AA$1045,0)","v":{"$error":"#VALUE!"}},{"$f":"INDEX($AC$5:$AC$264,D2-1)","v":{"$error":"#VALUE!"}},{"$f":"F2&$A$1","v":{"$error":"#VALUE!"}},null,null,null,null,null,null,null,null,null,null,null,null,null,null,null,null,null,null,null,null,null,null,null,null,null,null,null,null,null,null,null,null,null,null,null,null,null,null,"Also update the ranges on the dropdowns for the weather station locations on the History Rate tab."]
[null,null,null,1,{"$error":"#VALUE!"},{"$f":"INDEX($AC$5:$AC$264,D3-1)","v":{"$error":"#VALUE!"}},{"$error":"#VALUE!"},null,null,null,null,null,null,null,null,null,null,null,null,null,null,null,null,null,null,null,null,"WS DropDown"]
[null,null,null,null,{"$f":"COUNT(E1:E3)","v":0},null,null,null,null,null,null,null,null,null,null,null,null,null,null,null,null,null,null,null,null,null,"LookupKey"]
[null,"A. Short (40/40/20/0)","Risk_Area",null,"Option",2004,2005,2006,2007,2008,2009,2010,2011,2012,2013,2014,2015,2016,2017,2018,2019,2020,2021,2022,2023,null,null,{"$f":"_xlfn._xlws.FILTER(C6:E1045,E6:E1045=A1,\"\")","v":90},"Abee","A",null,null,null,null,null,null,null,null,null,null,null,null,null,null,null,"Modification History","Updated by","Description of Update","Status"]
[null,"B. Short (40/30/30/0)",90,"Abee","A",30,1,0,20,70,90,4,40,26,28,8,70,8,0,49,26,0,65,10,0,null,{"$f":"D6&E6","v":"AbeeA"},204,"Acadia Valley","A",null,null,null,null,null,null,null,null,null,null,null,null,null,null,null,null,"M West","Updated Weather Stations, deleted 2000 column, added 2020 column","Complete"]
[null,"C. Long (30/30/20/20)",90,"Abee","B",22.5,1.5,0,30,65,80,3,40,19.5,28,6,65,12,0,54.5,26,0,60,15,0,null,{"$f":"D7&E7","v":"AbeeB"},304,"Aden","A",null,null,null,null,null,null,null,null,null,null,null,null,null,null,null,null,"M West","Inserted new data from MDI data for newcalc 2021","Complete"]
[null,"D. Long (25/25/25/25)",90,"Abee","C",32.5,1,0,40,70,90,3,43,19.5,21,23,85,8,0,39.5,20.5,0,50,11,0,null,"AbeeC",160,"Albert Hall","A",null,null,null,null,null,null,null,null,null,null,null,null,null,null,null,null,"M West","Updated Weather Stations, deleted 2001 column, added 2021 column","Complete"]
[null,4,90,"Abee","D",31.25,1.25,0,55,70,90,2.5,41.25,16.25,17.5,26.25,90,10,0,37.5,17.5,0,45,13.75,0,null,"AbeeD",151,"Alliance","A",null,null,null,null,null,null,null,null,null,null,null,null,null,null,null,null,"M West","Inserted new data from MDI data for newcalc 2022","Complete"]
[null,5,204,"Acadia Valley","A",0,32,20,0,0,46,0,4,16,0,32,100,0,35,8,90,6,80,40,80,null,"Acadia ValleyA",91,"Andrew","A",null,null,null,null,null,null,null,null,null,null,null,null,null,null,null,"2023-01-16","M West","Updated data from T:\\Final Docs by Project\\Actuarial Tables\\ActTable2023\\Calculator\\MDI data for calculator2023v2.xlsx"]
[null,6,204,"Acadia Valley","B",0,37,30,0,0,38,0,4,24,0,32,100,0,60,10,95,9,80,36,65,null,"Acadia ValleyB",259,"Ardenville","A",null,null,null,null,null,null,null,null,null,null,null,null,null,null,null,"2023-12-14","J Baumgartner","Updated data from T:\\ActTable2024\\Calculator for MDI data for calculator2024.xlsx"]
[null,7,204,"Acadia Valley","C",0,26.5,20,0,1,34.5,0,19,36,20,24,85,0,60,6,65,55,85,80,95,null,"Acadia ValleyC",161,"Athabasca","A",null,null,null,null,null,null,null,null,null,null,null,null,null,null,null,"2024-01-09","J Baumgartner","Update the named ranges for OptA, OptB, OptC, OptD to account for additional rows.\nAlso updated the ranges on the dropdowns for the weather station locations on the History Rate tab to account for additional weather stations."]
[null,8,204,"Acadia Valley","D",0,26.25,25,0,1.25,28.75,0,22.5,45,25,20,65,0,75,10,60,70,90,85,90,null,"Acadia ValleyD",203,"Atlee","A"]
[null,9,304,"Aden","A",0,60,22,100,0,50,0,20,20,0,22,80,4,100,85,100,20,100,26,0,null,"AdenA",92,"Atmore","A"]
[null,10,304,"Aden","B",0,80,40,100,0,40,0,30,30,0,32,64,3,100,100,100,30,100,26,0,null,"AdenB",202,"Azure","A"]
[null,11,304,"Aden","C",0,50,45,100,0,45,0,40,40,8,21.5,100,3,100,100,90,40,100,19.5,0,null,"AdenC",46,"Ballater","A"]
[null,12,304,"Aden","D",0,50,70,100,0,35,0,50,65,10,26.25,90,2.5,100,100,95,60,100,16.25,0,null,"AdenD",54,"Barnwell","A"]
[null,13,160,"Albert Hall","A",0,0,0,20,40,95,0,40,0,30,16,90,4,1,35,40,0,28,0,60,null,"Albert HallA",146,"Barons","A"]
[null,14,160,"Albert Hall","B",0,0,0,30,40,95,0,40,0,30,16,64,3,1.5,35,40,0,30,0,55,null,"Albert HallB",249,"Barrhead","A"]
[null,15,160,"Albert Hall","C",0,0,4,20,10.5,60,0,46,2,22.5,12,54,14,3,50,30,0,41,20,24,null,"Albert HallC",147,"Bassano","A"]
[null,16,160,"Albert Hall","D",0,0,5,25,8.75,50,0,45,2.5,18.75,10,45,16.25,3.75,50,25,0,46.25,25,20,null,"Albert HallD",132,"Battle River","A"]
[null,17,151,"Alliance","A",15,16,0,20,23,80,0,34,0,2,16,85,0,70,50,10,0,32,0,100,null,"AllianceA",242,"Beaverdam","A"]
[null,18,151,"Alliance","B",13,16,0,30,35,70,0,34,0,3,16,75,0,80,50,10,0,34.5,0,100,null,"AllianceB",47,"Beaverlodge","A"]
[null,19,151,"Alliance","C",10.5,12,0,21,25,40.5,0,45.5,19,2,12,40.5,0,65,80,13.5,0,55,20,95,null,"AllianceC",149,"Beiseker","A"]
[null,20,151,"Alliance","D",8.75,10,0,40,35,33.75,0,46.25,23.75,2.5,10,33.75,0,70,85,13.75,0,70,25,90,null,"AllianceD",162,"Bellshill","A"]
[null,21,91,"Andrew","A",25,0,12,25,60,100,0,40,30,40,0,15,12,0,34,40,0,5,19,0,null,"AndrewA",163,"Big Valley","A"]
[null,22,91,"Andrew","B",16.5,0,9,45,50,100,0,40,22.5,50,0,7.5,9,0,34,40,0,3,25.5,0,null,"AndrewB",201,"Black Diamond","A"]
[null,23,91,"Andrew","C",20,5,9,40,19.5,100,0,30,22.5,30,20,30,9,1,25.5,37,0,3,22.5,0,null,"AndrewC",233,"Blackie","A"]
[null,24,91,"Andrew","D",13.75,5,7.5,45,16.25,100,0,25,18.75,30,25,26.25,7.5,1.25,21.25,33.75,0,2.5,30,0,null,"AndrewD",70,"Bodo","A"]
[null,25,259,"Ardenville","A",6,58,20,70,0,28,0,0,0,0,28,50,0,55,45,21,20,75,38,100,null,"ArdenvilleA",1,"Bow Island South","A"]
[null,26,259,"Ardenville","B",9,67,50,85,0,26,0,0,0,0,38,40,0,75,55,21,30,85,38,100,null,"ArdenvilleB",82,"Breton","A"]
[null,27,259,"Ardenville","C",6,48,55,100,12,21,0,9,17,0,26,50,0,100,70,20,40,45,44.5,90,null,"ArdenvilleC",63,"Brocket","A"]
[null,28,259,"Ardenville","D",7.5,47.5,75,100,15,17.5,0,11.25,21.25,0,30,45,0,100,75,25,50,45,43.75,95,null,"ArdenvilleD",2,"Brooks","A"]
[null,29,161,"Athabasca","A",40,0,3,20,11,100,2,40,12,30,5,65,8,0,30,40,0,50,15,0,null,"AthabascaA",164,"Brownvale","A"]
[null,30,161,"Athabasca","B",30,0,4.5,30,20,100,3,40,9,30,0,55,12,0,30,40,0,48,22.5,0,null,"AthabascaB",64,"Btap","A"]
[null,31,161,"Athabasca","C",30,7,3,22,15,80,2,45,9,25,25,60,8,0,26.5,30,0,55,15,0,null,"AthabascaC",103,"Buffalo","A"]
[null,32,161,"Athabasca","D",25,8.75,3.75,27.5,20,70,2.5,43.75,7.5,25,25,50,10,0,23.75,25,0,65,18.75,0,null,"AthabascaD",210,"Bullhorn Coulee Reservoir Inlet","A"]
[null,33,203,"Atlee","A",6,49,20,25,0,60,0,8,20,14,16,100,0,75,40,100,0,80,0,100,null,"AtleeA",209,"Bullhorn Headwater","A"]
[null,34,203,"Atlee","B",4.5,57.5,30,65,0,52,0,8,30,14,16,100,0,100,40,100,0,80,0,100,null,"AtleeB",227,"Bullsprings","A"]
[null,35,203,"Atlee","C",4.5,41,31,50,0,42,0,20,40,10.5,12,95,0,100,32,90,20,90,20,100,null,"AtleeC",84,"Busby","A"]
[null,36,203,"Atlee","D",3.75,41.25,38.75,80,0,35,0,22.5,50,8.75,10,75,0,100,27.5,85,25,100,25,100,null,"AtleeD",214,"Cabin Lake","A"]
[null,37,92,"Atmore","A",28,0,1,20,20,95,0,40,36,26,4,50,1,0,37,40,0,54,6,0,null,"AtmoreA",137,"Cadogan","A"]
[null,38,92,"Atmore","B",21,0,1.5,30,30,95,0,40,27,26,4,50,1.5,0,40.5,40,0,51,9,0,null,"AtmoreB",24,"Calgary","A"]
[null,39,92,"Atmore","C",21,3,1,31,6,75,0,30,27,31.5,17,60,1,0,29.5,30,0,45,6,0,null,"AtmoreC",29,"Campsie","A"]
[null,40,92,"Atmore","D",17.5,3.75,1.25,38.75,7.5,70,0,25,22.5,31.25,20,60,1.25,0,27.5,25,0,43.75,7.5,0,null,"AtmoreD",33,"Camrose","A"]
[null,41,202,"Azure","A",0,38,15,20,0,50,10,0,0,0,19,5,30,60,40,0,20,40,26,80,null,"AzureA",262,"Cappon","A"]
[null,42,202,"Azure","B",0,38,22.5,30,0,35,7.5,0,0,0,28.5,5,22.5,60,45,0,30,30,26,85,null,"AzureB",8,"Cardston","A"]
[null,43,202,"Azure","C",0,28.5,15,20,0,30,7.5,3,0,0,19,0,23.5,85,50,0,50,30,19.5,50,null,"AzureC",266,"Carrot Creek","A"]
[null,44,202,"Azure","D",0,23.75,18.75,25,0,25,6.25,3.75,0,0,23.75,0,20,95,50,0,70,25,16.25,45,null,"AzureD",301,"Carseland","A"]
[null,45,46,"Ballater","A",18,0,0,20,40,70,56,2,0,22,70,100,0,10,40,40,0,65,45,22,null,"BallaterA",272,"Carway","A"]
[null,46,46,"Ballater","B",13.5,0,0,30,45,55,57,2,0,22,80,100,0,7.5,40,40,0,70,50,16.5,null,"BallaterB",231,"Cereal","A"]
[null,47,46,"Ballater","C",13.5,0,0,20,45,75,47,2.5,0,36.5,100,80,0,7.5,30,30,1,55,55,16.5,null,"BallaterC",65,"Champion","A"]
[null,48,46,"Ballater","D",11.25,0,0,25,50,75,47.5,2.5,0,38.75,100,80,0,6.25,25,25,1.25,60,65,13.75,null,"BallaterD",93,"Chisholm","A"]
[null,49,54,"Barnwell","A",0,52,44,60,0,38,9,10,9,0,16,75,14,80,85,55,20,100,40,100,null,"BarnwellA",9,"Claresholm","A"]
[null,50,54,"Barnwell","B",0,65,65,100,0,36.5,13.5,15,13.5,0,24,55,10.5,100,95,50,30,100,40,100,null,"BarnwellB",104,"Cleardale","A"]
[null,51,54,"Barnwell","C",0,44,40,60,5,28.5,9,30,29,17,16,95,10.5,100,100,35,40,100,50,100,null,"BarnwellC",294,"Comrey","A"]
[null,52,54,"Barnwell","D",0,45,55,85,6.25,23.75,11.25,37.5,36.25,21.25,20,95,8.75,100,100,30,50,100,50,100,null,"BarnwellD",71,"Consort","A"]
[null,53,146,"Barons","A",0,55,40,20,0,62,0,0,11,0,20,80,0,100,100,40,12,85,40,100,null,"BaronsA",20,"Coronation","A"]
[null,54,146,"Barons","B",0,62.5,50,50,0,55,0,0,16.5,0,30,75,0,100,100,30,18,65,40,95,null,"BaronsB",134,"Craigmyle","A"]
[null,55,146,"Barons","C",0,45,40,30,0,46.5,0,20,11,3,21,85,0,100,100,30,32,60,47,95,null,"BaronsC",165,"Crestomere","A"]
[null,56,146,"Barons","D",0,43.75,43.75,50,0,38.75,0,25,13.75,3.75,26.25,85,0,100,100,25,40,50,46.25,85,null,"BaronsD",273,"Cross Drain 5","A"]
[null,57,249,"Barrhead","A",36,0,10,8,27,90,40,26,18,0,5,70,0,2,60,12,0,50,21,0,null,"BarrheadA",217,"Deadwood","A"]
[null,58,249,"Barrhead","B",27,0,15,12,24,80,30,26,13.5,0,0,70,0,2,50,12,0,51,29.5,0,null,"BarrheadB",66,"Del Bonita","A"]
[null,59,249,"Barrhead","C",31,0,22,8,45,80,30,19.5,13.5,1,20,90,0,3.5,35,24,2,56,30,0,null,"BarrheadC",159,"Delburne","A"]
[null,60,249,"Barrhead","D",27.5,0,27.5,10,50,75,25,16.25,11.25,1.25,25,95,0,3.75,25,26.25,2.5,65,36.25,0,null,"BarrheadD",94,"Dewberry","A"]
[null,61,147,"Bassano","A",0,45,20,20,0,40,1,40,18,0,15,95,36,25,40,60,2,100,40,75,null,"BassanoA",124,"Dickson Dam","A"]
[null,62,147,"Bassano","B",0,47.5,30,30,0,40,1.5,20,27,0,25,80,27,45,40,60,3,100,40,60,null,"BassanoB",289,"Divide Hills","A"]
[null,63,147,"Bassano","C",0,35,20,20,20,30,5,35,24,20,7,51,27,60,46,55,22,100,30,85,null,"BassanoC",22,"Drumheller","A"]
[null,64,147,"Bassano","D",0,31.25,25,25,25,25,6.25,30,30,25,8.75,42.5,22.5,80,45,50,27.5,100,25,80,null,"BassanoD",267,"Duck Lake","A"]
[null,65,132,"Battle River","A",0,8,35,7,35,80,0,8,0,4,5,50,0,9,50,8,0,20,0,9,null,"Battle RiverA",166,"Dupre","A"]
[null,66,132,"Battle River","B",0,12,35,10.5,40,75,0,8,0,3,5,45,0,13.5,55,8,0,15,0,13.5,null,{"$f":"D71&E71","v":"Battle RiverB"},167,"Eaglesham","A"]
[null,67,132,"Battle River","C",0,8,10,7,35,65,0,26,2,3,20,50,0,17,45,7,0,15,11,9,null,"Battle RiverC",112,"Edgerton","A"]
[null,68,132,"Battle River","D",0,10,1.25,8.75,35,60,0,30,2.5,2.5,25,45,0,21.25,45,6.25,0,12.5,13.75,11.25,null,"Battle RiverD",34,"Edmonton","A"]
[null,69,242,"Beaverdam","A",0,0,28,4,0,55,0,40,0,40,0,80,0,0,22,40,9,35,0,65,null,"BeaverdamA",87,"Edson","A"]
[null,70,242,"Beaverdam","B",0,0,21,6,0,60,0,40,0,50,0,70,0,0,22,40,9.5,55,0,65,null,"BeaverdamB",76,"Elbow","A"]
[null,71,242,"Beaverdam","C",7,0,21,4,10,60,0,30,0,35,12,65,0,11,16.5,41,7,50,14,30,null,"BeaverdamC",95,"Elk Island Park","A"]
[null,72,242,"Beaverdam","D",8.75,0,17.5,5,15,55,0,25,0,35,15,55,0,13.75,13.75,38.75,6.25,60,17.5,25,null,"BeaverdamD",56,"Enchant","A"]
[null,73,47,"Beaverlodge","A",30,0,40,19,90,40,52,40,45,0,45,21,0,10,50,0,0,60,14,0,null,"BeaverlodgeA",16,"Esther","A"]
[null,74,47,"Beaverlodge","B",25,0,30,28.5,90,30,48,40,55,0,45,30.5,0,15,40,0,0,49.5,21,0,null,"BeaverlodgeB",140,"Etzikom","A"]
[null,75,47,"Beaverlodge","C",13.5,0,50,19,65,47,42,43,55,0,55,20.5,0,10,30,0,13,43,30,0,null,"BeaverlodgeC",279,"Eureka River","A"]
[null,76,47,"Beaverlodge","D",11.25,0,50,23.75,60,46.25,40,41.25,60,0,60,25,0,12.5,25,0,16.25,41.25,40,0,null,"BeaverlodgeD",277,"Evansburg2","A"]
[null,77,149,"Beiseker","A",0,39,26,20,0,85,0,0,9,0,2,75,10,34,65,34,0,90,34,65,null,"BeisekerA",105,"Fairview","A"]
[null,78,149,"Beiseker","B",0,42.5,32,30,0,80,0,0,13.5,0,10,58,7.5,34,70,34,0,85,42,75,null,"BeisekerB",169,"Ferintosh","A"]
[null,79,149,"Beiseker","C",0,31,22.5,20,0,40.5,15,14,19,20,2,49.5,7.5,38.5,70,35.5,19,80,49.5,85,null,"BeisekerC",170,"Fincastle","A"]
[null,80,149,"Beiseker","D",0,28.75,23.75,25,0,33.75,18.75,17.5,23.75,25,2.5,41.25,6.25,37.5,75,33.75,23.75,75,56.25,95,null,"BeisekerD",261,"Finnegan","A"]
[null,81,162,"Bellshill","A",10,4,0,75,40,100,0,40,0,19,22,85,0,30,30,0,0,31,0,22,null,"BellshillA",240,"Fleet","A"]
[null,82,162,"Bellshill","B",4,6,0,95,30,100,0,40,0,26.5,22,80,0,30,20,0,0,28.5,0,22,null,"BellshillB",57,"Foremost","A"]
[null,83,162,"Bellshill","C",3,4,0,65,30,65,0,43,4,18,23.5,37.5,0,55,35,3,0,45,20,16.5,null,"BellshillC",171,"Forestburg","A"]
[null,84,162,"Bellshill","D",2.5,5,0,70,25,56.25,0,41.25,5,21.25,22.5,31.25,0,60,30,3.75,0,48.75,35,13.75,null,"BellshillD",145,"Fort Macleod","A"]
[null,85,163,"Big Valley","A",10,34,0,20,0,100,0,0,0,0,0,70,22,20,28,0,0,30,17,25,null,"Big ValleyA",113,"Ft Assiniboine","A"]
[null,86,163,"Big Valley","B",8,34,0,30,0,100,0,0,0,0,0,61,16.5,35,28,0,0,35,25.5,30,null,"Big ValleyB",106,"Ft Vermilion","A"]
[null,87,163,"Big Valley","C",6,25.5,0,20,0,60,0,0,12,15,0,51,16.5,30,41,14,0,30,20,40,null,"Big ValleyC",302,"Gahern","A"]
[null,88,163,"Big Valley","D",5,21.25,0,25,0,48.75,0,0,15,18.75,0,42.5,13.75,45,42.5,17.5,0,40,25,45,null,"Big ValleyD",154,"Gilt Edge North","A"]
[null,89,201,"Black Diamond","A",0,18,20,20,4,55,0,0,19,0,20,65,36,100,50,15,3,55,40,100,null,"Black DiamondA",237,"Gladstone","A"]
[null,90,201,"Black Diamond","B",0,18,30,30,6,40,0,0,28.5,0,35,65,27,100,55,5,4.5,40,40,100,null,"Black DiamondB",25,"Gleichen","A"]
[null,91,201,"Black Diamond","C",0,13.5,20,20,6,35,10,0,22,13,20,35,27,100,60,5,25,40,50,75,null,"Black DiamondC",172,"Glenevis","A"]
[null,92,201,"Black Diamond","D",0,11.25,25,25,7.5,25,10,0,27.5,16.25,25,35,22.5,100,65,1.25,45,35,50,70,null,"Black DiamondD",239,"Gooseberry Lake","A"]
[null,93,233,"Blackie","A",0,41,20,20,0,48,0,0,20,0,40,100,18,20,34,100,0,80,40,75,null,"BlackieA",173,"Grassy Lake","A"]
[null,94,233,"Blackie","B",0,42.5,30,30,0,46,0,0,30,0,45,100,13.5,30,34,100,0,80,40,85,null,"BlackieB",282,"Greencourt","A"]
[null,95,233,"Blackie","C",0,31.5,25,20,13,36,0,9,20,20,8,60,13.5,50,36.5,100,20,80,50,50,null,"BlackieC",174,"Halkirk","A"]
[null,96,233,"Blackie","D",0,27.5,31.25,25,16.25,30,0,15,25,25,10,50,11.25,75,35,100,25,80,50,40,null,"BlackieD",232,"Hand Hills","A"]
[null,97,70,"Bodo","A",0,0,17,20,0,100,0,40,0,0,15,100,0,20,2,40,2,80,24,0,null,"BodoA",175,"Hawk Hills","A"]
[null,98,70,"Bodo","B",0,0,25.5,30,0,100,0,40,0,0,19.5,100,0,30,3,39,2,85,24,0,null,"BodoB",265,"Hazel","A"]
[null,99,70,"Bodo","C",0,0,17,20,0,80,0,50,14,0,13.5,85,0,20,5,35,1.5,80,23,20,null,"BodoC",135,"Hemaruka","A"]
[null,100,70,"Bodo","D",0,0,21.25,25,0,55,0,50,17.5,0,15,65,0,25,6.25,30,1.25,90,21.25,25,null,"BodoD",176,"Hespero","A"]
[null,101,1,"Bow Island South","A",10,60,40,40,0,36,3,1,20,0,20,100,2,70,100,75,20,100,32,80,null,"Bow Island SouthA",288,"High Level","A"]
[null,102,1,"Bow Island South","B",15,95,75,90,0,34,4.5,1.5,30,0,30,100,1.5,100,100,75,30,100,32,90,null,"Bow Island SouthB",107,"High Prairie","A"]
[null,103,1,"Bow Island South","C",0,50,50,85,0,27,3,21,40,7,20,100,1.5,100,100,60,40,100,44,100,null,"Bow Island SouthC",213,"High Prairie - Banana Belt","A"]
[null,104,1,"Bow Island South","D",0,50,65,100,0,22.5,3.75,26.25,50,8.75,25,100,1.25,100,100,55,50,100,45,100,null,"Bow Island SouthD",306,"Hilda","A"]
[null,105,82,"Breton","A",0,25,25,0,20,100,0,2,0,22,5,100,0,2,35,14,0,48,12,16,null,"BretonA",220,"Hines Creek","A"]
[null,106,82,"Breton","B",0,35,20,0,15,100,0,2,0,16.5,10,100,0,3,40,14,0,42,12,22,null,"BretonB",96,"Holden","A"]
[null,107,82,"Breton","C",0,15,25,0,30,100,0,21.5,0,16.5,30,100,0,5,40,11.5,0,38,21,15,null,"BretonC",285,"Homestead Coulee","A"]
[null,108,82,"Breton","D",0,18.75,20,0,30,100,0,26.25,0,15,35,95,0,6.25,40,10,0,35,22.5,17.5,null,"BretonD",243,"Hoselaw","A"]
[null,109,63,"Brocket","A",16,59,40,85,0,32,0,14,6,9,24,35,24,75,45,0,18,55,40,100,null,"BrocketA",153,"Hughenden","A"]
[null,110,63,"Brocket","B",24,68.5,60,100,0,32,0,21,6,13.5,34,20,18,95,35,0,27,60,40,100,null,"BrocketB",75,"Hussar","A"]
[null,111,63,"Brocket","C",16,49,70,100,17,24,0,20,25,9,23,45,18,100,75,0,38,20.5,30,55,null,"BrocketC",286,"Iddesleigh","A"]
[null,112,63,"Brocket","D",20,48.75,90,100,21.25,20,0,25,30,11.25,27.5,45,15,100,80,0,47.5,23.75,25,42.5,null,"BrocketD",148,"Irvine","A"]
[null,113,2,"Brooks","A",0,32,20,20,0,38,0,13,20,0,6,100,0,50,100,100,15,100,40,100,null,"BrooksA",177,"Jean Cote","A"]
[null,114,2,"Brooks","B",0,32,30,55,0,38,0,13.5,30,0,9,100,0,80,100,90,22.5,100,40,100,null,"BrooksB",108,"Keg River","A"]
[null,115,2,"Brooks","C",0,24,34,25,20,28.5,0,16,20,20,9,100,0,95,100,85,35,100,50,100,null,"BrooksC",77,"Keoma","A"]
[null,116,2,"Brooks","D",0,20,45,50,25,23.75,0,16.25,25,25,11.25,100,0,100,100,75,43.75,100,50,100,null,"BrooksD",152,"Kessler","A"]
[null,117,164,"Brownvale","A",0,6,20,20,80,75,60,24,20,12,55,70,0,2,40,40,0,100,20,32,null,"BrownvaleA",290,"Ketchum Creek","A"]
[null,118,164,"Brownvale","B",0,4.5,15,30,85,70,60,24,30,12,75,75,0,1.5,40,40,0,100,30,24,null,"BrownvaleB",97,"Killam","A"]
[null,119,164,"Brownvale","C",0,24.5,24,20,75,85,53,18,27,9,90,40,0,18.5,45,30,0,95,20,24,null,"BrownvaleC",269,"Kinikinik","A"]
[null,120,164,"Brownvale","D",0,28.75,23.75,25,80,85,55,15,33.75,7.5,100,35,0,22.5,43.75,25,0,80,25,20,null,"BrownvaleD",205,"Kinsella","A"]
[null,121,64,"Btap","A",4,56,28,60,0,18,0,0,0,16,17,45,40,55,80,31,13,100,40,100,null,"BtapA",238,"Kirriemuir","A"]
[null,122,64,"Btap","B",3,66,50,85,0,18,0,0,0,24,25.5,30,30,80,90,34.5,19.5,100,40,100,null,"BtapB",155,"Kitscoty","A"]
[null,123,64,"Btap","C",3,47,40,100,5,13.5,0,14,18,16,17,60,30,90,100,27,33,90,30,100,null,"BtapC",178,"La Crete","A"]
[null,124,64,"Btap","D",2.5,47.5,60,100,6.25,11.25,0,17.5,22.5,20,21.25,55,25,100,100,28.75,41.25,90,25,100,null,"BtapD",179,"La Glace","A"]
[null,125,103,"Buffalo","A",0,30,20,20,0,60,0,4,11,16,30,100,0,100,8,100,10,60,7,100,null,"BuffaloA",44,"Lac La Biche","A"]
[null,126,103,"Buffalo","B",0,34,30,30,0,53.5,0,4,16.5,16,30,100,0,100,8,100,15,65,15,100,null,"BuffaloB",30,"Lacombe","A"]
[null,127,103,"Buffalo","C",0,24.5,20,20,0,43.5,0,20,31,32,22.5,95,0,100,6,100,30,80,70,100,null,"BuffaloC",234,"Lathom","A"]
[null,128,103,"Buffalo","D",0,23.75,25,25,0,36.25,0,23.75,38.75,35,18.75,95,0,100,5,100,45,95,85,100,null,"BuffaloD",126,"Lee Creek","A"]
[null,129,210,"Bullhorn Coulee Reservoir Inlet","A",18,60,59,65,0,34,0,0,0,8,36,20,24,40,20,20,16,70,28,75,null,"Bullhorn Coulee Reservoir InletA",117,"Leedale","A"]
[null,130,210,"Bullhorn Coulee Reservoir Inlet","B",27,70,68.5,85,0,31.5,0,0,0,15,46,15,18,60,20,21,24,70,30,75,null,{"$f":"D135&E135","v":"Bullhorn Coulee Reservoir InletB"},180,"Legal","A"]
[null,131,210,"Bullhorn Coulee Reservoir Inlet","C",18,50,54,100,11,25.5,0,20,20,8,32,15,18,80,10,20,36,45,21,60,null,"Bullhorn Coulee Reservoir InletC",11,"Lethbridge","A"]
[null,132,210,"Bullhorn Coulee Reservoir Inlet","D",22.5,50,55,100,13.75,21.25,0,25,25,10,35,12.5,15,100,10,25,45,45,17.5,55,null,"Bullhorn Coulee Reservoir InletD",123,"Lindbergh","A"]
[null,133,209,"Bullhorn Headwater","A",0,52,15,80,0,36,0,20,10,0,35,26,26,25,40,12,20,80,12,100,null,"Bullhorn HeadwaterA",150,"Linden","A"]
[null,134,209,"Bullhorn Headwater","B",0,62,22.5,100,0,33,0,30,15,0,39.5,19.5,19.5,35,55,9,30,85,12,100,null,"Bullhorn HeadwaterB",248,"Little Paddle Headwaters","A"]
[null,135,209,"Bullhorn Headwater","C",0,44,22,100,15,35,0,35,15,0,28.5,31.5,19.5,60,25,9,40,36.5,9,55,null,"Bullhorn HeadwaterC",69,"Livingston","A"]
[null,136,209,"Bullhorn Headwater","D",0,45,27.5,100,18.75,32.5,0,43.75,20,0,27.5,31.25,16.25,75,30,7.5,50,38.75,7.5,46.25,null,"Bullhorn HeadwaterD",36,"Lloydminster","A"]
[null,137,227,"Bullsprings","A",0,60,20,50,0,0,0,0,20,40,21,100,0,45,70,100,4,90,0,60,null,"BullspringsA",244,"Lodge Creek","A"]
[null,138,227,"Bullsprings","B",0,75,30,80,0,0,0,0,30,40,24.5,100,0,80,70,100,3,100,0,55,null,"BullspringsB",127,"Magee Lake","A"]
[null,139,227,"Bullsprings","C",0,50,40,75,5,0,0,9,40,50,17.5,100,0,80,75,100,23,100,20,90,null,"BullspringsC",51,"Manning","A"]
[null,140,227,"Bullsprings","D",0,50,70,100,6.25,0,0,11.25,50,50,17.5,100,0,100,75,100,40,100,25,95,null,"BullspringsD",138,"Mannville","A"]
[null,141,84,"Busby","A",18,0,6,4,60,100,30,32,10,18,26,90,25,8,40,12,0,51,13,0,null,"BusbyA",144,"Manyberries","A"]
[null,142,84,"Busby","B",13.5,0,4.5,6,45,100,22.5,32,7.5,20,19.5,95,25.5,8,40,12,0,46.5,16.5,0,null,"BusbyB",305,"Marwayne","A"]
[null,143,84,"Busby","C",13.5,7,4.5,4,70,100,22.5,24,13.5,25,19.5,100,21,15,45,12,0,51,11.5,0,null,"BusbyC",59,"Masinisan","A"]
[null,144,84,"Busby","D",11.25,8.75,3.75,5,75,100,18.75,20,13.75,25,16.25,100,21.25,16.25,45,11.25,0,51.25,12.5,0,null,"BusbyD",88,"Mayerthorpe","A"]
[null,145,214,"Cabin Lake","A",0,40,20,20,0,64,0,10,20,0,26,100,0,40,55,90,16,60,20,100,null,"Cabin LakeA",5,"Medicine Hat","A"]
[null,146,214,"Cabin Lake","B",0,42,30,30,0,58,0,10,30,0,26,100,0,60,60,85,24,60,20,100,null,"Cabin LakeB",181,"Medicine Lodge","A"]
[null,147,214,"Cabin Lake","C",0,31,20,20,0,48,0,15.5,39,10,19.5,100,0,85,80,80,36,70,45,100,null,"Cabin LakeC",6,"Milk River","A"]
[null,148,214,"Cabin Lake","D",0,27.5,25,25,0,40,0,16.25,48.75,12.5,16.25,80,0,100,85,70,45,80,45,100,null,"Cabin LakeD",207,"Milk River Reservoir","A"]
[null,149,137,"Cadogan","A",0,0,2,34,50,95,0,40,0,6,0,100,0,2,16,20,0,32,22,50,null,"CadoganA",208,"Milk River Ridge","A"]
[null,150,137,"Cadogan","B",0,0,3,44,45,100,0,40,0,10,0,100,0,1.5,12,18,0,39,22,50,null,"CadoganB",78,"Morrin","A"]
[null,151,137,"Cadogan","C",0,0,2,30.5,10,80,0,49,4,5.5,0,75,0,1.5,35,25,0,49,36.5,65,null,"CadoganC",139,"Mossleigh","A"]
[null,152,137,"Cadogan","D",0,0,2.5,33.75,7.5,75,0,48.75,5,6.25,0,57.5,0,1.25,35,23.75,0,65,38.75,70,null,"CadoganD",182,"Mundare","A"]
[null,153,24,"Calgary","A",0,50,6,18,0,85,0,0,6,4,20,60,10,75,70,8,0,95,40,65,null,"CalgaryA",183,"Myrnam","A"]
[null,154,24,"Calgary","B",0,60,6,27,0,70,0,0,9,6,30,55,7.5,65,80,8,0,75,40,70,null,"CalgaryB",120,"Neir","A"]
[null,155,24,"Calgary","C",0,42.5,11.5,18,0,45,0,0,15,16,20,22.5,7.5,85,70,6,20,55,47,60,null,"CalgaryC",184,"New Sarepta","A"]
[null,156,24,"Calgary","D",0,43.75,12.5,22.5,0,35,0,0,18.75,20,25,18.75,6.25,85,70,5,25,40,46.25,60,null,"CalgaryD",79,"Olds","A"]
[null,157,29,"Campsie","A",12,0,17,8,2,45,0,8,16,10,0,95,0,0,60,0,0,53,40,0,null,"CampsieA",114,"Oliver","A"]
[null,158,29,"Campsie","B",9,0,25.5,12,1.5,35,0,8,12,10,0,95,0,0,50,0,0,52.5,55,0,null,"CampsieB",7,"Onefour","A"]
[null,159,29,"Campsie","C",9,0,19,8,21.5,45,0,6,12,10,20,100,0,0,45,10,15,54,60,0,null,"CampsieC",73,"Oyen","A"]
[null,160,29,"Campsie","D",7.5,0,23.75,10,26.25,45,0,5,10,15,30,100,0,0,30,12.5,18.75,56.25,70,0,null,"CampsieD",247,"Paddle Dam","A"]
[null,161,33,"Camrose","A",45,50,0,13,5,100,0,40,50,1,0,100,0,6,40,18,0,31,2,22,null,"CamroseA",141,"Pakowki Lake","A"]
[null,162,33,"Camrose","B",33,65,0,19.5,15,100,0,40,40,1.5,0,95,0,9,30,18,0,30,2,22,null,"CamroseB",128,"Parlby Creek","A"]
[null,163,33,"Camrose","C",31.5,55,0,13,25,100,0,50,25.5,1,10,85,0,6,50,13.5,0,25.5,20.5,16.5,null,"CamroseC",229,"Patricia","A"]
[null,164,33,"Camrose","D",26.25,60,0,16.25,35,100,0,50,21.25,1.25,12.5,70,0,7.5,50,11.25,0,25,25,13.75,null,"CamroseD",212,"Peavine","A"]
[null,165,262,"Cappon","A",0,29,20,11,0,56,0,2,10,0,43,100,0,50,0,90,9,60,20,65,null,"CapponA",109,"Peoria","A"]
[null,166,262,"Cappon","B",0,34.5,30,16.5,0,50,0,2,15,0,46.5,100,0,75,0,90,12,60,20,30,null,"CapponB",293,"Pibroch","A"]
[null,167,262,"Cappon","C",0,24.5,20,11,0,42,0,8.5,28,5,34,100,0,85,15,80,28.5,70,40,65,null,"CapponC",298,"Picture Butte","A"]
[null,168,262,"Cappon","D",0,25,25,13.75,0,35,0,10,35,6.25,31.25,100,0,100,18.75,70,35,80,40,55,null,"CapponD",10,"Pincher Creek","A"]
[null,169,8,"Cardston","A",20,60,56,85,10,40,0,7,0,0,47,32,34,90,50,30,20,40,16,5,null,"CardstonA",274,"Pine Coulee Fp","A"]
[null,170,8,"Cardston","B",30,70,65,100,10,36.5,0,10.5,0,0,56.5,24,25.5,100,50,27,30,30,16,7.5,null,"CardstonB",236,"Pinhorn","A"]
[null,171,8,"Cardston","C",20,50,47,100,15.5,41,0,27,20,0,40,50,26.5,100,45,25,40,30,12,5,null,"CardstonC",270,"Pleasant View","A"]
[null,172,8,"Cardston","D",25,50,46.25,100,16.25,38.75,0,33.75,25,0,41.25,50,22.5,100,40,30,60,25,10,6.25,null,"CardstonD",74,"Pollockville","A"]
[null,173,266,"Carrot Creek","A",14,0,14,5,0,10,0,0,0,0,15,100,9,20,20,0,0,36,44,10,null,"Carrot CreekA",129,"Porcupine","A"]
[null,174,266,"Carrot Creek","B",10.5,0,10.5,7.5,0,7.5,0,0,0,0,20,100,13.5,20,20,0,0,37.5,46,10,null,"Carrot CreekB",275,"Prentiss","A"]
[null,175,266,"Carrot Creek","C",10.5,0,15,5,0,10,0,0,0,0,8,100,9,20,15,0,14,30.5,34,7.5,null,"Carrot CreekC",250,"Priddis Observatory","A"]
[null,176,266,"Carrot Creek","D",8.75,0,15,6.25,0,6.25,0,0,0,0,10,95,11.25,20,12.5,0,17.5,31.25,30,6.25,null,"Carrot CreekD",23,"Queenstown","A"]
[null,177,301,"Carseland","A",0,56,8,20,0,80,0,0,0,0,19,72,6,35,75,40,0,75,8,0,null,"CarselandA",185,"Radway","A"]
[null,178,301,"Carseland","B",0,64,12,30,0,65,0,0,0,0,28.5,64,4.5,35,85,40,0,65,8,0,null,"CarselandB",271,"Rainier","A"]
[null,179,301,"Carseland","C",0,46,12,20,7,48,0,0,0,20,19,54,4.5,55,80,35,16,45,26,0,null,"CarselandC",225,"Ralston","A"]
[null,180,301,"Carseland","D",0,45,15,25,8.75,40,0,0,0,25,23.75,45,3.75,60,85,25,20,35,30,0,null,"CarselandD",264,"Ranfurly","A"]
[null,181,272,"Carway","A",0,52,20,90,20,46,0,6,0,0,26,30,16,40,45,22,20,85,18,55,null,"CarwayA",121,"Raymond","A"]
[null,182,272,"Carway","B",0,62,35,100,30,44.5,0,9,0,0,26,22.5,12,45,60,16.5,30,100,18,55,null,"CarwayB",297,"Red Coat","A"]
[null,183,272,"Carway","C",0,44,30,100,32,39.5,0,6,8,0,19.5,41.5,12,75,50,16.5,40,40,13.5,30,null,"CarwayC",31,"Red Deer","A"]
[null,184,272,"Carway","D",0,45,40,100,40,35,0,7.5,10,0,16.25,42.5,10,90,55,13.75,60,40,11.25,25,null,"CarwayD",281,"Redwater","A"]
[null,185,231,"Cereal","A",15,26,20,8,0,70,0,0,0,5,35,100,0,65,50,40,9,56,35,100,null,"CerealA",142,"Ribstone","A"]
[null,186,231,"Cereal","B",15,33,30,12,0,55,0,0,0,10,45,100,0,90,50,40,13.5,65,40,100,null,"CerealB",99,"Rich Lake","A"]
[null,187,231,"Cereal","C",0,23,20,8,0,42,0,0,4,10,27.5,100,0,100,70,30,35,47,90,100,null,"CerealC",37,"Rivercourse","A"]
[null,188,231,"Cereal","D",0,25,25,10,0,35,0,0,5,15,25,90,0,100,75,25,60,47.5,100,100,null,"CerealD",257,"Rocky Lane","A"]
[null,189,65,"Champion","A",1,51,52,20,0,70,0,0,0,0,20,75,36,100,85,22,5,100,40,100,null,"ChampionA",32,"Rocky Mnt H","A"]
[null,190,65,"Champion","B",1.5,56.5,62,30,0,57,0,0,0,0,30,65,27,100,90,16.5,7.5,90,40,100,null,"ChampionB",143,"Rolling Hills","A"]
[null,191,65,"Champion","C",1,41,44,29,5,49.5,0,20,12,0,34,50,27,100,100,16.5,25,75,40,100,null,"ChampionC",287,"Roma","A"]
[null,192,65,"Champion","D",1.25,38.75,45,36.25,6.25,41.25,0,25,15,0,42.5,45,22.5,100,100,13.75,31.25,65,37.5,100,null,"ChampionD",186,"Rosalind","A"]
[null,193,93,"Chisholm","A",34,5,16,7,15,65,0,32,0,10,5,90,0,4,18,40,0,60,19,0,null,"ChisholmA",187,"Rosemary","A"]
[null,194,93,"Chisholm","B",25.5,0,12,10.5,20,55,0,32,0,10,5,80,0,4,18,40,0,60,28.5,0,null,{"$f":"D199&E199","v":"ChisholmB"},300,"Ross Creek","A"]
[null,195,93,"Chisholm","C",25.5,20,12,7,25,65,0,36,0,7.5,20,45,0,3,13.5,39,0,50,19,0,null,"ChisholmC",211,"Rush Lake","A"]
[null,196,93,"Chisholm","D",21.25,20,10,8.75,30,65,0,35,0,6.25,30,36.25,0,2.5,11.25,36.25,0,50,23.75,0,null,"ChisholmD",188,"Rycroft","A"]
[null,197,9,"Claresholm","A",0,47,36,50,0,55,0,0,15,0,14,65,20,100,75,10,20,95,40,80,null,"ClaresholmA",299,"Sage Creek","A"]
[null,198,9,"Claresholm","B",0,55.5,45,55,0,43.5,0,0,22.5,0,21,65,15,100,65,7.5,30,85,40,75,null,"ClaresholmB",241,"Sandy Lake","A"]
[null,199,9,"Claresholm","C",0,39.5,38.5,70,11,36,0,8,29,0,14,65,15,100,90,7.5,40,60,30,90,null,"ClaresholmC",189,"Savanna","A"]
[null,200,9,"Claresholm","D",0,40,42.5,90,13.75,30,0,10,36.25,0,17.5,65,12.5,100,90,6.25,50,50,25,85,null,"ClaresholmD",61,"Schuler","A"]
[null,201,104,"Cleardale","A",10,34,60,7,100,40,60,40,4,14,100,100,0,8,45,40,0,100,20,18,null,"CleardaleA",136,"Sedalia","A"]
[null,202,104,"Cleardale","B",7.5,34,60,10.5,100,30,60,40,6,14,80,100,0,12,40,40,0,100,30,13.5,null,"CleardaleB",190,"Seven Persons","A"]
[null,203,104,"Cleardale","C",7.5,25.5,70,7,100,50,66,50,24,10.5,100,100,0,8,40,30,0,100,28,13.5,null,"CleardaleC",230,"Sheerness","A"]
[null,204,104,"Cleardale","D",6.25,21.25,75,8.75,100,50,70,50,30,8.75,100,100,0,10,35,25,0,100,35,11.25,null,"CleardaleD",191,"Shonts","A"]
[null,205,294,"Comrey","A",0,60,30,75,4,38,0,20,20,0,20,100,6,100,65,90,0,100,26,20,null,"ComreyA",100,"Slave Lake","A"]
[null,206,294,"Comrey","B",0,75,75,100,3,38,0,30,30,0,30,70,4.5,100,85,95,0,100,26,45,null,"ComreyB",101,"Smoky Lake","A"]
[null,207,294,"Comrey","C",0,50,70,100,3,28.5,0,40,34,0,20,100,4.5,100,100,80,20,100,39.5,45,null,"ComreyC",228,"Social Plains","A"]
[null,208,294,"Comrey","D",0,50,100,100,2.5,23.75,0,50,42.5,0,25,100,3.75,100,100,85,30,100,50,65,null,"ComreyD",156,"Spondin","A"]
[null,209,71,"Consort","A",0,0,11,24,40,100,0,18,0,4,11,100,0,28,15,20,0,55,0,100,null,"ConsortA",130,"Spring Creek","A"]
[null,210,71,"Consort","B",0,0,16.5,34,45,100,0,18,0,6,20,100,0,36,22.5,12,0,65,0,100,null,"ConsortB",192,"St Lina","A"]
[null,211,71,"Consort","C",0,0,11,23,16,75,1,33.5,13,4,10.5,90,0,35,35,30,0,70,11,100,null,"ConsortC",45,"St Paul","A"]
[null,212,71,"Consort","D",0,0,13.75,27.5,13.75,60,1.25,36.25,16.25,5,12.5,80,0,50,43.75,25,0,80,13.75,100,null,"ConsortD",206,"St. Albert","A"]
[null,213,20,"Coronation","A",35,20,20,20,11,90,0,2,0,0,14,60,0,25,5,45,0,46,0,90,null,"CoronationA",268,"St. Francis","A"]
[null,214,20,"Coronation","B",21.5,20,30,30,16.5,90,0,2,0,0,14,55,0,25.5,0,35,0,49.5,0,95,null,"CoronationB",253,"St. Mary Reservoir","A"]
[null,215,20,"Coronation","C",18,15,20,20,27,42,20,21.5,20,8,10.5,30,0,45,50,50,0,80,4,100,null,"CoronationC",193,"Standard","A"]
[null,216,20,"Coronation","D",15,12.5,25,25,40,38.75,25,26.25,25,10,8.75,25,0,55,55,45,0,100,5,100,null,"CoronationD",119,"Stavely","A"]
[null,217,134,"Craigmyle","A",8,40,4,20,0,80,0,0,0,0,0,100,0,75,25,65,0,25,19,35,null,"CraigmyleA",17,"Stettler","A"]
[null,218,134,"Craigmyle","B",8,40,6,30,0,70,0,0,0,0,0,90,0,85,30,65,0,40,28.5,30,null,"CraigmyleB",296,"Steveville","A"]
[null,219,134,"Craigmyle","C",6,30,4,20,0,42,0,0,20,0,0,48,0,85,60,65,16,55,39,65,null,"CraigmyleC",111,"Stony Plain","A"]
[null,220,134,"Craigmyle","D",5,25,5,25,0,35,0,0,25,0,0,40,0,90,70,55,20,65,55,70,null,"CraigmyleD",122,"Strathmore","A"]
[null,221,165,"Crestomere","A",0,37,55,9,40,90,0,0,0,0,50,80,0,10,55,10,0,4,0,24,null,"CrestomereA",251,"Streeter Creek","A"]
[null,222,165,"Crestomere","B",0,42.5,55,13.5,50,75,0,0,0,0,50,70,0,15,50,10,0,3,0,32,null,"CrestomereB",28,"Sundre","A"]
[null,223,165,"Crestomere","C",0,30.5,30,9,35,75,0,13,0,0,55,60,0,5,60,7.5,0,3,20,22,null,"CrestomereC",260,"Sunnynook","A"]
[null,224,165,"Crestomere","D",0,30,25,11.25,40,65,0,16.25,0,0,60,50,0,5,55,6.25,0,2.5,25,25,null,"CrestomereD",194,"Tawatinaw","A"]
[null,225,273,"Cross Drain 5","A",8,51,12,80,0,34,0,10,0,35,24,35,34,25,45,6,20,70,40,100,null,"Cross Drain 5A",195,"Teepee Creek","A"]
[null,226,273,"Cross Drain 5","B",12,60.5,18,95,0,34,0,7.5,0,40,24,20,25.5,40,40,9,30,65,40,100,null,"Cross Drain 5B",252,"Tennessee Creek","A"]
[null,227,273,"Cross Drain 5","C",8,43,22,100,20,25.5,0,20.5,16,20,18,40,25.5,55,35,6,40,45,55,100,null,"Cross Drain 5C",196,"Thorsby","A"]
[null,228,273,"Cross Drain 5","D",10,43.75,27.5,100,25,21.25,0,22.5,20,20,15,35,21.25,70,30,7.5,65,35,60,95,null,"Cross Drain 5D",283,"Three Creeks","A"]
[null,229,217,"Deadwood","A",25,0,0,10,0,45,18,0,32,0,100,80,11,15,40,65,0,100,9,40,null,"DeadwoodA",27,"Three Hills","A"]
[null,230,217,"Deadwood","B",10.5,0,0,15,0,45,16.5,0,45,0,100,85,16.5,12,40,41.5,0,100,13.5,30,null,"DeadwoodB",226,"Tide Lake","A"]
[null,231,217,"Deadwood","C",10.5,19,0,10,5,60,14.5,1,55,19,100,80,11,20.5,41,31.5,0,85,9,30,null,"DeadwoodC",118,"Tomahawk","A"]
[null,232,217,"Deadwood","D",8.75,23.75,0,12.5,6.25,65,13.75,1.25,70,23.75,100,80,13.75,21.25,38.75,26.25,0,80,11.25,25,null,"DeadwoodD",258,"Tompkins Landing","A"]
[null,233,66,"Del Bonita","A",7,60,80,95,0,30,0,11,12,0,20,48,12,20,31,60,20,80,30,100,null,"Del BonitaA",133,"Travers","A"]
[null,234,66,"Del Bonita","B",10.5,70,100,100,0,28,0,16.5,12,0,30,38,9,40,45,50,30,70,30,100,null,"Del BonitaB",158,"Tulliby Lake","A"]
[null,235,66,"Del Bonita","C",7,50,100,100,6,50,0,23,29,7,20,65,9,70,40,60,40,31,28.5,100,null,"Del BonitaC",246,"Twin Lakes","A"]
[null,236,66,"Del Bonita","D",8.75,50,100,100,7.5,45,0,28.75,32.5,8.75,25,55,7.5,95,45,60,60,26.25,26.25,100,null,"Del BonitaD",303,"Twin River","A"]
[null,237,159,"Delburne","A",5,30,6,7,11,75,0,0,0,0,0,60,38,55,65,0,0,36,24,22,null,"DelburneA",40,"Two Hills","A"]
[null,238,159,"Delburne","B",0,30,6,10.5,15,53.5,0,0,0,0,0,50.5,28.5,70,75,0,0,31.5,24,35,null,"DelburneB",53,"Valleyview","A"]
[null,239,159,"Delburne","C",0,22.5,4.5,11,10.5,46.5,0,6,0,0,0,43.5,28.5,80,85,10,0,28.5,38,35,null,"DelburneC",3,"Vauxhall","A"]
[null,240,159,"Delburne","D",0,18.75,3.75,13.75,12.5,38.75,0,7.5,0,0,0,36.25,23.75,90,90,12.5,0,26.25,40,45,null,"DelburneD",216,"Vega","A"]
[null,241,94,"Dewberry","A",0,22,0,20,25,80,0,40,0,80,0,100,0,0,0,40,0,14,4,42,null,"DewberryA",41,"Vegreville","A"]
[null,242,94,"Dewberry","B",0,22,0,30,30,90,0,40,0,70,0,100,0,0,0,40,0,21,6,43,null,"DewberryB",263,"Verger","A"]
[null,243,94,"Dewberry","C",0,16.5,3,20,35,90,0,30,0,55,2,100,0,0,0,39,0,18,14,32,null,"DewberryC",42,"Vermilion","A"]
[null,244,94,"Dewberry","D",0,13.75,3.75,25,40,95,0,25,0,40,2.5,95,0,0,0,36.25,0,25,17.5,27.5,null,"DewberryD",295,"Vernon Lake","A"]
[null,245,124,"Dickson Dam","A",25,22,30,0,13,100,0,0,0,0,0,80,6,0,85,8,0,60,20,34,null,"Dickson DamA",197,"Viking","A"]
[null,246,124,"Dickson Dam","B",30,22,35,0,19.5,100,0,0,0,0,0,75,4.5,0,85,15,0,65,20,38,null,"Dickson DamB",198,"Vilna","A"]
[null,247,124,"Dickson Dam","C",14,16.5,20,0,13,100,0,0,0,20,0,36,4.5,30,95,35,16,45,35,27.5,null,"Dickson DamC",102,"Wainwright","A"]
[null,248,124,"Dickson Dam","D",15,13.75,20,0,16.25,100,0,0,0,25,0,30,3.75,35,100,45,20,45,37.5,26.25,null,"Dickson DamD",223,"Wandering River","A"]
[null,249,289,"Divide Hills","A",0,24,12,5,12,40,0,0,0,0,0,50,32,5,65,4,0,33,36,34,null,"Divide HillsA",291,"Wardlow","A"]
[null,250,289,"Divide Hills","B",0,24,12,7.5,18,35,0,0,0,0,0,35,24,5,65,10,0,34.5,36,34,null,"Divide HillsB",235,"Warner","A"]
[null,251,289,"Divide Hills","C",0,18,9,5,12,20,0,0,1,0,0,28.5,24,30,70,30,0,28,47,25.5,null,"Divide HillsC",80,"Water Valley","A"]
[null,252,289,"Divide Hills","D",0,15,7.5,6.25,15,10,0,0,1.25,0,0,23.75,20,35,70,40,0,28.75,47.5,21.25,null,"Divide HillsD",199,"Wetaskiwin","A"]
[null,253,22,"Drumheller","A",20,59,54,20,0,45,0,0,0,0,0,100,0,25,30,40,0,50,45,100,null,"DrumhellerA",245,"Whitecourt","A"]
[null,254,22,"Drumheller","B",15.5,68.5,63,30,0,40,0,0,0,0,0,95,0,45,30,40,0,45,48.5,95,null,"DrumhellerB",280,"Whitemud Creek","A"]
[null,null,22,"Drumheller","C",12,49,45,20,4,30,2,20,7,20,0,48,0,55,42.5,30,8,40,55.5,100,null,"DrumhellerC",200,"Wimborne","A"]
[null,null,22,"Drumheller","D",10,48.75,50,25,5,25,2.5,25,8.75,25,0,40,0,70,43.75,25,10,40,65,100,null,"DrumhellerD",292,"Winnifred","A"]
[null,null,267,"Duck Lake","A",20,0,0,20,5,75,0,36,0,10,5,85,0,12,36,40,0,53,20,0,null,"Duck LakeA",278,"Worsley","A"]
[null,null,267,"Duck Lake","B",15,0,0,30,7.5,65,0,36,0,10,0,75,0,12,36,40,0,49.5,35,0,null,{"$f":"D263&E263","v":"Duck LakeB"},62,"Wrentham","A"]
[null,null,267,"Duck Lake","C",15,0,0,20,15,70,0,36,0,4.5,15,80,0,9,36,37,0,60,20,0,null,"Duck LakeC",14,"Youngstown","A"]
[null,null,267,"Duck Lake","D",12.5,0,0,25,20,65,0,33.75,0,3.75,20,70,0,7.5,33.75,33.75,0,62.5,25,0,null,"Duck LakeD"]
[null,null,166,"Dupre","A",0,0,10,5,35,100,0,40,0,45,0,75,5,0,22,38,0,20,36,40,null,"DupreA"]
[null,null,166,"Dupre","B",0,0,7.5,7.5,30,90,0,40,0,40,0,70,3,0,22,38,0,30,45,50,null,"DupreB"]
[null,null,166,"Dupre","C",0,0,7.5,5,20,100,0,31,0,40,10,75,3,0,16.5,36.5,0,20,48.5,30,null,"DupreC"]
[null,null,166,"Dupre","D",0,0,6.25,6.25,10,95,0,26.25,0,30,12.5,75,2.5,0,13.75,33.75,0,35,55,25,null,"DupreD"]
[null,null,167,"Eaglesham","A",2,0,8,13,75,85,65,24,0,14,100,90,0,22,60,70,0,100,40,0,null,"EagleshamA"]
[null,null,167,"Eaglesham","B",2,0,6,19.5,80,80,55.5,24,0,14,100,90,0,16.5,40,55,0,100,55,0,null,"EagleshamB"]
[null,null,167,"Eaglesham","C",1.5,16,24,13,60,85,47,26,20,26.5,100,75,0,16.5,40,45,12,75,50,0,null,"EagleshamC"]
[null,null,167,"Eaglesham","D",1.25,20,27.5,16.25,65,85,46.25,25,25,28.75,100,75,0,13.75,25,31.25,15,60,60,0,null,"EagleshamD"]
[null,null,112,"Edgerton","A",0,10,0,34,9,100,0,45,0,16,0,100,16,0,25,20,14,22,2,55,null,"EdgertonA"]
[null,null,112,"Edgerton","B",0,15,0,44,15,100,0,40,0,24,0,95,12,0,15,20,14,28.5,2,55,null,"EdgertonB"]
[null,null,112,"Edgerton","C",0,10,0,30.5,9,85,0,55,0,16,3,49.5,12,0,35,33,10.5,40.5,10.5,55,null,"EdgertonC"]
[null,null,112,"Edgerton","D",0,12.5,0,33.75,11.25,75,0,50,0,20,3.75,41.25,10,0,35,35,8.75,48.75,12.5,60,null,"EdgertonD"]
[null,null,34,"Edmonton","A",24,10,3,10,25,100,0,40,0,20,40,90,0,6,30,36,0,51,11,38,null,"EdmontonA"]
[null,null,34,"Edmonton","B",18,15,4.5,15,30,100,0,40,0,20,30,75,0,4.5,35,36,0,46.5,11.5,38,null,"EdmontonB"]
[null,null,34,"Edmonton","C",18,1.5,3,10,50,100,1,50,0,20,60,80,0,10.5,30,27,0,41,28.5,28.5,null,"EdmontonC"]
[null,null,34,"Edmonton","D",15,1.25,3.75,12.5,60,100,1.25,50,0,20,60,70,0,11.25,35,22.5,0,38.75,32.5,23.75,null,"EdmontonD"]
[null,null,87,"Edson","A",6,0,60,45,0,20,34,0,0,2,11,40,5,2,30,12,0,53,36,0,null,"EdsonA"]
[null,null,87,"Edson","B",4.5,0,45,65,0,15,25.5,0,0,1.5,16.5,28.5,7.5,1.5,24,12,0,51,40,0,null,"EdsonB"]
[null,null,87,"Edson","C",4.5,0,50,33.5,0,15,25.5,0,0,3.5,15,45,5,20,18,9,16,43.5,29,0,null,"EdsonC"]
[null,null,87,"Edson","D",3.75,0,45,36.25,0,12.5,21.25,0,0,3.75,18.75,40,6.25,20,15,7.5,20,42.5,27.5,0,null,"EdsonD"]
[null,null,76,"Elbow","A",0,19,18,9,0,40,0,0,0,0,5,40,26,35,0,0,10,32,16,50,null,"ElbowA"]
[null,null,76,"Elbow","B",0,24.5,30,13.5,0,35.5,0,0,0,0,7.5,30,19.5,30,0,0,15,24,16,40,null,"ElbowB"]
[null,null,76,"Elbow","C",0,17,25,9,0,30,0,0,0,0,5,10.5,19.5,60,1,0,30,24,12,60,null,"ElbowC"]
[null,null,76,"Elbow","D",0,18.75,35,11.25,0,25,0,0,0,0,6.25,8.75,16.25,60,1.25,0,37.5,20,10,55,null,"ElbowD"]
[null,null,95,"Elk Island Park","A",10,0,1,7,55,100,14,40,28,16,0,10,0,2,70,0,0,46,26,0,null,"Elk Island ParkA"]
[null,null,95,"Elk Island Park","B",7.5,0,1.5,10.5,50,95,10.5,40,21,16,0,1.5,0,3,75,0,0,49.5,34,0,null,"Elk Island ParkB"]
[null,null,95,"Elk Island Park","C",7.5,0,1,7,65,80,10.5,35,21,17,20,40,0,2,70,11,0,39.5,29.5,0,null,"Elk Island ParkC"]
[null,null,95,"Elk Island Park","D",6.25,0,1.25,8.75,65,65,8.75,31.25,17.5,16.25,25,45,0,2.5,70,13.75,0,41.25,35,0,null,"Elk Island ParkD"]
[null,null,56,"Enchant","A",0,48,26,20,0,38,0,8,20,0,6,80,40,65,90,56,11,100,40,100,null,"EnchantA"]
[null,null,56,"Enchant","B",0,55,40,30,0,38,0,12,30,0,9,61,30,95,100,48.5,16.5,100,40,100,null,"EnchantB"]
[null,null,56,"Enchant","C",0,39.5,39.5,40,8,28.5,0,28,40,25,6,70,30,85,100,42,31,100,50,100,null,"EnchantC"]
[null,null,56,"Enchant","D",0,38.75,60,65,10,23.75,0,35,50,45,7.5,55,25,100,100,35,38.75,100,50,100,null,"EnchantD"]
[null,null,16,"Esther","A",25,18,20,17,28,85,0,40,0,13,15,100,0,80,35,70,0,70,40,65,null,"EstherA"]
[null,null,16,"Esther","B",25,18,30,25.5,28,80,0,45,0,19.5,15,100,0,100,40.5,60,0,80,40,65,null,"EstherB"]
[null,null,16,"Esther","C",15,13.5,20,25,21,40,0,30,15,13,9,70,0,95,37,85,20,45,65,90,null,"EstherC"]
[null,null,16,"Esther","D",10,11.25,25,31.25,17.5,31.25,0,25,18.75,16.25,7.5,56.25,0,100,40,75,30,45,65,95,null,"EstherD"]
[null,null,140,"Etzikom","A",0,60,95,55,0,40,0,16,20,0,48,85,0,100,100,65,17,100,38,75,null,"EtzikomA"]
[null,null,140,"Etzikom","B",0,70,100,85,0,40,0,24,30,0,58,65,0,100,100,65,25.5,100,38,80,null,"EtzikomB"]
[null,null,140,"Etzikom","C",0,50,100,85,0,30,1,36,40,3,41,100,0,100,100,50,37,100,48.5,55,null,"EtzikomC"]
[null,null,140,"Etzikom","D",0,50,100,100,0,25,1.25,45,50,3.75,42.5,100,0,100,100,55,46.25,100,48.75,50,null,"EtzikomD"]
[null,null,279,"Eureka River","A",0,0,26,1,55,35,40,2,11,20,30,50,0,0,55,34,55,100,17,80,null,"Eureka RiverA"]
[null,null,279,"Eureka River","B",0,0,19.5,1.5,40,31.5,42,2,16.5,20,30,50,0,0,50,34,45,100,25.5,60,null,"Eureka RiverB"]
[null,null,279,"Eureka River","C",0,18,19.5,1,45,46,47,18.5,20,15,45,30,0,0,55,25.5,50,100,17,45,null,"Eureka RiverC"]
[null,null,279,"Eureka River","D",0,22.5,16.25,1.25,40,50,55,22.5,25,12.5,50,30,0,0,50,21.25,45,100,21.25,31.25,null,"Eureka RiverD"]
[null,null,277,"Evansburg2","A",0,4,2,13,0,30,8,0,0,15,50,90,12,0,45,6,0,40,31,22,null,"Evansburg2A"]
[null,null,277,"Evansburg2","B",0,6,3,19.5,0,20,6,0,0,15,45,85,15,0,35,6,0,30,33.5,22,null,"Evansburg2B"]
[null,null,277,"Evansburg2","C",0,4,8,13,5,35,7,4,6,25,50,80,11,0,40,9.5,20,45,24.5,16.5,null,"Evansburg2C"]
[null,null,277,"Evansburg2","D",0,5,10,16.25,10,30,6.25,5,7.5,25,55,75,12.5,0,35,10,25,45,22.5,13.75,null,"Evansburg2D"]
[null,null,105,"Fairview","A",35,30,26,13,100,70,60,40,10,0,75,60,0,5,40,40,0,100,20,38,null,"FairviewA"]
[null,null,105,"Fairview","B",20.5,22.5,19.5,19.5,100,70,60,40,15,0,85,65,0,5,40,40,0,100,30,28.5,null,"FairviewB"]
[null,null,105,"Fairview","C",18,42.5,39.5,13,100,85,60,38,10,6,100,40,0,20,40,30,0,95,23,28.5,null,"FairviewC"]
[null,null,105,"Fairview","D",15,43.75,41.25,16.25,100,85,62.5,35,12.5,7.5,100,40,0,25,37.5,25,0,90,28.75,23.75,null,"FairviewD"]
[null,null,169,"Ferintosh","A",30,34,5,20,5,100,0,20,0,20,20,50,8,11,95,0,0,19,0,12,null,"FerintoshA"]
[null,null,169,"Ferintosh","B",19.5,37,5,30,15,100,0,20,0,25,25,31,6,16.5,90,0,0,15,0,12,null,"FerintoshB"]
[null,null,169,"Ferintosh","C",19.5,27,0,20,10,85,0,16,0,30,12,30,6,11,100,3,0,14.5,19,9,null,"FerintoshC"]
[null,null,169,"Ferintosh","D",16.25,25,0,25,10,75,0,13.75,0,35,10,21.25,5,13.75,100,3.75,0,12.5,23.75,7.5,null,"FerintoshD"]
[null,null,170,"Fincastle","A",0,52,44,65,0,44,20,17,0,0,18,100,0,85,95,85,8,100,34,100,null,"FincastleA"]
[null,null,170,"Fincastle","B",0,62,60,100,0,41,30,25.5,0,0,27,95,0,100,100,80,12,100,34,100,null,"FincastleB"]
[null,null,170,"Fincastle","C",0,44,38,65,3,33,20,37,20,20,18,100,0,100,100,85,28,100,43.5,100,null,"FincastleC"]
[null,null,170,"Fincastle","D",0,45,50,90,3.75,27.5,25,46.25,25,25,22.5,100,0,100,100,90,35,100,43.75,100,null,"FincastleD"]
[null,null,261,"Finnegan","A",10,43,20,20,0,66,0,0,0,0,5,100,0,45,85,80,0,85,38,100,null,"FinneganA"]
[null,null,261,"Finnegan","B",10,44.5,30,30,0,59,0,5,0,0,5,90,0,55,90,95,0,90,38,100,null,{"$f":"D327&E327","v":"FinneganB"}]
[null,null,261,"Finnegan","C",1.5,33,20,20,16,49.5,1,5,0,20,0,60,0,85,100,70,20,90,28.5,100,null,"FinneganC"]
[null,null,261,"Finnegan","D",1.25,28.75,25,25,20,41.25,1.25,5,0,25,0,50,0,100,100,65,25,100,23.75,100,null,"FinneganD"]
[null,null,240,"Fleet","A",28,40,15,20,7,100,0,2,0,0,20,40,0,45,0,16,0,40,0,45,null,"FleetA"]
[null,null,240,"Fleet","B",21,40,25,30,10.5,100,0,2,0,0,30,40,0,50,0,16,0,45,0,45,null,"FleetB"]
[null,null,240,"Fleet","C",21,30,40,20,18,57,3,13.5,20,9,9,30,0,65,45,28,10,65,14,65,null,"FleetC"]
[null,null,240,"Fleet","D",17.5,25,55,25,22.5,47.5,3.75,16.25,25,11.25,10,25,0,75,60,30,12.5,80,17.5,65,null,"FleetD"]
[null,null,57,"Foremost","A",0,59,44,95,7,50,0,0,15,0,26,100,0,95,65,70,20,100,40,100,null,"ForemostA"]
[null,null,57,"Foremost","B",0,68.5,65,100,10.5,40,0,0,22.5,0,36,100,0,100,65,65,30,100,40,100,null,"ForemostB"]
[null,null,57,"Foremost","C",0,49,65,100,9,30,0,20,35,0,24.5,100,0,100,100,65,40,100,50,100,null,"ForemostC"]
[null,null,57,"Foremost","D",0,48.75,90,100,11.25,25,0,25,43.75,0,28.75,100,0,100,100,65,50,100,50,100,null,"ForemostD"]
[null,null,171,"Forestburg","A",26,2,0,20,6,100,0,24,0,16,30,65,24,26,0,0,0,28,0,40,null,"ForestburgA"]
[null,null,171,"Forestburg","B",24.5,2,0,30,10,100,0,24,0,20,40,60,18,36,0,0,0,21,0,40,null,"ForestburgB"]
[null,null,171,"Forestburg","C",19.5,1.5,0,20,6,58.5,0,31,7,12,50,40,18,45,20,8,0,41,17,30,null,"ForestburgC"]
[null,null,171,"Forestburg","D",16.25,1.25,0,25,7.5,48.75,0,31.25,8.75,10,55,25,15,60,25,10,0,50,21.25,25,null,"ForestburgD"]
[null,null,145,"Fort Macleod","A",0,58,22,80,0,34,0,1,10,0,4,80,22,100,80,40,17,100,40,60,null,"Fort MacleodA"]
[null,null,145,"Fort Macleod","B",0,67,35,100,0,29.5,0,1.5,15,0,4,70,16.5,100,85,45,25.5,100,40,70,null,"Fort MacleodB"]
[null,null,145,"Fort Macleod","C",0,48,29.5,100,5,25.5,0,5,19,0,3,90,16.5,100,100,35,37,75,30,35,null,"Fort MacleodC"]
[null,null,145,"Fort Macleod","D",0,47.5,45,100,6.25,21.25,0,6.25,23.75,0,2.5,90,13.75,100,100,40,46.25,70,25,25,null,"Fort MacleodD"]
[null,null,113,"Ft Assiniboine","A",32,1,0,9,0,80,0,0,0,40,30,85,1,0,85,32,0,40,45,0,null,"Ft AssiniboineA"]
[null,null,113,"Ft Assiniboine","B",24,1.5,0,13.5,0,75,0,0,0,30,30,75,1.5,0,80,32,0,39,55,0,null,"Ft AssiniboineB"]
[null,null,113,"Ft Assiniboine","C",24,1,0,9,20,70,0,3,3,13.5,55,55,1,0,39,24,16,47,55,0,null,"Ft AssiniboineC"]
[null,null,113,"Ft Assiniboine","D",20,1.25,0,11.25,25,65,0,3.75,3.75,11.25,65,40,1.25,0,32.5,20,20,50,60,0,null,"Ft AssiniboineD"]
[null,null,106,"Ft Vermilion","A",80,0,2,26,0,18,20,100,60,50,60,100,0,14,56,95,22,60,0,80,null,"Ft VermilionA"]
[null,null,106,"Ft Vermilion","B",80,0,2,19.5,0,20,10,100,47,45,70,100,0,16,64,100,16.5,75,0,70,null,"Ft VermilionB"]
[null,null,106,"Ft Vermilion","C",70,13,21.5,23.5,35,20,9,90,60,35,90,100,20,11.5,64,55,16.5,40,20,85,null,"Ft VermilionC"]
[null,null,106,"Ft Vermilion","D",70,16.25,26.25,21.25,45,25,7.5,70,53.75,25,100,100,25,11.25,67.5,50,13.75,35,25,75,null,"Ft VermilionD"]
[null,null,302,"Gahern","A",5,60,100,90,0,40,0,16,20,0,34,78,0,100,90,80,15,100,32,0,null,"GahernA"]
[null,null,302,"Gahern","B",6,70,100,100,0,40,0,24,30,0,44,68,0,100,100,85,22.5,100,32,0,null,"GahernB"]
[null,null,302,"Gahern","C",4.5,50,100,100,0,30,0,36,40,5,30.5,95,0,100,100,65,35,100,36,0,null,"GahernC"]
[null,null,302,"Gahern","D",5,50,100,100,0,25,0,45,50,6.25,33.75,85,0,100,100,70,43.75,100,35,0,null,"GahernD"]
[null,null,154,"Gilt Edge North","A",0,5,0,38,22,100,0,40,0,38,4,90,22,0,55,0,0,7,0,18,null,"Gilt Edge NorthA"]
[null,null,154,"Gilt Edge North","B",0,7.5,0,48,24,100,0,40,0,38,4,75,16.5,0,45,0,0,9,0,18,null,"Gilt Edge NorthB"]
[null,null,154,"Gilt Edge North","C",0,5,4,33.5,17.5,80,0,45,0,28.5,3,45,16.5,0,50,0,0,6.5,18,13.5,null,"Gilt Edge NorthC"]
[null,null,154,"Gilt Edge North","D",0,6.25,5,36.25,16.25,80,0,43.75,0,23.75,2.5,35,13.75,0,40,0,0,15,22.5,11.25,null,"Gilt Edge NorthD"]
[null,null,237,"Gladstone","A",30,0,0,20,0,100,0,40,0,40,0,100,0,0,35,0,0,28,0,36,null,"GladstoneA"]
[null,null,237,"Gladstone","B",21,0,0,30,5,95,0,40,0,40,0,100,0,0,40,0,0,21,0,36,null,"GladstoneB"]
[null,null,237,"Gladstone","C",21,0,0,20,0,70,0,42,0,40,15,75,0,10,60,0,0,22,11,27,null,"GladstoneC"]
[null,null,237,"Gladstone","D",17.5,0,0,25,0,55,0,40,0,40,18.75,55,0,12.5,70,0,0,18.75,13.75,22.5,null,"GladstoneD"]
[null,null,25,"Gleichen","A",0,49,11,20,0,50,0,0,3,2,15,100,0,0,70,45,0,80,0,100,null,"GleichenA"]
[null,null,25,"Gleichen","B",0,53.5,16.5,30,0,55,0,0,4.5,1.5,22.5,100,0,0,75,40,0,80,0,100,null,"GleichenB"]
[null,null,25,"Gleichen","C",0,39,15,20,20,25.5,0,0,3,10.5,15,57,0,20,65,30,20,65,0,100,null,"GleichenC"]
[null,null,25,"Gleichen","D",0,36.25,18.75,25,25,21.25,0,0,3.75,12.5,18.75,47.5,0,25,65,25,25,65,0,100,null,"GleichenD"]
[null,null,172,"Glenevis","A",22,2,4,4,38,90,26,18,14,25,55,100,13,2,45,0,0,60,24,0,null,"GlenevisA"]
[null,null,172,"Glenevis","B",16.5,3,6,6,28.5,80,19.5,18,10.5,35,45,100,13.5,2,40,0,0,55,27,0,null,"GlenevisB"]
[null,null,172,"Glenevis","C",16.5,2,8,4,34.5,65,19.5,19.5,12.5,16.5,65,100,11,11.5,40,10,0,75,27.5,0,null,"GlenevisC"]
[null,null,172,"Glenevis","D",13.75,2.5,10,5,31.25,55,16.25,18.75,11.25,18.75,65,100,11.25,13.75,35,12.5,0,80,35,0,null,"GlenevisD"]
[null,null,239,"Gooseberry Lake","A",0,0,8,20,25,100,0,24,0,8,30,100,0,22,10,24,0,42,0,75,null,"Gooseberry LakeA"]
[null,null,239,"Gooseberry Lake","B",0,0,12,30,35,100,0,24,0,12,30,100,0,19.5,20,24,0,46.5,0,75,null,"Gooseberry LakeB"]
[null,null,239,"Gooseberry Lake","C",0,0,8,20,10.5,75,1,38,14,9,4.5,65,0,17.5,25,34,0,75,11,95,null,"Gooseberry LakeC"]
[null,null,239,"Gooseberry Lake","D",0,0,10,25,8.75,57.5,1.25,40,17.5,11.25,3.75,51.25,0,16.25,35,35,0,95,13.75,100,null,"Gooseberry LakeD"]
[null,null,173,"Grassy Lake","A",0,60,26,100,0,52,9,14,16,0,22,95,0,85,90,70,18,100,26,100,null,"Grassy LakeA"]
[null,null,173,"Grassy Lake","B",0,80,36,100,0,47.5,13.5,21,24,0,32,70,0,100,100,80,27,100,26,100,null,"Grassy LakeB"]
[null,null,173,"Grassy Lake","C",0,50,24.5,100,0,39,9,14,36,0,21.5,100,0,100,100,70,38,100,39.5,100,null,"Grassy LakeC"]
[null,null,173,"Grassy Lake","D",0,50,35,100,0,32.5,11.25,17.5,45,0,26.25,85,0,100,100,75,47.5,100,41.25,100,null,"Grassy LakeD"]
[null,null,282,"Greencourt","A",5,5,0,19,10,30,0,0,0,20,45,95,3,0,30,0,0,25,48,0,null,"GreencourtA"]
[null,null,282,"Greencourt","B",3,7.5,0,28.5,7.5,20,0,0,0,20,50,90,4.5,0,30,0,0,25,53,0,null,"GreencourtB"]
[null,null,282,"Greencourt","C",3,5,7,19,20,30,0,11,0,6,70,80,3,0,26.5,18,16,18,38.5,0,null,"GreencourtC"]
[null,null,282,"Greencourt","D",2.5,6.25,8.75,23.75,25,25,0,13.75,0,5,80,70,3.75,0,23.75,22.5,20,16.25,36.25,0,null,"GreencourtD"]
[null,null,174,"Halkirk","A",26,40,0,20,11,100,0,0,0,5,1,80,32,20,45,26,0,20,0,60,null,"HalkirkA"]
[null,null,174,"Halkirk","B",21,40,0,30,16.5,100,0,0,0,10,1.5,75,24,30,30,26,0,30,0,45,null,"HalkirkB"]
[null,null,174,"Halkirk","C",19.5,30,0,20,13,60,0,14,20,25,1,34.5,24,55,60,31.5,2,40,0,70,null,"HalkirkC"]
[null,null,174,"Halkirk","D",16.25,25,0,25,16.25,50,0,17.5,25,35,1.25,28.75,20,70,60,31.25,2.5,55,0,65,null,"HalkirkD"]
[null,null,232,"Hand Hills","A",0,45,16,20,0,70,0,0,0,0,10,100,0,60,43,60,0,21,0,85,null,"Hand HillsA"]
[null,null,232,"Hand Hills","B",0,47.5,24,30,0,60,0,0,0,0,7.5,95,0,65,44.5,55,0,22.5,0,85,null,{"$f":"D391&E391","v":"Hand HillsB"}]
[null,null,232,"Hand Hills","C",0,35,16,20,5,37.5,0,9,0,0,7.5,42,0,85,55,55,20,18,20,100,null,"Hand HillsC"]
[null,null,232,"Hand Hills","D",0,31.25,20,25,6.25,31.25,0,11.25,0,0,6.25,35,0,100,65,45,25,20,25,100,null,"Hand HillsD"]
[null,null,175,"Hawk Hills","A",22,0,0,20,0,55,55,2,50,10,75,100,18,20,45,40,16,100,11,74,null,"Hawk HillsA"]
[null,null,175,"Hawk Hills","B",16.5,0,0,30,0,65,55,2,60,15,80,100,27,30,55,40,16,90,16.5,64,null,"Hawk HillsB"]
[null,null,175,"Hawk Hills","C",16.5,2,0,20,18,60,30,13.5,75,10,75,95,18,30,35,30,12,95,11,55.5,null,"Hawk HillsC"]
[null,null,175,"Hawk Hills","D",13.75,2.5,0,25,22.5,65,26.25,16.25,80,12.5,75,85,22.5,45,31.25,25,10,85,13.75,46.25,null,"Hawk HillsD"]
[null,null,265,"Hazel","A",0,2,22,17,11,60,11,0,9,4,60,100,0,14,70,65,0,100,20,34,null,"HazelA"]
[null,null,265,"Hazel","B",0,1.5,16.5,25.5,16.5,55,16.5,0,13.5,4,65,100,0,10.5,75,50,0,95,30,25.5,null,"HazelB"]
[null,null,265,"Hazel","C",0,30,16.5,17,30,75,11,11,29,13,90,100,0,10.5,65,40,0,60,20,25.5,null,"HazelC"]
[null,null,265,"Hazel","D",0,35,13.75,21.25,40,80,13.75,13.75,36.25,15,100,100,0,8.75,60,25,0,45,25,21.25,null,"HazelD"]
[null,null,135,"Hemaruka","A",0,4,10,20,70,100,0,0,0,7,34,100,0,35,0,45,0,13,30,95,null,"HemarukaA"]
[null,null,135,"Hemaruka","B",0,4,15,30,65,100,0,0,0,10.5,45,100,0,45,0,40,0,16.5,30,100,null,"HemarukaB"]
[null,null,135,"Hemaruka","C",0,3,10,20,60,90,0,0,20,7,29.5,60,0,55,20,60,3,40,55,100,null,"HemarukaC"]
[null,null,135,"Hemaruka","D",0,2.5,12.5,25,55,70,0,0,25,8.75,31.25,45,0,65,35,65,3.75,55,60,100,null,"HemarukaD"]
[null,null,176,"Hespero","A",0,0,55,8,0,100,0,0,0,0,6,40,4,3,70,6,0,40,24,18,null,"HesperoA"]
[null,null,176,"Hespero","B",0,0,60,12,0,95,0,0,0,0,9,40,3,5,70,9,0,45,24,18,null,"HesperoB"]
[null,null,176,"Hespero","C",0,0,19,8,0,52.5,0,0,0,20,6,30,3,25,85,24,4,30,23,13.5,null,"HesperoC"]
[null,null,176,"Hespero","D",0,0,16.25,10,0,43.75,0,0,0,25,7.5,25,2.5,35,90,30,5,30,21.25,11.25,null,"HesperoD"]
[null,null,288,"High Level","A",55,0,0,0,0,12,25,0,0,0,55,100,0,21,50,100,0,5,0,50,null,"High LevelA"]
[null,null,288,"High Level","B",52.5,0,0,0,0,12,25,0,0,0,42,100,0,21.5,55,100,0,5,0,50,null,"High LevelB"]
[null,null,288,"High Level","C",70,0,7,0,20,14,12,0,0,0,60,100,0,19,40,75,0,30,20,75,null,"High LevelC"]
[null,null,288,"High Level","D",80,0,8.75,0,25,13.75,10,0,0,0,51.25,100,0,17.5,37.5,65,0,35,25,70,null,"High LevelD"]
[null,null,107,"High Prairie","A",36,25,26,0,60,70,27,0,0,10,45,100,0,0,38,32,0,52,25,10,null,"High PrairieA"]
[null,null,107,"High Prairie","B",32.5,15,21,0,65,45,22.5,0,0,10,45,100,0,0,38,32,0,54,40,7.5,null,"High PrairieB"]
[null,null,107,"High Prairie","C",27,30,40,0,50,80,21,5,12,14.5,75,80,0,0,35.5,24,0,44,20,7.5,null,"High PrairieC"]
[null,null,107,"High Prairie","D",22.5,25,42.5,0,50,75,18.75,6.25,15,15,85,70,0,0,32.5,20,0,45,25,6.25,null,"High PrairieD"]
[null,null,213,"High Prairie - Banana Belt","A",14,0,8,0,60,75,12,0,0,0,65,70,0,23,28,24,0,43,35,0,null,"High Prairie - Banana BeltA"]
[null,null,213,"High Prairie - Banana Belt","B",10.5,0,6,0,65,60,9,0,0,0,65,65,0,22.5,28,24,0,39,40,0,null,"High Prairie - Banana BeltB"]
[null,null,213,"High Prairie - Banana Belt","C",10.5,0,25,0,35,85,9,11,20,4,85,50,0,23,29,18,0,34.5,45,0,null,"High Prairie - Banana BeltC"]
[null,null,213,"High Prairie - Banana Belt","D",8.75,0,28.75,0,30,85,7.5,13.75,25,5,90,40,0,25,27.5,15,0,32.5,55,0,null,"High Prairie - Banana BeltD"]
[null,null,306,"Hilda","A",0,60,20,20,0,0,0,0,15,20,22,100,0,60,60,100,0,80,2,0,null,"HildaA"]
[null,null,306,"Hilda","B",0,70,35,55,0,0,0,0,22.5,20,22,100,0,90,60,100,0,85,2,0,null,"HildaB"]
[null,null,306,"Hilda","C",0,50,35,50,0,0,0,4,35,35,16.5,100,0,90,55,100,20,100,45,0,null,"HildaC"]
[null,null,306,"Hilda","D",0,50,60,75,0,0,0,5,43.75,37.5,13.75,100,0,100,50,100,40,100,65,0,null,"HildaD"]
[null,null,220,"Hines Creek","A",0,15,40,9,100,70,52,0,13,0,85,75,0,0,40,65,0,100,20,45,null,"Hines CreekA"]
[null,null,220,"Hines Creek","B",0,10,30,13.5,100,65,54,0,19.5,0,80,80,0,0,40,60,0,100,30,28.5,null,"Hines CreekB"]
[null,null,220,"Hines Creek","C",0,35,39,9,90,75,51,12,13,0,100,60,0,0,38,45,0,85,30,30,null,"Hines CreekC"]
[null,null,220,"Hines Creek","D",0,35,36.25,11.25,90,80,53.75,15,16.25,0,100,60,0,0,35,30,0,80,37.5,23.75,null,"Hines CreekD"]
[null,null,96,"Holden","A",40,0,4,20,0,95,0,40,18,15,0,100,0,0,80,0,0,52,14,6,null,"HoldenA"]
[null,null,96,"Holden","B",30,0,3,30,0,80,0,40,13.5,20,0,85,0,0,70,0,0,52.5,14,6,null,"HoldenB"]
[null,null,96,"Holden","C",25,0,3,20,0,65,0,47,13.5,7.5,17,80,0,0,90,0,0,43.5,30.5,4.5,null,"HoldenC"]
[null,null,96,"Holden","D",20,0,2.5,25,0,55,0,46.25,11.25,6.25,21.25,65,0,0,85,0,0,43.75,33.75,3.75,null,"HoldenD"]
[null,null,285,"Homestead Coulee","A",6,40,20,20,0,80,0,0,0,0,0,100,0,40,26,70,0,52,2,100,null,"Homestead CouleeA"]
[null,null,285,"Homestead Coulee","B",6,40,30,30,0,65.5,0,0,0,0,0,100,0,50,26,70,0,55,2,90,null,"Homestead CouleeB"]
[null,null,285,"Homestead Coulee","C",4.5,30,20,20,16,55.5,3,0,0,10,0,55,0,75,39.5,60,20,60,8.5,100,null,"Homestead CouleeC"]
[null,null,285,"Homestead Coulee","D",3.75,25,25,25,20,46.25,3.75,0,0,12.5,0,41.25,0,85,41.25,55,25,70,10,100,null,"Homestead CouleeD"]
[null,null,243,"Hoselaw","A",0,0,6,6,35,100,0,40,0,40,0,70,8,0,10,40,8,20,30,50,null,"HoselawA"]
[null,null,243,"Hoselaw","B",0,0,4.5,9,35,90,0,40,0,40,0,65,6,0,10,40,12,30,40,60,null,"HoselawB"]
[null,null,243,"Hoselaw","C",2,0,4.5,6,25,100,0,30,0,30,18,65,7,0,7.5,44,8,20,44.5,34,null,"HoselawC"]
[null,null,243,"Hoselaw","D",2.5,0,3.75,7.5,20,95,0,25,0,25,22.5,55,6.25,0,6.25,42.5,10,30,55,30,null,"HoselawD"]
[null,null,153,"Hughenden","A",0,4,0,32,55,100,6,40,0,20,18,100,16,0,10,34,6,22,0,40,null,"HughendenA"]
[null,null,153,"Hughenden","B",0,6,0,60,55,100,4.5,40,0,35,18,100,12,0,10,34,6,24,0,35,null,"HughendenB"]
[null,null,153,"Hughenden","C",0,4,0,29,14.5,95,4.5,50,5,15,13.5,70,12,0,40,37.5,4.5,45,19,45,null,"HughendenC"]
[null,null,153,"Hughenden","D",0,5,0,40,15,80,3.75,50,6.25,17.5,11.25,53.75,10,0,50,36.25,3.75,60,23.75,40,null,"HughendenD"]
[null,null,75,"Hussar","A",0,45,32,18,0,85,0,1,0,0,0,100,8,20,45,45,0,43,22,85,null,"HussarA"]
[null,null,75,"Hussar","B",0,47.5,42,27,0,70,0,5,0,0,0,100,6,35,60,50,0,43.5,22,85,null,"HussarB"]
[null,null,75,"Hussar","C",0,35,47,18,14,42,0,10,0,18,0,55,6,50,70,30,13,36,19.5,100,null,"HussarC"]
[null,null,75,"Hussar","D",0,31.25,55,22.5,17.5,35,0,20,0,22.5,0,42.5,5,65,80,25,16.25,36.25,17.5,100,null,"HussarD"]
[null,null,286,"Iddesleigh","A",0,40,20,20,0,60,0,12,20,0,24,100,0,65,70,100,0,90,0,100,null,"IddesleighA"]
[null,null,286,"Iddesleigh","B",0,40,30,45,0,52,0,12,30,0,25,100,0,90,70,100,0,90,0,100,null,"IddesleighB"]
[null,null,286,"Iddesleigh","C",0,30,20,25,0,42,0,19,36,4,18,95,0,100,70,90,20,100,20,100,null,"IddesleighC"]
[null,null,286,"Iddesleigh","D",0,25,25,55,0,35,0,20,45,5,15,75,0,100,65,80,25,100,25,100,null,"IddesleighD"]
[null,null,148,"Irvine","A",0,60,20,65,0,34,0,0,20,6,13,100,0,80,100,100,0,80,46,85,null,"IrvineA"]
[null,null,148,"Irvine","B",0,70,30,95,0,34,0,0,30,6,19.5,100,0,100,100,100,0,90,54,90,null,{"$f":"D455&E455","v":"IrvineB"}]
[null,null,148,"Irvine","C",0,50,37,100,20,25.5,0,20,40,4.5,13,100,0,100,100,90,25,100,70,80,null,"IrvineC"]
[null,null,148,"Irvine","D",0,50,46.25,100,25,21.25,0,25,50,3.75,16.25,100,0,100,100,85,40,100,95,80,null,"IrvineD"]
[null,null,177,"Jean Cote","A",30,6,0,15,30,100,56,0,0,0,100,100,4,6,40,40,0,65,28,24,null,"Jean CoteA"]
[null,null,177,"Jean Cote","B",22.5,4.5,0,22.5,50,90,57,0,0,0,100,100,6,4.5,40,40,0,65,30,18,null,"Jean CoteB"]
[null,null,177,"Jean Cote","C",22.5,20,15,15,25,100,47,0,8,14,100,75,4,4.5,37,30,9,55,24,18,null,"Jean CoteC"]
[null,null,177,"Jean Cote","D",18.75,25,18.75,18.75,30,100,47.5,0,10,17.5,100,60,5,3.75,33.75,25,11.25,55,25,15,null,"Jean CoteD"]
[null,null,108,"Keg River","A",36,0,0,6,0,1,0,0,42,0,50,100,20,11,40,65,0,70,20,100,null,"Keg RiverA"]
[null,null,108,"Keg River","B",27,0,0,9,0,1.5,0,0,43,0,65,95,30,20,40,50,0,65,30,100,null,"Keg RiverB"]
[null,null,108,"Keg River","C",30,0,0,6,7,1,0,2,60,15,85,65,40,11,30,60,0,55,20,100,null,"Keg RiverC"]
[null,null,108,"Keg River","D",25,0,0,7.5,8.75,1.25,0,2.5,65,18.75,100,50,50,13.75,25,45,0,50,25,100,null,"Keg RiverD"]
[null,null,77,"Keoma","A",0,60,39,17,0,80,0,0,0,0,16,66,14,25,85,40,0,75,31,60,null,"KeomaA"]
[null,null,77,"Keoma","B",0,70,48.5,25.5,0,65,0,0,0,0,24,59,10.5,16,95,40,0,65,32.5,50,null,"KeomaB"]
[null,null,77,"Keoma","C",0,50,38,17,0,45,0,1,0,20,16,49.5,10.5,40,100,31,20,50,44,60,null,"KeomaC"]
[null,null,77,"Keoma","D",0,50,41.25,21.25,0,37.5,0,1.25,0,25,20,41.25,8.75,35,100,26.25,25,40,46.25,60,null,"KeomaD"]
[null,null,152,"Kessler","A",0,0,0,20,75,100,0,28,0,7,4,65,16,19,15,30,0,25,0,38,null,"KesslerA"]
[null,null,152,"Kessler","B",0,0,0,30,85,100,0,28,0,9.5,4,60,12,21,20,30,0,33,0,38,null,"KesslerB"]
[null,null,152,"Kessler","C",0,0,0,20,60,85,14,41,19,6.5,3,30,12,20,55,35.5,0,38.5,0,50,null,"KesslerC"]
[null,null,152,"Kessler","D",0,0,0,35,60,75,17.5,42.5,23.75,7.5,2.5,25,10,25,70,35,0,50,0,55,null,"KesslerD"]
[null,null,290,"Ketchum Creek","A",0,60,35,95,0,30,0,19,20,0,20,100,2,95,85,75,0,100,28,18,null,"Ketchum CreekA"]
[null,null,290,"Ketchum Creek","B",0,70,80,100,0,30,0,28.5,30,0,29,68,1.5,100,100,80,0,100,29,18,null,"Ketchum CreekB"]
[null,null,290,"Ketchum Creek","C",0,50,75,100,0,22.5,0,39,20,0,19.5,100,1.5,100,100,70,20,100,60,27.5,null,"Ketchum CreekC"]
[null,null,290,"Ketchum Creek","D",0,50,100,100,0,18.75,0,48.75,25,0,23.75,100,1.25,100,100,70,35,100,75,28.75,null,"Ketchum CreekD"]
[null,null,97,"Killam","A",50,15,5,20,0,100,0,40,0,8,0,70,0,4,40,0,0,28,22,12,null,"KillamA"]
[null,null,97,"Killam","B",45,15,0,30,0,100,0,40,0,15,0,55,0,4,35,0,0,24,22,12,null,"KillamB"]
[null,null,97,"Killam","C",37.5,1.5,15,20,0,55,0,30,0,10,0,45,0,16,60,0,0,27,34.5,9,null,"KillamC"]
[null,null,97,"Killam","D",31.25,1.25,20,25,0,36.25,0,25,0,15,0,30,0,20,65,0,0,26.25,36.25,7.5,null,"KillamD"]
[null,null,269,"Kinikinik","A",34,0,0,19,25,95,0,40,26,20,0,100,0,0,40,40,0,60,9,0,null,"KinikinikA"]
[null,null,269,"Kinikinik","B",25.5,0,0,28.5,35,90,0,40,19.5,20,0,100,0,0,40,40,0,60,13.5,0,null,"KinikinikB"]
[null,null,269,"Kinikinik","C",25.5,2,0,32,25,80,0,38,19.5,19,17,100,0,0,43,30,0,70,9,0,null,"KinikinikC"]
[null,null,269,"Kinikinik","D",21.25,2.5,0,40,30,70,0,35,16.25,17.5,21.25,100,0,0,41.25,25,0,80,11.25,0,null,"KinikinikD"]
[null,null,205,"Kinsella","A",25,1,0,20,25,100,0,40,0,22,12,65,0,0,50,0,0,17,0,14,null,"KinsellaA"]
[null,null,205,"Kinsella","B",10,5,0,30,25,100,0,40,0,22,12,52,0,0,35,0,0,16.5,0,14,null,"KinsellaB"]
[null,null,205,"Kinsella","C",6,1,0,20,1.5,50,0,55,0,16.5,21,45,0,11,55,0,0,29,17,10.5,null,"KinsellaC"]
[null,null,205,"Kinsella","D",5,1.25,0,25,1.25,35,0,50,0,13.75,22.5,37.5,0,13.75,50,0,0,32.5,21.25,8.75,null,"KinsellaD"]
[null,null,238,"Kirriemuir","A",0,0,4,20,8,100,0,32,0,0,7,100,0,20,40,45,0,65,40,45,null,"KirriemuirA"]
[null,null,238,"Kirriemuir","B",0,0,6,30,8,100,0,32,0,0,10.5,100,0,30,50,40,0,75,40,40,null,"KirriemuirB"]
[null,null,238,"Kirriemuir","C",0,0,4,20,6,65,0,39,13,0,7,100,0,35,41,50,20,70,30,75,null,"KirriemuirC"]
[null,null,238,"Kirriemuir","D",0,0,5,25,5,50,0,38.75,16.25,0,8.75,100,0,43.75,45,45,25,85,25,80,null,"KirriemuirD"]
[null,null,155,"Kitscoty","A",0,0,0,20,25,42,0,40,0,36,5,100,16,0,10,38,34,20,7,43,null,"KitscotyA"]
[null,null,155,"Kitscoty","B",0,0,0,30,30,50,0,40,0,36,6.5,100,12,0,10,38,34,30,10.5,44.5,null,"KitscotyB"]
[null,null,155,"Kitscoty","C",0,0,0,20,20,45,0,39,0,27,4.5,75,12,0,7.5,35.5,25.5,36,7,33,null,"KitscotyC"]
[null,null,155,"Kitscoty","D",0,0,0,25,15,55,0,36.25,0,22.5,5,55,10,0,6.25,32.5,21.25,45,8.75,28.75,null,"KitscotyD"]
[null,null,178,"La Crete","A",38,0,0,12,30,40,9,65,70,55,60,100,3,37,52,100,15,85,0,95,null,"La CreteA"]
[null,null,178,"La Crete","B",28.5,0,0,9,15,50,13.5,55,65,60,60,100,4.5,44.5,58,100,3,90,0,70,null,"La CreteB"]
[null,null,178,"La Crete","C",28.5,0,13,9,15,55,9,65,65,60,95,100,16,34.5,62,80,3,80,12,90,null,"La CreteC"]
[null,null,178,"La Crete","D",23.75,0,16.25,7.5,10,65,11.25,55,60,65,100,100,25,36.25,70,75,2.5,80,15,75,null,"La CreteD"]
[null,null,179,"La Glace","A",10,0,24,2,100,40,22,6,8,5,27,70,0,7,36,0,0,80,14,20,null,"La GlaceA"]
[null,null,179,"La Glace","B",10,0,18,3,100,30,16.5,6,12,10,31.5,90,0,10.5,36,0,0,65,21,30,null,"La GlaceB"]
[null,null,179,"La Glace","C",7.5,0,38,2,90,45,16.5,4.5,15,5,45,55,0,7,27,0,2,50,30,8,null,"La GlaceC"]
[null,null,179,"La Glace","D",6.25,0,40,2.5,80,43.75,13.75,3.75,18.75,5,60,55,0,8.75,22.5,0,2.5,35,40,10,null,"La GlaceD"]
[null,null,44,"Lac La Biche","A",12,0,10,23,50,75,0,40,75,40,0,70,13,4,45,40,0,38,17,0,null,"Lac La BicheA"]
[null,null,44,"Lac La Biche","B",9,0,7.5,19.5,55,60,0,40,60,40,0,55,12,3,47.5,40,0,33,23.5,0,null,"Lac La BicheB"]
[null,null,44,"Lac La Biche","C",16,0,7.5,18,13,80,0,40,50,34,13,60,10.5,4,36,30,0,30,21,0,null,"Lac La BicheC"]
[null,null,44,"Lac La Biche","D",16.25,0,6.25,16.25,13.75,75,0,37.5,40,30,16.25,55,10,3.75,32.5,25,0,27.5,25,0,null,"Lac La BicheD"]
[null,null,30,"Lacombe","A",4,43,0,10,4,90,0,0,0,0,0,26,36,15,35,10,0,5,36,22,null,"LacombeA"]
[null,null,30,"Lacombe","B",3,47.5,0,15,6,75,0,0,0,0,0,26,27,25,30,10,0,7.5,36,24,null,"LacombeB"]
[null,null,30,"Lacombe","C",3,34.5,0,10,4,50,8,0,9,0,12,19.5,27,35,45,12.5,0,5,47,27.5,null,"LacombeC"]
[null,null,30,"Lacombe","D",2.5,32.5,0,12.5,5,38.75,10,0,11.25,0,15,16.25,22.5,50,40,12.5,0,6.25,47.5,28.75,null,"LacombeD"]
[null,null,234,"Lathom","A",0,41,20,20,0,55,0,0,19,0,45,100,20,20,34,100,0,80,40,100,null,"LathomA"]
[null,null,234,"Lathom","B",0,41.5,30,30,0,47.5,0,5,28.5,0,50,100,15,30,34,100,0,80,40,100,null,"LathomB"]
[null,null,234,"Lathom","C",0,31,24,20,14,37.5,0,10,19,20,9,60,15,45,35.5,100,20,80,50,100,null,"LathomC"]
[null,null,234,"Lathom","D",0,26.25,30,25,17.5,31.25,0,15,23.75,25,11.25,50,12.5,75,33.75,100,25,85,50,100,null,"LathomD"]
[null,null,126,"Lee Creek","A",0,34,15,100,0,38,0,7,4,0,11,24,30,16,20,2,20,50,0,65,null,"Lee CreekA"]
[null,null,126,"Lee Creek","B",0,41,22.5,100,0,35,0,10.5,4,0,11.5,18,22.5,16.5,30,3,30,60,0,60,null,{"$f":"D519&E519","v":"Lee CreekB"}]
[null,null,126,"Lee Creek","C",0,29,34,100,13,28.5,0,7,8,0,8.5,32,22.5,55,17,2,40,36.5,0,30,null,"Lee CreekC"]
[null,null,126,"Lee Creek","D",0,30,42.5,100,16.25,23.75,0,8.75,10,0,7.5,32.5,18.75,65,21.25,2.5,50,38.75,0,20,null,"Lee CreekD"]
[null,null,117,"Leedale","A",2,12,45,5,0,60,0,4,20,0,20,75,0,10,50,30,0,2,26,40,null,"LeedaleA"]
[null,null,117,"Leedale","B",3,18,40,7.5,0,50,0,4,20,0,25,75,0,10,45,45,0,1.5,26,45,null,"LeedaleB"]
[null,null,117,"Leedale","C",2,12,19.5,5,0,25,0,3,20,8,55,50,0,35,55,35,11,1.5,39.5,40,null,"LeedaleC"]
[null,null,117,"Leedale","D",2.5,15,16.25,6.25,0,18.75,0,2.5,18.75,10,65,40,0,40,55,40,13.75,1.25,41.25,45,null,"LeedaleD"]
[null,null,180,"Legal","A",24,0,0,5,39,100,12,36,0,29,20,95,0,1,55,16,0,51,2,0,null,"LegalA"]
[null,null,180,"Legal","B",18,0,0,7.5,36,100,10.5,36,0,32.5,15.5,90,0,1.5,55,16,0,48,3,0,null,"LegalB"]
[null,null,180,"Legal","C",18,0,0,8,50,100,9.5,43,0,23.5,25,100,0,13,55,29,0,45,3,0,null,"LegalC"]
[null,null,180,"Legal","D",15,0,0,10,60,95,8.75,42.5,0,25,23.75,100,0,16.25,50,31.25,0,50,3.75,0,null,"LegalD"]
[null,null,11,"Lethbridge","A",0,60,40,65,0,35,0,0,16,0,17,95,40,55,85,21,12,100,40,100,null,"LethbridgeA"]
[null,null,11,"Lethbridge","B",0,70,75,90,0,30,0,0,24,0,25.5,80,30,90,90,16.5,18,100,40,100,null,"LethbridgeB"]
[null,null,11,"Lethbridge","C",0,50,80,100,17,12,0,0,36,0,17,100,30,100,100,32,32,100,30,100,null,"LethbridgeC"]
[null,null,11,"Lethbridge","D",0,50,100,100,21.25,10,0,0,45,0,21.25,100,25,100,100,35,40,100,25,100,null,"LethbridgeD"]
[null,null,123,"Lindbergh","A",0,3,0,3,3,70,0,40,0,95,0,100,0,0,10,40,0,20,0,40,null,"LindberghA"]
[null,null,123,"Lindbergh","B",0,4.5,0,4.5,3,80,0,40,0,90,0,100,0,0,10,40,0,30,0,40,null,"LindberghB"]
[null,null,123,"Lindbergh","C",2,3,1,3,19.5,80,0,30,0,70,12,85,0,0,7.5,35,0,20,0,30,null,"LindberghC"]
[null,null,123,"Lindbergh","D",2.5,3.75,1.25,3.75,23.75,80,0,25,0,55,15,75,0,0,6.25,31.25,0,25,0,25,null,"LindberghD"]
[null,null,150,"Linden","A",0,18,18,20,0,100,0,0,0,0,15,30,32,10,50,2,0,85,40,10,null,"LindenA"]
[null,null,150,"Linden","B",0,18,22,30,0,100,0,0,0,0,22.5,21,24,4,60,2,0,90,40,10,null,"LindenB"]
[null,null,150,"Linden","C",0,13.5,15.5,20,0,65,8,0,0,20,15,18,24,20,50,3.5,2,41,50,4.5,null,"LindenC"]
[null,null,150,"Linden","D",0,11.25,16.25,25,0,55,10,0,0,25,18.75,15,20,20,50,3.75,2.5,42.5,50,3.75,null,"LindenD"]
[null,null,248,"Little Paddle Headwaters","A",0,12,5,20,45,35,16,0,0,0,60,75,2,0,55,0,0,37,19,2,null,"Little Paddle HeadwatersA"]
[null,null,248,"Little Paddle Headwaters","B",0,18,5,30,45,20,12,0,0,0,55,75,3,0,40,0,0,34.5,23.5,3,null,"Little Paddle HeadwatersB"]
[null,null,248,"Little Paddle Headwaters","C",0,12,25,20,50,40,12,7,0,0,60,80,2,0,30,0,17,30,16.5,2,null,"Little Paddle HeadwatersC"]
[null,null,248,"Little Paddle Headwaters","D",0,15,35,25,55,35,10,8.75,0,0,65,80,2.5,0,25,0,21.25,28.75,17.5,2.5,null,"Little Paddle HeadwatersD"]
[null,null,69,"Livingston","A",17,46,17,20,0,40,28,20,0,0,14,20,40,55,0,0,20,0,18,40,null,"LivingstonA"]
[null,null,69,"Livingston","B",19.5,53,23.5,30,0,40,21,30,0,0,21,25,30,55,0,0,30,0,18,45,null,"LivingstonB"]
[null,null,69,"Livingston","C",15,38,16,40,11,30,21,29,10,0,14,30,30,70,12,0,40,0,13.5,22,null,"LivingstonC"]
[null,null,69,"Livingston","D",16.25,37.5,18.75,60,13.75,25,17.5,36.25,12.5,0,17.5,30,25,75,15,0,50,0,11.25,18.75,null,"LivingstonD"]
[null,null,36,"Lloydminster","A",0,0,0,20,0,29,0,40,0,55,0,65,6,0,6,30,14,20,9,50,null,"LloydminsterA"]
[null,null,36,"Lloydminster","B",0,0,0,30,0,29.5,0,40,0,60,0,55,4.5,0,6,30,14,30,13.5,55,null,"LloydminsterB"]
[null,null,36,"Lloydminster","C",0,0,0,20,0,22,0,37,0,55,0,30,4.5,0,4.5,22.5,10.5,38,25,40,null,"LloydminsterC"]
[null,null,36,"Lloydminster","D",0,0,0,25,0,18.75,0,33.75,0,55,0,25,3.75,0,3.75,18.75,8.75,47.5,31.25,37.5,null,"LloydminsterD"]
[null,null,244,"Lodge Creek","A",1,46,20,40,0,0,0,0,10,0,30,100,10,100,100,90,55,80,33,100,null,"Lodge CreekA"]
[null,null,244,"Lodge Creek","B",1.5,56,30,50,0,0,0,0,15,0,35,95,7.5,100,100,90,55,85,35.5,100,null,"Lodge CreekB"]
[null,null,244,"Lodge Creek","C",1,39.5,23,50,0,0,0,6,10,0,8,100,7.5,100,100,80,90,70,46,100,null,"Lodge CreekC"]
[null,null,244,"Lodge Creek","D",1.25,41.25,28.75,60,0,0,0,7.5,12.5,0,8.75,100,6.25,100,100,75,100,80,55,100,null,"Lodge CreekD"]
[null,null,127,"Magee Lake","A",18,35,35,24,10,100,0,0,0,0,15,0,38,6,85,0,0,28,0,37,null,"Magee LakeA"]
[null,null,127,"Magee Lake","B",13.5,37.5,35,33,20,90,0,0,0,0,25,0,28.5,9,85,0,0,24,0,40,null,"Magee LakeB"]
[null,null,127,"Magee Lake","C",13.5,27.5,30,23,2,85,0,0,0,0,15,5,28.5,23,90,10,0,22,10,28,null,"Magee LakeC"]
[null,null,127,"Magee Lake","D",11.25,25,25,27.5,2.5,65,0,0,0,0,20,1.25,23.75,30,90,12.5,0,20,12.5,25,null,"Magee LakeD"]
[null,null,51,"Manning","A",50,24,20,19,3,25,10,4,56,0,65,90,3,14,41,60,14,45,6,40,null,"ManningA"]
[null,null,51,"Manning","B",34,24,15,28.5,4.5,35,15,4,75,0,75,95,4.5,21,41.5,40,14,25,9,25,null,"ManningB"]
[null,null,51,"Manning","C",30,30,21,19,16,35,19,11,85,11,95,70,3,28,31,30,10.5,40,6,16.5,null,"ManningC"]
[null,null,51,"Manning","D",25,32.5,20,23.75,20,45,23.75,12.5,100,13.75,100,65,3.75,35,26.25,25,8.75,30,7.5,13.75,null,"ManningD"]
[null,null,138,"Mannville","A",2,0,0,20,15,100,0,40,0,65,0,40,22,0,65,40,0,38,2,10,null,"MannvilleA"]
[null,null,138,"Mannville","B",1.5,0,0,30,25,100,0,40,0,70,0,40,16.5,0,49,40,0,43.5,3,15,null,"MannvilleB"]
[null,null,138,"Mannville","C",1.5,0,5,20,9,100,0,37,0,45,15,32,16.5,10,55,34,0,35.5,10,10,null,"MannvilleC"]
[null,null,138,"Mannville","D",1.25,0,6.25,25,11.25,90,0,33.75,0,40,18.75,27.5,13.75,12.5,40,30,0,40,12.5,12.5,null,"MannvilleD"]
[null,null,144,"Manyberries","A",0,56,70,100,2,32,0,20,20,0,32,100,8,70,100,60,0,80,34,95,null,"ManyberriesA"]
[null,null,144,"Manyberries","B",0,66,100,100,1.5,32,0,30,30,0,40,70,6,100,100,65,0,85,39,100,null,"ManyberriesB"]
[null,null,144,"Manyberries","C",0,47,95,100,1.5,24,0,40,20,3,28,100,6,85,100,60,20,100,45,65,null,"ManyberriesC"]
[null,null,144,"Manyberries","D",0,47.5,100,100,1.25,20,0,50,25,3.75,30,100,5,100,100,65,35,100,48.75,65,null,"ManyberriesD"]
[null,null,305,"Marwayne","A",0,0,0,20,15,43,0,40,0,30,0,100,2,0,4,40,16,20,9,0,null,"MarwayneA"]
[null,null,305,"Marwayne","B",0,0,0,30,5,46.5,0,40,0,35,0,100,1.5,0,4,40,16,30,13.5,0,null,"MarwayneB"]
[null,null,305,"Marwayne","C",0,0,0,20,10,45,0,30,0,25,0,65,1.5,0,4,36,12,34,13,0,null,"MarwayneC"]
[null,null,305,"Marwayne","D",0,0,0,25,5,50,0,25,0,20,0,50,1.25,0,3.75,32.5,10,42.5,16.25,0,null,"MarwayneD"]
[null,null,59,"Masinisan","A",42,60,40,100,0,60,0,20,20,0,36,100,22,100,25,60,13,100,26,32,null,"MasinisanA"]
[null,null,59,"Masinisan","B",46.5,90,70,100,0,55,0,30,30,0,50,80,16.5,100,45,55,19.5,100,26,35,null,"MasinisanB"]
[null,null,59,"Masinisan","C",36.5,50,65,100,0,75,0,40,45,16,32,100,16.5,100,75,65,33,100,19.5,35,null,"MasinisanC"]
[null,null,59,"Masinisan","D",38.75,50,90,100,0,75,0,55,75,20,35,100,13.75,100,90,70,41.25,100,16.25,35,null,"MasinisanD"]
[null,null,88,"Mayerthorpe","A",35,5,0,13,0,50,22,0,0,0,50,100,7,0,28,0,0,43,40,0,null,"MayerthorpeA"]
[null,null,88,"Mayerthorpe","B",25,7.5,0,19.5,0,40,16.5,0,0,0,45,100,10.5,0,28,0,0,42,41,0,null,{"$f":"D583&E583","v":"MayerthorpeB"}]
[null,null,88,"Mayerthorpe","C",19.5,10,0,13,9,50,19.5,0,0,0,55,90,7,2,21,1,18,44.5,33.5,0,null,"MayerthorpeC"]
[null,null,88,"Mayerthorpe","D",16.25,12.5,0,16.25,11.25,45,17.5,0,0,0,55,85,8.75,2.5,17.5,1.25,22.5,46.25,30,0,null,"MayerthorpeD"]
[null,null,5,"Medicine Hat","A",13,60,20,65,0,26,5,9,20,14,14,100,0,65,100,100,0,100,20,90,null,"Medicine HatA"]
[null,null,5,"Medicine Hat","B",19.5,80,30,100,0,26,7.5,15,30,11.5,21,100,0,100,100,100,0,100,30,95,null,"Medicine HatB"]
[null,null,5,"Medicine Hat","C",13,50,40,85,20,19.5,5,35,20,55,14,100,0,100,100,100,35,100,60,100,null,"Medicine HatC"]
[null,null,5,"Medicine Hat","D",16.25,50,70,100,25,16.25,6.25,50,25,55,17.5,100,0,100,100,100,50,100,90,100,null,"Medicine HatD"]
[null,null,181,"Medicine Lodge","A",0,54,20,25,0,2,0,0,5,5,5,85,0,30,25,40,0,58,14,65,null,"Medicine LodgeA"]
[null,null,181,"Medicine Lodge","B",0,64,30,25,0,2,0,0,7.5,2,7.5,70,0,45,10,55,0,58.5,14,75,null,"Medicine LodgeB"]
[null,null,181,"Medicine Lodge","C",0,45.5,26,45,0,1.5,0,6,5,1.5,5,70,0,55,40,18,18,48.5,25.5,50,null,"Medicine LodgeC"]
[null,null,181,"Medicine Lodge","D",0,46.25,32.5,50,0,1.25,0,7.5,6.25,1.25,6.25,58.75,0,70,35,22.5,22.5,48.75,27.5,50,null,"Medicine LodgeD"]
[null,null,6,"Milk River","A",20,60,35,100,0,70,5,20,0,0,34,75,26,20,55,75,10,100,16,60,null,"Milk RiverA"]
[null,null,6,"Milk River","B",30,85,80,100,0,70,7.5,30,0,0,55,55,19.5,30,75,70,15,100,16,70,null,"Milk RiverB"]
[null,null,6,"Milk River","C",20,50,60,100,10,85,5,40,20,9,30.5,95,23.5,60,80,60,30,100,32,70,null,"Milk RiverC"]
[null,null,6,"Milk River","D",25,50,80,100,12.5,90,6.25,55,25,11.25,33.75,90,21.25,85,95,60,40,100,45,80,null,"Milk RiverD"]
[null,null,207,"Milk River Reservoir","A",5,60,70,75,0,50,0,11,9,0,20,32,38,17,15,53,0,100,26,100,null,"Milk River ReservoirA"]
[null,null,207,"Milk River Reservoir","B",7.5,70,100,100,0,40.5,0,16.5,12.5,0,30,24,28.5,25.5,25,49.5,0,100,26,100,null,"Milk River ReservoirB"]
[null,null,207,"Milk River Reservoir","C",5,50,90,100,0,45,0,29,28.5,0,20,34,28.5,31,15,51,20,70,36.5,100,null,"Milk River ReservoirC"]
[null,null,207,"Milk River Reservoir","D",6.25,50,100,100,0,35,0,36.25,35,0,25,32.5,23.75,38.75,20,60,25,55,37.5,100,null,"Milk River ReservoirD"]
[null,null,208,"Milk River Ridge","A",13,60,85,85,0,34,0,20,0,0,20,40,40,20,60,40,12,80,34,80,null,"Milk River RidgeA"]
[null,null,208,"Milk River Ridge","B",19.5,70,100,100,0,33,0,30,0,0,30,30,30,35,70,35,18,75,34,65,null,"Milk River RidgeB"]
[null,null,208,"Milk River Ridge","C",13,50,100,100,7,32.5,0,40,16,0,20,44,32,60,40,50,32,45,25.5,75,null,"Milk River RidgeC"]
[null,null,208,"Milk River Ridge","D",16.25,50,100,100,8.75,30,0,50,20,0,25,42.5,27.5,90,40,55,40,43.75,21.25,70,null,"Milk River RidgeD"]
[null,null,78,"Morrin","A",40,44,22,20,8,75,0,0,12,0,0,75,28,19,60,40,0,50,17,65,null,"MorrinA"]
[null,null,78,"Morrin","B",30,46,25,30,6,75,0,0,12,0,0,59.5,21,28.5,75,45,0,65,22.5,65,null,"MorrinB"]
[null,null,78,"Morrin","C",30,34,18,20,8,30,0,20,11,20,0,49.5,21,32,75,50,4,75,35.5,90,null,"MorrinC"]
[null,null,78,"Morrin","D",20,30,17.5,25,7.5,25,0,25,10,25,0,41.25,17.5,40,85,50,5,90,45,100,null,"MorrinD"]
[null,null,139,"Mossleigh","A",0,45,17,20,0,100,0,0,20,0,25,50,18,40,36,65,0,80,40,100,null,"MossleighA"]
[null,null,139,"Mossleigh","B",0,48.5,25.5,30,0,85,0,0,30,0,45,46,13.5,35,36,45,0,80,40,100,null,"MossleighB"]
[null,null,139,"Mossleigh","C",0,35.5,17,20,16,48,0,5,29,20,50,37.5,13.5,50,47,40,20,65,50,100,null,"MossleighC"]
[null,null,139,"Mossleigh","D",0,32.5,21.25,25,20,40,0,5,36.25,25,65,31.25,11.25,50,47.5,31.25,25,65,50,100,null,"MossleighD"]
[null,null,182,"Mundare","A",30,0,17,80,50,100,0,36,18,18,0,65,0,0,70,40,0,36,11,0,null,"MundareA"]
[null,null,182,"Mundare","B",22.5,0,15,80,45,100,0,36,13.5,20,0,48.5,0,0,65,40,0,42,16.5,0,null,"MundareB"]
[null,null,182,"Mundare","C",22.5,0,13.5,60,45,100,0,40,13.5,13.5,20,65,0,4,65,30,0,32,18,0,null,"MundareC"]
[null,null,182,"Mundare","D",18.75,0,12.5,60,45,100,0,38.75,11.25,11.25,25,55,0,5,60,25,0,35,22.5,0,null,"MundareD"]
[null,null,183,"Myrnam","A",0,0,0,3,60,100,0,40,6,95,0,100,20,3,20,40,0,30,13,22,null,"MyrnamA"]
[null,null,183,"Myrnam","B",0,0,0,4.5,65,100,0,40,4.5,90,0,95,15,4.5,9,40,0,40,19.5,25,null,"MyrnamB"]
[null,null,183,"Myrnam","C",0,0,0,3,55,100,0,30,4.5,60,19,95,15,3,9,46,0,30,24,16.5,null,"MyrnamC"]
[null,null,183,"Myrnam","D",0,0,0,3.75,55,100,0,25,3.75,50,23.75,85,12.5,3.75,7.5,45,0,40,30,13.75,null,"MyrnamD"]
[null,null,120,"Neir","A",0,47,25,1,0,100,20,0,16,0,18,42,32,65,65,28,0,85,49,30,null,"NeirA"]
[null,null,120,"Neir","B",0,50.5,45,1.5,0,95,10,0,24,0,27,39.5,24,60,75,28,0,85,58.5,30,null,"NeirB"]
[null,null,120,"Neir","C",0,37,23.5,1,0,60,25,0,20,19,18,31.5,24,60,80,29,20,65,61.5,10.5,null,"NeirC"]
[null,null,120,"Neir","D",0,33.75,27.5,1.25,0,50,20,0,25,23.75,22.5,26.25,20,60,85,27.5,25,65,67.5,8.75,null,"NeirD"]
[null,null,184,"New Sarepta","A",26,15,4,16,70,100,10,40,0,8,16,75,0,0,55,20,0,41,34,0,null,"New SareptaA"]
[null,null,184,"New Sarepta","B",19.5,20,4.5,24,70,100,7.5,40,0,8,16,55,0,0,60,20,0,43.5,34,0,null,"New SareptaB"]
[null,null,184,"New Sarepta","C",19.5,0,3.5,22,90,100,7.5,50,0,6,32,70,0,0,45,15,0,37,45.5,0,null,"New SareptaC"]
[null,null,184,"New Sarepta","D",16.25,0,3.75,27.5,95,100,6.25,50,0,5,35,60,0,0,40,12.5,0,38.75,46.25,0,null,"New SareptaD"]
[null,null,79,"Olds","A",20,38,0,20,0,100,0,2,0,13,3,40,30,10,6,16,0,70,16,2,null,"OldsA"]
[null,null,79,"Olds","B",10,41,0,30,0,100,0,3,0,19.5,4.5,32.5,22.5,15,6,16,0,70,16,2,null,"OldsB"]
[null,null,79,"Olds","C",3,30,0,20,0,85,0,6,3,33,3,25.5,22.5,35,21.5,14,4,44,32,1.5,null,"OldsC"]
[null,null,79,"Olds","D",2.5,27.5,0,25,0,70,0,7.5,3.75,41.25,3.75,21.25,18.75,50,30,12.5,5,45,35,1.25,null,"OldsD"]
[null,null,114,"Oliver","A",40,0,4,6,30,100,0,40,10,8,12,65,0,10,45,0,0,50,11,0,null,"OliverA"]
[null,null,114,"Oliver","B",31,0,6,9,22.5,100,0,40,7.5,8,9,60,0,15,45,0,0,52.5,15.5,0,null,"OliverB"]
[null,null,114,"Oliver","C",30,0,4,25,50,95,0,50,7.5,6,29,65,0,21,50,0,0,42.5,21.5,0,null,"OliverC"]
[null,null,114,"Oliver","D",25,0,5,35,55,80,0,50,6.25,5,32.5,65,0,26.25,45,0,0,43.75,26.25,0,null,"OliverD"]
[null,null,7,"Onefour","A",0,60,60,65,14,40,0,20,20,0,20,100,30,100,50,100,0,100,50,20,null,"OnefourA"]
[null,null,7,"Onefour","B",0,90,100,100,12,40,0,30,30,0,30,85,45,100,85,100,0,100,57,50,null,"OnefourB"]
[null,null,7,"Onefour","C",0,50,100,100,20,30,0,40,40,0,20,100,35,100,100,100,40,100,75,75,null,"OnefourC"]
[null,null,7,"Onefour","D",0,55,100,100,21.25,25,0,50,60,0,25,100,40,100,100,100,50,100,100,100,null,"OnefourD"]
[null,null,73,"Oyen","A",25,30,20,14,24,60,0,0,7,20,40,100,0,65,20,80,0,80,40,100,null,"OyenA"]
[null,null,73,"Oyen","B",25,40,30,21,24,65,0,0,10.5,20,40,85,0,85,25,70,0,85,40,100,null,"OyenB"]
[null,null,73,"Oyen","C",20,27.5,20,14,18,30,0,0,15,15,30,57,0,55,55,75,20,70,70,100,null,"OyenC"]
[null,null,73,"Oyen","D",20,31.25,25,17.5,15,25,0,0,18.75,12.5,25,47.5,0,60,60,65,25,75,70,100,null,"OyenD"]
[null,null,247,"Paddle Dam","A",15,0,0,16,2,40,20,0,0,5,30,100,1,0,70,0,0,50,28,0,null,"Paddle DamA"]
[null,null,247,"Paddle Dam","B",8.5,0,0,24,1.5,30,15,0,0,10,27,100,1.5,0,60,0,0,40.5,35,0,null,{"$f":"D647&E647","v":"Paddle DamB"}]
[null,null,247,"Paddle Dam","C",7.5,0,3,16,9.5,35,21,0,0,10,34,100,1,0,33,12,18,40,30,0,null,"Paddle DamC"]
[null,null,247,"Paddle Dam","D",6.25,0,3.75,20,11.25,30,20,0,0,15,35,100,1.25,0,27.5,15,22.5,40,35,0,null,"Paddle DamD"]
[null,null,141,"Pakowki Lake","A",0,60,34,100,0,50,0,20,20,0,20,70,0,100,100,100,20,100,28,45,null,"Pakowki LakeA"]
[null,null,141,"Pakowki Lake","B",0,75,50,100,0,40,0,30,30,0,30,60,0,100,100,100,30,100,28,55,null,"Pakowki LakeB"]
[null,null,141,"Pakowki Lake","C",0,50,55,100,2,40,0,37,40,14,20,95,0,100,100,95,50,100,21,70,null,"Pakowki LakeC"]
[null,null,141,"Pakowki Lake","D",0,50,80,100,2.5,35,0,46.25,70,17.5,25,85,0,100,100,95,85,100,17.5,75,null,"Pakowki LakeD"]
[null,null,128,"Parlby Creek","A",10,32,0,18,5,90,0,0,0,0,25,15,8,12,40,4,0,33,34,4,null,"Parlby CreekA"]
[null,null,128,"Parlby Creek","B",7.5,32,0,27,7.5,70,0,0,0,0,35,4.5,6,18,45,4,0,30,34,6,null,"Parlby CreekB"]
[null,null,128,"Parlby Creek","C",7.5,24,0,18,5,51,0,0,0,2,35,4.5,6,31,70,20,0,26.5,36.5,5,null,"Parlby CreekC"]
[null,null,128,"Parlby Creek","D",6.25,20,0,22.5,6.25,42.5,0,0,0,2.5,45,3.75,5,45,75,23.75,0,25,35,10,null,"Parlby CreekD"]
[null,null,229,"Patricia","A",0,40,20,20,0,46,0,11,19,0,45,100,0,35,100,100,0,80,32,100,null,"PatriciaA"]
[null,null,229,"Patricia","B",0,40,30,30,0,44.5,0,12.5,28.5,0,60,100,0,60,100,100,0,90,32,100,null,"PatriciaB"]
[null,null,229,"Patricia","C",0,30,20,20,9,34.5,0,15,32,20,32.5,100,0,85,100,80,20,90,44,100,null,"PatriciaC"]
[null,null,229,"Patricia","D",0,25,25,40,11.25,28.75,0,16.25,40,25,32.5,90,0,100,100,60,25,100,45,100,null,"PatriciaD"]
[null,null,212,"Peavine","A",40,0,0,5,4,55,21,0,0,36,70,50,0,40,40,40,0,60,20,60,null,"PeavineA"]
[null,null,212,"Peavine","B",24,0,0,7.5,6,45,18,0,0,36,70,50,0,40,40,40,0,60,30,55,null,"PeavineB"]
[null,null,212,"Peavine","C",24,0,9,5,4,70,16.5,0,6,31,100,50,0,30,30,30,2,50,20,24,null,"PeavineC"]
[null,null,212,"Peavine","D",20,0,11.25,6.25,5,70,15,0,7.5,27.5,100,50,0,30,25,25,2.5,50,25,20,null,"PeavineD"]
[null,null,109,"Peoria","A",14,0,26,0,100,100,60,30,4,40,90,95,0,6,40,55,0,100,40,0,null,"PeoriaA"]
[null,null,109,"Peoria","B",14,0,19.5,0,100,95,60,30,6,40,85,100,0,4.5,40,55,0,100,45,0,null,"PeoriaB"]
[null,null,109,"Peoria","C",10.5,18,38.5,0,75,100,50,22.5,24,30,100,85,0,4.5,30,45,0,95,55,0,null,"PeoriaC"]
[null,null,109,"Peoria","D",8.75,22.5,40,0,65,95,50,18.75,30,25,100,85,0,3.75,25,40,0,95,70,0,null,"PeoriaD"]
[null,null,293,"Pibroch","A",20,9,7,5,25,85,14,40,6,15,8,100,0,0,40,40,0,36,20,0,null,"PibrochA"]
[null,null,293,"Pibroch","B",15,13.5,10.5,7.5,18,65,10.5,40,4.5,15,6,100,0,0,45,40,0,27,30,0,null,"PibrochB"]
[null,null,293,"Pibroch","C",15,16,7,5,30,85,10.5,47,10.5,0,6,80,0,0,45,44,0,45,20,0,null,"PibrochC"]
[null,null,293,"Pibroch","D",12.5,20,8.75,6.25,30,80,8.75,46.25,11.25,0,5,65,0,0,45,42.5,0,45,25,0,null,"PibrochD"]
[null,null,298,"Picture Butte","A",0,60,65,55,0,4,0,0,0,0,20,90,0,95,45,38,20,65,40,100,null,"Picture ButteA"]
[null,null,298,"Picture Butte","B",0,70,100,80,0,4,0,0,0,0,30,70,0,100,50,28.5,30,55,40,100,null,"Picture ButteB"]
[null,null,298,"Picture Butte","C",0,50,65,100,9,3,0,18,8,5,20,95,0,100,65,28.5,34,40,34,100,null,"Picture ButteC"]
[null,null,298,"Picture Butte","D",0,50,80,100,11.25,2.5,0,22.5,10,6.25,25,90,0,100,70,23.75,42.5,30,30,100,null,"Picture ButteD"]
[null,null,10,"Pincher Creek","A",10,43,20,45,0,34,0,0,12,4,34,12,38,20,70,14,20,65,40,100,null,"Pincher CreekA"]
[null,null,10,"Pincher Creek","B",15,44.5,30,70,0,34,0,0,12,6,44,10,28.5,35,80,10.5,30,70,40,100,null,"Pincher CreekB"]
[null,null,10,"Pincher Creek","C",10,33,39,90,20,25.5,0,13,9,4,30.5,25,28.5,65,85,10.5,40,35,60,95,null,"Pincher CreekC"]
[null,null,10,"Pincher Creek","D",12.5,28.75,55,100,25,21.25,0,16.25,7.5,5,33.75,30,23.75,85,95,8.75,60,37.5,65,95,null,"Pincher CreekD"]
[null,null,274,"Pine Coulee Fp","A",6,49,28,52,0,52,2,12,0,0,20,55,10,55,50,12,9,65,20,75,null,"Pine Coulee FpA"]
[null,null,274,"Pine Coulee Fp","B",9,53.5,38,55,0,45.5,1.5,9,0,0,30,45,7.5,75,55,9,13.5,50,20,75,null,"Pine Coulee FpB"]
[null,null,274,"Pine Coulee Fp","C",6,39,26,60,9,39,1.5,15,20,0,20,55,7.5,85,75,9,29,30,26,75,null,"Pine Coulee FpC"]
[null,null,274,"Pine Coulee Fp","D",7.5,36.25,30,75,11.25,32.5,1.25,15,25,0,25,55,6.25,100,75,7.5,40,25,26.25,75,null,"Pine Coulee FpD"]
[null,null,236,"Pinhorn","A",0,65,22,100,0,50,0,20,20,0,20,90,22,85,55,100,17,80,16,28,null,"PinhornA"]
[null,null,236,"Pinhorn","B",0,95,40,100,0,40,0,30,30,0,30,68,16.5,100,75,100,25.5,90,16,29,null,"PinhornB"]
[null,null,236,"Pinhorn","C",0,50,41.5,100,2,40,0,40,40,0,20,95,16.5,100,80,90,37,75,32,29.5,null,"PinhornC"]
[null,null,236,"Pinhorn","D",0,50,65,100,2.5,30,0,50,55,0,25,80,13.75,100,100,90,46.25,85,35,30,null,"PinhornD"]
[null,null,270,"Pleasant View","A",38,0,0,12,2,65,0,40,18,36,7,95,0,0,33,40,0,58,10,0,null,"Pleasant ViewA"]
[null,null,270,"Pleasant View","B",28.5,0,0,18,3,65,0,40,13.5,36,10.5,90,0,0,45,40,0,57,15,0,null,"Pleasant ViewB"]
[null,null,270,"Pleasant View","C",28.5,3,0,12,2,60,0,33,13.5,27,18,85,0,0,35,30,0,57,10,0,null,"Pleasant ViewC"]
[null,null,270,"Pleasant View","D",23.75,3.75,0,15,2.5,55,0,28.75,11.25,22.5,25,80,0,0,35,25,0,58.75,12.5,0,null,"Pleasant ViewD"]
[null,null,74,"Pollockville","A",32,40,20,20,0,100,0,7,0,2,0,100,0,35,35,100,0,60,18,100,null,"PollockvilleA"]
[null,null,74,"Pollockville","B",32,40,30,30,0,70,0,15,0,2,0,100,0,50,35,100,0,60,18,100,null,"PollockvilleB"]
[null,null,74,"Pollockville","C",24,30,27,20,19,60,8,7,0,30,0,75,0,75,55,100,20,65,33.5,100,null,"PollockvilleC"]
[null,null,74,"Pollockville","D",20,25,33.75,25,23.75,50,10,10,0,40,0,66.25,0,95,55,95,25,80,36.25,100,null,"PollockvilleD"]
[null,null,129,"Porcupine","A",0,58,26,55,0,44,14,0,0,0,20,15,32,26,25,0,20,34,10,55,null,"PorcupineA"]
[null,null,129,"Porcupine","B",0,67,36,65,0,43,10.5,0,0,0,30,15,24,35,24,0,30,30,10,40,null,"PorcupineB"]
[null,null,129,"Porcupine","C",0,48,24.5,75,8,33,10.5,3,8,0,20,25,24,60,30,0,40,27,7.5,33,null,"PorcupineC"]
[null,null,129,"Porcupine","D",0,47.5,30,95,10,27.5,8.75,3.75,10,0,25,30,20,75,25,0,50,25,6.25,27.5,null,"PorcupineD"]
[null,null,275,"Prentiss","A",0,30,0,9,12,95,0,0,0,0,0,25,40,15,50,2,0,11,34,22,null,"PrentissA"]
[null,null,275,"Prentiss","B",0,30,0,13.5,18,75,0,0,0,0,0,24,30,22.5,50,2,0,16.5,34,22,null,"PrentissB"]
[null,null,275,"Prentiss","C",0,22.5,0,9,12,55,6,0,3,0,13,18,30,26,55,11.5,0,11,45.5,16.5,null,"PrentissC"]
[null,null,275,"Prentiss","D",0,18.75,0,11.25,15,45,7.5,0,3.75,0,16.25,15,25,32.5,50,13.75,0,13.75,46.25,13.75,null,"PrentissD"]
[null,null,250,"Priddis Observatory","A",0,20,16,16,0,65,30,0,0,0,20,35,38,100,15,0,3,28,31,45,null,"Priddis ObservatoryA"]
[null,null,250,"Priddis Observatory","B",0,24,24,24,0,52,30,0,0,0,30,20,28.5,100,20,0,4.5,21,36.5,50,null,"Priddis ObservatoryB"]
[null,null,250,"Priddis Observatory","C",0,17,16,16,0,45,21,0,4,15,20,12,35.5,100,35,0,23,21,27,55,null,"Priddis ObservatoryC"]
[null,null,250,"Priddis Observatory","D",0,17.5,20,20,0,37.5,22.5,0,5,18.75,25,10,32.5,100,45,0,40,17.5,27.5,60,null,"Priddis ObservatoryD"]
[null,null,23,"Queenstown","A",0,41,20,20,0,85,0,20,17,0,7,95,10,25,90,95,0,65,40,100,null,"QueenstownA"]
[null,null,23,"Queenstown","B",0,43.5,30,30,0,70,0,20,25.5,0,15,85,7.5,30,95,90,0,55,40,100,null,{"$f":"D711&E711","v":"QueenstownB"}]
[null,null,23,"Queenstown","C",0,32,20,20,14,51,0,20,17,20,7,48,7.5,55,100,100,20,60,50,100,null,"QueenstownC"]
[null,null,23,"Queenstown","D",0,28.75,25,25,17.5,42.5,0,20,21.25,25,10,40,6.25,65,100,95,25,55,50,100,null,"QueenstownD"]
[null,null,185,"Radway","A",24,0,0,6,50,100,0,40,18,33,0,45,0,0,40,34,0,40,4,0,null,"RadwayA"]
[null,null,185,"Radway","B",18,0,0,9,45,100,0,40,13.5,34.5,0,40,0,0,40,34,0,35,10,0,null,"RadwayB"]
[null,null,185,"Radway","C",18,0,0,15,55,95,0,48,13.5,25.5,14,70,0,3,30,36.5,0,40,15,0,null,"RadwayC"]
[null,null,185,"Radway","D",15,0,0,18.75,55,85,0,47.5,11.25,22.5,17.5,75,0,3.75,25,35,0,40,20,0,null,"RadwayD"]
[null,null,271,"Rainier","A",0,39,20,20,0,38,0,0,15,0,11,100,0,50,70,100,12,70,40,100,null,"RainierA"]
[null,null,271,"Rainier","B",0,43.5,50,40,0,38,0,0,22.5,0,16.5,90,0,70,85,100,18,75,40,100,null,"RainierB"]
[null,null,271,"Rainier","C",0,31.5,40,20,0,28.5,0,20,17,20,11,85,0,85,85,100,32,70,50,100,null,"RainierC"]
[null,null,271,"Rainier","D",0,30,60,35,0,23.75,0,25,21.25,25,13.75,70,0,100,95,100,40,80,50,100,null,"RainierD"]
[null,null,225,"Ralston","A",25,60,20,70,0,32,12,14,4,0,0,100,2,20,100,100,12,100,16,100,null,"RalstonA"]
[null,null,225,"Ralston","B",20,70,30,100,0,32,18,21,6,0,0,100,1.5,20,100,100,18,100,16,100,null,"RalstonB"]
[null,null,225,"Ralston","C",7.5,50,40,95,11,24,12,34,4,20,0,100,1.5,35,100,100,32,100,45,100,null,"RalstonC"]
[null,null,225,"Ralston","D",6.25,50,50,100,13.75,20,15,42.5,5,25,0,100,1.25,37.5,100,100,40,100,60,100,null,"RalstonD"]
[null,null,264,"Ranfurly","A",25,0,0,15,45,100,0,40,0,40,0,85,0,0,100,40,0,56,8,20,null,"RanfurlyA"]
[null,null,264,"Ranfurly","B",20,0,0,22.5,45,100,0,40,0,40,0,70,0,0,100,40,0,57,8,10,null,"RanfurlyB"]
[null,null,264,"Ranfurly","C",10,0,0,15,5.5,90,0,37,0,30,13,80,0,20,100,37,0,70,26,6,null,"RanfurlyC"]
[null,null,264,"Ranfurly","D",10,0,0,18.75,5,80,0,33.75,0,25,16.25,65,0,25,95,33.75,0,85,30,5,null,"RanfurlyD"]
[null,null,121,"Raymond","A",3,44,55,100,0,32,0,0,0,0,20,85,36,35,100,39,13,100,40,100,null,"RaymondA"]
[null,null,121,"Raymond","B",4.5,54,85,100,0,32,0,0,0,0,30,60,27,60,100,36,19.5,100,40,100,null,"RaymondB"]
[null,null,121,"Raymond","C",3,38,80,100,0,24,0,11,20,0,20,95,27,90,100,43.5,33,100,50,100,null,"RaymondC"]
[null,null,121,"Raymond","D",3.75,40,100,100,0,20,0,13.75,25,0,25,85,22.5,100,100,45,41.25,100,50,100,null,"RaymondD"]
[null,null,297,"Red Coat","A",0,60,55,100,0,30,0,18,20,0,30,100,4,65,95,55,0,85,30,50,null,"Red CoatA"]
[null,null,297,"Red Coat","B",0,70,90,100,0,30,0,27,30,0,38,70,3,100,100,65,0,85,33,60,null,"Red CoatB"]
[null,null,297,"Red Coat","C",0,50,90,100,0,22.5,0,38,20,1,26.5,100,3,85,100,55,20,100,44,45,null,"Red CoatC"]
[null,null,297,"Red Coat","D",0,50,100,100,0,18.75,0,47.5,25,1.25,28.75,100,2.5,100,100,60,30,100,47.5,45,null,"Red CoatD"]
[null,null,31,"Red Deer","A",0,22,8,2,12,45,0,0,0,0,0,50,18,0,65,0,0,25,40,37,null,"Red DeerA"]
[null,null,31,"Red Deer","B",0,22,12,3,18,50,0,0,0,0,0,40,13.5,0,65,0,0,27,40,46.5,null,"Red DeerB"]
[null,null,31,"Red Deer","C",0,16.5,8,2,12,21,0,0,0,12,0,22.5,13.5,25,75,20,0,21,41,32.5,null,"Red DeerC"]
[null,null,31,"Red Deer","D",0,13.75,10,2.5,15,17.5,0,0,0,15,0,18.75,11.25,35,75,30,0,22.5,38.75,35,null,"Red DeerD"]
[null,null,281,"Redwater","A",28,0,0,6,25,100,0,40,18,24,0,45,6,0,60,34,0,70,0,0,null,"RedwaterA"]
[null,null,281,"Redwater","B",21,0,0,9,15,100,0,40,13.5,24,0,35,4.5,0,70,34,0,65,0,0,null,"RedwaterB"]
[null,null,281,"Redwater","C",21,0,0,10,35,90,0,43,13.5,18,17,65,4.5,8,60,34.5,0,65,0,0,null,"RedwaterC"]
[null,null,281,"Redwater","D",17.5,0,0,12.5,35,80,0,41.25,11.25,15,21.25,65,3.75,10,60,32.5,0,65,0,0,null,"RedwaterD"]
[null,null,142,"Ribstone","A",0,6,0,32,15,100,0,50,0,20,2,100,0,0,25,28,12,18,16,40,null,"RibstoneA"]
[null,null,142,"Ribstone","B",0,9,0,42,25,80,0,50,0,30,2,100,0,0,15,28,12,15,16,45,null,"RibstoneB"]
[null,null,142,"Ribstone","C",0,6,0,29,13,70,4,70,0,20,1.5,50,0,0,35,31,9,22,18,50,null,"RibstoneC"]
[null,null,142,"Ribstone","D",0,7.5,0,32.5,16.25,50,5,70,0,25,1.25,38.75,0,0,35,30,7.5,22.5,17.5,55,null,"RibstoneD"]
[null,null,99,"Rich Lake","A",8,0,0,15,15,100,0,40,14,65,0,30,12,10,40,26,0,17,45,0,null,"Rich LakeA"]
[null,null,99,"Rich Lake","B",6,0,0,22.5,6,95,0,40,10.5,60,0,22.5,9,7.5,40,26,0,22.5,54.5,0,null,"Rich LakeB"]
[null,null,99,"Rich Lake","C",14,0,0,15,4.5,100,0,35,10.5,45,13,37.5,9,7.5,30,19.5,0,20,38.5,0,null,"Rich LakeC"]
[null,null,99,"Rich Lake","D",15,0,0,18.75,3.75,100,0,31.25,8.75,35,16.25,37.5,7.5,6.25,25,16.25,0,25,40,0,null,"Rich LakeD"]
[null,null,37,"Rivercourse","A",0,0,0,20,3,55,0,40,0,42,0,100,16,0,4,28,4,19,0,45,null,"RivercourseA"]
[null,null,37,"Rivercourse","B",0,0,0,30,4.5,60,0,40,0,43,0,100,12,0,3,28,4,27,0,60,null,"RivercourseB"]
[null,null,37,"Rivercourse","C",0,0,4,20,3,30,5,48,0,43,0,55.5,12,0,7,21,3,34.5,16,33.5,null,"RivercourseC"]
[null,null,37,"Rivercourse","D",0,0,5,25,3.75,20,6.25,47.5,0,41.25,0,51.25,10,0,7.5,17.5,2.5,42.5,20,33.75,null,"RivercourseD"]
[null,null,257,"Rocky Lane","A",65,0,0,10,0,8,0,90,45,30,65,100,6,40,56,90,0,26,0,60,null,"Rocky LaneA"]
[null,null,257,"Rocky Lane","B",60,0,0,7.5,0,8,0,75,33.5,35,50,100,9,50,64,100,0,26,0,50,null,"Rocky LaneB"]
[null,null,257,"Rocky Lane","C",50,4,20,7.5,14,8,0,65,45,10.5,90,100,6,45,56,65,0,24.5,20,45,null,"Rocky LaneC"]
[null,null,257,"Rocky Lane","D",50,5,25,6.25,17.5,10,0,45,35,8.75,85,100,7.5,50,57.5,60,0,22.5,25,35,null,"Rocky LaneD"]
[null,null,32,"Rocky Mnt H","A",4,0,4,8,0,60,0,0,10,0,25,50,0,15,60,1,0,25,40,0,null,"Rocky Mnt HA"]
[null,null,32,"Rocky Mnt H","B",3,0,5,12,0,45,0,0,10,0,30,45,0,22.5,55,1.5,0,25,40,0,null,"Rocky Mnt HB"]
[null,null,32,"Rocky Mnt H","C",3,0,3.5,8,0,28.5,0,6,10.5,17,20,22.5,0,31,60,17,17,14,32,0,null,"Rocky Mnt HC"]
[null,null,32,"Rocky Mnt H","D",2.5,0,3.75,10,0,23.75,0,7.5,10,21.25,20,18.75,0,38.75,60,21.25,21.25,13.75,27.5,0,null,"Rocky Mnt HD"]
[null,null,143,"Rolling Hills","A",0,42,20,75,0,38,10,2,2,0,16,100,2,85,100,100,0,100,40,100,null,"Rolling HillsA"]
[null,null,143,"Rolling Hills","B",0,48,40,100,0,37.5,15,3,3,0,24,100,1.5,100,100,100,0,100,40,100,null,"Rolling HillsB"]
[null,null,143,"Rolling Hills","C",0,34.5,30,75,7,28.5,10,22,2,20,16,100,3.5,100,100,100,20,100,50,100,null,"Rolling HillsC"]
[null,null,143,"Rolling Hills","D",0,33.75,50,100,8.75,23.75,12.5,30,2.5,25,20,90,3.75,100,100,100,25,100,50,100,null,"Rolling HillsD"]
[null,null,287,"Roma","A",4,4,16,13,0,45,35,0,3,0,40,55,0,40,40,55,0,100,60,40,null,"RomaA"]
[null,null,287,"Roma","B",3,3,12,19.5,0,35,40,0,4.5,0,55,60,0,45,40,40,0,100,65,30,null,"RomaB"]
[null,null,287,"Roma","C",3,22,23,13,0,65,35,0,12,0,80,35,0,35,49,30,0,95,50,30,null,"RomaC"]
[null,null,287,"Roma","D",2.5,26.25,23.75,16.25,0,70,40,0,15,0,95,30,0,37.5,48.75,25,0,85,50,25,null,"RomaD"]
[null,null,186,"Rosalind","A",30,2,0,20,6,100,0,38,0,8,26,65,0,5,60,28,0,16,12,15,null,"RosalindA"]
[null,null,186,"Rosalind","B",20.5,5,0,30,7,100,0,38,0,15,35,55,0,7.5,55,28,0,12,12,15,null,{"$f":"D775&E775","v":"RosalindB"}]
[null,null,186,"Rosalind","C",19.5,1.5,0,20,5,75,0,35.5,0,8,20,55,0,10,95,21,0,17,29,10.5,null,"RosalindC"]
[null,null,186,"Rosalind","D",16.25,1.25,0,25,5,65,0,32.5,0,10,20,50,0,12.5,100,17.5,0,16.25,32.5,8.75,null,"RosalindD"]
[null,null,187,"Rosemary","A",0,40,20,20,0,60,0,5,15,0,16,95,20,25,75,100,0,100,40,100,null,"RosemaryA"]
[null,null,187,"Rosemary","B",0,40,30,30,0,49,0,15,22.5,0,16,90,15,13.5,75,100,0,100,40,100,null,"RosemaryB"]
[null,null,187,"Rosemary","C",0,30,26,20,9,39,0,10,15,20,12,37.5,15,55,80,80,20,100,50,100,null,"RosemaryC"]
[null,null,187,"Rosemary","D",0,25,32.5,25,11.25,32.5,0,10,18.75,25,10,31.25,12.5,55,80,65,25,100,50,100,null,"RosemaryD"]
[null,null,300,"Ross Creek","A",24,0,10,9,25,100,0,40,24,20,0,60,0,0,75,26,0,46,23,0,null,"Ross CreekA"]
[null,null,300,"Ross Creek","B",18,0,12,13.5,20,100,0,40,18,25,0,45,0,0,75,26,0,49.5,28.5,0,null,"Ross CreekB"]
[null,null,300,"Ross Creek","C",18,0,9,9,35,100,0,42,18,20,20,70,0,2,75,19.5,0,39.5,31,0,null,"Ross CreekC"]
[null,null,300,"Ross Creek","D",15,0,10,11.25,40,100,0,40,15,20,25,65,0,2.5,70,16.25,0,41.25,35,0,null,"Ross CreekD"]
[null,null,211,"Rush Lake","A",5,60,20,45,0,16,0,0,17,0,7,100,0,20,30,75,0,75,28,100,null,"Rush LakeA"]
[null,null,211,"Rush Lake","B",7.5,70,30,60,0,16,0,0,25.5,0,8.5,95,0,30,25,70,0,80,28,100,null,"Rush LakeB"]
[null,null,211,"Rush Lake","C",5,50,31,70,0,12,0,17,20,5,6,100,0,31,30,65,20,65,39,95,null,"Rush LakeC"]
[null,null,211,"Rush Lake","D",6.25,50,38.75,90,0,10,0,21.25,25,6.25,6.25,100,0,38.75,30,65,35,70,40,90,null,"Rush LakeD"]
[null,null,188,"Rycroft","A",0,0,12,18,100,75,60,40,20,16,100,90,0,11,60,70,0,100,20,36,null,"RycroftA"]
[null,null,188,"Rycroft","B",0,0,9,27,100,60,60,40,30,16,90,95,0,10.5,43,55,0,100,30,27,null,"RycroftB"]
[null,null,188,"Rycroft","C",0,11,28,18,100,60,52,31,40,13,100,55,0,15,50,50,0,100,31,27,null,"RycroftC"]
[null,null,188,"Rycroft","D",0,13.75,31.25,22.5,100,55,60,26.25,50,11.25,100,45,0,20,36.25,40,0,100,38.75,22.5,null,"RycroftD"]
[null,null,299,"Sage Creek","A",0,56,50,65,6,36,0,0,20,0,19,100,0,100,70,80,0,95,38,20,null,"Sage CreekA"]
[null,null,299,"Sage Creek","B",0,66,90,90,4.5,36,0,0,30,0,28.5,75,0,100,95,90,0,100,40,30,null,"Sage CreekB"]
[null,null,299,"Sage Creek","C",0,47,85,100,4.5,27,0,10,40,0,19,100,0,100,100,75,35,100,49.5,40,null,"Sage CreekC"]
[null,null,299,"Sage Creek","D",0,47.5,100,100,3.75,22.5,0,12.5,65,0,23.75,100,0,100,100,80,50,100,51.25,50,null,"Sage CreekD"]
[null,null,241,"Sandy Lake","A",12,0,4,8,25,100,0,40,20,50,0,45,12,0,16,40,0,16,7,0,null,"Sandy LakeA"]
[null,null,241,"Sandy Lake","B",9,0,3,20,20,100,0,40,15,65,0,50,9,0,16,40,0,25,10.5,0,null,"Sandy LakeB"]
[null,null,241,"Sandy Lake","C",9,0,3,8,3,100,0,30,15,45,20,55,12,10,12,49,0,16,7,0,null,"Sandy LakeC"]
[null,null,241,"Sandy Lake","D",7.5,0,2.5,10,2.5,100,0,25,12.5,45,25,60,11.25,12.5,10,48.75,0,25,8.75,0,null,"Sandy LakeD"]
[null,null,189,"Savanna","A",0,16,40,4,100,35,56,40,11,22,75,85,0,6,40,52,0,75,20,40,null,"SavannaA"]
[null,null,189,"Savanna","B",0,16,30,6,100,35,54,40,16.5,22,65,90,0,9,40,47.5,0,85,30,30,null,"SavannaB"]
[null,null,189,"Savanna","C",0,17,50,4,100,40,58,50,29,16.5,90,65,0,11,35,39,7,75,20,30,null,"SavannaC"]
[null,null,189,"Savanna","D",0,16.25,50,5,100,40,60,50,36.25,13.75,90,60,0,15,31.25,32.5,8.75,75,25,25,null,"SavannaD"]
[null,null,61,"Schuler","A",0,60,20,30,0,0,0,0,10,24,48,60,0,55,70,100,0,65,24,100,null,"SchulerA"]
[null,null,61,"Schuler","B",0,75,45,60,0,0,0,0,15,24,60,40,0,75,60,100,0,85,24,100,null,"SchulerB"]
[null,null,61,"Schuler","C",0,50,50,60,0,0,0,1,30,34,41,45,0,75,33,70,20,85,75,100,null,"SchulerC"]
[null,null,61,"Schuler","D",0,55,75,80,0,0,0,1.25,37.5,35,42.5,30,0,90,27.5,70,40,100,90,100,null,"SchulerD"]
[null,null,136,"Sedalia","A",5,8,20,20,12,100,0,7,0,18,45,100,0,20,50,55,0,55,85,100,null,"SedaliaA"]
[null,null,136,"Sedalia","B",0,10,30,30,12,100,0,10.5,0,30,55,100,0,35,55,40,0,60,95,100,null,"SedaliaB"]
[null,null,136,"Sedalia","C",0,7,20,20,9,70,0,7,17,35,24.5,95,0,40,75,65,20,41,100,100,null,"SedaliaC"]
[null,null,136,"Sedalia","D",0,7.5,25,25,7.5,52.5,0,8.75,21.25,50,23.75,75,0,55,80,50,25,50,100,100,null,"SedaliaD"]
[null,null,190,"Seven Persons","A",8,60,20,50,0,32,17,25,0,0,1,100,14,95,100,85,15,100,30,100,null,"Seven PersonsA"]
[null,null,190,"Seven Persons","B",12,85,30,85,0,32,25.5,35,0,0,1.5,100,10.5,100,100,100,22.5,100,33,100,null,"Seven PersonsB"]
[null,null,190,"Seven Persons","C",8,50,31,90,20,24,17,60,0,20,1,100,10.5,100,100,80,35,100,55,100,null,"Seven PersonsC"]
[null,null,190,"Seven Persons","D",10,50,45,100,25,20,21.25,80,0,25,1.25,100,8.75,100,100,90,60,100,80,100,null,"Seven PersonsD"]
[null,null,230,"Sheerness","A",0,40,19,11,0,100,0,0,0,0,35,100,0,55,26,95,0,20,12,95,null,"SheernessA"]
[null,null,230,"Sheerness","B",0,40,28.5,16.5,0,100,0,0,0,0,35,100,0,65,26,95,0,25,12,95,null,"SheernessB"]
[null,null,230,"Sheerness","C",0,30,19,11,12,60,0,0,15,12,9,80,0,80,33.5,75,0,40,28,100,null,"SheernessC"]
[null,null,230,"Sheerness","D",0,25,23.75,13.75,15,50,0,0,18.75,15,7.5,56.25,0,90,33.75,60,0,55,31.25,100,null,"SheernessD"]
[null,null,191,"Shonts","A",26,0,5,20,75,100,0,40,16,30,0,80,0,20,75,38,0,56,45,30,null,"ShontsA"]
[null,null,191,"Shonts","B",19.5,0,4.5,35,75,100,0,40,12,40,0,60,0,30,75,38,0,57,47.5,30,null,"ShontsB"]
[null,null,191,"Shonts","C",19.5,0,4,20,85,100,0,50,12,20,12,75,0,15,70,28.5,0,47,55,22.5,null,"ShontsC"]
[null,null,191,"Shonts","D",16.25,0,3.75,35,85,100,0,50,10,20,15,65,0,20,70,23.75,0,47.5,60,18.75,null,"ShontsD"]
[null,null,100,"Slave Lake","A",55,0,30,8,13,36,6,40,4,0,30,100,0,0,40,40,0,42,20,0,null,"Slave LakeA"]
[null,null,100,"Slave Lake","B",35,0,22.5,12,19.5,27,4.5,40,3,0,30,100,0,0,40,40,0,43.5,30,0,null,"Slave LakeB"]
[null,null,100,"Slave Lake","C",30,10,31.5,8,13,40,4.5,30,4,0,40,70,0,18,30,30,4,35.5,20,0,null,"Slave LakeC"]
[null,null,100,"Slave Lake","D",25,12.5,30,10,16.25,40,3.75,25,3.75,0,40,55,0,22.5,25,25,5,36.25,25,0,null,"Slave LakeD"]
[null,null,101,"Smoky Lake","A",32,1,10,21,0,100,0,40,36,34,0,28,5,0,40,40,0,29,24,0,null,"Smoky LakeA"]
[null,null,101,"Smoky Lake","B",24,1.5,15,29.5,0,100,0,40,27,34,0,21,7.5,0,40,40,0,30,35,0,null,"Smoky LakeB"]
[null,null,101,"Smoky Lake","C",24,6,17,39,0,100,0,30,27,28.5,19,41,5,0,30,37,0,24.5,22,0,null,"Smoky LakeC"]
[null,null,101,"Smoky Lake","D",20,7.5,21.25,47.5,0,100,0,25,22.5,25,23.75,42.5,6.25,0,25,33.75,0,25,25,0,null,"Smoky LakeD"]
[null,null,228,"Social Plains","A",0,39,20,20,0,26,0,0,9,0,30,100,0,90,80,100,6,80,20,90,null,"Social PlainsA"]
[null,null,228,"Social Plains","B",0,46.5,30,30,0,25,0,0,13.5,0,30,100,0,100,80,100,9,80,25,95,null,"Social PlainsB"]
[null,null,228,"Social Plains","C",0,33,20,20,0,19.5,0,11,29,20,22.5,100,0,100,65,100,26,100,80,100,null,"Social PlainsC"]
[null,null,228,"Social Plains","D",0,33.75,25,25,0,16.25,0,13.75,36.25,25,18.75,90,0,100,60,95,55,100,100,100,null,"Social PlainsD"]
[null,null,156,"Spondin","A",6,28,14,20,4,100,0,12,0,0,0,40,0,75,0,35,0,37,0,30,null,"SpondinA"]
[null,null,156,"Spondin","B",4.5,28,21,30,6,100,0,12,0,0,0,40,0,75,0,40,0,40.5,0,30,null,{"$f":"D839&E839","v":"SpondinB"}]
[null,null,156,"Spondin","C",4.5,21,14,20,24,70,0,9,20,0,0,13.5,0,95,20,50,0,45,20,60,null,"SpondinC"]
[null,null,156,"Spondin","D",3.75,17.5,17.5,25,30,50,0,7.5,25,0,0,11.25,0,100,35,50,0,50,25,65,null,"SpondinD"]
[null,null,130,"Spring Creek","A",0,0,19,26,85,100,51,0,0,14,95,45,3,4,62,0,0,60,40,0,null,"Spring CreekA"]
[null,null,130,"Spring Creek","B",0,0,16.5,31.5,90,85,46.5,0,0,14,85,50,4.5,6,56.5,0,0,60,50,0,null,"Spring CreekB"]
[null,null,130,"Spring Creek","C",0,13,35,23.5,40,95,41,0,20,10.5,100,45,3,9,51.5,0,11,50,30,0,null,"Spring CreekC"]
[null,null,130,"Spring Creek","D",0,16.25,38.75,26.25,37.5,85,38.75,0,25,8.75,100,45,3.75,11.25,45,0,13.75,50,35,0,null,"Spring CreekD"]
[null,null,192,"St Lina","A",0,0,0,0,5,100,0,40,28,70,0,25,4,0,14,40,0,17,43,35,null,"St LinaA"]
[null,null,192,"St Lina","B",0,0,0,0,10,100,0,40,21,70,0,15,3,0,14,40,0,25.5,50.5,35,null,"St LinaB"]
[null,null,192,"St Lina","C",0,0,0,0,5,100,0,34,21,45,15,35,3,0,10.5,33,0,17,36,13.5,null,"St LinaC"]
[null,null,192,"St Lina","D",0,0,0,0,5,100,0,30,17.5,35,18.75,30,2.5,0,8.75,28.75,0,21.25,36.25,11.25,null,"St LinaD"]
[null,null,45,"St Paul","A",2,5,7,13,70,100,0,40,0,40,0,75,28,0,18,40,0,36,35,0,null,"St PaulA"]
[null,null,45,"St Paul","B",1.5,4.5,7.5,19.5,80,90,0,40,0,50,0,65,21,0,18,40,0,42,44.5,0,null,"St PaulB"]
[null,null,45,"St Paul","C",10.5,4,6,13,55,100,0,31,0,30,20,65,21,0,13.5,50,0,32,45,0,null,"St PaulC"]
[null,null,45,"St Paul","D",12.5,5,6.25,16.25,55,90,0,26.25,0,25,25,55,17.5,0,11.25,50,0,40,51.25,0,null,"St PaulD"]
[null,null,206,"St. Albert","A",34,0,0,3,20,100,2,26,14,17,0,100,0,0,55,0,0,48,15,28,null,"St. AlbertA"]
[null,null,206,"St. Albert","B",25.5,0,0,4.5,15,100,1.5,26,10.5,18.5,0,100,0,0,45,0,0,51,20.5,28,null,"St. AlbertB"]
[null,null,206,"St. Albert","C",25.5,0,0,12,35,100,1.5,39.5,10.5,13.5,7,100,0,2,40,0,0,41,30,21,null,"St. AlbertC"]
[null,null,206,"St. Albert","D",21.25,5,0,15,37.5,100,1.25,41.25,8.75,12.5,8.75,100,0,2.5,30,0,0,42.5,36.25,17.5,null,"St. AlbertD"]
[null,null,268,"St. Francis","A",8,6,0,0,12,65,0,8,0,5,10,100,0,15,60,6,0,40,40,17,null,"St. FrancisA"]
[null,null,268,"St. Francis","B",6,10,0,0,9,60,0,8,0,5,10,100,0,15,60,6,0,45,40,17.5,null,"St. FrancisB"]
[null,null,268,"St. Francis","C",6,6,0,0,10,60,0,17,0,1,20,100,0,30,40,7.5,0,40,50,13,null,"St. FrancisC"]
[null,null,268,"St. Francis","D",5,7.5,5,0,10,55,0,18.75,0,1.25,25,100,0,35,35,7.5,0,50,50,11.25,null,"St. FrancisD"]
[null,null,253,"St. Mary Reservoir","A",13,60,46,50,0,18,0,0,0,0,50,30,40,20,45,32,20,85,36,100,null,"St. Mary ReservoirA"]
[null,null,253,"St. Mary Reservoir","B",15,70,75,70,0,17,0,0,0,0,60,22.5,30,30,55,37.5,30,80,36,100,null,"St. Mary ReservoirB"]
[null,null,253,"St. Mary Reservoir","C",11.5,50,60,95,17,18.5,0,20,18,0,42.5,38.5,30,40,45,38.5,40,60,27,100,null,"St. Mary ReservoirC"]
[null,null,253,"St. Mary Reservoir","D",12.5,50,80,100,21.25,17.5,0,25,22.5,0,43.75,38.75,25,60,50,43.75,50,60,22.5,95,null,"St. Mary ReservoirD"]
[null,null,193,"Standard","A",0,51,13,15,0,90,0,0,0,0,1,70,0,27,75,40,0,75,20,55,null,"StandardA"]
[null,null,193,"Standard","B",0,56.5,19.5,22.5,0,70,0,0,0,0,5,61,0,40,95,40,0,60,21,60,null,"StandardB"]
[null,null,193,"Standard","C",0,41,13,16,10,58.5,4,5,1,20,1,51,0,50,95,30,20,50,34.5,85,null,"StandardC"]
[null,null,193,"Standard","D",0,38.75,16.25,20,12.5,48.75,5,6.25,1.25,25,1.25,42.5,0,60,100,25,25,35,37.5,90,null,"StandardD"]
[null,null,119,"Stavely","A",0,47,9,24,0,40,0,4,10,0,20,40,18,30,45,14,10,34,24,70,null,"StavelyA"]
[null,null,119,"Stavely","B",0,52.5,13.5,33,0,33,0,3,15,0,30,30,13.5,40,50,10.5,15,25.5,24,50,null,"StavelyB"]
[null,null,119,"Stavely","C",0,38,9,30,0,30,0,13,21,0,40,30,13.5,60,50,10.5,30,25.5,37,45,null,"StavelyC"]
[null,null,119,"Stavely","D",0,36.25,11.25,50,0,25,0,15,26.25,0,50,20,11.25,70,55,8.75,37.5,21.25,38.75,33.75,null,"StavelyD"]
[null,null,17,"Stettler","A",55,34,35,20,1,100,0,0,0,0,4,90,32,10,65,0,0,25,15,40,null,"StettlerA"]
[null,null,17,"Stettler","B",36.5,34,40,30,1.5,100,0,0,0,0,4,85,24,15,60,0,0,24,18.5,50,null,"StettlerB"]
[null,null,17,"Stettler","C",31.5,25.5,25.5,20,1,65,2,16,5,0,3,43.5,24,13,80,13,0,45,31,55,null,"StettlerC"]
[null,null,17,"Stettler","D",26.25,21.25,21.25,25,1.25,45,2.5,20,5,0,2.5,36.25,20,16.25,80,16.25,0,55,36.25,60,null,"StettlerD"]
[null,null,296,"Steveville","A",0,40,20,20,0,60,0,14,19,0,40,100,0,45,100,100,0,85,22,100,null,"StevevilleA"]
[null,null,296,"Steveville","B",0,40,30,35,0,52,0,14,28.5,0,50,100,0,65,100,100,0,90,22,100,null,"StevevilleB"]
[null,null,296,"Steveville","C",0,30,20,20,0,42,0,15.5,32,20,29.5,100,0,85,100,80,20,95,36.5,100,null,"StevevilleC"]
[null,null,296,"Steveville","D",0,25,25,45,0,35,0,15,40,25,28.75,80,0,100,100,65,25,100,38.75,100,null,"StevevilleD"]
[null,null,111,"Stony Plain","A",18,3,4,0,40,100,0,14,24,0,15,95,0,7,55,4,0,58,10,0,null,"Stony PlainA"]
[null,null,111,"Stony Plain","B",13.5,4.5,6,0,25,90,0,14,18,5,10,90,0,10.5,55,4,0,58.5,10,0,null,"Stony PlainB"]
[null,null,111,"Stony Plain","C",13.5,3,9,6,55,100,0,10.5,18,10,30,90,0,26,40,3,0,50,22.5,0,null,"Stony PlainC"]
[null,null,111,"Stony Plain","D",11.25,3.75,11.25,7.5,55,95,0,8.75,15,15,30,90,0,35,30,2.5,0,60,25,0,null,"Stony PlainD"]
[null,null,122,"Strathmore","A",0,54,7,20,0,85,0,0,0,0,20,85,0,35,75,65,5,55,0,45,null,"StrathmoreA"]
[null,null,122,"Strathmore","B",0,61,10.5,30,0,65,0,0,0,0,30,70,0,40,85,70,7.5,40,0,60,null,"StrathmoreB"]
[null,null,122,"Strathmore","C",0,44,11,20,11,54,0,0,0,20,20,60,0,60,80,55,5,30,20,50,null,"StrathmoreC"]
[null,null,122,"Strathmore","D",0,42.5,13.75,25,13.75,45,0,0,0,25,25,50,0,65,80,50,6.25,25,25,55,null,"StrathmoreD"]
[null,null,251,"Streeter Creek","A",0,32,10,55,0,38,14,7,0,0,20,10,16,75,14,8,20,28,8,35,null,"Streeter CreekA"]
[null,null,251,"Streeter Creek","B",0,32,15,70,0,34.5,10.5,10.5,0,0,30,10,12,85,14,6,30,21,8,30,null,"Streeter CreekB"]
[null,null,251,"Streeter Creek","C",0,24,10,70,4,28.5,10.5,7,6,0,20,15,12,85,15.5,6,45,21,6,18,null,"Streeter CreekC"]
[null,null,251,"Streeter Creek","D",0,20,12.5,85,5,23.75,8.75,8.75,7.5,0,25,15,10,95,15,5,65,17.5,5,15,null,"Streeter CreekD"]
[null,null,28,"Sundre","A",8,21,10,6,0,100,0,0,0,0,15,20,18,18,20,10,0,5,34,18,null,"SundreA"]
[null,null,28,"Sundre","B",6,23.5,20,9,0,100,0,0,0,0,22.5,16,13.5,27,35,10,0,0,34,18,null,"SundreB"]
[null,null,28,"Sundre","C",6,17,6.5,6,0,75,0,0,0,18,15,12,13.5,40,50,7.5,12,0,29.5,13.5,null,"SundreC"]
[null,null,28,"Sundre","D",5,16.25,6.25,7.5,0,65,0,0,0,22.5,18.75,10,11.25,60,60,6.25,15,0,26.25,11.25,null,"SundreD"]
[null,null,260,"Sunnynook","A",0,40,20,20,0,100,0,4,0,0,45,100,0,75,0,70,16,24,8,100,null,"SunnynookA"]
[null,null,260,"Sunnynook","B",0,40,30,30,0,80,0,6,0,0,55,100,0,95,0,75,24,18,8,100,null,"SunnynookB"]
[null,null,260,"Sunnynook","C",0,30,20,20,7,60,0,4,12,12,17.5,70,0,95,20,65,36,29,6,100,null,"SunnynookC"]
[null,null,260,"Sunnynook","D",0,25,25,25,8.75,50,0,5,15,15,17.5,50,0,100,30,60,45,28.75,5,100,null,"SunnynookD"]
[null,null,194,"Tawatinaw","A",20,0,0,8,11,85,27,40,14,10,24,95,9,0,40,40,0,45,15,0,null,"TawatinawA"]
[null,null,194,"Tawatinaw","B",15,0,0,12,16.5,60,30,40,10.5,15,18,100,13.5,0,40,40,0,35,22.5,0,null,{"$f":"D903&E903","v":"TawatinawB"}]
[null,null,194,"Tawatinaw","C",15,3,0,8,23,80,23.5,46,10.5,25,38,85,9,0,30,50,0,55,15,0,null,"TawatinawC"]
[null,null,194,"Tawatinaw","D",12.5,3.75,0,10,28.75,70,25,45,8.75,30,40,85,11.25,0,30,50,0,60,18.75,0,null,"TawatinawD"]
[null,null,195,"Teepee Creek","A",0,18,2,1,100,70,57,0,0,16,100,50,0,17,75,12,0,100,60,21,null,"Teepee CreekA"]
[null,null,195,"Teepee Creek","B",0,13.5,1.5,1.5,100,55,55.5,0,0,16,100,60,0,22.5,56.5,12,0,100,70,22.5,null,"Teepee CreekB"]
[null,null,195,"Teepee Creek","C",0,26.5,21.5,1,70,75,59,0,20,12,100,60,0,16,50,9,0,95,60,18,null,"Teepee CreekC"]
[null,null,195,"Teepee Creek","D",0,27.5,26.25,1.25,60,75,65,0,25,10,100,65,0,18.75,38.75,7.5,0,95,65,18.75,null,"Teepee CreekD"]
[null,null,252,"Tennessee Creek","A",12,54,20,55,0,30,0,0,0,0,20,40,34,20,70,0,20,60,38,85,null,"Tennessee CreekA"]
[null,null,252,"Tennessee Creek","B",18,62,35,75,0,30,0,0,0,0,30,40,25.5,30,55,0,30,60,38,90,null,"Tennessee CreekB"]
[null,null,252,"Tennessee Creek","C",12,44.5,45,95,18,22.5,0,15,0,0,20,40,25.5,50,70,0,40,32.5,28.5,55,null,"Tennessee CreekC"]
[null,null,252,"Tennessee Creek","D",15,43.75,65,100,22.5,18.75,0,18.75,0,0,25,35,21.25,70,60,0,50,33.75,23.75,50,null,"Tennessee CreekD"]
[null,null,196,"Thorsby","A",12,0,0,6,40,100,0,32,2,0,30,90,0,0,65,26,0,0,24,36,null,"ThorsbyA"]
[null,null,196,"Thorsby","B",9,0,0,9,35,100,0,32,2,0,21.5,85,0,0,75,26,0,0,24,36,null,"ThorsbyB"]
[null,null,196,"Thorsby","C",9,0,0,19,60,100,0,44,1.5,0,40,85,0,14,60,19.5,0,0,31,27,null,"ThorsbyC"]
[null,null,196,"Thorsby","D",7.5,0,0,23.75,65,100,0,45,1.25,0,35,80,0,17.5,60,16.25,0,0,31.25,22.5,null,"ThorsbyD"]
[null,null,283,"Three Creeks","A",10,0,4,10,0,50,24,0,2,0,15,60,0,8,40,55,0,100,0,40,null,"Three CreeksA"]
[null,null,283,"Three Creeks","B",7.5,0,3,15,0,45,25.5,0,5,0,25,60,0,6,40,40,0,100,0,30,null,"Three CreeksB"]
[null,null,283,"Three Creeks","C",7.5,17,7,10,0,65,20.5,0,10,2,55,50,0,6,37,30,2,100,0,30,null,"Three CreeksC"]
[null,null,283,"Three Creeks","D",6.25,21.25,7.5,12.5,0,70,21.25,0,20,2.5,70,50,0,5,33.75,25,2.5,95,0,25,null,"Three CreeksD"]
[null,null,27,"Three Hills","A",2,8,34,20,4,95,0,0,0,0,6,80,0,25,55,0,0,55,26,60,null,"Three HillsA"]
[null,null,27,"Three Hills","B",2,10,40,30,6,100,0,0,0,0,9,60,0,35,65,0,0,60,31,65,null,"Three HillsB"]
[null,null,27,"Three Hills","C",1.5,7,27,20,4,48,9,4,0,20,6,48,0,40,75,2,4,40,42,65,null,"Three HillsC"]
[null,null,27,"Three Hills","D",1.25,7.5,25,25,5,45,11.25,5,0,25,7.5,40,0,50,85,2.5,5,40,47.5,70,null,"Three HillsD"]
[null,null,226,"Tide Lake","A",8,49,20,65,0,42,0,4,15,6,0,100,0,80,10,100,0,50,6,100,null,"Tide LakeA"]
[null,null,226,"Tide Lake","B",6,53.5,30,100,0,41.5,0,4,22.5,6,0,100,0,100,10,100,0,30,6,100,null,"Tide LakeB"]
[null,null,226,"Tide Lake","C",6,39,36,80,5,31.5,0,23,35,24.5,0,100,0,100,7.5,100,20,50,24.5,100,null,"Tide LakeC"]
[null,null,226,"Tide Lake","D",5,36.25,45,100,6.25,26.25,0,27.5,43.75,28.75,0,95,0,100,6.25,90,25,50,28.75,100,null,"Tide LakeD"]
[null,null,118,"Tomahawk","A",16,20,0,0,30,45,0,4,8,30,10,95,24,0,65,0,0,48,24,0,null,"TomahawkA"]
[null,null,118,"Tomahawk","B",12,25,0,0,20,35,0,4,8,35,10,90,18,0,70,0,0,45,24,0,null,"TomahawkB"]
[null,null,118,"Tomahawk","C",12,20,6,0,30,35,0,4,6,18.5,5,85,18,13,55,0,8,43,29,0,null,"TomahawkC"]
[null,null,118,"Tomahawk","D",10,25,15,0,30,25,0,3.75,5,20,0,75,15,16.25,55,0,10,42.5,28.75,0,null,"TomahawkD"]
[null,null,258,"Tompkins Landing","A",34,0,0,0,0,20,0,32,45,4,100,100,11,27,60,100,16,80,5,100,null,"Tompkins LandingA"]
[null,null,258,"Tompkins Landing","B",25.5,0,0,0,0,25,0,32,40,4,100,100,16.5,35,70,100,16,60,7.5,100,null,"Tompkins LandingB"]
[null,null,258,"Tompkins Landing","C",25.5,0,0,0,0,25,0,24,50,5,100,100,31,35,67,90,12,60,5,95,null,"Tompkins LandingC"]
[null,null,258,"Tompkins Landing","D",21.25,0,0,0,0,30,0,20,45,10,100,100,40,35,71.25,85,10,45,6.25,80,null,"Tompkins LandingD"]
[null,null,133,"Travers","A",0,57,34,20,0,75,0,2,12,0,19,30,40,50,100,10,4,85,40,100,null,"TraversA"]
[null,null,133,"Travers","B",0,65.5,44,30,0,62.5,0,3,18,0,28.5,25,30,80,100,4,6,75,40,100,null,"TraversB"]
[null,null,133,"Travers","C",0,47,37.5,33,16,52.5,0,22,32,20,19,13.5,30,75,100,3,24,80,50,100,null,"TraversC"]
[null,null,133,"Travers","D",0,46.25,42.5,41.25,20,43.75,0,27.5,40,25,23.75,11.25,25,90,100,2.5,30,75,50,100,null,"TraversD"]
[null,null,158,"Tulliby Lake","A",0,0,0,20,40,48,0,40,0,25,0,100,0,0,0,40,8,20,18,55,null,"Tulliby LakeA"]
[null,null,158,"Tulliby Lake","B",0,0,0,30,33,52,0,40,0,15,0,100,0,0,0,40,8,30,27,70,null,"Tulliby LakeB"]
[null,null,158,"Tulliby Lake","C",7,0,0,20,38,53,0,30,0,7.5,0,95,0,0,5,38,6,30,21,33,null,"Tulliby LakeC"]
[null,null,158,"Tulliby Lake","D",8.75,0,0,25,35,53.75,0,25,0,6.25,0,85,0,0,3.75,35,5,45,26.25,28.75,null,"Tulliby LakeD"]
[null,null,246,"Twin Lakes","A",12,0,0,9,8,65,24,8,20,20,0,100,2,0,70,0,0,52,40,0,null,"Twin LakesA"]
[null,null,246,"Twin Lakes","B",9,0,0,13.5,6,50,18,8,15,25,0,100,3,0,55,0,0,52.5,45,0,null,"Twin LakesB"]
[null,null,246,"Twin Lakes","C",9,0,0,9,24,55,27,6,15,20,25,100,2,0,55,17,14,55,50,0,null,"Twin LakesC"]
[null,null,246,"Twin Lakes","D",7.5,0,0,11.25,27.5,50,26.25,5,12.5,25,35,100,2.5,0,40,21.25,17.5,60,55,0,null,"Twin LakesD"]
[null,null,303,"Twin River","A",14,60,35,100,0,55,0,16,0,0,26,55,28,17,45,60,10,100,26,0,null,"Twin RiverA"]
[null,null,303,"Twin River","B",21,70,75,100,0,45,0,24,0,0,36,40,21,25.5,60,50,15,100,26,0,null,"Twin RiverB"]
[null,null,303,"Twin River","C",14,50,60,100,4,60,0,36,20,0,24.5,65,21,50,60,65,30,90,39.5,0,null,"Twin RiverC"]
[null,null,303,"Twin River","D",17.5,50,85,100,5,55,0,45,25,0,28.75,56.25,17.5,75,70,65,37.5,85,41.25,0,null,"Twin RiverD"]
[null,null,40,"Two Hills","A",2,0,0,13,20,90,0,40,12,45,0,95,4,0,60,40,0,32,11,15,null,"Two HillsA"]
[null,null,40,"Two Hills","B",1.5,0,0,19.5,30,85,0,40,9,45,0,85,3,0,55,40,0,39,16.5,9,null,"Two HillsB"]
[null,null,40,"Two Hills","C",1.5,0,2,13,8,90,0,30,9,30,20,90,3,10,60,43,0,29,11,9,null,"Two HillsC"]
[null,null,40,"Two Hills","D",1.25,0,2.5,16.25,10,80,0,25,7.5,25,25,80,2.5,12.5,55,41.25,0,35,13.75,7.5,null,"Two HillsD"]
[null,null,53,"Valleyview","A",0,0,9,3,85,55,49,0,0,0,80,40,0,6,45,8,0,60,75,0,null,"ValleyviewA"]
[null,null,53,"Valleyview","B",0,0,13.5,4.5,90,40,43.5,0,0,0,80,45,0,4.5,43,8,0,60,80,0,null,"ValleyviewB"]
[null,null,53,"Valleyview","C",0,6,29,3,65,65,39,16,20,9,90,25,0,4.5,33,16,15,50,55,0,null,"ValleyviewC"]
[null,null,53,"Valleyview","D",0,7.5,36.25,3.75,65,65,36.25,20,25,11.25,90,20,0,3.75,27.5,17.5,18.75,50,55,0,null,"ValleyviewD"]
[null,null,3,"Vauxhall","A",0,54,20,40,0,12,7,0,0,8,24,100,40,100,100,100,1,100,40,100,null,"VauxhallA"]
[null,null,3,"Vauxhall","B",0,64,30,70,0,12,10.5,0,0,6,45,95,30,100,100,100,1.5,100,40,100,null,"VauxhallB"]
[null,null,3,"Vauxhall","C",0,45.5,29,45,0,9,7,20,20,26,23,100,30,100,100,100,21,100,43,100,null,"VauxhallC"]
[null,null,3,"Vauxhall","D",0,46.25,40,70,0,7.5,8.75,25,25,30,35,100,25,100,100,100,26.25,100,41.25,100,null,"VauxhallD"]
[null,null,216,"Vega","A",18,0,0,10,0,65,6,26,0,20,2,65,0,10,26,8,0,38,0,0,null,"VegaA"]
[null,null,216,"Vega","B",13.5,0,0,15,0,50,4.5,26,0,10,3,50,0,15,26,8,0,37.5,0,0,null,{"$f":"D967&E967","v":"VegaB"}]
[null,null,216,"Vega","C",13.5,0,0,10,11,55,4.5,19.5,0,7.5,2,40,0,10,19.5,9,0,41.5,12,0,null,"VegaC"]
[null,null,216,"Vega","D",11.25,0,0,12.5,13.75,55,3.75,16.25,0,6.25,2.5,30,0,12.5,16.25,8.75,0,43.75,15,0,null,"VegaD"]
[null,null,41,"Vegreville","A",14,0,28,30,20,100,0,40,6,40,0,80,0,3,75,40,0,36,21,24,null,"VegrevilleA"]
[null,null,41,"Vegreville","B",10.5,0,21,30,20,100,0,40,4.5,40,0,70,0,4.5,65,40,0,42,21.5,24,null,"VegrevilleB"]
[null,null,41,"Vegreville","C",14.5,0,21,5,9,100,0,30,4.5,30,16,80,0,15,70,37,0,32,21,18,null,"VegrevilleC"]
[null,null,41,"Vegreville","D",13.75,0,17.5,2.5,8.75,100,0,25,3.75,25,20,75,0,18.75,60,33.75,0,35,20,15,null,"VegrevilleD"]
[null,null,263,"Verger","A",0,40,20,20,0,55,0,5,15,0,20,100,26,25,75,100,0,100,40,100,null,"VergerA"]
[null,null,263,"Verger","B",0,40,30,30,0,47.5,0,10,22.5,0,23,100,19.5,13,65,95,0,100,40,100,null,"VergerB"]
[null,null,263,"Verger","C",0,30,25,20,9,37.5,0,5,15,20,16.5,55,19.5,55,85,75,20,100,50,100,null,"VergerC"]
[null,null,263,"Verger","D",0,25,31.25,25,11.25,31.25,0,10,18.75,25,16.25,38.75,16.25,55,80,65,25,100,50,100,null,"VergerD"]
[null,null,42,"Vermilion","A",18,3,10,20,14,95,0,40,0,50,0,95,4,2,55,32,0,20,3,75,null,"VermilionA"]
[null,null,42,"Vermilion","B",18,4.5,7.5,30,16,100,0,40,0,60,0,75,3,3,40,32,0,30,4.5,70,null,"VermilionB"]
[null,null,42,"Vermilion","C",13.5,3,25.5,20,11.5,90,0,42,0,30,0,60,10,2,55,29,0,20,4,35,null,"VermilionC"]
[null,null,42,"Vermilion","D",11.25,3.75,28.75,25,11.25,90,0,40,0,25,0,40,11.25,2.5,50,26.25,0,30,5,25,null,"VermilionD"]
[null,null,295,"Vernon Lake","A",16,60,40,100,0,45,0,13,19,0,24,90,0,100,70,75,20,100,32,100,null,"Vernon LakeA"]
[null,null,295,"Vernon Lake","B",18,70,60,100,0,38,0,19.5,28.5,0,34,62,0,100,80,75,30,100,32,100,null,"Vernon LakeB"]
[null,null,295,"Vernon Lake","C",14,50,60,100,0,28.5,0,33,39,4,23,100,0,100,100,70,40,100,27,100,null,"Vernon LakeC"]
[null,null,295,"Vernon Lake","D",15,50,85,100,0,23.75,0,41.25,48.75,5,27.5,100,0,100,100,70,50,100,23.75,100,null,"Vernon LakeD"]
[null,null,197,"Viking","A",20,0,0,20,45,100,0,40,0,36,0,100,0,0,60,34,0,40,0,30,null,"VikingA"]
[null,null,197,"Viking","B",10,0,0,30,30,90,0,40,0,36,0,90,0,0,65,34,0,40.5,0,30,null,"VikingB"]
[null,null,197,"Viking","C",10,0,3,20,16.5,75,0,45,0,27,10,90,0,8,70,25.5,0,47.5,20,12,null,"VikingC"]
[null,null,197,"Viking","D",6.25,0,3.75,25,13.75,60,0,43.75,0,22.5,12.5,75,0,10,70,21.25,0,51.25,25,10,null,"VikingD"]
[null,null,198,"Vilna","A",6,0,0,3,6,100,0,40,28,45,0,40,0,0,22,40,0,1,40,34,null,"VilnaA"]
[null,null,198,"Vilna","B",4.5,0,0,4.5,4.5,100,0,40,21,50,0,25.5,0,0,22,40,0,1.5,50,34,null,"VilnaB"]
[null,null,198,"Vilna","C",4.5,0,0,3,4.5,100,0,30,21,22.5,17,50,0,0,16.5,47,0,1,35,25.5,null,"VilnaC"]
[null,null,198,"Vilna","D",3.75,0,0,3.75,3.75,100,0,25,17.5,18.75,21.25,40,0,0,13.75,46.25,0,1.25,40,21.25,null,"VilnaD"]
[null,null,102,"Wainwright","A",18,15,7,35,35,65,14,45,0,16,0,100,19,0,12,8,0,22,0,65,null,"WainwrightA"]
[null,null,102,"Wainwright","B",18,25,10.5,65,40,80,10.5,45,0,16,0,90,21,0,12,8,0,30,0,60,null,"WainwrightB"]
[null,null,102,"Wainwright","C",13.5,12,7,30,10.5,46,10.5,70,2,12,5,52.5,16.5,1,11,17,0,41,20,55,null,"WainwrightC"]
[null,null,102,"Wainwright","D",11.25,15,8.75,40,8.75,45,8.75,70,2.5,10,6.25,43.75,17.5,1.25,10,20,0,55,25,45,null,"WainwrightD"]
[null,null,223,"Wandering River","A",24,0,4,0,0,14,0,40,55,40,11,100,0,0,40,40,0,28,2,0,null,"Wandering RiverA"]
[null,null,223,"Wandering River","B",18,0,3,0,0,10.5,0,40,40,40,16.5,100,0,0,40,40,0,36,3,0,null,"Wandering RiverB"]
[null,null,223,"Wandering River","C",18,0,3,0,0,20,0,34,30,30,25,85,0,9,30,30,0,26,2,0,null,"Wandering RiverC"]
[null,null,223,"Wandering River","D",15,0,2.5,0,0,25,0,30,25,25,31.25,65,0,11.25,25,25,0,30,2.5,0,null,"Wandering RiverD"]
[null,null,291,"Wardlow","A",0,40,20,20,0,90,0,4,0,0,6,100,0,35,70,100,0,65,12,100,null,"WardlowA"]
[null,null,291,"Wardlow","B",0,40,30,30,0,68.5,0,5,0,0,6,100,0,45,70,95,0,75,12,100,null,"WardlowB"]
[null,null,291,"Wardlow","C",0,30,20,20,11,58.5,3,3.5,2,20,4.5,75,0,75,85,85,20,80,19,100,null,"WardlowC"]
[null,null,291,"Wardlow","D",0,25,25,25,13.75,48.75,3.75,5,2.5,25,3.75,61.25,0,95,85,75,25,90,20,100,null,"WardlowD"]
[null,null,235,"Warner","A",9,60,45,100,0,60,0,6,0,0,28,85,22,40,85,55,16,100,26,95,null,"WarnerA"]
[null,null,235,"Warner","B",13.5,70,85,100,0,50,0,9,0,0,40,56,16.5,60,100,40,24,100,26,100,null,"WarnerB"]
[null,null,235,"Warner","C",9,50,65,100,3,55,0,24,20,0,26,100,16.5,85,100,65,36,100,39.5,100,null,"WarnerC"]
[null,null,235,"Warner","D",11.25,50,85,100,3.75,40,0,30,25,0,30,90,13.75,100,100,70,55,100,41.25,100,null,"WarnerD"]
[null,null,80,"Water Valley","A",0,23,1,15,0,100,0,0,19,0,12,50,42,0,35,0,0,30,30,20,null,"Water ValleyA"]
[null,null,80,"Water Valley","B",0,30.5,1.5,22.5,0,90,0,0,22.5,0,18,40,32,0,40,0,0,30,31,20,null,"Water ValleyB"]
[null,null,80,"Water Valley","C",0,21,1,15,0,70,4,0,16,6,12,18,31.5,20,40,0,15,16.5,41,25,null,"Water ValleyC"]
[null,null,80,"Water Valley","D",0,23.75,1.25,18.75,0,60,5,0,16.25,7.5,15,15,26.25,30,40,0,18.75,17.5,42.5,25,null,"Water ValleyD"]
[null,null,199,"Wetaskiwin","A",22,9,20,4,20,100,2,28,0,7,25,100,0,0,35,18,0,34,20,24,null,"WetaskiwinA"]
[null,null,199,"Wetaskiwin","B",16.5,13.5,20,6,15,100,1.5,28,0,10.5,30,100,0,0,40,18,0,27,20,24,null,"WetaskiwinB"]
[null,null,199,"Wetaskiwin","C",16.5,9,15,11,35,100,3.5,37,0,7,30,100,0,7,40,15.5,0,26,35,21,null,"WetaskiwinC"]
[null,null,199,"Wetaskiwin","D",13.75,11.25,15,13.75,40,95,3.75,37.5,0,8.75,30,95,0,8.75,40,13.75,0,22.5,37.5,18.75,null,"WetaskiwinD"]
[null,null,245,"Whitecourt","A",16,0,15,19,15,70,0,0,0,2,20,60,0,0,40,0,0,40,12,0,null,"WhitecourtA"]
[null,null,245,"Whitecourt","B",16,0,10,28.5,15,60,0,0,0,2,20,60,0,0,40,0,0,36,18,0,null,"WhitecourtB"]
[null,null,245,"Whitecourt","C",12,0,30,19,25,60,0,0,0,1.5,30,65,0,0,30,0,17,32,12,0,null,"WhitecourtC"]
[null,null,245,"Whitecourt","D",10,0,35,23.75,30,50,0,0,0,1.25,35,65,0,0,25,0,21.25,30,15,0,null,"WhitecourtD"]
[null,null,280,"Whitemud Creek","A",4,0,0,14,50,75,55,0,0,20,75,40,0,4,40,26,0,85,70,4,null,"Whitemud CreekA"]
[null,null,280,"Whitemud Creek","B",3,0,0,21,60,60,54,0,0,20,80,40,0,3,40,26,0,90,80,3,null,"Whitemud CreekB"]
[null,null,280,"Whitemud Creek","C",3,2,6,14,45,80,45.5,0,10,29,100,6,0,3,30,30,9,60,70,3,null,"Whitemud CreekC"]
[null,null,280,"Whitemud Creek","D",2.5,2.5,7.5,17.5,50,80,45,0,12.5,30,100,5,0,2.5,25,20,11.25,55,70,2.5,null,"Whitemud CreekD"]
[null,null,200,"Wimborne","A",0,20,3,13,0,100,0,0,4,0,0,75,20,0,60,0,0,40,40,16,null,"WimborneA"]
[null,null,200,"Wimborne","B",0,20,10,19.5,0,100,0,0,4,0,0,56.5,15,0,65,0,0,45,40,16,null,"WimborneB"]
[null,null,200,"Wimborne","C",0,15,3,13,0,60,5,3,3,20,0,49.5,15,14,70,18,0,31,36,17,null,"WimborneC"]
[null,null,200,"Wimborne","D",0,12.5,3.75,16.25,0,45,6.25,3.75,2.5,25,0,41.25,12.5,17.5,70,22.5,0,33.75,32.5,16.25,null,"WimborneD"]
[null,null,292,"Winnifred","A",17,60,20,35,0,42,0,18,0,0,5,100,2,50,100,95,18,100,32,100,null,"WinnifredA"]
[null,null,292,"Winnifred","B",15,100,30,80,0,41.5,0,27,0,0,7.5,100,1.5,90,100,100,27,100,32,100,null,{"$f":"D1031&E1031","v":"WinnifredB"}]
[null,null,292,"Winnifred","C",13.5,50,26,70,15,31.5,0,34,18,20,5,100,1.5,95,100,60,38,100,44,100,null,"WinnifredC"]
[null,null,292,"Winnifred","D",12.5,50,40,100,18.75,26.25,0,42.5,22.5,25,6.25,100,1.25,100,100,50,47.5,100,50,100,null,"WinnifredD"]
[null,null,278,"Worsley","A",0,0,32,4,75,26,57,16,12,0,60,70,0,1,45,40,2,100,20,28,null,"WorsleyA"]
[null,null,278,"Worsley","B",0,0,24,6,70,25,55.5,16,18,0,55,75,0,1.5,40,40,2,100,30,21,null,"WorsleyB"]
[null,null,278,"Worsley","C",0,12,30,4,60,35,61,26,21,0,75,50,0,1,40,30,10.5,100,27,21,null,"WorsleyC"]
[null,null,278,"Worsley","D",0,15,27.5,5,55,40,63.75,27.5,26.25,0,75,45,0,1.25,27.5,25,12.5,100,33.75,17.5,null,"WorsleyD"]
[null,null,62,"Wrentham","A",11,54,60,75,0,65,11,0,2,0,17,80,0,75,65,75,19,100,18,100,null,"WrenthamA"]
[null,null,62,"Wrentham","B",16.5,64,100,100,0,56.5,16.5,0,3,0,25.5,60,0,100,75,75,28.5,100,18,100,null,"WrenthamB"]
[null,null,62,"Wrentham","C",11,45.5,70,100,10,46.5,11,14,22,7,17,90,0,100,85,85,39,100,19.5,100,null,"WrenthamC"]
[null,null,62,"Wrentham","D",13.75,46.25,85,100,12.5,38.75,13.75,17.5,27.5,8.75,21.25,80,0,100,95,85,48.75,100,18.75,100,null,"WrenthamD"]
[null,null,14,"Youngstown","A",0,36,17,8,10,100,0,8,0,3,40,100,0,40,65,70,0,10,26,100,null,"YoungstownA"]
[null,null,14,"Youngstown","B",0,36,25.5,12,5,100,0,12,0,4.5,40,100,0,55,65,65,0,15,26,95,null,"YoungstownB"]
[null,null,14,"Youngstown","C",0,27,17,8,10,65,0,8,19,15,21,60,0,65,80,65,20,35,19.5,100,null,"YoungstownC"]
[null,null,14,"Youngstown","D",0,22.5,21.25,10,10,51.25,0,10,23.75,18.75,17.5,40,0,80,80,55,25,45,16.25,95,null,"YoungstownD"]

{"sheet":"Properties (data)","index":3,"n_rows":11,"n_cols":11,"rows_kept":11,"cut":false,"hidden":true,"merged":[[0,2,0,3]]}
[null,"Common Properites","Local Properties"]
["Property","Value","Property","Value",null,null,null,"Modification History","Updated by","Description of Update","Status"]
["Hail Factor",0,"Crop Year",2024,null,null,null,"2020-11-19","Martine West","Updated year, path, powerusers","Completed"]
["ReplyEmailAddress","Info@afsc.ca","WorkBookName","MDI_Pymt_History_Calc",null,null,null,"2021-12-06","Martine West","Updated year","Completed"]
["LogoFile","CAP AFSC AB CAN bw.jpg","PowerUsers","<bnewman><mbarefoot>",null,null,null,"2023-01-12","Martine West","Updated year","Completed"]
["DataFilePath1","\\\\hs-teams.afsc.ca@SSL\\DavWWWRoot\\pnp\\pnp\\Calculators\\",null,null,null,null,null,"2023-12-07","Jim Baumgartner","Updated year","Completed"]
["DataFilePath2","\\\\homestead.afsc.ca@SSL\\DavWWWRoot\\wrkres\\Documents"]
["CommonDataFile","ManualCalcCommonData"]
["ModulePath","\\\\hs-teams.afsc.ca@SSL\\DavWWWRoot\\pnp\\pnp\\Calculators\\"]
["ModuleName","CalculatorMacros.code"]
["Data set from BI","MDI_Pymt_Hist_Pure_Rates_yyyy"]